000
CDUS41 KBGM 010649
CLIAVP


CLIMATE REPORT
NATIONAL WEATHER SERVICE BINGHAMTON NY
247 AM EDT SAT AUG 1 2015


...................................

...THE AVOCA PA CLIMATE SUMMARY FOR JULY 31 2015...

CLIMATE NORMAL PERIOD 1981 TO 2010
CLIMATE RECORD PERIOD 1901 TO 2015


WEATHER ITEM   OBSERVED TIME   RECORD YEAR NORMAL DEPARTURE LAST
                VALUE   (LST)  VALUE       VALUE  FROM      YEAR
                                                  NORMAL
..................................................................
TEMPERATURE (F)
 YESTERDAY
  MAXIMUM         87    136 PM  98    1917  82      5       81
  MINIMUM         61    547 AM  47    1956  61      0       59
  AVERAGE         74                        71      3       70

PRECIPITATION (IN)
  YESTERDAY        0.00          2.85 1946   0.13  -0.13      T
  MONTH TO DATE    2.33                      3.79  -1.46     2.49
  SINCE JUN 1      8.85                      7.82   1.03     4.65
  SINCE JAN 1     18.41                     21.62  -3.21    17.36

SNOWFALL (IN)
  YESTERDAY        0.0           0.0  1995   0.0    0.0      0.0
  MONTH TO DATE    0.0                       0.0    0.0      0.0
  SINCE JUN 1      0.0                       0.0    0.0      0.0
  SINCE JUL 1      0.0                       0.0    0.0      0.0

DEGREE DAYS
 HEATING
  YESTERDAY        0                         0      0        0
  MONTH TO DATE    0                         0      0        2
  SINCE JUN 1     24                        62    -38       13
  SINCE JUL 1      0                         8     -8        2

 COOLING
  YESTERDAY        9                         6      3        5
  MONTH TO DATE  253                       206     47      235
  SINCE JUN 1    408                       323     85      394
  SINCE JAN 1    556                       360    196      435
..................................................................


WIND (MPH)
  HIGHEST WIND SPEED    13   HIGHEST WIND DIRECTION     W (250)
  HIGHEST GUST SPEED    17   HIGHEST GUST DIRECTION     W (280)
  AVERAGE WIND SPEED     4.4


SKY COVER
  AVERAGE SKY COVER 0.1



RELATIVE HUMIDITY (PERCENT)
 HIGHEST    90           200 AM
 LOWEST     32           100 PM
 AVERAGE    61

..........................................................


THE AVOCA PA CLIMATE NORMALS FOR TODAY
                         NORMAL    RECORD    YEAR
 MAXIMUM TEMPERATURE (F)   82        96      1955
 MINIMUM TEMPERATURE (F)   61        48      1910


SUNRISE AND SUNSET
AUGUST  1 2015........SUNRISE   558 AM EDT   SUNSET   820 PM EDT
AUGUST  2 2015........SUNRISE   559 AM EDT   SUNSET   819 PM EDT


-  INDICATES NEGATIVE NUMBERS.
R  INDICATES RECORD WAS SET OR TIED.
MM INDICATES DATA IS MISSING.
T  INDICATES TRACE AMOUNT.




$$
