717
CDUS41 KBGM 250549
CLIAVP


CLIMATE REPORT
NATIONAL WEATHER SERVICE BINGHAMTON NY
1249 AM EST SAT FEB 25 2017


...................................

...THE AVOCA PA CLIMATE SUMMARY FOR FEBRUARY 24 2017...

CLIMATE NORMAL PERIOD 1981 TO 2010
CLIMATE RECORD PERIOD 1901 TO 2017


WEATHER ITEM   OBSERVED TIME   RECORD YEAR NORMAL DEPARTURE LAST
                VALUE   (LST)  VALUE       VALUE  FROM      YEAR
                                                  NORMAL
..................................................................
TEMPERATURE (F)
 YESTERDAY
  MAXIMUM         76R   156 PM  71    1985  39     37       62
  MINIMUM         52    414 AM  -9    2015  22     30       35
  AVERAGE         64                        31     33       49

PRECIPITATION (IN)
  YESTERDAY        0.00          1.25 1975   0.07  -0.07     1.21
  MONTH TO DATE    1.54                      1.75  -0.21     3.61
  SINCE DEC 1      6.85                      6.80   0.05     7.95
  SINCE JAN 1      4.79                      4.12   0.67     5.40

SNOWFALL (IN)
  YESTERDAY        0.0           6.2  1994   0.4   -0.4      0.0
  MONTH TO DATE    8.2                       8.0    0.2      6.6
  SINCE DEC 1     19.0                      29.6  -10.6     11.9
  SINCE JUL 1     24.7                      32.6   -7.9     11.9

DEGREE DAYS
 HEATING
  YESTERDAY        1                        34    -33       16
  MONTH TO DATE  672                       880   -208      771
  SINCE DEC 1   2653                      3158   -505     2534
  SINCE JUL 1   3671                      4471   -800     3442

 COOLING
  YESTERDAY        0                         0      0        0
  MONTH TO DATE    0                         0      0        0
  SINCE DEC 1      0                         0      0        0
  SINCE JAN 1      0                         0      0        0
..................................................................


WIND (MPH)
  HIGHEST WIND SPEED    16   HIGHEST WIND DIRECTION     S (180)
  HIGHEST GUST SPEED    27   HIGHEST GUST DIRECTION     S (180)
  AVERAGE WIND SPEED     6.6


SKY COVER
  AVERAGE SKY COVER 0.4



RELATIVE HUMIDITY (PERCENT)
 HIGHEST   100           100 AM
 LOWEST     41           200 PM
 AVERAGE    71

..........................................................


THE AVOCA PA CLIMATE NORMALS FOR TODAY
                         NORMAL    RECORD    YEAR
 MAXIMUM TEMPERATURE (F)   39        67      1930
 MINIMUM TEMPERATURE (F)   22        -3      1914


SUNRISE AND SUNSET
FEBRUARY 25 2017......SUNRISE   643 AM EST   SUNSET   549 PM EST
FEBRUARY 26 2017......SUNRISE   642 AM EST   SUNSET   550 PM EST


-  INDICATES NEGATIVE NUMBERS.
R  INDICATES RECORD WAS SET OR TIED.
MM INDICATES DATA IS MISSING.
T  INDICATES TRACE AMOUNT.




$$
