798
CDUS41 KBGM 240606
CLIAVP


CLIMATE REPORT
NATIONAL WEATHER SERVICE BINGHAMTON NY
205 AM EDT SUN JUL 24 2016


...................................

...THE AVOCA PA CLIMATE SUMMARY FOR JULY 23 2016...

CLIMATE NORMAL PERIOD 1981 TO 2010
CLIMATE RECORD PERIOD 1901 TO 2016


WEATHER ITEM   OBSERVED TIME   RECORD YEAR NORMAL DEPARTURE LAST
                VALUE   (LST)  VALUE       VALUE  FROM      YEAR
                                                  NORMAL
..................................................................
TEMPERATURE (F)
 YESTERDAY
  MAXIMUM         97R   220 PM  96    1933  82     15       80
  MINIMUM         68    517 AM  49    2000  61      7       54
  AVERAGE         83                        72     11       67

PRECIPITATION (IN)
  YESTERDAY        0.00          1.50 2008   0.13  -0.13     0.00
  MONTH TO DATE    0.91                      2.75  -1.84     2.17
  SINCE JUN 1      2.50                      6.78  -4.28     8.69
  SINCE JAN 1     15.32                     20.58  -5.26    18.25

SNOWFALL (IN)
  YESTERDAY        0.0           0.0  1995   0.0    0.0      0.0
  MONTH TO DATE    0.0                       0.0    0.0      0.0
  SINCE JUN 1      0.0                       0.0    0.0      0.0
  SINCE JUL 1      0.0                       0.0    0.0      0.0

DEGREE DAYS
 HEATING
  YESTERDAY        0                         0      0        0
  MONTH TO DATE    0                         0      0        0
  SINCE JUN 1     24                        54    -30       24
  SINCE JUL 1      0                         0      0        0

 COOLING
  YESTERDAY       18                         7     11        2
  MONTH TO DATE  242                       156     86      168
  SINCE JUN 1    385                       273    112      323
  SINCE JAN 1    457                       310    147      471
..................................................................


WIND (MPH)
  HIGHEST WIND SPEED    22   HIGHEST WIND DIRECTION     N (340)
  HIGHEST GUST SPEED    27   HIGHEST GUST DIRECTION    NW (330)
  AVERAGE WIND SPEED     8.7


SKY COVER
  AVERAGE SKY COVER 0.1



RELATIVE HUMIDITY (PERCENT)
 HIGHEST    81           500 AM
 LOWEST     24           300 PM
 AVERAGE    53

..........................................................


THE AVOCA PA CLIMATE NORMALS FOR TODAY
                         NORMAL    RECORD    YEAR
 MAXIMUM TEMPERATURE (F)   82        95      1933
 MINIMUM TEMPERATURE (F)   61        49      1985


SUNRISE AND SUNSET
JULY 24 2016..........SUNRISE   551 AM EDT   SUNSET   827 PM EDT
JULY 25 2016..........SUNRISE   552 AM EDT   SUNSET   826 PM EDT


-  INDICATES NEGATIVE NUMBERS.
R  INDICATES RECORD WAS SET OR TIED.
MM INDICATES DATA IS MISSING.
T  INDICATES TRACE AMOUNT.




$$
