000
CDUS41 KBGM 260538
CLIAVP


CLIMATE REPORT
NATIONAL WEATHER SERVICE BINGHAMTON NY
137 AM EDT MON JUN 26 2017


...................................

...THE AVOCA PA CLIMATE SUMMARY FOR JUNE 25 2017...

CLIMATE NORMAL PERIOD 1981 TO 2010
CLIMATE RECORD PERIOD 1901 TO 2017


WEATHER ITEM   OBSERVED TIME   RECORD YEAR NORMAL DEPARTURE LAST
                VALUE   (LST)  VALUE       VALUE  FROM      YEAR
                                                  NORMAL
..................................................................
TEMPERATURE (F)
 YESTERDAY
  MAXIMUM         81    220 PM  95    1952  80      1       88
                                      1943
  MINIMUM         56    430 AM  41    1979  59     -3       59
  AVERAGE         69                        70     -1       74

PRECIPITATION (IN)
  YESTERDAY        0.00          2.16 2006   0.13  -0.13     0.00
  MONTH TO DATE    3.28                      3.40  -0.12     1.52
  SINCE JUN 1      3.28                      3.40  -0.12     1.52
  SINCE JAN 1     21.61                     17.20   4.41    14.34

SNOWFALL (IN)
  YESTERDAY        0.0           0.0  1995   0.0    0.0      0.0
  MONTH TO DATE    0.0                       0.0    0.0      0.0
  SINCE JUN 1      0.0                       0.0    0.0      0.0
  SINCE JUL 1     55.5                      46.2    9.3     15.5

DEGREE DAYS
 HEATING
  YESTERDAY        0                         1     -1        0
  MONTH TO DATE   41                        52    -11       24
  SINCE JUN 1     41                        52    -11       24
  SINCE JUL 1   5232                      6253  -1021     4966

 COOLING
  YESTERDAY        4                         5     -1        9
  MONTH TO DATE  133                        89     44      108
  SINCE JUN 1    133                        89     44      108
  SINCE JAN 1    185                       126     59      180
..................................................................


WIND (MPH)
  HIGHEST WIND SPEED    22   HIGHEST WIND DIRECTION     N (340)
  HIGHEST GUST SPEED    28   HIGHEST GUST DIRECTION    NW (320)
  AVERAGE WIND SPEED     7.6


SKY COVER
  AVERAGE SKY COVER 0.2



RELATIVE HUMIDITY (PERCENT)
 HIGHEST   100           300 AM
 LOWEST     32           500 PM
 AVERAGE    66

..........................................................


THE AVOCA PA CLIMATE NORMALS FOR TODAY
                         NORMAL    RECORD    YEAR
 MAXIMUM TEMPERATURE (F)   80        98      1952
 MINIMUM TEMPERATURE (F)   59        43      1979


SUNRISE AND SUNSET
JUNE 26 2017..........SUNRISE   531 AM EDT   SUNSET   840 PM EDT
JUNE 27 2017..........SUNRISE   532 AM EDT   SUNSET   840 PM EDT


-  INDICATES NEGATIVE NUMBERS.
R  INDICATES RECORD WAS SET OR TIED.
MM INDICATES DATA IS MISSING.
T  INDICATES TRACE AMOUNT.




$$
