000
CDUS41 KBGM 032118
CLIAVP


CLIMATE REPORT
NATIONAL WEATHER SERVICE BINGHAMTON NY
518 PM EDT TUE MAY 3 2016


...................................

...THE AVOCA PA CLIMATE SUMMARY FOR MAY 3 2016...
VALID TODAY AS OF 0500 PM LOCAL TIME.

CLIMATE NORMAL PERIOD 1981 TO 2010
CLIMATE RECORD PERIOD 1901 TO 2016


WEATHER ITEM   OBSERVED TIME   RECORD YEAR NORMAL DEPARTURE LAST
                VALUE   (LST)  VALUE       VALUE  FROM      YEAR
                                                  NORMAL
..................................................................
TEMPERATURE (F)
 TODAY
  MAXIMUM         54    120 PM  88    2001  66    -12       79
  MINIMUM         47    516 AM  28    1957  44      3       45
  AVERAGE         51                        55     -4       62

PRECIPITATION (IN)
  TODAY            0.50          1.44 1934   0.11   0.39     0.00
  MONTH TO DATE    0.93                      0.32   0.61      T
  SINCE MAR 1      5.40                      6.20  -0.80     4.84
  SINCE JAN 1     11.20                     10.60   0.60     7.84

SNOWFALL (IN)
  TODAY            0.0           0.0    MM   0.1   -0.1      0.0
  MONTH TO DATE    0.0                       0.2   -0.2      0.0
  SINCE MAR 1      3.5                      12.5   -9.0      9.0
  SINCE JUL 1     15.5                      46.4  -30.9     51.4

DEGREE DAYS
 HEATING
  TODAY           14                        10      4        3
  MONTH TO DATE   42                        32     10       19
  SINCE MAR 1   1183                      1399   -216     1466
  SINCE JUL 1   4753                      6005  -1252     6163

 COOLING
  TODAY            0                         0      0        0
  MONTH TO DATE    0                         0      0        0
  SINCE MAR 1      1                         6     -5        0
  SINCE JAN 1      1                         6     -5        0
..................................................................


WIND (MPH)
  HIGHEST WIND SPEED     9   HIGHEST WIND DIRECTION    NW (320)
  HIGHEST GUST SPEED    10   HIGHEST GUST DIRECTION    NW (310)
  AVERAGE WIND SPEED     4.0


SKY COVER
  AVERAGE SKY COVER 1.0


WEATHER CONDITIONS
 THE FOLLOWING WEATHER WAS RECORDED TODAY.
  HEAVY RAIN
  RAIN
  LIGHT RAIN
  FOG
  HAZE


RELATIVE HUMIDITY (PERCENT)
 HIGHEST    93           100 AM
 LOWEST     83          1100 AM
 AVERAGE    88

..........................................................


THE AVOCA PA CLIMATE NORMALS FOR TOMORROW
                         NORMAL    RECORD    YEAR
 MAXIMUM TEMPERATURE (F)   66        90      1913
 MINIMUM TEMPERATURE (F)   44        32      2002
                                             1978
                                             1926


SUNRISE AND SUNSET
MAY  3 2016...........SUNRISE   557 AM EDT   SUNSET   803 PM EDT
MAY  4 2016...........SUNRISE   556 AM EDT   SUNSET   804 PM EDT


-  INDICATES NEGATIVE NUMBERS.
R  INDICATES RECORD WAS SET OR TIED.
MM INDICATES DATA IS MISSING.
T  INDICATES TRACE AMOUNT.




$$
