000
CDUS41 KBGM 310236
CLIAVP


CLIMATE REPORT
NATIONAL WEATHER SERVICE BINGHAMTON NY
1035 PM EDT SAT AUG 30 2014


...................................

...THE AVOCA PA CLIMATE SUMMARY FOR AUGUST 30 2014...
VALID AS OF 1000 PM LOCAL TIME.

CLIMATE NORMAL PERIOD 1981 TO 2010
CLIMATE RECORD PERIOD 1901 TO 2014


WEATHER ITEM   OBSERVED TIME   RECORD YEAR NORMAL DEPARTURE LAST
                VALUE   (LST)  VALUE       VALUE  FROM      YEAR
                                                  NORMAL
..................................................................
TEMPERATURE (F)
 TODAY
  MAXIMUM         75    153 PM  96    1953  78     -3       88
  MINIMUM         60    546 AM  41    1986  58      2       64
                                      1934
  AVERAGE         68                        68      0       76

PRECIPITATION (IN)
  TODAY            0.00          0.98 1955   0.11  -0.11     0.00
  MONTH TO DATE    3.80                      3.31   0.49     1.43
  SINCE JUN 1      8.45                     11.13  -2.68     8.58
  SINCE JAN 1     21.16                     24.93  -3.77    18.35

SNOWFALL (IN)
  TODAY            0.0           0.0  1995   0.0    0.0      0.0
  MONTH TO DATE    0.0                       0.0    0.0      0.0
  SINCE JUN 1      0.0                       0.0    0.0      0.0
  SINCE JUL 1      0.0                       0.0    0.0      0.0

DEGREE DAYS
 HEATING
  TODAY            0                         1     -1        0
  MONTH TO DATE    9                        13     -4        8
  SINCE JUN 1     22                        75    -53       30
  SINCE JUL 1     11                        21    -10        9

 COOLING
  TODAY            3                         4     -1       11
  MONTH TO DATE  146                       159    -13      159
  SINCE JUN 1    540                       482     58      624
  SINCE JAN 1    581                       519     62      688
..................................................................


WIND (MPH)
  HIGHEST WIND SPEED    12   HIGHEST WIND DIRECTION     S (180)
  HIGHEST GUST SPEED    20   HIGHEST GUST DIRECTION     S (170)
  AVERAGE WIND SPEED     5.5


SKY COVER
  AVERAGE SKY COVER 0.8


WEATHER CONDITIONS
 THE FOLLOWING WEATHER WAS RECORDED TODAY.
  NO SIGNIFICANT WEATHER WAS OBSERVED.


RELATIVE HUMIDITY (PERCENT)
 HIGHEST    84           100 AM
 LOWEST     61          1000 AM
 AVERAGE    73

..........................................................


THE AVOCA PA CLIMATE NORMALS FOR TOMORROW
                         NORMAL    RECORD    YEAR
 MAXIMUM TEMPERATURE (F)   78        95      1953
                                             1932
 MINIMUM TEMPERATURE (F)   57        41      1934


SUNRISE AND SUNSET
AUGUST 30 2014........SUNRISE   627 AM EDT   SUNSET   739 PM EDT
AUGUST 31 2014........SUNRISE   628 AM EDT   SUNSET   737 PM EDT


-  INDICATES NEGATIVE NUMBERS.
R  INDICATES RECORD WAS SET OR TIED.
MM INDICATES DATA IS MISSING.
T  INDICATES TRACE AMOUNT.




$$
