000
CDUS41 KBGM 120531
CLIAVP


CLIMATE REPORT
NATIONAL WEATHER SERVICE BINGHAMTON NY
1230 AM EST TUE DEC 12 2017


...................................

...THE AVOCA PA CLIMATE SUMMARY FOR DECEMBER 11 2017...

CLIMATE NORMAL PERIOD 1981 TO 2010
CLIMATE RECORD PERIOD 1901 TO 2017


WEATHER ITEM   OBSERVED TIME   RECORD YEAR NORMAL DEPARTURE LAST
                VALUE   (LST)  VALUE       VALUE  FROM      YEAR
                                                  NORMAL
..................................................................
TEMPERATURE (F)
 YESTERDAY
  MAXIMUM         35   1158 PM  64    1979  39     -4       33
  MINIMUM         28    813 AM  -1    1958  25      3       22
  AVERAGE         32                        32      0       28

PRECIPITATION (IN)
  YESTERDAY        T             1.49 2008   0.10  -0.10     0.01
  MONTH TO DATE    0.54                      1.08  -0.54     0.70
  SINCE DEC 1      0.54                      1.08  -0.54     0.70
  SINCE JAN 1     36.37                     36.66  -0.29    29.94

SNOWFALL (IN)
  YESTERDAY       MM             4.4  1960   0.2   MM        0.4
  MONTH TO DATE    2.3                       1.9    0.4      0.9
  SINCE DEC 1      2.3                       1.9    0.4      0.9
  SINCE JUL 1      2.4                       4.9   -2.5      6.6

DEGREE DAYS
 HEATING
  YESTERDAY       33                        33      0       37
  MONTH TO DATE  320                       343    -23      320
  SINCE DEC 1    320                       343    -23      320
  SINCE JUL 1   1360                      1656   -296     1338

 COOLING
  YESTERDAY        0                         0      0        0
  MONTH TO DATE    0                         0      0        0
  SINCE DEC 1      0                         0      0        0
  SINCE JAN 1    804                       580    224      998
..................................................................


WIND (MPH)
  HIGHEST WIND SPEED    15   HIGHEST WIND DIRECTION    SW (230)
  HIGHEST GUST SPEED    20   HIGHEST GUST DIRECTION    NW (300)
  AVERAGE WIND SPEED     5.6


SKY COVER
  AVERAGE SKY COVER 0.8



RELATIVE HUMIDITY (PERCENT)
 HIGHEST    69           400 AM
 LOWEST     56          1100 AM
 AVERAGE    63

..........................................................


THE AVOCA PA CLIMATE NORMALS FOR TODAY
                         NORMAL    RECORD    YEAR
 MAXIMUM TEMPERATURE (F)   38        65      1911
 MINIMUM TEMPERATURE (F)   25        -5      1988


SUNRISE AND SUNSET
DECEMBER 12 2017......SUNRISE   720 AM EST   SUNSET   434 PM EST
DECEMBER 13 2017......SUNRISE   720 AM EST   SUNSET   434 PM EST


-  INDICATES NEGATIVE NUMBERS.
R  INDICATES RECORD WAS SET OR TIED.
MM INDICATES DATA IS MISSING.
T  INDICATES TRACE AMOUNT.

$$
