000
CDUS41 KBGM 220638
CLIAVP


CLIMATE REPORT
NATIONAL WEATHER SERVICE BINGHAMTON NY
138 AM EST WED NOV 22 2017


...................................

...THE AVOCA PA CLIMATE SUMMARY FOR NOVEMBER 21 2017...

CLIMATE NORMAL PERIOD 1981 TO 2010
CLIMATE RECORD PERIOD 1901 TO 2017


WEATHER ITEM   OBSERVED TIME   RECORD YEAR NORMAL DEPARTURE LAST
                VALUE   (LST)  VALUE       VALUE  FROM      YEAR
                                                  NORMAL
..................................................................
TEMPERATURE (F)
 YESTERDAY
  MAXIMUM         57    227 PM  72    1931  47     10       36
  MINIMUM         30    612 AM  14    1987  32     -2       30
                                      1905
  AVERAGE         44                        40      4       33

PRECIPITATION (IN)
  YESTERDAY        0.00          1.33 1954   0.11  -0.11     0.01
  MONTH TO DATE    1.00                      2.19  -1.19     0.87
  SINCE SEP 1      5.64                      9.60  -3.96     6.47
  SINCE JAN 1     35.76                     34.63   1.13    28.03

SNOWFALL (IN)
  YESTERDAY        0.0           0.9  1974   0.1   -0.1       T
  MONTH TO DATE    0.1                       1.8   -1.7      5.7
  SINCE SEP 1      0.1                       1.9   -1.8      5.7
  SINCE JUL 1      0.1                       1.9   -1.8      5.7

DEGREE DAYS
 HEATING
  YESTERDAY       21                        25     -4       32
  MONTH TO DATE  477                       463     14      403
  SINCE SEP 1    798                      1040   -242      802
  SINCE JUL 1    815                      1066   -251      803

 COOLING
  YESTERDAY        0                         0      0        0
  MONTH TO DATE    0                         0      0        0
  SINCE SEP 1    165                        56    109      132
  SINCE JAN 1    804                       580    224      998
..................................................................


WIND (MPH)
  HIGHEST WIND SPEED    22   HIGHEST WIND DIRECTION    SW (240)
  HIGHEST GUST SPEED    30   HIGHEST GUST DIRECTION    SW (240)
  AVERAGE WIND SPEED     5.1


SKY COVER
  AVERAGE SKY COVER 0.0



RELATIVE HUMIDITY (PERCENT)
 HIGHEST    70           800 AM
 LOWEST     24          1200 PM
 AVERAGE    47

..........................................................


THE AVOCA PA CLIMATE NORMALS FOR TODAY
                         NORMAL    RECORD    YEAR
 MAXIMUM TEMPERATURE (F)   47        72      1931
                                             1913
 MINIMUM TEMPERATURE (F)   32        15      2014
                                             1987
                                             1969


SUNRISE AND SUNSET
NOVEMBER 22 2017......SUNRISE   700 AM EST   SUNSET   438 PM EST
NOVEMBER 23 2017......SUNRISE   701 AM EST   SUNSET   438 PM EST


-  INDICATES NEGATIVE NUMBERS.
R  INDICATES RECORD WAS SET OR TIED.
MM INDICATES DATA IS MISSING.
T  INDICATES TRACE AMOUNT.




$$
