000
CDUS41 KBGM 210635
CLIAVP


CLIMATE REPORT
NATIONAL WEATHER SERVICE BINGHAMTON NY
234 AM EDT SUN AUG 21 2016


...................................

...THE AVOCA PA CLIMATE SUMMARY FOR AUGUST 20 2016...

CLIMATE NORMAL PERIOD 1981 TO 2010
CLIMATE RECORD PERIOD 1901 TO 2016


WEATHER ITEM   OBSERVED TIME   RECORD YEAR NORMAL DEPARTURE LAST
                VALUE   (LST)  VALUE       VALUE  FROM      YEAR
                                                  NORMAL
..................................................................
TEMPERATURE (F)
 YESTERDAY
  MAXIMUM         87    201 PM  94    1983  80      7       87
                                      1937
  MINIMUM         62    519 AM  45    1998  59      3       71
                                      1944
  AVERAGE         75                        69      6       79

PRECIPITATION (IN)
  YESTERDAY        0.00          1.22 1997   0.10  -0.10     0.80
  MONTH TO DATE    2.16                      2.26  -0.10     2.26
  SINCE JUN 1      7.83                     10.08  -2.25    11.11
  SINCE JAN 1     20.65                     23.88  -3.23    20.67

SNOWFALL (IN)
  YESTERDAY        0.0           0.0  1995   0.0    0.0      0.0
  MONTH TO DATE    0.0                       0.0    0.0      0.0
  SINCE JUN 1      0.0                       0.0    0.0      0.0
  SINCE JUL 1      0.0                       0.0    0.0      0.0

DEGREE DAYS
 HEATING
  YESTERDAY        0                         1     -1        0
  MONTH TO DATE    0                         3     -3        0
  SINCE JUN 1     24                        65    -41       24
  SINCE JUL 1      0                        11    -11        0

 COOLING
  YESTERDAY       10                         5      5       14
  MONTH TO DATE  225                       115    110      172
  SINCE JUN 1    718                       438    280      580
  SINCE JAN 1    790                       475    315      728
..................................................................


WIND (MPH)
  HIGHEST WIND SPEED    12   HIGHEST WIND DIRECTION    SE (140)
  HIGHEST GUST SPEED    20   HIGHEST GUST DIRECTION    SE (130)
  AVERAGE WIND SPEED     5.4


SKY COVER
  AVERAGE SKY COVER 0.1



RELATIVE HUMIDITY (PERCENT)
 HIGHEST    93           600 AM
 LOWEST     48          1100 AM
 AVERAGE    71

..........................................................


THE AVOCA PA CLIMATE NORMALS FOR TODAY
                         NORMAL    RECORD    YEAR
 MAXIMUM TEMPERATURE (F)   79        95      1916
 MINIMUM TEMPERATURE (F)   59        43      2000
                                             1908


SUNRISE AND SUNSET
AUGUST 21 2016........SUNRISE   619 AM EDT   SUNSET   752 PM EDT
AUGUST 22 2016........SUNRISE   620 AM EDT   SUNSET   751 PM EDT


-  INDICATES NEGATIVE NUMBERS.
R  INDICATES RECORD WAS SET OR TIED.
MM INDICATES DATA IS MISSING.
T  INDICATES TRACE AMOUNT.




$$
