000
CDUS41 KBGM 152133
CLIAVP


CLIMATE REPORT
NATIONAL WEATHER SERVICE BINGHAMTON NY
532 PM EDT TUE AUG 15 2017


...................................

...THE AVOCA PA CLIMATE SUMMARY FOR AUGUST 15 2017...
VALID TODAY AS OF 0500 PM LOCAL TIME.

CLIMATE NORMAL PERIOD 1981 TO 2010
CLIMATE RECORD PERIOD 1901 TO 2017


WEATHER ITEM   OBSERVED TIME   RECORD YEAR NORMAL DEPARTURE LAST
                VALUE   (LST)  VALUE       VALUE  FROM      YEAR
                                                  NORMAL
..................................................................
TEMPERATURE (F)
 TODAY
  MAXIMUM         79    348 PM  94    1995  80     -1       86
                                      1959
  MINIMUM         66    658 AM  46    2013  60      6       72
                                      1907
  AVERAGE         73                        70      3       79

PRECIPITATION (IN)
  TODAY            0.02          2.41 1969   0.11  -0.09     0.00
  MONTH TO DATE    0.89                      1.72  -0.83     1.93
  SINCE JUN 1     10.58                      9.54   1.04     7.60
  SINCE JAN 1     28.91                     23.34   5.57    20.42

SNOWFALL (IN)
  TODAY            0.0           0.0  1995   0.0    0.0      0.0
  MONTH TO DATE    0.0                       0.0    0.0      0.0
  SINCE JUN 1      0.0                       0.0    0.0      0.0
  SINCE JUL 1      0.0                       0.0    0.0      0.0

DEGREE DAYS
 HEATING
  TODAY            0                         0      0        0
  MONTH TO DATE    2                         0      2        0
  SINCE JUN 1     45                        62    -17       24
  SINCE JUL 1      2                         8     -6        0

 COOLING
  TODAY            8                         6      2       14
  MONTH TO DATE   90                        90      0      170
  SINCE JUN 1    517                       413    104      663
  SINCE JAN 1    569                       450    119      735
..................................................................


WIND (MPH)
  HIGHEST WIND SPEED     9   HIGHEST WIND DIRECTION    SW (240)
  HIGHEST GUST SPEED    16   HIGHEST GUST DIRECTION    SW (210)
  AVERAGE WIND SPEED     4.3


SKY COVER
  AVERAGE SKY COVER 0.8


WEATHER CONDITIONS
 THE FOLLOWING WEATHER WAS RECORDED TODAY.
  LIGHT RAIN
  FOG


RELATIVE HUMIDITY (PERCENT)
 HIGHEST    93           300 AM
 LOWEST     62           400 PM
 AVERAGE    78

..........................................................


THE AVOCA PA CLIMATE NORMALS FOR TOMORROW
                         NORMAL    RECORD    YEAR
 MAXIMUM TEMPERATURE (F)   80        93      1938
 MINIMUM TEMPERATURE (F)   60        49      1979
                                             1945
                                             1927


SUNRISE AND SUNSET
AUGUST 15 2017........SUNRISE   612 AM EDT   SUNSET   802 PM EDT
AUGUST 16 2017........SUNRISE   613 AM EDT   SUNSET   800 PM EDT


-  INDICATES NEGATIVE NUMBERS.
R  INDICATES RECORD WAS SET OR TIED.
MM INDICATES DATA IS MISSING.
T  INDICATES TRACE AMOUNT.




$$
