000
CDUS41 KBGM 090546
CLIAVP


CLIMATE REPORT
NATIONAL WEATHER SERVICE BINGHAMTON NY
146 AM EDT WED JUL 9 2014


...................................

...THE AVOCA PA CLIMATE SUMMARY FOR JULY 8 2014...

CLIMATE NORMAL PERIOD 1981 TO 2010
CLIMATE RECORD PERIOD 1901 TO 2014


WEATHER ITEM   OBSERVED TIME   RECORD YEAR NORMAL DEPARTURE LAST
                VALUE   (LST)  VALUE       VALUE  FROM      YEAR
                                                  NORMAL
..................................................................
TEMPERATURE (F)
 YESTERDAY
  MAXIMUM         87        MM  99    1988  82      5       85
  MINIMUM         65        MM  45    2000  61      4       68
  AVERAGE         76                        71      5       77

PRECIPITATION (IN)
  YESTERDAY        0.59          2.69 1924   0.12   0.47     0.00
  MONTH TO DATE    1.92                      0.90   1.02     0.41
  SINCE JUN 1      4.08                      4.93  -0.85     5.82
  SINCE JAN 1     16.79                     18.73  -1.94    15.59

SNOWFALL (IN)
  YESTERDAY        0.0           0.0  1995   0.0    0.0      0.0
  MONTH TO DATE    0.0                       0.0    0.0      0.0
  SINCE JUN 1      0.0                       0.0    0.0      0.0
  SINCE JUL 1      0.0                       0.0    0.0      0.0

DEGREE DAYS
 HEATING
  YESTERDAY        0                         0      0        0
  MONTH TO DATE    0                         0      0        0
  SINCE JUN 1     11                        54    -43       21
  SINCE JUL 1      0                         0      0        0

 COOLING
  YESTERDAY       11                         7      4       12
  MONTH TO DATE   78                        51     27      103
  SINCE JUN 1    237                       168     69      239
  SINCE JAN 1    278                       205     73      303
..................................................................


WIND (MPH)
  HIGHEST WIND SPEED    33   HIGHEST WIND DIRECTION     W (250)
  HIGHEST GUST SPEED    53   HIGHEST GUST DIRECTION     W (250)
  AVERAGE WIND SPEED     4.9


SKY COVER
  AVERAGE SKY COVER 0.4



RELATIVE HUMIDITY (PERCENT)
 HIGHEST    93          1200 AM
 LOWEST     50           300 PM
 AVERAGE    72

..........................................................


THE AVOCA PA CLIMATE NORMALS FOR TODAY
                         NORMAL    RECORD    YEAR
 MAXIMUM TEMPERATURE (F)   82       103      1936
 MINIMUM TEMPERATURE (F)   61        46      1963


SUNRISE AND SUNSET
JULY  9 2014..........SUNRISE   538 AM EDT   SUNSET   838 PM EDT
JULY 10 2014..........SUNRISE   539 AM EDT   SUNSET   837 PM EDT


-  INDICATES NEGATIVE NUMBERS.
R  INDICATES RECORD WAS SET OR TIED.
MM INDICATES DATA IS MISSING.
T  INDICATES TRACE AMOUNT.




$$
