000
CDUS41 KBGM 210222
CLIAVP


CLIMATE REPORT
NATIONAL WEATHER SERVICE BINGHAMTON NY
1022 PM EDT SUN JUL 20 2014


...................................

...THE AVOCA PA CLIMATE SUMMARY FOR JULY 20 2014...
VALID AS OF 1000 PM LOCAL TIME.

CLIMATE NORMAL PERIOD 1981 TO 2010
CLIMATE RECORD PERIOD 1901 TO 2014


WEATHER ITEM   OBSERVED TIME   RECORD YEAR NORMAL DEPARTURE LAST
                VALUE   (LST)  VALUE       VALUE  FROM      YEAR
                                                  NORMAL
..................................................................
TEMPERATURE (F)
 TODAY
  MAXIMUM         81    107 PM  96    1991  82     -1       91
  MINIMUM         63    559 AM  46    1965  61      2       72
                                      1929
                                      1912
  AVERAGE         72                        72      0       82

PRECIPITATION (IN)
  TODAY            T             1.49 1982   0.12  -0.12      T
  MONTH TO DATE    2.25                      2.37  -0.12     0.71
  SINCE JUN 1      4.41                      6.40  -1.99     6.12
  SINCE JAN 1     17.12                     20.20  -3.08    15.89

SNOWFALL (IN)
  TODAY            0.0           0.0  1995   0.0    0.0      0.0
  MONTH TO DATE    0.0                       0.0    0.0      0.0
  SINCE JUN 1      0.0                       0.0    0.0      0.0
  SINCE JUL 1      0.0                       0.0    0.0      0.0

DEGREE DAYS
 HEATING
  TODAY            0                         0      0        0
  MONTH TO DATE    0                         0      0        0
  SINCE JUN 1     11                        54    -43       21
  SINCE JUL 1      0                         0      0        0

 COOLING
  TODAY            7                         7      0       17
  MONTH TO DATE  164                       135     29      265
  SINCE JUN 1    323                       252     71      401
  SINCE JAN 1    364                       289     75      465
..................................................................


WIND (MPH)
  HIGHEST WIND SPEED     9   HIGHEST WIND DIRECTION    NE (60)
  HIGHEST GUST SPEED    13   HIGHEST GUST DIRECTION    NE (50)
  AVERAGE WIND SPEED     1.9


SKY COVER
  AVERAGE SKY COVER 0.9


WEATHER CONDITIONS
 THE FOLLOWING WEATHER WAS RECORDED TODAY.
  LIGHT RAIN


RELATIVE HUMIDITY (PERCENT)
 HIGHEST    78           300 AM
 LOWEST     39           100 PM
 AVERAGE    59

..........................................................


THE AVOCA PA CLIMATE NORMALS FOR TOMORROW
                         NORMAL    RECORD    YEAR
 MAXIMUM TEMPERATURE (F)   82        99      1930
 MINIMUM TEMPERATURE (F)   61        47      1965


SUNRISE AND SUNSET
JULY 20 2014..........SUNRISE   547 AM EDT   SUNSET   831 PM EDT
JULY 21 2014..........SUNRISE   548 AM EDT   SUNSET   830 PM EDT


-  INDICATES NEGATIVE NUMBERS.
R  INDICATES RECORD WAS SET OR TIED.
MM INDICATES DATA IS MISSING.
T  INDICATES TRACE AMOUNT.




$$
