000
CDUS41 KBGM 140555
CLIAVP


CLIMATE REPORT
NATIONAL WEATHER SERVICE BINGHAMTON NY
1253 AM EST SAT JAN 14 2017


...................................

...THE AVOCA PA CLIMATE SUMMARY FOR JANUARY 13 2017...

CLIMATE NORMAL PERIOD 1981 TO 2010
CLIMATE RECORD PERIOD 1901 TO 2017


WEATHER ITEM   OBSERVED TIME   RECORD YEAR NORMAL DEPARTURE LAST
                VALUE   (LST)  VALUE       VALUE  FROM      YEAR
                                                  NORMAL
..................................................................
TEMPERATURE (F)
 YESTERDAY
  MAXIMUM         52   1201 AM  69    1932  33     19       21
  MINIMUM         25   1159 PM -13    1981  18      7       14
  AVERAGE         39                        26     13       18

PRECIPITATION (IN)
  YESTERDAY        0.00          0.87 1964   0.08  -0.08      T
  MONTH TO DATE    1.07                      0.95   0.12     1.36
  SINCE DEC 1      3.13                      3.63  -0.50     3.91
  SINCE JAN 1      1.07                      0.95   0.12     1.36

SNOWFALL (IN)
  YESTERDAY        0.0          18.3  1964   0.5   -0.5       T
  MONTH TO DATE    0.4                       6.0   -5.6      1.4
  SINCE DEC 1      7.3                      13.4   -6.1      2.2
  SINCE JUL 1     13.0                      16.4   -3.4      2.2

DEGREE DAYS
 HEATING
  YESTERDAY       26                        39    -13       47
  MONTH TO DATE  450                       506    -56      478
  SINCE DEC 1   1444                      1571   -127     1106
  SINCE JUL 1   2462                      2884   -422     2014

 COOLING
  YESTERDAY        0                         0      0        0
  MONTH TO DATE    0                         0      0        0
  SINCE DEC 1      0                         0      0        0
  SINCE JAN 1      0                         0      0        0
..................................................................


WIND (MPH)
  HIGHEST WIND SPEED    21   HIGHEST WIND DIRECTION     N (350)
  HIGHEST GUST SPEED    26   HIGHEST GUST DIRECTION     N (350)
  AVERAGE WIND SPEED    11.2


SKY COVER
  AVERAGE SKY COVER 0.2



RELATIVE HUMIDITY (PERCENT)
 HIGHEST    93           100 AM
 LOWEST     48           200 PM
 AVERAGE    71

..........................................................


THE AVOCA PA CLIMATE NORMALS FOR TODAY
                         NORMAL    RECORD    YEAR
 MAXIMUM TEMPERATURE (F)   33        69      1932
 MINIMUM TEMPERATURE (F)   18       -10      1914
                                             1912


SUNRISE AND SUNSET
JANUARY 14 2017.......SUNRISE   727 AM EST   SUNSET   458 PM EST
JANUARY 15 2017.......SUNRISE   726 AM EST   SUNSET   459 PM EST


-  INDICATES NEGATIVE NUMBERS.
R  INDICATES RECORD WAS SET OR TIED.
MM INDICATES DATA IS MISSING.
T  INDICATES TRACE AMOUNT.

$$
