000
CDUS41 KBGM 150347
CLIAVP


CLIMATE REPORT
NATIONAL WEATHER SERVICE BINGHAMTON NY
1046 PM EST WED FEB 14 2018


...................................

...THE AVOCA PA CLIMATE SUMMARY FOR FEBRUARY 14 2018...
VALID AS OF 1000 PM LOCAL TIME.

CLIMATE NORMAL PERIOD 1981 TO 2010
CLIMATE RECORD PERIOD 1901 TO 2018


WEATHER ITEM   OBSERVED TIME   RECORD YEAR NORMAL DEPARTURE LAST
                VALUE   (LST)  VALUE       VALUE  FROM      YEAR
                                                  NORMAL
..................................................................
TEMPERATURE (F)
 TODAY
  MAXIMUM         45    315 PM  62    1946  37      8       43
  MINIMUM         32    701 AM  -6    2016  21     11       23
                                      1979
  AVERAGE         39                        28     11       33

PRECIPITATION (IN)
  TODAY            0.06          2.50 1914   0.07  -0.01     0.00
  MONTH TO DATE    1.98                      1.06   0.92     1.49
  SINCE DEC 1      6.34                      6.11   0.23     6.80
  SINCE JAN 1      4.66                      3.43   1.23     4.74

SNOWFALL (IN)
  TODAY            0.0          13.0  2007   0.3   -0.3      0.0
  MONTH TO DATE    6.6                       4.7    1.9      8.2
  SINCE DEC 1     24.0                      26.3   -2.3     19.0
  SINCE JUL 1     24.1                      29.3   -5.2     24.7

DEGREE DAYS
 HEATING
  TODAY           26                        37    -11       32
  MONTH TO DATE  502                       527    -25      462
  SINCE DEC 1   2837                      2805     32     2443
  SINCE JUL 1   3877                      4118   -241     3461

 COOLING
  TODAY            0                         0      0        0
  MONTH TO DATE    0                         0      0        0
  SINCE DEC 1      0                         0      0        0
  SINCE JAN 1      0                         0      0        0
..................................................................


WIND (MPH)
  HIGHEST WIND SPEED    13   HIGHEST WIND DIRECTION    SW (210)
  HIGHEST GUST SPEED    18   HIGHEST GUST DIRECTION    SW (210)
  AVERAGE WIND SPEED     4.7


SKY COVER
  AVERAGE SKY COVER 1.0


WEATHER CONDITIONS
 THE FOLLOWING WEATHER WAS RECORDED TODAY.
  LIGHT RAIN
  FOG
  HAZE


RELATIVE HUMIDITY (PERCENT)
 HIGHEST    85           600 AM
 LOWEST     59          1200 AM
 AVERAGE    72

..........................................................


THE AVOCA PA CLIMATE NORMALS FOR TOMORROW
                         NORMAL    RECORD    YEAR
 MAXIMUM TEMPERATURE (F)   37        68      1954
 MINIMUM TEMPERATURE (F)   21       -13      1943


SUNRISE AND SUNSET
FEBRUARY 14 2018......SUNRISE   659 AM EST   SUNSET   536 PM EST
FEBRUARY 15 2018......SUNRISE   658 AM EST   SUNSET   537 PM EST


-  INDICATES NEGATIVE NUMBERS.
R  INDICATES RECORD WAS SET OR TIED.
MM INDICATES DATA IS MISSING.
T  INDICATES TRACE AMOUNT.




$$
