000
CDUS41 KBGM 290224
CLIAVP


CLIMATE REPORT
NATIONAL WEATHER SERVICE BINGHAMTON NY
1024 PM EDT SUN SEP 28 2014


...................................

...THE AVOCA PA CLIMATE SUMMARY FOR SEPTEMBER 28 2014...
VALID AS OF 1000 PM LOCAL TIME.

CLIMATE NORMAL PERIOD 1981 TO 2010
CLIMATE RECORD PERIOD 1901 TO 2014


WEATHER ITEM   OBSERVED TIME   RECORD YEAR NORMAL DEPARTURE LAST
                VALUE   (LST)  VALUE       VALUE  FROM      YEAR
                                                  NORMAL
..................................................................
TEMPERATURE (F)
 TODAY
  MAXIMUM         83    335 PM  84    1946  67     16       73
                                      1945
  MINIMUM         52    626 AM  30    1957  47      5       53
                                      1947
  AVERAGE         68                        57     11       63

PRECIPITATION (IN)
  TODAY            0.00          2.00 1908   0.14  -0.14     0.00
  MONTH TO DATE    0.68                      3.79  -3.11     1.57
  SINCE SEP 1      0.68                      3.79  -3.11     1.57
  SINCE JAN 1     22.24                     28.82  -6.58    19.92

SNOWFALL (IN)
  TODAY            0.0           0.0    MM   0.0    0.0      0.0
  MONTH TO DATE    0.0                       0.0    0.0      0.0
  SINCE SEP 1      0.0                       0.0    0.0      0.0
  SINCE JUL 1      0.0                       0.0    0.0      0.0

DEGREE DAYS
 HEATING
  TODAY            0                         8     -8        2
  MONTH TO DATE  102                       118    -16      145
  SINCE SEP 1    102                       118    -16      145
  SINCE JUL 1    113                       144    -31      154

 COOLING
  TODAY            3                         1      2        0
  MONTH TO DATE   87                        52     35       69
  SINCE SEP 1     87                        52     35       69
  SINCE JAN 1    673                       576     97      771
..................................................................


WIND (MPH)
  HIGHEST WIND SPEED    10   HIGHEST WIND DIRECTION     W (280)
  HIGHEST GUST SPEED    14   HIGHEST GUST DIRECTION     W (260)
  AVERAGE WIND SPEED     3.1


SKY COVER
  AVERAGE SKY COVER 0.0


WEATHER CONDITIONS
 THE FOLLOWING WEATHER WAS RECORDED TODAY.
  NO SIGNIFICANT WEATHER WAS OBSERVED.


RELATIVE HUMIDITY (PERCENT)
 HIGHEST    89           500 AM
 LOWEST     33           100 PM
 AVERAGE    61

..........................................................


THE AVOCA PA CLIMATE NORMALS FOR TOMORROW
                         NORMAL    RECORD    YEAR
 MAXIMUM TEMPERATURE (F)   67        85      1921
 MINIMUM TEMPERATURE (F)   47        29      2000


SUNRISE AND SUNSET
SEPTEMBER 28 2014.....SUNRISE   656 AM EDT   SUNSET   650 PM EDT
SEPTEMBER 29 2014.....SUNRISE   658 AM EDT   SUNSET   648 PM EDT


-  INDICATES NEGATIVE NUMBERS.
R  INDICATES RECORD WAS SET OR TIED.
MM INDICATES DATA IS MISSING.
T  INDICATES TRACE AMOUNT.




$$
