000
CDUS41 KBGM 232122
CLIAVP


CLIMATE REPORT
NATIONAL WEATHER SERVICE BINGHAMTON NY
522 PM EDT TUE AUG 23 2016


...................................

...THE AVOCA PA CLIMATE SUMMARY FOR AUGUST 23 2016...
VALID TODAY AS OF 0500 PM LOCAL TIME.

CLIMATE NORMAL PERIOD 1981 TO 2010
CLIMATE RECORD PERIOD 1901 TO 2016


WEATHER ITEM   OBSERVED TIME   RECORD YEAR NORMAL DEPARTURE LAST
                VALUE   (LST)  VALUE       VALUE  FROM      YEAR
                                                  NORMAL
..................................................................
TEMPERATURE (F)
 TODAY
  MAXIMUM         79    359 PM  95    1936  79      0       81
  MINIMUM         51    601 AM  44    1973  59     -8       55
  AVERAGE         65                        69     -4       68

PRECIPITATION (IN)
  TODAY            0.00          2.46 1933   0.10  -0.10     0.00
  MONTH TO DATE    3.07                      2.58   0.49     2.26
  SINCE JUN 1      8.74                     10.40  -1.66    11.11
  SINCE JAN 1     21.56                     24.20  -2.64    20.67

SNOWFALL (IN)
  TODAY            0.0           0.0  1995   0.0    0.0      0.0
  MONTH TO DATE    0.0                       0.0    0.0      0.0
  SINCE JUN 1      0.0                       0.0    0.0      0.0
  SINCE JUL 1      0.0                       0.0    0.0      0.0

DEGREE DAYS
 HEATING
  TODAY            0                         1     -1        0
  MONTH TO DATE    1                         6     -5        0
  SINCE JUN 1     25                        68    -43       24
  SINCE JUL 1      1                        14    -13        0

 COOLING
  TODAY            0                         5     -5        3
  MONTH TO DATE  232                       130    102      182
  SINCE JUN 1    725                       453    272      590
  SINCE JAN 1    797                       490    307      738
..................................................................


WIND (MPH)
  HIGHEST WIND SPEED    13   HIGHEST WIND DIRECTION     W (250)
  HIGHEST GUST SPEED    18   HIGHEST GUST DIRECTION     W (250)
  AVERAGE WIND SPEED     6.0


SKY COVER
  AVERAGE SKY COVER 0.0


WEATHER CONDITIONS
 THE FOLLOWING WEATHER WAS RECORDED TODAY.
  NO SIGNIFICANT WEATHER WAS OBSERVED.


RELATIVE HUMIDITY (PERCENT)
 HIGHEST    89           300 AM
 LOWEST     39           400 PM
 AVERAGE    64

..........................................................


THE AVOCA PA CLIMATE NORMALS FOR TOMORROW
                         NORMAL    RECORD    YEAR
 MAXIMUM TEMPERATURE (F)   79        92      1947
 MINIMUM TEMPERATURE (F)   59        44      1971


SUNRISE AND SUNSET
AUGUST 23 2016........SUNRISE   621 AM EDT   SUNSET   749 PM EDT
AUGUST 24 2016........SUNRISE   622 AM EDT   SUNSET   748 PM EDT


-  INDICATES NEGATIVE NUMBERS.
R  INDICATES RECORD WAS SET OR TIED.
MM INDICATES DATA IS MISSING.
T  INDICATES TRACE AMOUNT.




$$
