000
CDUS41 KBGM 192222
CLIAVP


CLIMATE REPORT
NATIONAL WEATHER SERVICE BINGHAMTON NY
521 PM EST FRI JAN 19 2018


...................................

...THE AVOCA PA CLIMATE SUMMARY FOR JANUARY 19 2018...
VALID TODAY AS OF 0500 PM LOCAL TIME.

CLIMATE NORMAL PERIOD 1981 TO 2010
CLIMATE RECORD PERIOD 1901 TO 2018


WEATHER ITEM   OBSERVED TIME   RECORD YEAR NORMAL DEPARTURE LAST
                VALUE   (LST)  VALUE       VALUE  FROM      YEAR
                                                  NORMAL
..................................................................
TEMPERATURE (F)
 TODAY
  MAXIMUM         36    459 PM  62    1996  33      3       41
                                      1929
  MINIMUM         13    500 AM -15    1904  18     -5       35
  AVERAGE         25                        26     -1       38

PRECIPITATION (IN)
  TODAY            0.00          2.06 1996   0.08  -0.08     0.01
  MONTH TO DATE    1.81                      1.41   0.40     1.78
  SINCE DEC 1      3.49                      4.09  -0.60     3.84
  SINCE JAN 1      1.81                      1.41   0.40     1.78

SNOWFALL (IN)
  TODAY            0.0           4.8  1987   0.4   -0.4      0.0
                                      1961
  MONTH TO DATE   10.4                       8.9    1.5      1.9
  SINCE DEC 1     17.5                      16.3    1.2      8.8
  SINCE JUL 1     17.6                      19.3   -1.7     14.5

DEGREE DAYS
 HEATING
  TODAY           40                        39      1       27
  MONTH TO DATE  846                       740    106      650
  SINCE DEC 1   1957                      1805    152     1644
  SINCE JUL 1   2997                      3118   -121     2662

 COOLING
  TODAY            0                         0      0        0
  MONTH TO DATE    0                         0      0        0
  SINCE DEC 1      0                         0      0        0
  SINCE JAN 1      0                         0      0        0
..................................................................


WIND (MPH)
  HIGHEST WIND SPEED    16   HIGHEST WIND DIRECTION    SW (230)
  HIGHEST GUST SPEED    20   HIGHEST GUST DIRECTION    SW (220)
  AVERAGE WIND SPEED     7.4


SKY COVER
  AVERAGE SKY COVER 0.0


WEATHER CONDITIONS
 THE FOLLOWING WEATHER WAS RECORDED TODAY.
  FOG


RELATIVE HUMIDITY (PERCENT)
 HIGHEST    84           500 AM
 LOWEST     47           300 PM
 AVERAGE    66

..........................................................


THE AVOCA PA CLIMATE NORMALS FOR TOMORROW
                         NORMAL    RECORD    YEAR
 MAXIMUM TEMPERATURE (F)   33        63      1951
 MINIMUM TEMPERATURE (F)   18       -11      1994


SUNRISE AND SUNSET
JANUARY 19 2018.......SUNRISE   724 AM EST   SUNSET   503 PM EST
JANUARY 20 2018.......SUNRISE   724 AM EST   SUNSET   504 PM EST


-  INDICATES NEGATIVE NUMBERS.
R  INDICATES RECORD WAS SET OR TIED.
MM INDICATES DATA IS MISSING.
T  INDICATES TRACE AMOUNT.




$$
