000
CDUS41 KBGM 250752
CLIAVP


CLIMATE REPORT
NATIONAL WEATHER SERVICE BINGHAMTON NY
252 AM EST TUE NOV 25 2014


...................................

...THE AVOCA PA CLIMATE SUMMARY FOR NOVEMBER 24 2014...

CLIMATE NORMAL PERIOD 1981 TO 2010
CLIMATE RECORD PERIOD 1901 TO 2014


WEATHER ITEM   OBSERVED TIME   RECORD YEAR NORMAL DEPARTURE LAST
                VALUE   (LST)  VALUE       VALUE  FROM      YEAR
                                                  NORMAL
..................................................................
TEMPERATURE (F)
 YESTERDAY
  MAXIMUM         70R   230 PM  69    1931  46     24       24
  MINIMUM         51    125 AM   9    2000  31     20       16
  AVERAGE         61                        38     23       20

PRECIPITATION (IN)
  YESTERDAY        0.27          1.90 1912   0.10   0.17      T
  MONTH TO DATE    1.01                      2.50  -1.49     1.29
  SINCE SEP 1      5.92                      9.91  -3.99     4.43
  SINCE JAN 1     27.48                     34.94  -7.46    22.78

SNOWFALL (IN)
  YESTERDAY        0.0           2.0  1971   0.2   -0.2       T
  MONTH TO DATE    T                         2.2   -2.2      1.7
  SINCE SEP 1      T                         2.3   -2.3      1.7
  SINCE JUL 1      T                         2.3   -2.3      1.7

DEGREE DAYS
 HEATING
  YESTERDAY        4                        27    -23       45
  MONTH TO DATE  580                       542     38      571
  SINCE SEP 1    991                      1119   -128     1046
  SINCE JUL 1   1002                      1145   -143     1055

 COOLING
  YESTERDAY        0                         0      0        0
  MONTH TO DATE    0                         0      0        0
  SINCE SEP 1    100                        56     44       93
  SINCE JAN 1    686                       580    106      795
..................................................................


WIND (MPH)
  HIGHEST WIND SPEED    25   HIGHEST WIND DIRECTION    SW (210)
  HIGHEST GUST SPEED    42   HIGHEST GUST DIRECTION    SW (210)
  AVERAGE WIND SPEED    16.3


SKY COVER
  AVERAGE SKY COVER 0.6



RELATIVE HUMIDITY (PERCENT)
 HIGHEST    86           400 AM
 LOWEST     53           300 PM
 AVERAGE    70

..........................................................


THE AVOCA PA CLIMATE NORMALS FOR TODAY
                         NORMAL    RECORD    YEAR
 MAXIMUM TEMPERATURE (F)   45        70      1979
 MINIMUM TEMPERATURE (F)   31         7      1938


SUNRISE AND SUNSET
NOVEMBER 25 2014......SUNRISE   703 AM EST   SUNSET   437 PM EST
NOVEMBER 26 2014......SUNRISE   704 AM EST   SUNSET   436 PM EST


-  INDICATES NEGATIVE NUMBERS.
R  INDICATES RECORD WAS SET OR TIED.
MM INDICATES DATA IS MISSING.
T  INDICATES TRACE AMOUNT.




$$
