000
CDUS41 KBGM 080625
CLIAVP


CLIMATE REPORT
NATIONAL WEATHER SERVICE BINGHAMTON NY
225 AM EDT TUE JUL 8 2014


...................................

...THE AVOCA PA CLIMATE SUMMARY FOR JULY 7 2014...

CLIMATE NORMAL PERIOD 1981 TO 2010
CLIMATE RECORD PERIOD 1901 TO 2014


WEATHER ITEM   OBSERVED TIME   RECORD YEAR NORMAL DEPARTURE LAST
                VALUE   (LST)  VALUE       VALUE  FROM      YEAR
                                                  NORMAL
..................................................................
TEMPERATURE (F)
 YESTERDAY
  MAXIMUM         89    308 PM  98    1988  82      7       91
  MINIMUM         67   1159 PM  44    1979  61      6       70
  AVERAGE         78                        71      7       81

PRECIPITATION (IN)
  YESTERDAY        0.74          2.34 1931   0.11   0.63     0.03
  MONTH TO DATE    1.33                      0.78   0.55     0.41
  SINCE JUN 1      3.49                      4.81  -1.32     5.82
  SINCE JAN 1     16.20                     18.61  -2.41    15.59

SNOWFALL (IN)
  YESTERDAY        0.0           0.0  1995   0.0    0.0      0.0
  MONTH TO DATE    0.0                       0.0    0.0      0.0
  SINCE JUN 1      0.0                       0.0    0.0      0.0
  SINCE JUL 1      0.0                       0.0    0.0      0.0

DEGREE DAYS
 HEATING
  YESTERDAY        0                         0      0        0
  MONTH TO DATE    0                         0      0        0
  SINCE JUN 1     11                        54    -43       21
  SINCE JUL 1      0                         0      0        0

 COOLING
  YESTERDAY       13                         7      6       16
  MONTH TO DATE   67                        44     23       91
  SINCE JUN 1    226                       161     65      227
  SINCE JAN 1    267                       198     69      291
..................................................................


WIND (MPH)
  HIGHEST WIND SPEED    26   HIGHEST WIND DIRECTION    NW (320)
  HIGHEST GUST SPEED    40   HIGHEST GUST DIRECTION     W (290)
  AVERAGE WIND SPEED     6.8


SKY COVER
  AVERAGE SKY COVER 0.7



RELATIVE HUMIDITY (PERCENT)
 HIGHEST    93           700 PM
 LOWEST     42           400 PM
 AVERAGE    68

..........................................................


THE AVOCA PA CLIMATE NORMALS FOR TODAY
                         NORMAL    RECORD    YEAR
 MAXIMUM TEMPERATURE (F)   82        99      1988
 MINIMUM TEMPERATURE (F)   61        45      2000


SUNRISE AND SUNSET
JULY  8 2014..........SUNRISE   538 AM EDT   SUNSET   838 PM EDT
JULY  9 2014..........SUNRISE   538 AM EDT   SUNSET   838 PM EDT


-  INDICATES NEGATIVE NUMBERS.
R  INDICATES RECORD WAS SET OR TIED.
MM INDICATES DATA IS MISSING.
T  INDICATES TRACE AMOUNT.




$$
