000
CDUS41 KBGM 262226
CLIAVP


CLIMATE REPORT
NATIONAL WEATHER SERVICE BINGHAMTON NY
525 PM EST WED NOV 26 2014


...................................

...THE AVOCA PA CLIMATE SUMMARY FOR NOVEMBER 26 2014...
VALID TODAY AS OF 0500 PM LOCAL TIME.

CLIMATE NORMAL PERIOD 1981 TO 2010
CLIMATE RECORD PERIOD 1901 TO 2014


WEATHER ITEM   OBSERVED TIME   RECORD YEAR NORMAL DEPARTURE LAST
                VALUE   (LST)  VALUE       VALUE  FROM      YEAR
                                                  NORMAL
..................................................................
TEMPERATURE (F)
 TODAY
  MAXIMUM         41    217 AM  68    1979  45     -4       39
  MINIMUM         33    459 PM   6    1938  30      3       26
  AVERAGE         37                        38     -1       33

PRECIPITATION (IN)
  TODAY            0.61          0.83 2007   0.10   0.51     0.83
                                      2007
                                      2013
  MONTH TO DATE    1.62                      2.71  -1.09     2.12
  SINCE SEP 1      6.53                     10.12  -3.59     5.26
  SINCE JAN 1     28.09                     35.15  -7.06    23.61

SNOWFALL (IN)
  TODAY           MM             4.8  1977   0.1   MM        0.5
  MONTH TO DATE    T                         2.4   -2.4      2.2
  SINCE SEP 1      T                         2.5   -2.5      2.2
  SINCE JUL 1      T                         2.5   -2.5      2.2

DEGREE DAYS
 HEATING
  TODAY           28                        27      1       32
  MONTH TO DATE  622                       596     26      643
  SINCE SEP 1   1033                      1173   -140     1118
  SINCE JUL 1   1044                      1199   -155     1127

 COOLING
  TODAY            0                         0      0        0
  MONTH TO DATE    0                         0      0        0
  SINCE SEP 1    100                        56     44       93
  SINCE JAN 1    686                       580    106      795
..................................................................


WIND (MPH)
  HIGHEST WIND SPEED    12   HIGHEST WIND DIRECTION    NW (300)
  HIGHEST GUST SPEED    14   HIGHEST GUST DIRECTION    NE (30)
  AVERAGE WIND SPEED     5.9


SKY COVER
  AVERAGE SKY COVER 0.7


WEATHER CONDITIONS
 THE FOLLOWING WEATHER WAS RECORDED TODAY.
  HEAVY SNOW
  SNOW
  LIGHT SNOW
  FOG
  FOG W/VISIBILITY <= 1/4 MILE


RELATIVE HUMIDITY (PERCENT)
 HIGHEST    89          1000 AM
 LOWEST     55           100 AM
 AVERAGE    72

..........................................................


THE AVOCA PA CLIMATE NORMALS FOR TOMORROW
                         NORMAL    RECORD    YEAR
 MAXIMUM TEMPERATURE (F)   45        64      1988
 MINIMUM TEMPERATURE (F)   30         8      1932


SUNRISE AND SUNSET
NOVEMBER 26 2014......SUNRISE   704 AM EST   SUNSET   436 PM EST
NOVEMBER 27 2014......SUNRISE   705 AM EST   SUNSET   436 PM EST


-  INDICATES NEGATIVE NUMBERS.
R  INDICATES RECORD WAS SET OR TIED.
MM INDICATES DATA IS MISSING.
T  INDICATES TRACE AMOUNT.




$$
