000
CDUS41 KBGM 040319
CLIAVP


CLIMATE REPORT
NATIONAL WEATHER SERVICE BINGHAMTON NY
1018 PM EST WED FEB 3 2016


...................................

...THE AVOCA PA CLIMATE SUMMARY FOR FEBRUARY 3 2016...
VALID AS OF 1000 PM LOCAL TIME.

CLIMATE NORMAL PERIOD 1981 TO 2010
CLIMATE RECORD PERIOD 1901 TO 2016


WEATHER ITEM   OBSERVED TIME   RECORD YEAR NORMAL DEPARTURE LAST
                VALUE   (LST)  VALUE       VALUE  FROM      YEAR
                                                  NORMAL
..................................................................
TEMPERATURE (F)
 TODAY
  MAXIMUM         57R   502 PM  57    1991  34     23       23
  MINIMUM         40    220 AM  -5    1961  19     21        6
  AVERAGE         49                        27     22       15

PRECIPITATION (IN)
  TODAY            0.48          1.10 2004   0.08   0.40      T
  MONTH TO DATE    0.48                      0.24   0.24     0.50
  SINCE DEC 1      4.82                      5.29  -0.47     5.15
  SINCE JAN 1      2.27                      2.61  -0.34     2.37

SNOWFALL (IN)
  TODAY           MM             3.2  2014   0.4   MM         T
  MONTH TO DATE    0.0                       1.1   -1.1      4.7
  SINCE DEC 1      5.3                      22.7  -17.4     24.6
  SINCE JUL 1      5.3                      25.7  -20.4     33.5

DEGREE DAYS
 HEATING
  TODAY           16                        38    -22       50
  MONTH TO DATE   68                       115    -47      137
  SINCE DEC 1   1831                      2393   -562     2320
  SINCE JUL 1   2739                      3706   -967     3510

 COOLING
  TODAY            0                         0      0        0
  MONTH TO DATE    0                         0      0        0
  SINCE DEC 1      0                         0      0        0
  SINCE JAN 1      0                         0      0        0
..................................................................


WIND (MPH)
  HIGHEST WIND SPEED    28   HIGHEST WIND DIRECTION     S (160)
  HIGHEST GUST SPEED    43   HIGHEST GUST DIRECTION     S (160)
  AVERAGE WIND SPEED     6.6


SKY COVER
  AVERAGE SKY COVER 0.8


WEATHER CONDITIONS
 THE FOLLOWING WEATHER WAS RECORDED TODAY.
  RAIN
  LIGHT RAIN
  FOG


RELATIVE HUMIDITY (PERCENT)
 HIGHEST    93          1100 AM
 LOWEST     51           200 AM
 AVERAGE    72

..........................................................


THE AVOCA PA CLIMATE NORMALS FOR TOMORROW
                         NORMAL    RECORD    YEAR
 MAXIMUM TEMPERATURE (F)   35        58      1991
 MINIMUM TEMPERATURE (F)   19        -6      1985


SUNRISE AND SUNSET
FEBRUARY  3 2016......SUNRISE   713 AM EST   SUNSET   521 PM EST
FEBRUARY  4 2016......SUNRISE   712 AM EST   SUNSET   522 PM EST


-  INDICATES NEGATIVE NUMBERS.
R  INDICATES RECORD WAS SET OR TIED.
MM INDICATES DATA IS MISSING.
T  INDICATES TRACE AMOUNT.




$$
