000
CDUS41 KBGM 190650
CLIAVP


CLIMATE REPORT
NATIONAL WEATHER SERVICE BINGHAMTON NY
149 AM EST FRI DEC 19 2014


...................................

...THE AVOCA PA CLIMATE SUMMARY FOR DECEMBER 18 2014...

CLIMATE NORMAL PERIOD 1981 TO 2010
CLIMATE RECORD PERIOD 1901 TO 2014


WEATHER ITEM   OBSERVED TIME   RECORD YEAR NORMAL DEPARTURE LAST
                VALUE   (LST)  VALUE       VALUE  FROM      YEAR
                                                  NORMAL
..................................................................
TEMPERATURE (F)
 YESTERDAY
  MAXIMUM         36    406 PM  58    1928  37     -1       31
                                      1921
  MINIMUM         32    145 AM  -6    1919  23      9       15
  AVERAGE         34                        30      4       23

PRECIPITATION (IN)
  YESTERDAY        0.03          0.93 1961   0.08  -0.05     0.01
  MONTH TO DATE    2.14                      1.66   0.48     1.98
  SINCE DEC 1      2.14                      1.66   0.48     1.98
  SINCE JAN 1     30.41                     37.24  -6.83    26.21

SNOWFALL (IN)
  YESTERDAY       MM             1.4  1971   0.2   MM        0.3
  MONTH TO DATE    4.4                       3.4    1.0      9.0
  SINCE DEC 1      4.4                       3.4    1.0      9.0
  SINCE JUL 1     13.3                       6.4    6.9     11.7

DEGREE DAYS
 HEATING
  YESTERDAY       31                        35     -4       42
  MONTH TO DATE  543                       583    -40      639
  SINCE DEC 1    543                       583    -40      639
  SINCE JUL 1   1733                      1896   -163     1915

 COOLING
  YESTERDAY        0                         0      0        0
  MONTH TO DATE    0                         0      0        0
  SINCE DEC 1      0                         0      0        0
  SINCE JAN 1    686                       580    106      795
..................................................................


WIND (MPH)
  HIGHEST WIND SPEED    26   HIGHEST WIND DIRECTION     W (290)
  HIGHEST GUST SPEED    36   HIGHEST GUST DIRECTION     W (290)
  AVERAGE WIND SPEED    11.8


SKY COVER
  AVERAGE SKY COVER 1.0



RELATIVE HUMIDITY (PERCENT)
 HIGHEST    82           100 AM
 LOWEST     59          1100 AM
 AVERAGE    71

..........................................................


THE AVOCA PA CLIMATE NORMALS FOR TODAY
                         NORMAL    RECORD    YEAR
 MAXIMUM TEMPERATURE (F)   36        60      1929
 MINIMUM TEMPERATURE (F)   23        -1      1919


SUNRISE AND SUNSET
DECEMBER 19 2014......SUNRISE   724 AM EST   SUNSET   436 PM EST
DECEMBER 20 2014......SUNRISE   725 AM EST   SUNSET   436 PM EST


-  INDICATES NEGATIVE NUMBERS.
R  INDICATES RECORD WAS SET OR TIED.
MM INDICATES DATA IS MISSING.
T  INDICATES TRACE AMOUNT.




$$

HEDEN
