000
CDUS41 KBGM 200547
CLIAVP


CLIMATE REPORT
NATIONAL WEATHER SERVICE BINGHAMTON NY
146 AM EDT SAT AUG 20 2016


...................................

...THE AVOCA PA CLIMATE SUMMARY FOR AUGUST 19 2016...

CLIMATE NORMAL PERIOD 1981 TO 2010
CLIMATE RECORD PERIOD 1901 TO 2016


WEATHER ITEM   OBSERVED TIME   RECORD YEAR NORMAL DEPARTURE LAST
                VALUE   (LST)  VALUE       VALUE  FROM      YEAR
                                                  NORMAL
..................................................................
TEMPERATURE (F)
 YESTERDAY
  MAXIMUM         85    433 PM  91    1916  80      5       87
                                      1914
  MINIMUM         65   1159 PM  44    1924  59      6       73
  AVERAGE         75                        70      5       80

PRECIPITATION (IN)
  YESTERDAY        0.00          0.91 1954   0.12  -0.12      T
  MONTH TO DATE    2.16                      2.16   0.00     1.46
  SINCE JUN 1      7.83                      9.98  -2.15    10.31
  SINCE JAN 1     20.65                     23.78  -3.13    19.87

SNOWFALL (IN)
  YESTERDAY        0.0           0.0  1995   0.0    0.0      0.0
  MONTH TO DATE    0.0                       0.0    0.0      0.0
  SINCE JUN 1      0.0                       0.0    0.0      0.0
  SINCE JUL 1      0.0                       0.0    0.0      0.0

DEGREE DAYS
 HEATING
  YESTERDAY        0                         1     -1        0
  MONTH TO DATE    0                         2     -2        0
  SINCE JUN 1     24                        64    -40       24
  SINCE JUL 1      0                        10    -10        0

 COOLING
  YESTERDAY       10                         5      5       15
  MONTH TO DATE  215                       110    105      158
  SINCE JUN 1    708                       433    275      566
  SINCE JAN 1    780                       470    310      714
..................................................................


WIND (MPH)
  HIGHEST WIND SPEED    12   HIGHEST WIND DIRECTION     W (280)
  HIGHEST GUST SPEED    15   HIGHEST GUST DIRECTION    NW (300)
  AVERAGE WIND SPEED     4.9


SKY COVER
  AVERAGE SKY COVER 0.4



RELATIVE HUMIDITY (PERCENT)
 HIGHEST   100           200 AM
 LOWEST     37           500 PM
 AVERAGE    69

..........................................................


THE AVOCA PA CLIMATE NORMALS FOR TODAY
                         NORMAL    RECORD    YEAR
 MAXIMUM TEMPERATURE (F)   80        94      1983
                                             1937
 MINIMUM TEMPERATURE (F)   59        45      1998
                                             1944


SUNRISE AND SUNSET
AUGUST 20 2016........SUNRISE   618 AM EDT   SUNSET   754 PM EDT
AUGUST 21 2016........SUNRISE   619 AM EDT   SUNSET   752 PM EDT


-  INDICATES NEGATIVE NUMBERS.
R  INDICATES RECORD WAS SET OR TIED.
MM INDICATES DATA IS MISSING.
T  INDICATES TRACE AMOUNT.




$$
