000
CDUS41 KBGM 160524
CLIAVP


CLIMATE REPORT
NATIONAL WEATHER SERVICE BINGHAMTON NY
1223 AM EST THU FEB 16 2017


...................................

...THE AVOCA PA CLIMATE SUMMARY FOR FEBRUARY 15 2017...

CLIMATE NORMAL PERIOD 1981 TO 2010
CLIMATE RECORD PERIOD 1901 TO 2017


WEATHER ITEM   OBSERVED TIME   RECORD YEAR NORMAL DEPARTURE LAST
                VALUE   (LST)  VALUE       VALUE  FROM      YEAR
                                                  NORMAL
..................................................................
TEMPERATURE (F)
 YESTERDAY
  MAXIMUM         44   1217 PM  68    1954  37      7       29
  MINIMUM         29   1159 PM -13    1943  21      8        4
  AVERAGE         37                        29      8       17

PRECIPITATION (IN)
  YESTERDAY        T             1.10 1984   0.07  -0.07     0.24
  MONTH TO DATE    1.49                      1.13   0.36     1.02
  SINCE DEC 1      6.80                      6.18   0.62     5.36
  SINCE JAN 1      4.74                      3.50   1.24     2.81

SNOWFALL (IN)
  YESTERDAY        T             3.7  1991   0.3   -0.3      1.5
  MONTH TO DATE    8.2                       5.0    3.2      6.6
  SINCE DEC 1     19.0                      26.6   -7.6     11.9
  SINCE JUL 1     24.7                      29.6   -4.9     11.9

DEGREE DAYS
 HEATING
  YESTERDAY       28                        36     -8       48
  MONTH TO DATE  490                       563    -73      553
  SINCE DEC 1   2471                      2841   -370     2316
  SINCE JUL 1   3489                      4154   -665     3224

 COOLING
  YESTERDAY        0                         0      0        0
  MONTH TO DATE    0                         0      0        0
  SINCE DEC 1      0                         0      0        0
  SINCE JAN 1      0                         0      0        0
..................................................................


WIND (MPH)
  HIGHEST WIND SPEED    25   HIGHEST WIND DIRECTION    NW (330)
  HIGHEST GUST SPEED    32   HIGHEST GUST DIRECTION    NW (300)
  AVERAGE WIND SPEED     8.2


SKY COVER
  AVERAGE SKY COVER 0.8



RELATIVE HUMIDITY (PERCENT)
 HIGHEST    92           300 PM
 LOWEST     57          1100 AM
 AVERAGE    75

..........................................................


THE AVOCA PA CLIMATE NORMALS FOR TODAY
                         NORMAL    RECORD    YEAR
 MAXIMUM TEMPERATURE (F)   37        74      1954
 MINIMUM TEMPERATURE (F)   21        -5      1963


SUNRISE AND SUNSET
FEBRUARY 16 2017......SUNRISE   656 AM EST   SUNSET   538 PM EST
FEBRUARY 17 2017......SUNRISE   655 AM EST   SUNSET   540 PM EST


-  INDICATES NEGATIVE NUMBERS.
R  INDICATES RECORD WAS SET OR TIED.
MM INDICATES DATA IS MISSING.
T  INDICATES TRACE AMOUNT.




$$
