000
CDUS41 KBGM 132217
CLIAVP


CLIMATE REPORT
NATIONAL WEATHER SERVICE BINGHAMTON NY
517 PM EST WED DEC 13 2017


...................................

...THE AVOCA PA CLIMATE SUMMARY FOR DECEMBER 13 2017...
VALID AS OF 0500 PM LOCAL TIME.

CLIMATE NORMAL PERIOD 1981 TO 2010
CLIMATE RECORD PERIOD 1901 TO 2017


WEATHER ITEM   OBSERVED TIME   RECORD YEAR NORMAL DEPARTURE LAST
                VALUE   (LST)  VALUE       VALUE  FROM      YEAR
                                                  NORMAL
..................................................................
TEMPERATURE (F)
 TODAY
  MAXIMUM         27    302 PM  66    2015  38    -11       36
  MINIMUM         15    718 AM   2    1960  25    -10       27
  AVERAGE         21                        31    -10       32

PRECIPITATION (IN)
  TODAY            0.01          2.16 1983   0.08  -0.07     0.04
  MONTH TO DATE    0.55                      1.25  -0.70     0.97
  SINCE DEC 1      0.55                      1.25  -0.70     0.97
  SINCE JAN 1     36.38                     36.83  -0.45    30.21

SNOWFALL (IN)
  TODAY           MM             5.2  2007   0.2   MM        0.7
  MONTH TO DATE    2.3                       2.3    0.0      3.8
  SINCE DEC 1      2.3                       2.3    0.0      3.8
  SINCE JUL 1      2.4                       5.3   -2.9      9.5

DEGREE DAYS
 HEATING
  TODAY           44                        34     10       33
  MONTH TO DATE  400                       410    -10      383
  SINCE DEC 1    400                       410    -10      383
  SINCE JUL 1   1440                      1723   -283     1401

 COOLING
  TODAY            0                         0      0        0
  MONTH TO DATE    0                         0      0        0
  SINCE DEC 1      0                         0      0        0
  SINCE JAN 1    804                       580    224      998
..................................................................


WIND (MPH)
  HIGHEST WIND SPEED    26   HIGHEST WIND DIRECTION     W (280)
  HIGHEST GUST SPEED    36   HIGHEST GUST DIRECTION    NW (300)
  AVERAGE WIND SPEED    14.8


SKY COVER
  AVERAGE SKY COVER 0.7


WEATHER CONDITIONS
 THE FOLLOWING WEATHER WAS RECORDED TODAY.
  LIGHT SNOW
  FOG
  HAZE


RELATIVE HUMIDITY (PERCENT)
 HIGHEST    88           800 AM
 LOWEST     38           100 PM
 AVERAGE    63

..........................................................


THE AVOCA PA CLIMATE NORMALS FOR TOMORROW
                         NORMAL    RECORD    YEAR
 MAXIMUM TEMPERATURE (F)   38        66      2015
 MINIMUM TEMPERATURE (F)   24        -5      2005


SUNRISE AND SUNSET
DECEMBER 13 2017......SUNRISE   720 AM EST   SUNSET   434 PM EST
DECEMBER 14 2017......SUNRISE   721 AM EST   SUNSET   434 PM EST


-  INDICATES NEGATIVE NUMBERS.
R  INDICATES RECORD WAS SET OR TIED.
MM INDICATES DATA IS MISSING.
T  INDICATES TRACE AMOUNT.




$$
