000
CDUS41 KBGM 010538
CLIAVP


CLIMATE REPORT
NATIONAL WEATHER SERVICE BINGHAMTON NY
138 AM EDT MON JUN 1 2015


...................................

...THE AVOCA PA CLIMATE SUMMARY FOR MAY 31 2015...

CLIMATE NORMAL PERIOD 1981 TO 2010
CLIMATE RECORD PERIOD 1901 TO 2015


WEATHER ITEM   OBSERVED TIME   RECORD YEAR NORMAL DEPARTURE LAST
                VALUE   (LST)  VALUE       VALUE  FROM      YEAR
                                                  NORMAL
..................................................................
TEMPERATURE (F)
 YESTERDAY
  MAXIMUM         78   1121 AM  91    2011  74      4       75
                                      1939
  MINIMUM         63    803 PM  36    1996  52     11       47
  AVERAGE         71                        63      8       61

PRECIPITATION (IN)
  YESTERDAY        0.36          2.30 1972   0.12   0.24     0.00
  MONTH TO DATE    1.72                      3.52  -1.80     2.75
  SINCE MAR 1      6.56                      9.40  -2.84     7.83
  SINCE JAN 1      9.56                     13.80  -4.24    12.71

SNOWFALL (IN)
  YESTERDAY        0.0           0.0    MM   0.0    0.0      0.0
  MONTH TO DATE    0.0                       0.0    0.0      0.0
  SINCE MAR 1      9.0                      12.3   -3.3      3.1
  SINCE JUL 1     51.4                      46.2    5.2     58.9

DEGREE DAYS
 HEATING
  YESTERDAY        0                         4     -4        4
  MONTH TO DATE  100                       228   -128      147
  SINCE MAR 1   1547                      1595    -48     1688
  SINCE JUL 1   6244                      6201     43     6511

 COOLING
  YESTERDAY        6                         2      4        0
  MONTH TO DATE  148                        31    117       34
  SINCE MAR 1    148                        37    111       41
  SINCE JAN 1    148                        37    111       41
..................................................................


WIND (MPH)
  HIGHEST WIND SPEED    15   HIGHEST WIND DIRECTION     N (20)
  HIGHEST GUST SPEED    21   HIGHEST GUST DIRECTION    NW (300)
  AVERAGE WIND SPEED     5.9


SKY COVER
  AVERAGE SKY COVER 0.7



RELATIVE HUMIDITY (PERCENT)
 HIGHEST    93           800 PM
 LOWEST     62          1100 AM
 AVERAGE    78

..........................................................


THE AVOCA PA CLIMATE NORMALS FOR TODAY
                         NORMAL    RECORD    YEAR
 MAXIMUM TEMPERATURE (F)   74        93      1937
 MINIMUM TEMPERATURE (F)   52        36      2009


SUNRISE AND SUNSET
JUNE  1 2015..........SUNRISE   532 AM EDT   SUNSET   830 PM EDT
JUNE  2 2015..........SUNRISE   532 AM EDT   SUNSET   830 PM EDT


-  INDICATES NEGATIVE NUMBERS.
R  INDICATES RECORD WAS SET OR TIED.
MM INDICATES DATA IS MISSING.
T  INDICATES TRACE AMOUNT.




$$
