000
CDUS41 KBGM 220522
CLIAVP


CLIMATE REPORT
NATIONAL WEATHER SERVICE BINGHAMTON NY
120 AM EDT THU JUN 22 2017


...................................

...THE AVOCA PA CLIMATE SUMMARY FOR JUNE 21 2017...

CLIMATE NORMAL PERIOD 1981 TO 2010
CLIMATE RECORD PERIOD 1901 TO 2017


WEATHER ITEM   OBSERVED TIME   RECORD YEAR NORMAL DEPARTURE LAST
                VALUE   (LST)  VALUE       VALUE  FROM      YEAR
                                                  NORMAL
..................................................................
TEMPERATURE (F)
 YESTERDAY
  MAXIMUM         82    220 PM  96    1953  79      3       82
  MINIMUM         59    505 AM  45    1968  58      1       59
  AVERAGE         71                        69      2       71

PRECIPITATION (IN)
  YESTERDAY        T             1.97 1937   0.13  -0.13     0.26
  MONTH TO DATE    2.92                      2.89   0.03     1.52
  SINCE JUN 1      2.92                      2.89   0.03     1.52
  SINCE JAN 1     21.25                     16.69   4.56    14.34

SNOWFALL (IN)
  YESTERDAY        0.0           0.0  1995   0.0    0.0      0.0
  MONTH TO DATE    0.0                       0.0    0.0      0.0
  SINCE JUN 1      0.0                       0.0    0.0      0.0
  SINCE JUL 1     55.5                      46.2    9.3     15.5

DEGREE DAYS
 HEATING
  YESTERDAY        0                         1     -1        0
  MONTH TO DATE   41                        48     -7       24
  SINCE JUN 1     41                        48     -7       24
  SINCE JUL 1   5232                      6249  -1017     4966

 COOLING
  YESTERDAY        6                         5      1        6
  MONTH TO DATE  105                        69     36       87
  SINCE JUN 1    105                        69     36       87
  SINCE JAN 1    157                       106     51      159
..................................................................


WIND (MPH)
  HIGHEST WIND SPEED    18   HIGHEST WIND DIRECTION     W (250)
  HIGHEST GUST SPEED    24   HIGHEST GUST DIRECTION     W (270)
  AVERAGE WIND SPEED     6.0


SKY COVER
  AVERAGE SKY COVER 0.3



RELATIVE HUMIDITY (PERCENT)
 HIGHEST    87           300 AM
 LOWEST     45           200 PM
 AVERAGE    66

..........................................................


THE AVOCA PA CLIMATE NORMALS FOR TODAY
                         NORMAL    RECORD    YEAR
 MAXIMUM TEMPERATURE (F)   79        93      1988
                                             1954
                                             1921
 MINIMUM TEMPERATURE (F)   58        41      1940


SUNRISE AND SUNSET
JUNE 22 2017..........SUNRISE   530 AM EDT   SUNSET   840 PM EDT
JUNE 23 2017..........SUNRISE   530 AM EDT   SUNSET   840 PM EDT


-  INDICATES NEGATIVE NUMBERS.
R  INDICATES RECORD WAS SET OR TIED.
MM INDICATES DATA IS MISSING.
T  INDICATES TRACE AMOUNT.

$$
