000
CDUS41 KBGM 220533
CLIAVP


CLIMATE REPORT
NATIONAL WEATHER SERVICE BINGHAMTON NY
132 AM EDT TUE AUG 22 2017


...................................

...THE AVOCA PA CLIMATE SUMMARY FOR AUGUST 21 2017...

CLIMATE NORMAL PERIOD 1981 TO 2010
CLIMATE RECORD PERIOD 1901 TO 2017


WEATHER ITEM   OBSERVED TIME   RECORD YEAR NORMAL DEPARTURE LAST
                VALUE   (LST)  VALUE       VALUE  FROM      YEAR
                                                  NORMAL
..................................................................
TEMPERATURE (F)
 YESTERDAY
  MAXIMUM         85    317 PM  95    1916  79      6       80
  MINIMUM         61    516 AM  43    2000  59      2       64
                                      1908
  AVERAGE         73                        69      4       72

PRECIPITATION (IN)
  YESTERDAY        0.06          1.07 1991   0.11  -0.05     0.91
  MONTH TO DATE    1.61                      2.37  -0.76     3.07
  SINCE JUN 1     11.30                     10.19   1.11     8.74
  SINCE JAN 1     29.63                     23.99   5.64    21.56

SNOWFALL (IN)
  YESTERDAY        0.0           0.0  1995   0.0    0.0      0.0
  MONTH TO DATE    0.0                       0.0    0.0      0.0
  SINCE JUN 1      0.0                       0.0    0.0      0.0
  SINCE JUL 1      0.0                       0.0    0.0      0.0

DEGREE DAYS
 HEATING
  YESTERDAY        0                         1     -1        0
  MONTH TO DATE    2                         4     -2        0
  SINCE JUN 1     45                        66    -21       24
  SINCE JUL 1      2                        12    -10        0

 COOLING
  YESTERDAY        8                         5      3        7
  MONTH TO DATE  142                       120     22      232
  SINCE JUN 1    569                       443    126      725
  SINCE JAN 1    621                       480    141      797
..................................................................


WIND (MPH)
  HIGHEST WIND SPEED    12   HIGHEST WIND DIRECTION     S (200)
  HIGHEST GUST SPEED    17   HIGHEST GUST DIRECTION     S (200)
  AVERAGE WIND SPEED     3.8


SKY COVER
  AVERAGE SKY COVER 0.3



RELATIVE HUMIDITY (PERCENT)
 HIGHEST   100           400 AM
 LOWEST     58          1100 AM
 AVERAGE    79

..........................................................


THE AVOCA PA CLIMATE NORMALS FOR TODAY
                         NORMAL    RECORD    YEAR
 MAXIMUM TEMPERATURE (F)   79        98      1916
 MINIMUM TEMPERATURE (F)   59        42      1982


SUNRISE AND SUNSET
AUGUST 22 2017........SUNRISE   619 AM EDT   SUNSET   751 PM EDT
AUGUST 23 2017........SUNRISE   620 AM EDT   SUNSET   750 PM EDT


-  INDICATES NEGATIVE NUMBERS.
R  INDICATES RECORD WAS SET OR TIED.
MM INDICATES DATA IS MISSING.
T  INDICATES TRACE AMOUNT.




$$
