000
CDUS41 KBGM 210527
CLIAVP


CLIMATE REPORT
NATIONAL WEATHER SERVICE BINGHAMTON NY
127 AM EDT THU MAY 21 2015


...................................

...THE AVOCA PA CLIMATE SUMMARY FOR MAY 20 2015...

CLIMATE NORMAL PERIOD 1981 TO 2010
CLIMATE RECORD PERIOD 1901 TO 2015


WEATHER ITEM   OBSERVED TIME   RECORD YEAR NORMAL DEPARTURE LAST
                VALUE   (LST)  VALUE       VALUE  FROM      YEAR
                                                  NORMAL
..................................................................
TEMPERATURE (F)
 YESTERDAY
  MAXIMUM         59    405 PM  91    1996  71    -12       75
                                      1959
  MINIMUM         43   1147 PM  33    2002  49     -6       41
  AVERAGE         51                        60     -9       58

PRECIPITATION (IN)
  YESTERDAY        T             1.36 1949   0.12  -0.12      T
  MONTH TO DATE    0.39                      2.19  -1.80     2.05
  SINCE MAR 1      5.23                      8.07  -2.84     7.13
  SINCE JAN 1      8.23                     12.47  -4.24    12.01

SNOWFALL (IN)
  YESTERDAY        0.0           0.0    MM   0.0    0.0      0.0
  MONTH TO DATE    0.0                       0.3   -0.3      0.0
  SINCE MAR 1      9.0                      12.6   -3.6      3.1
  SINCE JUL 1     51.4                      46.5    4.9     58.9

DEGREE DAYS
 HEATING
  YESTERDAY       14                         6      8        7
  MONTH TO DATE   65                       172   -107      121
  SINCE MAR 1   1512                      1539    -27     1662
  SINCE JUL 1   6209                      6145     64     6485

 COOLING
  YESTERDAY        0                         1     -1        0
  MONTH TO DATE   82                        13     69       24
  SINCE MAR 1     82                        19     63       31
  SINCE JAN 1     82                        19     63       31
..................................................................


WIND (MPH)
  HIGHEST WIND SPEED    22   HIGHEST WIND DIRECTION    NW (300)
  HIGHEST GUST SPEED    30   HIGHEST GUST DIRECTION    NW (310)
  AVERAGE WIND SPEED     9.5


SKY COVER
  AVERAGE SKY COVER 0.6



RELATIVE HUMIDITY (PERCENT)
 HIGHEST    70          1100 PM
 LOWEST     40           200 PM
 AVERAGE    55

..........................................................


THE AVOCA PA CLIMATE NORMALS FOR TODAY
                         NORMAL    RECORD    YEAR
 MAXIMUM TEMPERATURE (F)   71        92      1934
                                             1911
 MINIMUM TEMPERATURE (F)   49        30      2002


SUNRISE AND SUNSET
MAY 21 2015...........SUNRISE   539 AM EDT   SUNSET   820 PM EDT
MAY 22 2015...........SUNRISE   538 AM EDT   SUNSET   821 PM EDT


-  INDICATES NEGATIVE NUMBERS.
R  INDICATES RECORD WAS SET OR TIED.
MM INDICATES DATA IS MISSING.
T  INDICATES TRACE AMOUNT.




$$
