000
CDUS41 KBGM 140231
CLIAVP


CLIMATE REPORT
NATIONAL WEATHER SERVICE BINGHAMTON NY
1030 PM EDT SAT SEP 13 2014


...................................

...THE AVOCA PA CLIMATE SUMMARY FOR SEPTEMBER 13 2014...
VALID AS OF 1000 PM LOCAL TIME.

CLIMATE NORMAL PERIOD 1981 TO 2010
CLIMATE RECORD PERIOD 1901 TO 2014


WEATHER ITEM   OBSERVED TIME   RECORD YEAR NORMAL DEPARTURE LAST
                VALUE   (LST)  VALUE       VALUE  FROM      YEAR
                                                  NORMAL
..................................................................
TEMPERATURE (F)
 TODAY
  MAXIMUM         60    526 PM  92    2005  74    -14       68
                                      1931
  MINIMUM         47    131 AM  37    1985  53     -6       53
  AVERAGE         54                        63     -9       61

PRECIPITATION (IN)
  TODAY            0.21          1.42 1944   0.14   0.07     0.15
  MONTH TO DATE    0.46                      1.67  -1.21     0.61
  SINCE SEP 1      0.46                      1.67  -1.21     0.61
  SINCE JAN 1     22.02                     26.70  -4.68    18.96

SNOWFALL (IN)
  TODAY            0.0           T    1990   0.0    0.0      0.0
  MONTH TO DATE    0.0                       0.0    0.0      0.0
  SINCE SEP 1      0.0                       0.0    0.0      0.0
  SINCE JUL 1      0.0                       0.0    0.0      0.0

DEGREE DAYS
 HEATING
  TODAY           11                         3      8        4
  MONTH TO DATE   20                        30    -10       28
  SINCE SEP 1     20                        30    -10       28
  SINCE JUL 1     31                        56    -25       37

 COOLING
  TODAY            0                         2     -2        0
  MONTH TO DATE   77                        35     42       69
  SINCE SEP 1     77                        35     42       69
  SINCE JAN 1    663                       559    104      771
..................................................................


WIND (MPH)
  HIGHEST WIND SPEED    12   HIGHEST WIND DIRECTION    SW (230)
  HIGHEST GUST SPEED    17   HIGHEST GUST DIRECTION    SE (120)
  AVERAGE WIND SPEED     4.4


SKY COVER
  AVERAGE SKY COVER 0.6


WEATHER CONDITIONS
 THE FOLLOWING WEATHER WAS RECORDED TODAY.
  HEAVY RAIN
  RAIN
  LIGHT RAIN
  FOG


RELATIVE HUMIDITY (PERCENT)
 HIGHEST    93           100 AM
 LOWEST     77           400 AM
 AVERAGE    85

..........................................................


THE AVOCA PA CLIMATE NORMALS FOR TOMORROW
                         NORMAL    RECORD    YEAR
 MAXIMUM TEMPERATURE (F)   73        92      1952
 MINIMUM TEMPERATURE (F)   53        34      1911


SUNRISE AND SUNSET
SEPTEMBER 13 2014.....SUNRISE   641 AM EDT   SUNSET   716 PM EDT
SEPTEMBER 14 2014.....SUNRISE   642 AM EDT   SUNSET   714 PM EDT


-  INDICATES NEGATIVE NUMBERS.
R  INDICATES RECORD WAS SET OR TIED.
MM INDICATES DATA IS MISSING.
T  INDICATES TRACE AMOUNT.




$$
