000
CDUS41 KBGM 020838
CLIAVP


CLIMATE REPORT
NATIONAL WEATHER SERVICE BINGHAMTON NY
338 AM EST MON MAR 2 2015


...................................

...THE AVOCA PA CLIMATE SUMMARY FOR MARCH 1 2015...

CLIMATE NORMAL PERIOD 1981 TO 2010
CLIMATE RECORD PERIOD 1901 TO 2015


WEATHER ITEM   OBSERVED TIME   RECORD YEAR NORMAL DEPARTURE LAST
                VALUE   (LST)  VALUE       VALUE  FROM      YEAR
                                                  NORMAL
..................................................................
TEMPERATURE (F)
 YESTERDAY
  MAXIMUM         25   1159 PM  68    1972  41    -16       34
  MINIMUM          9    118 AM   2    1980  23    -14        6
  AVERAGE         17                        32    -15       20

PRECIPITATION (IN)
  YESTERDAY        0.17          1.56 1914   0.07   0.10     0.00
  MONTH TO DATE    0.17                      0.07   0.10     0.00
  SINCE MAR 1      0.17                      0.07   0.10     0.00
  SINCE JAN 1      3.17                      4.47  -1.30     4.88

SNOWFALL (IN)
  YESTERDAY        1.8           6.5  1963   0.4    1.4      0.0
  MONTH TO DATE    1.8                       0.4    1.4      0.0
  SINCE MAR 1      1.8                       0.4    1.4      0.0
  SINCE JUL 1     43.7                      34.3    9.4     55.8

DEGREE DAYS
 HEATING
  YESTERDAY       48                        33     15       45
  MONTH TO DATE   48                        33     15       45
  SINCE MAR 1     48                        33     15       45
  SINCE JUL 1   4745                      4639    106     4868

 COOLING
  YESTERDAY        0                         0      0        0
  MONTH TO DATE    0                         0      0        0
  SINCE MAR 1      0                         0      0        0
  SINCE JAN 1      0                         0      0        0
..................................................................


WIND (MPH)
  HIGHEST WIND SPEED    13   HIGHEST WIND DIRECTION    SW (220)
  HIGHEST GUST SPEED    18   HIGHEST GUST DIRECTION    SW (220)
  AVERAGE WIND SPEED     4.5


SKY COVER
  AVERAGE SKY COVER 0.9



RELATIVE HUMIDITY (PERCENT)
 HIGHEST    88           600 PM
 LOWEST     58          1200 AM
 AVERAGE    73

..........................................................


THE AVOCA PA CLIMATE NORMALS FOR TODAY
                         NORMAL    RECORD    YEAR
 MAXIMUM TEMPERATURE (F)   41        68      1991
 MINIMUM TEMPERATURE (F)   24         3      1980


SUNRISE AND SUNSET
MARCH  2 2015.........SUNRISE   636 AM EST   SUNSET   555 PM EST
MARCH  3 2015.........SUNRISE   635 AM EST   SUNSET   556 PM EST


-  INDICATES NEGATIVE NUMBERS.
R  INDICATES RECORD WAS SET OR TIED.
MM INDICATES DATA IS MISSING.
T  INDICATES TRACE AMOUNT.




$$

HEDEN
