000
CDUS41 KBGM 250547
CLIAVP


CLIMATE REPORT
NATIONAL WEATHER SERVICE BINGHAMTON NY
146 AM EDT TUE JUL 25 2017


...................................

...THE AVOCA PA CLIMATE SUMMARY FOR JULY 24 2017...

CLIMATE NORMAL PERIOD 1981 TO 2010
CLIMATE RECORD PERIOD 1901 TO 2017


WEATHER ITEM   OBSERVED TIME   RECORD YEAR NORMAL DEPARTURE LAST
                VALUE   (LST)  VALUE       VALUE  FROM      YEAR
                                                  NORMAL
..................................................................
TEMPERATURE (F)
 YESTERDAY
  MAXIMUM         83    250 PM  95    2016  82      1       95
                                      1933
  MINIMUM         66    638 AM  49    1985  61      5       64
  AVERAGE         75                        72      3       80

PRECIPITATION (IN)
  YESTERDAY        2.13          3.28 1933   0.13   2.00     0.00
  MONTH TO DATE    5.64                      2.88   2.76     0.91
  SINCE JUN 1      9.52                      6.91   2.61     2.50
  SINCE JAN 1     27.85                     20.71   7.14    15.32

SNOWFALL (IN)
  YESTERDAY        0.0           0.0  1995   0.0    0.0      0.0
  MONTH TO DATE    0.0                       0.0    0.0      0.0
  SINCE JUN 1      0.0                       0.0    0.0      0.0
  SINCE JUL 1      0.0                       0.0    0.0      0.0

DEGREE DAYS
 HEATING
  YESTERDAY        0                         0      0        0
  MONTH TO DATE    0                         0      0        0
  SINCE JUN 1     43                        54    -11       24
  SINCE JUL 1      0                         0      0        0

 COOLING
  YESTERDAY       10                         7      3       15
  MONTH TO DATE  231                       163     68      256
  SINCE JUN 1    388                       280    108      399
  SINCE JAN 1    440                       317    123      471
..................................................................


WIND (MPH)
  HIGHEST WIND SPEED    20   HIGHEST WIND DIRECTION    NE (50)
  HIGHEST GUST SPEED    25   HIGHEST GUST DIRECTION    NE (60)
  AVERAGE WIND SPEED     4.4


SKY COVER
  AVERAGE SKY COVER 0.8



RELATIVE HUMIDITY (PERCENT)
 HIGHEST   100           300 AM
 LOWEST     58           200 PM
 AVERAGE    79

..........................................................


THE AVOCA PA CLIMATE NORMALS FOR TODAY
                         NORMAL    RECORD    YEAR
 MAXIMUM TEMPERATURE (F)   82        96      1941
 MINIMUM TEMPERATURE (F)   61        48      1903


SUNRISE AND SUNSET
JULY 25 2017..........SUNRISE   552 AM EDT   SUNSET   827 PM EDT
JULY 26 2017..........SUNRISE   553 AM EDT   SUNSET   826 PM EDT


-  INDICATES NEGATIVE NUMBERS.
R  INDICATES RECORD WAS SET OR TIED.
MM INDICATES DATA IS MISSING.
T  INDICATES TRACE AMOUNT.




$$
