000
CDUS41 KBGM 070557
CLIAVP


CLIMATE REPORT
NATIONAL WEATHER SERVICE BINGHAMTON NY
1257 AM EST WED DEC 7 2016


...................................

...THE AVOCA PA CLIMATE SUMMARY FOR DECEMBER 6 2016...

CLIMATE NORMAL PERIOD 1981 TO 2010
CLIMATE RECORD PERIOD 1901 TO 2016


WEATHER ITEM   OBSERVED TIME   RECORD YEAR NORMAL DEPARTURE LAST
                VALUE   (LST)  VALUE       VALUE  FROM      YEAR
                                                  NORMAL
..................................................................
TEMPERATURE (F)
 YESTERDAY
  MAXIMUM         42    152 PM  66    1998  41      1       40
  MINIMUM         26    557 AM  -5    1901  27     -1       25
  AVERAGE         34                        34      0       33

PRECIPITATION (IN)
  YESTERDAY        0.30          1.91 1953   0.10   0.20     0.00
  MONTH TO DATE    0.65                      0.60   0.05     0.57
  SINCE DEC 1      0.65                      0.60   0.05     0.57
  SINCE JAN 1     29.89                     36.18  -6.29    29.20

SNOWFALL (IN)
  YESTERDAY       MM             5.2  2003   0.2   MM        0.0
  MONTH TO DATE    0.0                       0.9   -0.9       T
  SINCE DEC 1      0.0                       0.9   -0.9       T
  SINCE JUL 1      5.7                       3.9    1.8       T

DEGREE DAYS
 HEATING
  YESTERDAY       31                        31      0       32
  MONTH TO DATE  151                       181    -30      140
  SINCE DEC 1    151                       181    -30      140
  SINCE JUL 1   1169                      1494   -325     1048

 COOLING
  YESTERDAY        0                         0      0        0
  MONTH TO DATE    0                         0      0        0
  SINCE DEC 1      0                         0      0        0
  SINCE JAN 1    998                       580    418      929
..................................................................


WIND (MPH)
  HIGHEST WIND SPEED    10   HIGHEST WIND DIRECTION     E (110)
  HIGHEST GUST SPEED    16   HIGHEST GUST DIRECTION     E (110)
  AVERAGE WIND SPEED     3.8


SKY COVER
  AVERAGE SKY COVER 0.4



RELATIVE HUMIDITY (PERCENT)
 HIGHEST    92           200 AM
 LOWEST     60           100 PM
 AVERAGE    76

..........................................................


THE AVOCA PA CLIMATE NORMALS FOR TODAY
                         NORMAL    RECORD    YEAR
 MAXIMUM TEMPERATURE (F)   40        69      1998
 MINIMUM TEMPERATURE (F)   27        -1      1901


SUNRISE AND SUNSET
DECEMBER  7 2016......SUNRISE   716 AM EST   SUNSET   433 PM EST
DECEMBER  8 2016......SUNRISE   717 AM EST   SUNSET   433 PM EST


-  INDICATES NEGATIVE NUMBERS.
R  INDICATES RECORD WAS SET OR TIED.
MM INDICATES DATA IS MISSING.
T  INDICATES TRACE AMOUNT.




$$
