000
CDUS41 KBGM 230553
CLIAVP


CLIMATE REPORT
NATIONAL WEATHER SERVICE BINGHAMTON NY
146 AM EDT MON MAY 23 2016


...................................

...THE AVOCA PA CLIMATE SUMMARY FOR MAY 22 2016...

CLIMATE NORMAL PERIOD 1981 TO 2010
CLIMATE RECORD PERIOD 1901 TO 2016


WEATHER ITEM   OBSERVED TIME   RECORD YEAR NORMAL DEPARTURE LAST
                VALUE   (LST)  VALUE       VALUE  FROM      YEAR
                                                  NORMAL
..................................................................
TEMPERATURE (F)
 YESTERDAY
  MAXIMUM         61    402 PM  93    1911  71    -10       70
  MINIMUM         47    304 AM  31    2002  49     -2       44
  AVERAGE         54                        60     -6       57

PRECIPITATION (IN)
  YESTERDAY        0.05          2.67 1942   0.12  -0.07      T
  MONTH TO DATE    2.30                      2.43  -0.13     0.39
  SINCE MAR 1      6.77                      8.31  -1.54     5.23
  SINCE JAN 1     12.57                     12.71  -0.14     8.23

SNOWFALL (IN)
  YESTERDAY        0.0           0.0    MM   0.0    0.0      0.0
  MONTH TO DATE    0.0                       0.3   -0.3      0.0
  SINCE MAR 1      3.5                      12.6   -9.1      9.0
  SINCE JUL 1     15.5                      46.5  -31.0     51.4

DEGREE DAYS
 HEATING
  YESTERDAY       11                         6      5        8
  MONTH TO DATE  230                       184     46       85
  SINCE MAR 1   1371                      1551   -180     1532
  SINCE JUL 1   4941                      6157  -1216     6229

 COOLING
  YESTERDAY        0                         1     -1        0
  MONTH TO DATE    0                        15    -15       82
  SINCE MAR 1      1                        21    -20       82
  SINCE JAN 1      1                        21    -20       82
..................................................................


WIND (MPH)
  HIGHEST WIND SPEED    10   HIGHEST WIND DIRECTION     N (340)
  HIGHEST GUST SPEED    13   HIGHEST GUST DIRECTION     N (350)
  AVERAGE WIND SPEED     2.7


SKY COVER
  AVERAGE SKY COVER 0.9



RELATIVE HUMIDITY (PERCENT)
 HIGHEST    93           800 PM
 LOWEST     77          1200 AM
 AVERAGE    85

..........................................................


THE AVOCA PA CLIMATE NORMALS FOR TODAY
                         NORMAL    RECORD    YEAR
 MAXIMUM TEMPERATURE (F)   72        93      1911
 MINIMUM TEMPERATURE (F)   50        36      1998
                                             1967
                                             1929


SUNRISE AND SUNSET
MAY 23 2016...........SUNRISE   537 AM EDT   SUNSET   823 PM EDT
MAY 24 2016...........SUNRISE   536 AM EDT   SUNSET   824 PM EDT


-  INDICATES NEGATIVE NUMBERS.
R  INDICATES RECORD WAS SET OR TIED.
MM INDICATES DATA IS MISSING.
T  INDICATES TRACE AMOUNT.




$$
