536
CDUS41 KBGM 170550
CLIAVP


CLIMATE REPORT
NATIONAL WEATHER SERVICE BINGHAMTON NY
1250 AM EST FRI NOV 17 2017


...................................

...THE AVOCA PA CLIMATE SUMMARY FOR NOVEMBER 16 2017...

CLIMATE NORMAL PERIOD 1981 TO 2010
CLIMATE RECORD PERIOD 1901 TO 2017


WEATHER ITEM   OBSERVED TIME   RECORD YEAR NORMAL DEPARTURE LAST
                VALUE   (LST)  VALUE       VALUE  FROM      YEAR
                                                  NORMAL
..................................................................
TEMPERATURE (F)
 YESTERDAY
  MAXIMUM         52   1106 AM  69    1928  49      3       56
  MINIMUM         40   1129 PM  11    1933  33      7       38
  AVERAGE         46                        41      5       47

PRECIPITATION (IN)
  YESTERDAY        0.06          3.00 2006   0.11  -0.05      T
  MONTH TO DATE    0.51                      1.64  -1.13     0.31
  SINCE SEP 1      5.15                      9.05  -3.90     5.91
  SINCE JAN 1     35.27                     34.08   1.19    27.47

SNOWFALL (IN)
  YESTERDAY        0.0           0.2  1997   0.1   -0.1      0.0
                                      1985
  MONTH TO DATE    T                         1.2   -1.2      0.0
  SINCE SEP 1      T                         1.3   -1.3       T
  SINCE JUL 1      T                         1.3   -1.3       T

DEGREE DAYS
 HEATING
  YESTERDAY       19                        24     -5       18
  MONTH TO DATE  354                       340     14      290
  SINCE SEP 1    675                       917   -242      689
  SINCE JUL 1    692                       943   -251      690

 COOLING
  YESTERDAY        0                         0      0        0
  MONTH TO DATE    0                         0      0        0
  SINCE SEP 1    165                        56    109      132
  SINCE JAN 1    804                       580    224      998
..................................................................


WIND (MPH)
  HIGHEST WIND SPEED    29   HIGHEST WIND DIRECTION     W (290)
  HIGHEST GUST SPEED    46   HIGHEST GUST DIRECTION     W (280)
  AVERAGE WIND SPEED    10.2


SKY COVER
  AVERAGE SKY COVER 0.9



RELATIVE HUMIDITY (PERCENT)
 HIGHEST   100           600 AM
 LOWEST     56          1200 PM
 AVERAGE    78

..........................................................


THE AVOCA PA CLIMATE NORMALS FOR TODAY
                         NORMAL    RECORD    YEAR
 MAXIMUM TEMPERATURE (F)   49        68      1928
                                             1927
 MINIMUM TEMPERATURE (F)   33        15      1933
                                             1924


SUNRISE AND SUNSET
NOVEMBER 17 2017......SUNRISE   654 AM EST   SUNSET   442 PM EST
NOVEMBER 18 2017......SUNRISE   655 AM EST   SUNSET   441 PM EST


-  INDICATES NEGATIVE NUMBERS.
R  INDICATES RECORD WAS SET OR TIED.
MM INDICATES DATA IS MISSING.
T  INDICATES TRACE AMOUNT.




$$
