000
CDUS41 KBGM 200522
CLIAVP


CLIMATE REPORT
NATIONAL WEATHER SERVICE BINGHAMTON NY
1222 AM EST TUE FEB 20 2018


...................................

...THE AVOCA PA CLIMATE SUMMARY FOR FEBRUARY 19 2018...

CLIMATE NORMAL PERIOD 1981 TO 2010
CLIMATE RECORD PERIOD 1901 TO 2018


WEATHER ITEM   OBSERVED TIME   RECORD YEAR NORMAL DEPARTURE LAST
                VALUE   (LST)  VALUE       VALUE  FROM      YEAR
                                                  NORMAL
..................................................................
TEMPERATURE (F)
 YESTERDAY
  MAXIMUM         44    806 PM  65    2017  38      6       65
  MINIMUM         27    150 AM  -3    1936  21      6       45
                                      1903
  AVERAGE         36                        30      6       55

PRECIPITATION (IN)
  YESTERDAY        0.10          0.96 1914   0.07   0.03     0.00
  MONTH TO DATE    2.77                      1.40   1.37     1.49
  SINCE DEC 1      7.13                      6.45   0.68     6.80
  SINCE JAN 1      5.45                      3.77   1.68     4.74

SNOWFALL (IN)
  YESTERDAY        0.0          12.3  1964   0.4   -0.4      0.0
  MONTH TO DATE    9.6                       6.3    3.3      8.2
  SINCE DEC 1     27.0                      27.9   -0.9     19.0
  SINCE JUL 1     27.1                      30.9   -3.8     24.7

DEGREE DAYS
 HEATING
  YESTERDAY       29                        35     -6       10
  MONTH TO DATE  637                       706    -69      591
  SINCE DEC 1   2972                      2984    -12     2572
  SINCE JUL 1   4012                      4297   -285     3590

 COOLING
  YESTERDAY        0                         0      0        0
  MONTH TO DATE    0                         0      0        0
  SINCE DEC 1      0                         0      0        0
  SINCE JAN 1      0                         0      0        0
..................................................................


WIND (MPH)
  HIGHEST WIND SPEED    14   HIGHEST WIND DIRECTION    SW (220)
  HIGHEST GUST SPEED    21   HIGHEST GUST DIRECTION     S (200)
  AVERAGE WIND SPEED     6.2


SKY COVER
  AVERAGE SKY COVER 0.7



RELATIVE HUMIDITY (PERCENT)
 HIGHEST    96          1000 PM
 LOWEST     64           300 AM
 AVERAGE    80

..........................................................


THE AVOCA PA CLIMATE NORMALS FOR TODAY
                         NORMAL    RECORD    YEAR
 MAXIMUM TEMPERATURE (F)   38        65      1930
 MINIMUM TEMPERATURE (F)   22        -6      2015


SUNRISE AND SUNSET
FEBRUARY 20 2018......SUNRISE   651 AM EST   SUNSET   543 PM EST
FEBRUARY 21 2018......SUNRISE   649 AM EST   SUNSET   544 PM EST


-  INDICATES NEGATIVE NUMBERS.
R  INDICATES RECORD WAS SET OR TIED.
MM INDICATES DATA IS MISSING.
T  INDICATES TRACE AMOUNT.




$$
