000
CDUS41 KBGM 190240
CLIAVP


CLIMATE REPORT
NATIONAL WEATHER SERVICE BINGHAMTON NY
1040 PM EDT MON AUG 18 2014


...................................

...THE AVOCA PA CLIMATE SUMMARY FOR AUGUST 18 2014...
VALID AS OF 1000 PM LOCAL TIME.

CLIMATE NORMAL PERIOD 1981 TO 2010
CLIMATE RECORD PERIOD 1901 TO 2014


WEATHER ITEM   OBSERVED TIME   RECORD YEAR NORMAL DEPARTURE LAST
                VALUE   (LST)  VALUE       VALUE  FROM      YEAR
                                                  NORMAL
..................................................................
TEMPERATURE (F)
 TODAY
  MAXIMUM         78    429 PM  93    1995  80     -2       74
                                      1913
  MINIMUM         53    606 AM  44    1941  60     -7       61
  AVERAGE         66                        70     -4       68

PRECIPITATION (IN)
  TODAY            0.00          4.40 1955   0.11  -0.11     0.00
  MONTH TO DATE    2.31                      2.04   0.27     0.80
  SINCE JUN 1      6.96                      9.86  -2.90     7.95
  SINCE JAN 1     19.67                     23.66  -3.99    17.72

SNOWFALL (IN)
  TODAY            0.0           0.0  1995   0.0    0.0      0.0
  MONTH TO DATE    0.0                       0.0    0.0      0.0
  SINCE JUN 1      0.0                       0.0    0.0      0.0
  SINCE JUL 1      0.0                       0.0    0.0      0.0

DEGREE DAYS
 HEATING
  TODAY            0                         1     -1        0
  MONTH TO DATE    7                         1      6        8
  SINCE JUN 1     20                        63    -43       30
  SINCE JUL 1      9                         9      0        9

 COOLING
  TODAY            1                         5     -4        3
  MONTH TO DATE   84                       105    -21       66
  SINCE JUN 1    478                       428     50      531
  SINCE JAN 1    519                       465     54      595
..................................................................


WIND (MPH)
  HIGHEST WIND SPEED    13   HIGHEST WIND DIRECTION    NW (320)
  HIGHEST GUST SPEED    20   HIGHEST GUST DIRECTION    NW (330)
  AVERAGE WIND SPEED     4.3


SKY COVER
  AVERAGE SKY COVER 0.2


WEATHER CONDITIONS
 THE FOLLOWING WEATHER WAS RECORDED TODAY.
  NO SIGNIFICANT WEATHER WAS OBSERVED.


RELATIVE HUMIDITY (PERCENT)
 HIGHEST    93           100 AM
 LOWEST     39           200 PM
 AVERAGE    66

..........................................................


THE AVOCA PA CLIMATE NORMALS FOR TOMORROW
                         NORMAL    RECORD    YEAR
 MAXIMUM TEMPERATURE (F)   80        91      1916
                                             1914
 MINIMUM TEMPERATURE (F)   59        44      1924


SUNRISE AND SUNSET
AUGUST 18 2014........SUNRISE   615 AM EDT   SUNSET   758 PM EDT
AUGUST 19 2014........SUNRISE   616 AM EDT   SUNSET   756 PM EDT


-  INDICATES NEGATIVE NUMBERS.
R  INDICATES RECORD WAS SET OR TIED.
MM INDICATES DATA IS MISSING.
T  INDICATES TRACE AMOUNT.




$$
