000
CDUS41 KBGM 252118
CLIAVP


CLIMATE REPORT
NATIONAL WEATHER SERVICE BINGHAMTON NY
518 PM EDT SUN SEP 25 2016


...................................

...THE AVOCA PA CLIMATE SUMMARY FOR SEPTEMBER 25 2016...
VALID TODAY AS OF 0500 PM LOCAL TIME.

CLIMATE NORMAL PERIOD 1981 TO 2010
CLIMATE RECORD PERIOD 1901 TO 2016


WEATHER ITEM   OBSERVED TIME   RECORD YEAR NORMAL DEPARTURE LAST
                VALUE   (LST)  VALUE       VALUE  FROM      YEAR
                                                  NORMAL
..................................................................
TEMPERATURE (F)
 TODAY
  MAXIMUM         68    322 PM  89    1908  69     -1       76
  MINIMUM         42    638 AM  34    1928  49     -7       54
  AVERAGE         55                        59     -4       65

PRECIPITATION (IN)
  TODAY            0.00          2.53 1902   0.14  -0.14     0.00
  MONTH TO DATE    1.92                      3.36  -1.44     0.67
  SINCE SEP 1      1.92                      3.36  -1.44     0.67
  SINCE JAN 1     23.48                     28.39  -4.91    21.82

SNOWFALL (IN)
  TODAY            0.0           0.0    MM   0.0    0.0      0.0
  MONTH TO DATE    0.0                       0.0    0.0      0.0
  SINCE SEP 1      0.0                       0.0    0.0      0.0
  SINCE JUL 1      0.0                       0.0    0.0      0.0

DEGREE DAYS
 HEATING
  TODAY           10                         7      3        0
  MONTH TO DATE   26                        95    -69       20
  SINCE SEP 1     26                        95    -69       20
  SINCE JUL 1     27                       121    -94       20

 COOLING
  TODAY            0                         1     -1        0
  MONTH TO DATE  127                        49     78      143
  SINCE SEP 1    127                        49     78      143
  SINCE JAN 1    993                       573    420      919
..................................................................


WIND (MPH)
  HIGHEST WIND SPEED    13   HIGHEST WIND DIRECTION    NE (40)
  HIGHEST GUST SPEED    17   HIGHEST GUST DIRECTION     N (10)
  AVERAGE WIND SPEED     4.7


SKY COVER
  AVERAGE SKY COVER 0.0


WEATHER CONDITIONS
 THE FOLLOWING WEATHER WAS RECORDED TODAY.
  NO SIGNIFICANT WEATHER WAS OBSERVED.


RELATIVE HUMIDITY (PERCENT)
 HIGHEST    92           200 AM
 LOWEST     28           300 PM
 AVERAGE    60

..........................................................


THE AVOCA PA CLIMATE NORMALS FOR TOMORROW
                         NORMAL    RECORD    YEAR
 MAXIMUM TEMPERATURE (F)   68        88      2007
 MINIMUM TEMPERATURE (F)   48        34      1947
                                             1943
                                             1932


SUNRISE AND SUNSET
SEPTEMBER 25 2016.....SUNRISE   654 AM EDT   SUNSET   654 PM EDT
SEPTEMBER 26 2016.....SUNRISE   655 AM EDT   SUNSET   652 PM EDT


-  INDICATES NEGATIVE NUMBERS.
R  INDICATES RECORD WAS SET OR TIED.
MM INDICATES DATA IS MISSING.
T  INDICATES TRACE AMOUNT.




$$
