000
CDUS41 KBGM 210835
CLIAVP


CLIMATE REPORT
NATIONAL WEATHER SERVICE BINGHAMTON NY
435 AM EDT TUE MAR 21 2017


...................................

...THE AVOCA PA CLIMATE SUMMARY FOR MARCH 20 2017...

CLIMATE NORMAL PERIOD 1981 TO 2010
CLIMATE RECORD PERIOD 1901 TO 2017


WEATHER ITEM   OBSERVED TIME   RECORD YEAR NORMAL DEPARTURE LAST
                VALUE   (LST)  VALUE       VALUE  FROM      YEAR
                                                  NORMAL
..................................................................
TEMPERATURE (F)
 YESTERDAY
  MAXIMUM         42    258 PM  76    1918  48     -6       41
  MINIMUM         26    441 AM   8    1949  29     -3       23
  AVERAGE         34                        38     -4       32

PRECIPITATION (IN)
  YESTERDAY        T             0.72 1958   0.09  -0.09     0.00
  MONTH TO DATE    3.67                      1.54   2.13     1.34
  SINCE MAR 1      3.67                      1.54   2.13     1.34
  SINCE JAN 1      9.90                      5.94   3.96     7.14

SNOWFALL (IN)
  YESTERDAY       MM             7.1  1958   0.2   MM        0.0
  MONTH TO DATE   30.6                       6.8   23.8      1.3
  SINCE MAR 1     30.6                       6.8   23.8      1.3
  SINCE JUL 1     55.4                      40.7   14.7     13.3

DEGREE DAYS
 HEATING
  YESTERDAY       31                        27      4       33
  MONTH TO DATE  670                       602     68      432
  SINCE MAR 1    670                       602     68      432
  SINCE JUL 1   4425                      5208   -783     4002

 COOLING
  YESTERDAY        0                         0      0        0
  MONTH TO DATE    0                         0      0        0
  SINCE MAR 1      0                         0      0        0
  SINCE JAN 1      0                         0      0        0
..................................................................


WIND (MPH)
  HIGHEST WIND SPEED    10   HIGHEST WIND DIRECTION     N (360)
  HIGHEST GUST SPEED    13   HIGHEST GUST DIRECTION     N (350)
  AVERAGE WIND SPEED     2.3


SKY COVER
  AVERAGE SKY COVER 0.6



RELATIVE HUMIDITY (PERCENT)
 HIGHEST    85           100 AM
 LOWEST     45           300 PM
 AVERAGE    65

..........................................................


THE AVOCA PA CLIMATE NORMALS FOR TODAY
                         NORMAL    RECORD    YEAR
 MAXIMUM TEMPERATURE (F)   48        78      1921
 MINIMUM TEMPERATURE (F)   29        10      1986


SUNRISE AND SUNSET
MARCH 21 2017.........SUNRISE   704 AM EDT   SUNSET   716 PM EDT
MARCH 22 2017.........SUNRISE   702 AM EDT   SUNSET   718 PM EDT


-  INDICATES NEGATIVE NUMBERS.
R  INDICATES RECORD WAS SET OR TIED.
MM INDICATES DATA IS MISSING.
T  INDICATES TRACE AMOUNT.




$$
