283
CDUS41 KBGM 170547
CLIAVP


CLIMATE REPORT
NATIONAL WEATHER SERVICE BINGHAMTON NY
146 AM EDT TUE OCT 17 2017


...................................

...THE AVOCA PA CLIMATE SUMMARY FOR OCTOBER 16 2017...

CLIMATE NORMAL PERIOD 1981 TO 2010
CLIMATE RECORD PERIOD 1901 TO 2017


WEATHER ITEM   OBSERVED TIME   RECORD YEAR NORMAL DEPARTURE LAST
                VALUE   (LST)  VALUE       VALUE  FROM      YEAR
                                                  NORMAL
..................................................................
TEMPERATURE (F)
 YESTERDAY
  MAXIMUM         62    103 AM  84    1947  61      1       70
  MINIMUM         39   1124 PM  28    1944  41     -2       45
  AVERAGE         51                        51      0       58

PRECIPITATION (IN)
  YESTERDAY        T             1.73 2002   0.10  -0.10     0.01
  MONTH TO DATE    1.49                      1.83  -0.34     0.74
  SINCE SEP 1      3.21                      5.90  -2.69     3.74
  SINCE JAN 1     33.33                     30.93   2.40    25.30

SNOWFALL (IN)
  YESTERDAY       MM             T    2009   0.0   MM        0.0
                                      1977
                                      1970
  MONTH TO DATE    0.0                       0.0    0.0      0.0
  SINCE SEP 1      0.0                       0.0    0.0      0.0
  SINCE JUL 1      0.0                       0.0    0.0      0.0

DEGREE DAYS
 HEATING
  YESTERDAY       14                        14      0        7
  MONTH TO DATE   65                       189   -124      138
  SINCE SEP 1    157                       325   -168      197
  SINCE JUL 1    174                       351   -177      198

 COOLING
  YESTERDAY        0                         0      0        0
  MONTH TO DATE   37                         0     37        0
  SINCE SEP 1    165                        52    113      127
  SINCE JAN 1    804                       576    228      993
..................................................................


WIND (MPH)
  HIGHEST WIND SPEED    21   HIGHEST WIND DIRECTION     N (340)
  HIGHEST GUST SPEED    29   HIGHEST GUST DIRECTION     N (350)
  AVERAGE WIND SPEED    10.5


SKY COVER
  AVERAGE SKY COVER 0.6



RELATIVE HUMIDITY (PERCENT)
 HIGHEST    77           500 AM
 LOWEST     41           300 PM
 AVERAGE    59

..........................................................


THE AVOCA PA CLIMATE NORMALS FOR TODAY
                         NORMAL    RECORD    YEAR
 MAXIMUM TEMPERATURE (F)   60        87      1908
 MINIMUM TEMPERATURE (F)   41        24      1937


SUNRISE AND SUNSET
OCTOBER 17 2017.......SUNRISE   717 AM EDT   SUNSET   619 PM EDT
OCTOBER 18 2017.......SUNRISE   718 AM EDT   SUNSET   617 PM EDT


-  INDICATES NEGATIVE NUMBERS.
R  INDICATES RECORD WAS SET OR TIED.
MM INDICATES DATA IS MISSING.
T  INDICATES TRACE AMOUNT.




$$
