385
CDUS41 KBGM 151224
CLIAVP


CLIMATE REPORT
NATIONAL WEATHER SERVICE BINGHAMTON NY
822 AM EDT TUE AUG 15 2017


...................................

...THE AVOCA PA CLIMATE SUMMARY FOR AUGUST 13 2017...

CLIMATE NORMAL PERIOD 1981 TO 2010
CLIMATE RECORD PERIOD 1901 TO 2017


WEATHER ITEM   OBSERVED TIME   RECORD YEAR NORMAL DEPARTURE LAST
                VALUE   (LST)  VALUE       VALUE  FROM      YEAR
                                                  NORMAL
..................................................................
TEMPERATURE (F)
 YESTERDAY
  MAXIMUM         81    434 PM  98    1944  81      0       95
  MINIMUM         62   1159 PM  42    1930  60      2       73
  AVERAGE         72                        70      2       84

PRECIPITATION (IN)
  YESTERDAY        0.00          2.86 1955   0.11  -0.11     0.27
  MONTH TO DATE    0.87                      1.51  -0.64     1.70
  SINCE JUN 1     10.56                      9.33   1.23     7.37
  SINCE JAN 1     28.89                     23.13   5.76    20.19

SNOWFALL (IN)
  YESTERDAY        0.0           0.0  1995   0.0    0.0      0.0
  MONTH TO DATE    0.0                       0.0    0.0      0.0
  SINCE JUN 1      0.0                       0.0    0.0      0.0
  SINCE JUL 1      0.0                       0.0    0.0      0.0

DEGREE DAYS
 HEATING
  YESTERDAY        0                         0      0        0
  MONTH TO DATE    2                         0      2        0
  SINCE JUN 1     45                        62    -17       24
  SINCE JUL 1      2                         8     -6        0

 COOLING
  YESTERDAY        7                         6      1       19
  MONTH TO DATE   79                        78      1      139
  SINCE JUN 1    506                       401    105      632
  SINCE JAN 1    558                       438    120      704
..................................................................


WIND (MPH)
  HIGHEST WIND SPEED    MM   HIGHEST WIND DIRECTION     N (13)
  HIGHEST GUST SPEED    MM   HIGHEST GUST DIRECTION     N (16)
  AVERAGE WIND SPEED     4.7


SKY COVER
  AVERAGE SKY COVER  MM



RELATIVE HUMIDITY (PERCENT)
 HIGHEST    MM
 LOWEST     MM
 AVERAGE    MM

..........................................................


THE AVOCA PA CLIMATE NORMALS FOR TODAY
                         NORMAL    RECORD    YEAR
 MAXIMUM TEMPERATURE (F)   80        96      2005
 MINIMUM TEMPERATURE (F)   60        44      1941


SUNRISE AND SUNSET
AUGUST 14 2017........SUNRISE   611 AM EDT   SUNSET   803 PM EDT
AUGUST 15 2017........SUNRISE   612 AM EDT   SUNSET   802 PM EDT


-  INDICATES NEGATIVE NUMBERS.
R  INDICATES RECORD WAS SET OR TIED.
MM INDICATES DATA IS MISSING.
T  INDICATES TRACE AMOUNT.




$$
