000
CDUS41 KBGM 130608
CLIAVP


CLIMATE REPORT
NATIONAL WEATHER SERVICE BINGHAMTON NY
207 AM EDT SAT SEP 13 2014


...................................

...THE AVOCA PA CLIMATE SUMMARY FOR SEPTEMBER 12 2014...

CLIMATE NORMAL PERIOD 1981 TO 2010
CLIMATE RECORD PERIOD 1901 TO 2014


WEATHER ITEM   OBSERVED TIME   RECORD YEAR NORMAL DEPARTURE LAST
                VALUE   (LST)  VALUE       VALUE  FROM      YEAR
                                                  NORMAL
..................................................................
TEMPERATURE (F)
 YESTERDAY
  MAXIMUM         65    119 PM  97    1931  74     -9       82
  MINIMUM         48   1159 PM  36    1917  54     -6       65
  AVERAGE         57                        64     -7       74

PRECIPITATION (IN)
  YESTERDAY        0.00          2.54 1960   0.13  -0.13     0.23
  MONTH TO DATE    0.25                      1.53  -1.28     0.46
  SINCE SEP 1      0.25                      1.53  -1.28     0.46
  SINCE JAN 1     21.81                     26.56  -4.75    18.81

SNOWFALL (IN)
  YESTERDAY        0.0           0.0    MM   0.0    0.0      0.0
  MONTH TO DATE    0.0                       0.0    0.0      0.0
  SINCE SEP 1      0.0                       0.0    0.0      0.0
  SINCE JUL 1      0.0                       0.0    0.0      0.0

DEGREE DAYS
 HEATING
  YESTERDAY        8                         3      5        0
  MONTH TO DATE    9                        27    -18       24
  SINCE SEP 1      9                        27    -18       24
  SINCE JUL 1     20                        53    -33       33

 COOLING
  YESTERDAY        0                         2     -2        9
  MONTH TO DATE   77                        33     44       69
  SINCE SEP 1     77                        33     44       69
  SINCE JAN 1    663                       557    106      771
..................................................................


WIND (MPH)
  HIGHEST WIND SPEED    17   HIGHEST WIND DIRECTION     N (340)
  HIGHEST GUST SPEED    23   HIGHEST GUST DIRECTION     N (340)
  AVERAGE WIND SPEED     9.6


SKY COVER
  AVERAGE SKY COVER 0.7



RELATIVE HUMIDITY (PERCENT)
 HIGHEST    86          1000 PM
 LOWEST     52           100 PM
 AVERAGE    69

..........................................................


THE AVOCA PA CLIMATE NORMALS FOR TODAY
                         NORMAL    RECORD    YEAR
 MAXIMUM TEMPERATURE (F)   74        92      2005
                                             1931
 MINIMUM TEMPERATURE (F)   53        37      1985


SUNRISE AND SUNSET
SEPTEMBER 13 2014.....SUNRISE   641 AM EDT   SUNSET   716 PM EDT
SEPTEMBER 14 2014.....SUNRISE   642 AM EDT   SUNSET   714 PM EDT


-  INDICATES NEGATIVE NUMBERS.
R  INDICATES RECORD WAS SET OR TIED.
MM INDICATES DATA IS MISSING.
T  INDICATES TRACE AMOUNT.




$$
