000
CDUS41 KBGM 130551
CLIAVP


CLIMATE REPORT
NATIONAL WEATHER SERVICE BINGHAMTON NY
1250 AM EST WED DEC 13 2017


...................................

...THE AVOCA PA CLIMATE SUMMARY FOR DECEMBER 12 2017...

CLIMATE NORMAL PERIOD 1981 TO 2010
CLIMATE RECORD PERIOD 1901 TO 2017


WEATHER ITEM   OBSERVED TIME   RECORD YEAR NORMAL DEPARTURE LAST
                VALUE   (LST)  VALUE       VALUE  FROM      YEAR
                                                  NORMAL
..................................................................
TEMPERATURE (F)
 YESTERDAY
  MAXIMUM         40    114 PM  65    1911  38      2       39
  MINIMUM         18   1159 PM  -5    1988  25     -7       30
  AVERAGE         29                        32     -3       35

PRECIPITATION (IN)
  YESTERDAY        T             1.71 1983   0.09  -0.09     0.23
  MONTH TO DATE    0.54                      1.17  -0.63     0.93
  SINCE DEC 1      0.54                      1.17  -0.63     0.93
  SINCE JAN 1     36.37                     36.75  -0.38    30.17

SNOWFALL (IN)
  YESTERDAY        T             6.7  1960   0.2   -0.2      2.2
  MONTH TO DATE    2.3                       2.1    0.2      3.1
  SINCE DEC 1      2.3                       2.1    0.2      3.1
  SINCE JUL 1      2.4                       5.1   -2.7      8.8

DEGREE DAYS
 HEATING
  YESTERDAY       36                        33      3       30
  MONTH TO DATE  356                       376    -20      350
  SINCE DEC 1    356                       376    -20      350
  SINCE JUL 1   1396                      1689   -293     1368

 COOLING
  YESTERDAY        0                         0      0        0
  MONTH TO DATE    0                         0      0        0
  SINCE DEC 1      0                         0      0        0
  SINCE JAN 1    804                       580    224      998
..................................................................


WIND (MPH)
  HIGHEST WIND SPEED    24   HIGHEST WIND DIRECTION    NW (320)
  HIGHEST GUST SPEED    32   HIGHEST GUST DIRECTION    NW (320)
  AVERAGE WIND SPEED     9.8


SKY COVER
  AVERAGE SKY COVER 1.0



RELATIVE HUMIDITY (PERCENT)
 HIGHEST    76           600 AM
 LOWEST     46           800 PM
 AVERAGE    61

..........................................................


THE AVOCA PA CLIMATE NORMALS FOR TODAY
                         NORMAL    RECORD    YEAR
 MAXIMUM TEMPERATURE (F)   38        66      2015
 MINIMUM TEMPERATURE (F)   25         2      1960


SUNRISE AND SUNSET
DECEMBER 13 2017......SUNRISE   720 AM EST   SUNSET   434 PM EST
DECEMBER 14 2017......SUNRISE   721 AM EST   SUNSET   434 PM EST


-  INDICATES NEGATIVE NUMBERS.
R  INDICATES RECORD WAS SET OR TIED.
MM INDICATES DATA IS MISSING.
T  INDICATES TRACE AMOUNT.

$$
