000
CDUS41 KBGM 020529
CLIAVP


CLIMATE REPORT
NATIONAL WEATHER SERVICE BINGHAMTON NY
1228 AM EST FRI DEC 2 2016


...................................

...THE AVOCA PA CLIMATE SUMMARY FOR DECEMBER 1 2016...

CLIMATE NORMAL PERIOD 1981 TO 2010
CLIMATE RECORD PERIOD 1901 TO 2016


WEATHER ITEM   OBSERVED TIME   RECORD YEAR NORMAL DEPARTURE LAST
                VALUE   (LST)  VALUE       VALUE  FROM      YEAR
                                                  NORMAL
..................................................................
TEMPERATURE (F)
 YESTERDAY
  MAXIMUM         54    126 AM  71    2006  43     11       51
  MINIMUM         37   1159 PM   5    1936  29      8       37
  AVERAGE         46                        36     10       44

PRECIPITATION (IN)
  YESTERDAY        0.21          1.58 2010   0.10   0.11     0.15
  MONTH TO DATE    0.21                      0.10   0.11     0.15
  SINCE DEC 1      0.21                      0.10   0.11     0.15
  SINCE JAN 1     29.45                     35.68  -6.23    28.78

SNOWFALL (IN)
  YESTERDAY        0.0           0.6  1969   0.1   -0.1      0.0
  MONTH TO DATE    0.0                       0.1   -0.1      0.0
  SINCE DEC 1      0.0                       0.1   -0.1      0.0
  SINCE JUL 1      5.7                       3.1    2.6       T

DEGREE DAYS
 HEATING
  YESTERDAY       19                        29    -10       21
  MONTH TO DATE   19                        29    -10       21
  SINCE DEC 1     19                        29    -10       21
  SINCE JUL 1   1037                      1342   -305      929

 COOLING
  YESTERDAY        0                         0      0        0
  MONTH TO DATE    0                         0      0        0
  SINCE DEC 1      0                         0      0        0
  SINCE JAN 1    998                       580    418      929
..................................................................


WIND (MPH)
  HIGHEST WIND SPEED    23   HIGHEST WIND DIRECTION     W (260)
  HIGHEST GUST SPEED    30   HIGHEST GUST DIRECTION     W (260)
  AVERAGE WIND SPEED    11.3


SKY COVER
  AVERAGE SKY COVER 0.8



RELATIVE HUMIDITY (PERCENT)
 HIGHEST    86           300 AM
 LOWEST     53           300 PM
 AVERAGE    70

..........................................................


THE AVOCA PA CLIMATE NORMALS FOR TODAY
                         NORMAL    RECORD    YEAR
 MAXIMUM TEMPERATURE (F)   42        69      1914
 MINIMUM TEMPERATURE (F)   28         6      1976


SUNRISE AND SUNSET
DECEMBER  2 2016......SUNRISE   711 AM EST   SUNSET   434 PM EST
DECEMBER  3 2016......SUNRISE   712 AM EST   SUNSET   434 PM EST


-  INDICATES NEGATIVE NUMBERS.
R  INDICATES RECORD WAS SET OR TIED.
MM INDICATES DATA IS MISSING.
T  INDICATES TRACE AMOUNT.




$$
