491
CDUS41 KBGM 242117
CLIAVP


CLIMATE REPORT
NATIONAL WEATHER SERVICE BINGHAMTON NY
517 PM EDT WED AUG 24 2016


...................................

...THE AVOCA PA CLIMATE SUMMARY FOR AUGUST 24 2016...
VALID TODAY AS OF 0500 PM LOCAL TIME.

CLIMATE NORMAL PERIOD 1981 TO 2010
CLIMATE RECORD PERIOD 1901 TO 2016


WEATHER ITEM   OBSERVED TIME   RECORD YEAR NORMAL DEPARTURE LAST
                VALUE   (LST)  VALUE       VALUE  FROM      YEAR
                                                  NORMAL
..................................................................
TEMPERATURE (F)
 TODAY
  MAXIMUM         84    248 PM  92    1947  79      5       85
  MINIMUM         58    605 AM  44    1971  59     -1       59
  AVERAGE         71                        69      2       72

PRECIPITATION (IN)
  TODAY            0.00          2.97 1945   0.11  -0.11     0.10
  MONTH TO DATE    3.07                      2.69   0.38     2.36
  SINCE JUN 1      8.74                     10.51  -1.77    11.21
  SINCE JAN 1     21.56                     24.31  -2.75    20.77

SNOWFALL (IN)
  TODAY            0.0           0.0  1995   0.0    0.0      0.0
  MONTH TO DATE    0.0                       0.0    0.0      0.0
  SINCE JUN 1      0.0                       0.0    0.0      0.0
  SINCE JUL 1      0.0                       0.0    0.0      0.0

DEGREE DAYS
 HEATING
  TODAY            0                         1     -1        0
  MONTH TO DATE    1                         7     -6        0
  SINCE JUN 1     25                        69    -44       24
  SINCE JUL 1      1                        15    -14        0

 COOLING
  TODAY            6                         5      1        7
  MONTH TO DATE  238                       135    103      189
  SINCE JUN 1    731                       458    273      597
  SINCE JAN 1    803                       495    308      745
..................................................................


WIND (MPH)
  HIGHEST WIND SPEED    12   HIGHEST WIND DIRECTION    SW (210)
  HIGHEST GUST SPEED    19   HIGHEST GUST DIRECTION    SW (220)
  AVERAGE WIND SPEED     5.6


SKY COVER
  AVERAGE SKY COVER 0.0


WEATHER CONDITIONS
 THE FOLLOWING WEATHER WAS RECORDED TODAY.
  NO SIGNIFICANT WEATHER WAS OBSERVED.


RELATIVE HUMIDITY (PERCENT)
 HIGHEST    93           500 AM
 LOWEST     47           200 PM
 AVERAGE    70

..........................................................


THE AVOCA PA CLIMATE NORMALS FOR TOMORROW
                         NORMAL    RECORD    YEAR
 MAXIMUM TEMPERATURE (F)   79        95      1948
                                             1909
 MINIMUM TEMPERATURE (F)   59        38      1940


SUNRISE AND SUNSET
AUGUST 24 2016........SUNRISE   622 AM EDT   SUNSET   748 PM EDT
AUGUST 25 2016........SUNRISE   623 AM EDT   SUNSET   746 PM EDT


-  INDICATES NEGATIVE NUMBERS.
R  INDICATES RECORD WAS SET OR TIED.
MM INDICATES DATA IS MISSING.
T  INDICATES TRACE AMOUNT.




$$
