000
CDUS41 KBGM 170633
CLIAVP


CLIMATE REPORT
NATIONAL WEATHER SERVICE BINGHAMTON NY
131 AM EST SAT FEB 17 2018


...................................

...THE AVOCA PA CLIMATE SUMMARY FOR FEBRUARY 16 2018...

CLIMATE NORMAL PERIOD 1981 TO 2010
CLIMATE RECORD PERIOD 1901 TO 2018


WEATHER ITEM   OBSERVED TIME   RECORD YEAR NORMAL DEPARTURE LAST
                VALUE   (LST)  VALUE       VALUE  FROM      YEAR
                                                  NORMAL
..................................................................
TEMPERATURE (F)
 YESTERDAY
  MAXIMUM         54   1256 AM  74    1954  37     17       31
  MINIMUM         28   1159 PM  -5    1963  21      7       25
  AVERAGE         41                        29     12       28

PRECIPITATION (IN)
  YESTERDAY        0.32          1.35 2016   0.07   0.25      T
  MONTH TO DATE    2.41                      1.20   1.21     1.49
  SINCE DEC 1      6.77                      6.25   0.52     6.80
  SINCE JAN 1      5.09                      3.57   1.52     4.74

SNOWFALL (IN)
  YESTERDAY        0.0           7.2  1958   0.3   -0.3       T
  MONTH TO DATE    6.6                       5.3    1.3      8.2
  SINCE DEC 1     24.0                      26.9   -2.9     19.0
  SINCE JUL 1     24.1                      29.9   -5.8     24.7

DEGREE DAYS
 HEATING
  YESTERDAY       24                        36    -12       37
  MONTH TO DATE  542                       599    -57      527
  SINCE DEC 1   2877                      2877      0     2508
  SINCE JUL 1   3917                      4190   -273     3526

 COOLING
  YESTERDAY        0                         0      0        0
  MONTH TO DATE    0                         0      0        0
  SINCE DEC 1      0                         0      0        0
  SINCE JAN 1      0                         0      0        0
..................................................................


WIND (MPH)
  HIGHEST WIND SPEED    25   HIGHEST WIND DIRECTION     N (340)
  HIGHEST GUST SPEED    36   HIGHEST GUST DIRECTION    NW (320)
  AVERAGE WIND SPEED     8.8


SKY COVER
  AVERAGE SKY COVER 0.9



RELATIVE HUMIDITY (PERCENT)
 HIGHEST   100          1200 AM
 LOWEST     49          1100 PM
 AVERAGE    75

..........................................................


THE AVOCA PA CLIMATE NORMALS FOR TODAY
                         NORMAL    RECORD    YEAR
 MAXIMUM TEMPERATURE (F)   37        59      1976
 MINIMUM TEMPERATURE (F)   21        -9      1979


SUNRISE AND SUNSET
FEBRUARY 17 2018......SUNRISE   655 AM EST   SUNSET   539 PM EST
FEBRUARY 18 2018......SUNRISE   654 AM EST   SUNSET   541 PM EST


-  INDICATES NEGATIVE NUMBERS.
R  INDICATES RECORD WAS SET OR TIED.
MM INDICATES DATA IS MISSING.
T  INDICATES TRACE AMOUNT.

$$
