000
CDUS41 KBGM 200717
CLIAVP


CLIMATE REPORT
NATIONAL WEATHER SERVICE BINGHAMTON NY
317 AM EDT WED MAY 20 2015


...................................

...THE AVOCA PA CLIMATE SUMMARY FOR MAY 19 2015...

CLIMATE NORMAL PERIOD 1981 TO 2010
CLIMATE RECORD PERIOD 1901 TO 2015


WEATHER ITEM   OBSERVED TIME   RECORD YEAR NORMAL DEPARTURE LAST
                VALUE   (LST)  VALUE       VALUE  FROM      YEAR
                                                  NORMAL
..................................................................
TEMPERATURE (F)
 YESTERDAY
  MAXIMUM         86    413 PM  92    1962  71     15       70
  MINIMUM         56   1159 PM  30    2009  48      8       36
  AVERAGE         71                        60     11       53

PRECIPITATION (IN)
  YESTERDAY        0.03          1.84 1988   0.12  -0.09     0.00
  MONTH TO DATE    0.39                      2.07  -1.68     2.05
  SINCE MAR 1      5.23                      7.95  -2.72     7.13
  SINCE JAN 1      8.23                     12.35  -4.12    12.01

SNOWFALL (IN)
  YESTERDAY        0.0           T    1976   0.0    0.0      0.0
  MONTH TO DATE    0.0                       0.3   -0.3      0.0
  SINCE MAR 1      9.0                      12.6   -3.6      3.1
  SINCE JUL 1     51.4                      46.5    4.9     58.9

DEGREE DAYS
 HEATING
  YESTERDAY        0                         7     -7       12
  MONTH TO DATE   51                       166   -115      114
  SINCE MAR 1   1498                      1533    -35     1655
  SINCE JUL 1   6195                      6139     56     6478

 COOLING
  YESTERDAY        6                         1      5        0
  MONTH TO DATE   82                        12     70       24
  SINCE MAR 1     82                        18     64       31
  SINCE JAN 1     82                        18     64       31
..................................................................


WIND (MPH)
  HIGHEST WIND SPEED    24   HIGHEST WIND DIRECTION     N (340)
  HIGHEST GUST SPEED    31   HIGHEST GUST DIRECTION     N (350)
  AVERAGE WIND SPEED     8.7


SKY COVER
  AVERAGE SKY COVER 0.6



RELATIVE HUMIDITY (PERCENT)
 HIGHEST    93           100 AM
 LOWEST     32           600 PM
 AVERAGE    63

..........................................................


THE AVOCA PA CLIMATE NORMALS FOR TODAY
                         NORMAL    RECORD    YEAR
 MAXIMUM TEMPERATURE (F)   71        91      1996
                                             1959
 MINIMUM TEMPERATURE (F)   49        33      2002


SUNRISE AND SUNSET
MAY 20 2015...........SUNRISE   540 AM EDT   SUNSET   819 PM EDT
MAY 21 2015...........SUNRISE   539 AM EDT   SUNSET   820 PM EDT


-  INDICATES NEGATIVE NUMBERS.
R  INDICATES RECORD WAS SET OR TIED.
MM INDICATES DATA IS MISSING.
T  INDICATES TRACE AMOUNT.




$$
