629
CDUS41 KBGM 100639
CLIAVP


CLIMATE REPORT
NATIONAL WEATHER SERVICE BINGHAMTON NY
139 AM EST WED FEB 10 2016


...................................

...THE AVOCA PA CLIMATE SUMMARY FOR FEBRUARY 9 2016...

CLIMATE NORMAL PERIOD 1981 TO 2010
CLIMATE RECORD PERIOD 1901 TO 2016


WEATHER ITEM   OBSERVED TIME   RECORD YEAR NORMAL DEPARTURE LAST
                VALUE   (LST)  VALUE       VALUE  FROM      YEAR
                                                  NORMAL
..................................................................
TEMPERATURE (F)
 YESTERDAY
  MAXIMUM         35    339 PM  64    1925  35      0       36
  MINIMUM         28    924 AM -19    1934  20      8       24
  AVERAGE         32                        28      4       30

PRECIPITATION (IN)
  YESTERDAY        0.15          1.40 1906   0.07   0.08     0.15
  MONTH TO DATE    0.64                      0.70  -0.06     0.77
  SINCE DEC 1      4.98                      5.75  -0.77     5.42
  SINCE JAN 1      2.43                      3.07  -0.64     2.64

SNOWFALL (IN)
  YESTERDAY        2.0           3.9  1969   0.3    1.7      0.2
  MONTH TO DATE    2.0                       3.1   -1.1      7.0
  SINCE DEC 1      7.3                      24.7  -17.4     26.9
  SINCE JUL 1      7.3                      27.7  -20.4     35.8

DEGREE DAYS
 HEATING
  YESTERDAY       33                        37     -4       35
  MONTH TO DATE  250                       342    -92      371
  SINCE DEC 1   2013                      2620   -607     2554
  SINCE JUL 1   2921                      3933  -1012     3744

 COOLING
  YESTERDAY        0                         0      0        0
  MONTH TO DATE    0                         0      0        0
  SINCE DEC 1      0                         0      0        0
  SINCE JAN 1      0                         0      0        0
..................................................................


WIND (MPH)
  HIGHEST WIND SPEED     8   HIGHEST WIND DIRECTION    SW (230)
  HIGHEST GUST SPEED    11   HIGHEST GUST DIRECTION    SW (230)
  AVERAGE WIND SPEED     3.5


SKY COVER
  AVERAGE SKY COVER 1.0



RELATIVE HUMIDITY (PERCENT)
 HIGHEST   100           800 PM
 LOWEST     69          1200 PM
 AVERAGE    85

..........................................................


THE AVOCA PA CLIMATE NORMALS FOR TODAY
                         NORMAL    RECORD    YEAR
 MAXIMUM TEMPERATURE (F)   36        57      1955
                                             1909
 MINIMUM TEMPERATURE (F)   20        -9      1934


SUNRISE AND SUNSET
FEBRUARY 10 2016......SUNRISE   705 AM EST   SUNSET   530 PM EST
FEBRUARY 11 2016......SUNRISE   704 AM EST   SUNSET   531 PM EST


-  INDICATES NEGATIVE NUMBERS.
R  INDICATES RECORD WAS SET OR TIED.
MM INDICATES DATA IS MISSING.
T  INDICATES TRACE AMOUNT.




$$

HEDEN
