000
CDUS41 KBGM 280842
CLIAVP


CLIMATE REPORT
NATIONAL WEATHER SERVICE BINGHAMTON NY
441 AM EDT SUN JUN 28 2015


...................................

...THE AVOCA PA CLIMATE SUMMARY FOR JUNE 27 2015...

CLIMATE NORMAL PERIOD 1981 TO 2010
CLIMATE RECORD PERIOD 1901 TO 2015


WEATHER ITEM   OBSERVED TIME   RECORD YEAR NORMAL DEPARTURE LAST
                VALUE   (LST)  VALUE       VALUE  FROM      YEAR
                                                  NORMAL
..................................................................
TEMPERATURE (F)
 YESTERDAY
  MAXIMUM         69    132 AM  94    1966  80    -11       86
                                      1921
  MINIMUM         57    822 PM  46    2004  59     -2       61
  AVERAGE         63                        70     -7       74

PRECIPITATION (IN)
  YESTERDAY        0.92          2.41 2006   0.12   0.80     0.00
  MONTH TO DATE    5.44                      3.65   1.79     1.99
  SINCE JUN 1      5.44                      3.65   1.79     1.99
  SINCE JAN 1     15.00                     17.45  -2.45    14.70

SNOWFALL (IN)
  YESTERDAY        0.0           0.0  1995   0.0    0.0      0.0
  MONTH TO DATE    0.0                       0.0    0.0      0.0
  SINCE JUN 1      0.0                       0.0    0.0      0.0
  SINCE JUL 1     51.4                      46.2    5.2     58.9

DEGREE DAYS
 HEATING
  YESTERDAY        2                         1      1        0
  MONTH TO DATE   23                        54    -31       11
  SINCE JUN 1     23                        54    -31       11
  SINCE JUL 1   6267                      6255     12     6522

 COOLING
  YESTERDAY        0                         5     -5        9
  MONTH TO DATE  146                        99     47      128
  SINCE JUN 1    146                        99     47      128
  SINCE JAN 1    294                       136    158      169
..................................................................


WIND (MPH)
  HIGHEST WIND SPEED    16   HIGHEST WIND DIRECTION    NE (40)
  HIGHEST GUST SPEED    25   HIGHEST GUST DIRECTION    SE (120)
  AVERAGE WIND SPEED     5.9


SKY COVER
  AVERAGE SKY COVER 0.9



RELATIVE HUMIDITY (PERCENT)
 HIGHEST    93           400 PM
 LOWEST     63           200 AM
 AVERAGE    78

..........................................................


THE AVOCA PA CLIMATE NORMALS FOR TODAY
                         NORMAL    RECORD    YEAR
 MAXIMUM TEMPERATURE (F)   81        92      2005
                                             1991
                                             1966
 MINIMUM TEMPERATURE (F)   60        45      1970


SUNRISE AND SUNSET
JUNE 28 2015..........SUNRISE   532 AM EDT   SUNSET   840 PM EDT
JUNE 29 2015..........SUNRISE   532 AM EDT   SUNSET   840 PM EDT


-  INDICATES NEGATIVE NUMBERS.
R  INDICATES RECORD WAS SET OR TIED.
MM INDICATES DATA IS MISSING.
T  INDICATES TRACE AMOUNT.




$$

HEDEN
