000
CDUS41 KBGM 160537
CLIAVP


CLIMATE REPORT
NATIONAL WEATHER SERVICE BINGHAMTON NY
137 AM EDT TUE SEP 16 2014


...................................

...THE AVOCA PA CLIMATE SUMMARY FOR SEPTEMBER 15 2014...

CLIMATE NORMAL PERIOD 1981 TO 2010
CLIMATE RECORD PERIOD 1901 TO 2014


WEATHER ITEM   OBSERVED TIME   RECORD YEAR NORMAL DEPARTURE LAST
                VALUE   (LST)  VALUE       VALUE  FROM      YEAR
                                                  NORMAL
..................................................................
TEMPERATURE (F)
 YESTERDAY
  MAXIMUM         69    355 PM  92    1915  73     -4       70
  MINIMUM         44    631 AM  35    1902  53     -9       38
  AVERAGE         57                        63     -6       54

PRECIPITATION (IN)
  YESTERDAY        0.00          2.46 2002   0.14  -0.14      T
  MONTH TO DATE    0.46                      1.95  -1.49     0.61
  SINCE SEP 1      0.46                      1.95  -1.49     0.61
  SINCE JAN 1     22.02                     26.98  -4.96    18.96

SNOWFALL (IN)
  YESTERDAY        0.0           0.0    MM   0.0    0.0      0.0
  MONTH TO DATE    0.0                       0.0    0.0      0.0
  SINCE SEP 1      0.0                       0.0    0.0      0.0
  SINCE JUL 1      0.0                       0.0    0.0      0.0

DEGREE DAYS
 HEATING
  YESTERDAY        8                         4      4       11
  MONTH TO DATE   38                        38      0       55
  SINCE SEP 1     38                        38      0       55
  SINCE JUL 1     49                        64    -15       64

 COOLING
  YESTERDAY        0                         2     -2        0
  MONTH TO DATE   77                        39     38       69
  SINCE SEP 1     77                        39     38       69
  SINCE JAN 1    663                       563    100      771
..................................................................


WIND (MPH)
  HIGHEST WIND SPEED    15   HIGHEST WIND DIRECTION    SW (240)
  HIGHEST GUST SPEED    19   HIGHEST GUST DIRECTION    SW (240)
  AVERAGE WIND SPEED     3.9


SKY COVER
  AVERAGE SKY COVER 0.2



RELATIVE HUMIDITY (PERCENT)
 HIGHEST    89           100 AM
 LOWEST     39           300 PM
 AVERAGE    64

..........................................................


THE AVOCA PA CLIMATE NORMALS FOR TODAY
                         NORMAL    RECORD    YEAR
 MAXIMUM TEMPERATURE (F)   72        90      1991
                                             1939
                                             1915
 MINIMUM TEMPERATURE (F)   52        37      1964


SUNRISE AND SUNSET
SEPTEMBER 16 2014.....SUNRISE   644 AM EDT   SUNSET   710 PM EDT
SEPTEMBER 17 2014.....SUNRISE   645 AM EDT   SUNSET   709 PM EDT


-  INDICATES NEGATIVE NUMBERS.
R  INDICATES RECORD WAS SET OR TIED.
MM INDICATES DATA IS MISSING.
T  INDICATES TRACE AMOUNT.




$$
