000
CDUS41 KBGM 112216
CLIAVP


CLIMATE REPORT
NATIONAL WEATHER SERVICE BINGHAMTON NY
516 PM EST SAT NOV 11 2017


...................................

...THE AVOCA PA CLIMATE SUMMARY FOR NOVEMBER 11 2017...
VALID AS OF 0500 PM LOCAL TIME.

CLIMATE NORMAL PERIOD 1981 TO 2010
CLIMATE RECORD PERIOD 1901 TO 2017


WEATHER ITEM   OBSERVED TIME   RECORD YEAR NORMAL DEPARTURE LAST
                VALUE   (LST)  VALUE       VALUE  FROM      YEAR
                                                  NORMAL
..................................................................
TEMPERATURE (F)
 TODAY
  MAXIMUM         36    302 PM  72    2012  51    -15       56
  MINIMUM         16R   201 AM  18    1956  35    -19       38
  AVERAGE         26                        43    -17       47

PRECIPITATION (IN)
  TODAY            0.00          1.43 1995   0.10  -0.10      T
  MONTH TO DATE    0.44                      1.12  -0.68     0.31
  SINCE SEP 1      5.08                      8.53  -3.45     5.91
  SINCE JAN 1     35.20                     33.56   1.64    27.47

SNOWFALL (IN)
  TODAY            0.0           2.9  1986   0.1   -0.1      0.0
  MONTH TO DATE    T                         0.8   -0.8      0.0
  SINCE SEP 1      T                         0.9   -0.9       T
  SINCE JUL 1      T                         0.9   -0.9       T

DEGREE DAYS
 HEATING
  TODAY           39                        22     17       18
  MONTH TO DATE  225                       225      0      193
  SINCE SEP 1    546                       802   -256      592
  SINCE JUL 1    563                       828   -265      593

 COOLING
  TODAY            0                         0      0        0
  MONTH TO DATE    0                         0      0        0
  SINCE SEP 1    165                        56    109      132
  SINCE JAN 1    804                       580    224      998
..................................................................


WIND (MPH)
  HIGHEST WIND SPEED    12   HIGHEST WIND DIRECTION     N (360)
  HIGHEST GUST SPEED    17   HIGHEST GUST DIRECTION     N (340)
  AVERAGE WIND SPEED     3.8


SKY COVER
  AVERAGE SKY COVER 0.0


WEATHER CONDITIONS
 THE FOLLOWING WEATHER WAS RECORDED TODAY.
  NO SIGNIFICANT WEATHER WAS OBSERVED.


RELATIVE HUMIDITY (PERCENT)
 HIGHEST    80           700 AM
 LOWEST     27           400 PM
 AVERAGE    54

..........................................................


THE AVOCA PA CLIMATE NORMALS FOR TOMORROW
                         NORMAL    RECORD    YEAR
 MAXIMUM TEMPERATURE (F)   51        71      1909
 MINIMUM TEMPERATURE (F)   34        21      1926


SUNRISE AND SUNSET
NOVEMBER 11 2017......SUNRISE   647 AM EST   SUNSET   447 PM EST
NOVEMBER 12 2017......SUNRISE   648 AM EST   SUNSET   446 PM EST


-  INDICATES NEGATIVE NUMBERS.
R  INDICATES RECORD WAS SET OR TIED.
MM INDICATES DATA IS MISSING.
T  INDICATES TRACE AMOUNT.




$$
