000
CDUS41 KBGM 260534
CLIAVP


CLIMATE REPORT
NATIONAL WEATHER SERVICE BINGHAMTON NY
133 AM EDT SUN JUL 26 2015


...................................

...THE AVOCA PA CLIMATE SUMMARY FOR JULY 25 2015...

CLIMATE NORMAL PERIOD 1981 TO 2010
CLIMATE RECORD PERIOD 1901 TO 2015


WEATHER ITEM   OBSERVED TIME   RECORD YEAR NORMAL DEPARTURE LAST
                VALUE   (LST)  VALUE       VALUE  FROM      YEAR
                                                  NORMAL
..................................................................
TEMPERATURE (F)
 YESTERDAY
  MAXIMUM         87    347 PM  96    1941  82      5       82
  MINIMUM         56    534 AM  48    1903  61     -5       51
  AVERAGE         72                        72      0       67

PRECIPITATION (IN)
  YESTERDAY        0.00          1.96 1914   0.13  -0.13     0.00
  MONTH TO DATE    2.17                      3.01  -0.84     2.26
  SINCE JUN 1      8.69                      7.04   1.65     4.42
  SINCE JAN 1     18.25                     20.84  -2.59    17.13

SNOWFALL (IN)
  YESTERDAY        0.0           0.0  1995   0.0    0.0      0.0
  MONTH TO DATE    0.0                       0.0    0.0      0.0
  SINCE JUN 1      0.0                       0.0    0.0      0.0
  SINCE JUL 1      0.0                       0.0    0.0      0.0

DEGREE DAYS
 HEATING
  YESTERDAY        0                         0      0        0
  MONTH TO DATE    0                         0      0        0
  SINCE JUN 1     24                        54    -30       11
  SINCE JUL 1      0                         0      0        0

 COOLING
  YESTERDAY        7                         7      0        2
  MONTH TO DATE  179                       170      9      206
  SINCE JUN 1    334                       287     47      365
  SINCE JAN 1    482                       324    158      406
..................................................................


WIND (MPH)
  HIGHEST WIND SPEED    13   HIGHEST WIND DIRECTION     W (270)
  HIGHEST GUST SPEED    16   HIGHEST GUST DIRECTION     W (280)
  AVERAGE WIND SPEED     4.7


SKY COVER
  AVERAGE SKY COVER 0.2



RELATIVE HUMIDITY (PERCENT)
 HIGHEST    83           500 AM
 LOWEST     29          1200 PM
 AVERAGE    56

..........................................................


THE AVOCA PA CLIMATE NORMALS FOR TODAY
                         NORMAL    RECORD    YEAR
 MAXIMUM TEMPERATURE (F)   82        94      2005
                                             1949
                                             1940
 MINIMUM TEMPERATURE (F)   61        47      1976
                                             1920


SUNRISE AND SUNSET
JULY 26 2015..........SUNRISE   552 AM EDT   SUNSET   826 PM EDT
JULY 27 2015..........SUNRISE   553 AM EDT   SUNSET   825 PM EDT


-  INDICATES NEGATIVE NUMBERS.
R  INDICATES RECORD WAS SET OR TIED.
MM INDICATES DATA IS MISSING.
T  INDICATES TRACE AMOUNT.

$$
