974
CDUS41 KBGM 180809
CLIAVP


CLIMATE REPORT
NATIONAL WEATHER SERVICE BINGHAMTON NY
409 AM EDT FRI AUG 18 2017


...................................

...THE AVOCA PA CLIMATE SUMMARY FOR AUGUST 17 2017...

CLIMATE NORMAL PERIOD 1981 TO 2010
CLIMATE RECORD PERIOD 1901 TO 2017


WEATHER ITEM   OBSERVED TIME   RECORD YEAR NORMAL DEPARTURE LAST
                VALUE   (LST)  VALUE       VALUE  FROM      YEAR
                                                  NORMAL
..................................................................
TEMPERATURE (F)
 YESTERDAY
  MAXIMUM         85    155 PM  95    1913  80      5       82
  MINIMUM         60    615 AM  43    1979  60      0       70
  AVERAGE         73                        70      3       76

PRECIPITATION (IN)
  YESTERDAY        0.00          1.55 1994   0.10  -0.10     0.00
  MONTH TO DATE    1.00                      1.93  -0.93     2.01
  SINCE JUN 1     10.69                      9.75   0.94     7.68
  SINCE JAN 1     29.02                     23.55   5.47    20.50

SNOWFALL (IN)
  YESTERDAY        0.0           0.0  1995   0.0    0.0      0.0
  MONTH TO DATE    0.0                       0.0    0.0      0.0
  SINCE JUN 1      0.0                       0.0    0.0      0.0
  SINCE JUL 1      0.0                       0.0    0.0      0.0

DEGREE DAYS
 HEATING
  YESTERDAY        0                         0      0        0
  MONTH TO DATE    2                         0      2        0
  SINCE JUN 1     45                        62    -17       24
  SINCE JUL 1      2                         8     -6        0

 COOLING
  YESTERDAY        8                         5      3       11
  MONTH TO DATE  106                       100      6      195
  SINCE JUN 1    533                       423    110      688
  SINCE JAN 1    585                       460    125      760
..................................................................


WIND (MPH)
  HIGHEST WIND SPEED    10   HIGHEST WIND DIRECTION     S (160)
  HIGHEST GUST SPEED    19   HIGHEST GUST DIRECTION     S (160)
  AVERAGE WIND SPEED     4.7


SKY COVER
  AVERAGE SKY COVER 0.3



RELATIVE HUMIDITY (PERCENT)
 HIGHEST    90          1200 AM
 LOWEST     51           100 PM
 AVERAGE    71

..........................................................


THE AVOCA PA CLIMATE NORMALS FOR TODAY
                         NORMAL    RECORD    YEAR
 MAXIMUM TEMPERATURE (F)   80        93      1995
                                             1913
 MINIMUM TEMPERATURE (F)   60        44      1941


SUNRISE AND SUNSET
AUGUST 18 2017........SUNRISE   615 AM EDT   SUNSET   757 PM EDT
AUGUST 19 2017........SUNRISE   616 AM EDT   SUNSET   756 PM EDT


-  INDICATES NEGATIVE NUMBERS.
R  INDICATES RECORD WAS SET OR TIED.
MM INDICATES DATA IS MISSING.
T  INDICATES TRACE AMOUNT.




$$
