000
CDUS41 KBGM 161237
CLIAVP


CLIMATE REPORT
NATIONAL WEATHER SERVICE BINGHAMTON NY
735 AM EST MON JAN 16 2017


...................................

...THE AVOCA PA CLIMATE SUMMARY FOR JANUARY 15 2017...

CLIMATE NORMAL PERIOD 1981 TO 2010
CLIMATE RECORD PERIOD 1901 TO 2017


WEATHER ITEM   OBSERVED TIME   RECORD YEAR NORMAL DEPARTURE LAST
                VALUE   (LST)  VALUE       VALUE  FROM      YEAR
                                                  NORMAL
..................................................................
TEMPERATURE (F)
 YESTERDAY
  MAXIMUM         31    422 PM  66    1937  33     -2       44
  MINIMUM         18   1159 PM -10    1957  18      0       22
  AVERAGE         25                        26     -1       33

PRECIPITATION (IN)
  YESTERDAY        0.00          1.52 1918   0.07  -0.07     0.01
  MONTH TO DATE    1.21                      1.10   0.11     1.39
  SINCE DEC 1      3.27                      3.78  -0.51     3.94
  SINCE JAN 1      1.21                      1.10   0.11     1.39

SNOWFALL (IN)
  YESTERDAY        0.0           5.4  1983   0.5   -0.5      0.0
  MONTH TO DATE    1.9                       7.0   -5.1      2.0
  SINCE DEC 1      8.8                      14.4   -5.6      2.8
  SINCE JUL 1     14.5                      17.4   -2.9      2.8

DEGREE DAYS
 HEATING
  YESTERDAY       40                        39      1       32
  MONTH TO DATE  529                       584    -55      552
  SINCE DEC 1   1523                      1649   -126     1180
  SINCE JUL 1   2541                      2962   -421     2088

 COOLING
  YESTERDAY        0                         0      0        0
  MONTH TO DATE    0                         0      0        0
  SINCE DEC 1      0                         0      0        0
  SINCE JAN 1      0                         0      0        0
..................................................................


WIND (MPH)
  HIGHEST WIND SPEED    16   HIGHEST WIND DIRECTION     N (350)
  HIGHEST GUST SPEED    20   HIGHEST GUST DIRECTION    NE (30)
  AVERAGE WIND SPEED     5.4


SKY COVER
  AVERAGE SKY COVER 0.7



RELATIVE HUMIDITY (PERCENT)
 HIGHEST   100           600 AM
 LOWEST     63           100 PM
 AVERAGE    82

..........................................................


THE AVOCA PA CLIMATE NORMALS FOR TODAY
                         NORMAL    RECORD    YEAR
 MAXIMUM TEMPERATURE (F)   33        62      1995
 MINIMUM TEMPERATURE (F)   18        -4      2004
                                             1994


SUNRISE AND SUNSET
JANUARY 16 2017.......SUNRISE   726 AM EST   SUNSET   500 PM EST
JANUARY 17 2017.......SUNRISE   725 AM EST   SUNSET   501 PM EST


-  INDICATES NEGATIVE NUMBERS.
R  INDICATES RECORD WAS SET OR TIED.
MM INDICATES DATA IS MISSING.
T  INDICATES TRACE AMOUNT.

$$
