000
CDUS41 KBGM 210528
CLIAVP


CLIMATE REPORT
NATIONAL WEATHER SERVICE BINGHAMTON NY
127 AM EDT WED JUN 21 2017


...................................

...THE AVOCA PA CLIMATE SUMMARY FOR JUNE 20 2017...

CLIMATE NORMAL PERIOD 1981 TO 2010
CLIMATE RECORD PERIOD 1901 TO 2017


WEATHER ITEM   OBSERVED TIME   RECORD YEAR NORMAL DEPARTURE LAST
                VALUE   (LST)  VALUE       VALUE  FROM      YEAR
                                                  NORMAL
..................................................................
TEMPERATURE (F)
 YESTERDAY
  MAXIMUM         80    516 PM  95    1953  79      1       89
                                      1931
                                      1923
  MINIMUM         62   1137 PM  41    1926  58      4       61
  AVERAGE         71                        68      3       75

PRECIPITATION (IN)
  YESTERDAY        T             2.76 1936   0.13  -0.13     0.00
  MONTH TO DATE    2.92                      2.76   0.16     1.26
  SINCE JUN 1      2.92                      2.76   0.16     1.26
  SINCE JAN 1     21.25                     16.56   4.69    14.08

SNOWFALL (IN)
  YESTERDAY        0.0           0.0  1995   0.0    0.0      0.0
  MONTH TO DATE    0.0                       0.0    0.0      0.0
  SINCE JUN 1      0.0                       0.0    0.0      0.0
  SINCE JUL 1     55.5                      46.2    9.3     15.5

DEGREE DAYS
 HEATING
  YESTERDAY        0                         1     -1        0
  MONTH TO DATE   41                        47     -6       24
  SINCE JUN 1     41                        47     -6       24
  SINCE JUL 1   5232                      6248  -1016     4966

 COOLING
  YESTERDAY        6                         4      2       10
  MONTH TO DATE   99                        64     35       81
  SINCE JUN 1     99                        64     35       81
  SINCE JAN 1    151                       101     50      153
..................................................................


WIND (MPH)
  HIGHEST WIND SPEED    21   HIGHEST WIND DIRECTION     W (250)
  HIGHEST GUST SPEED    28   HIGHEST GUST DIRECTION     W (260)
  AVERAGE WIND SPEED     9.8


SKY COVER
  AVERAGE SKY COVER 0.3



RELATIVE HUMIDITY (PERCENT)
 HIGHEST    93          1200 AM
 LOWEST     37           500 PM
 AVERAGE    65

..........................................................


THE AVOCA PA CLIMATE NORMALS FOR TODAY
                         NORMAL    RECORD    YEAR
 MAXIMUM TEMPERATURE (F)   79        96      1953
 MINIMUM TEMPERATURE (F)   58        45      1968


SUNRISE AND SUNSET
JUNE 21 2017..........SUNRISE   530 AM EDT   SUNSET   840 PM EDT
JUNE 22 2017..........SUNRISE   530 AM EDT   SUNSET   840 PM EDT


-  INDICATES NEGATIVE NUMBERS.
R  INDICATES RECORD WAS SET OR TIED.
MM INDICATES DATA IS MISSING.
T  INDICATES TRACE AMOUNT.




$$
