000
CDUS41 KBGM 302249
CLIAVP


CLIMATE REPORT
NATIONAL WEATHER SERVICE BINGHAMTON NY
549 PM EST WED NOV 30 2016


...................................

...THE AVOCA PA CLIMATE SUMMARY FOR NOVEMBER 30 2016...
VALID TODAY AS OF 0500 PM LOCAL TIME.

CLIMATE NORMAL PERIOD 1981 TO 2010
CLIMATE RECORD PERIOD 1901 TO 2016


WEATHER ITEM   OBSERVED TIME   RECORD YEAR NORMAL DEPARTURE LAST
                VALUE   (LST)  VALUE       VALUE  FROM      YEAR
                                                  NORMAL
..................................................................
TEMPERATURE (F)
 TODAY
  MAXIMUM         54    450 PM  70    1927  43     11       47
  MINIMUM         50    927 AM   6    1929  29     21       22
  AVERAGE         52                        36     16       35

PRECIPITATION (IN)
  TODAY            0.44          1.10 1923   0.11   0.33      T
  MONTH TO DATE    1.93                      3.14  -1.21     1.34
  SINCE SEP 1      7.53                     10.55  -3.02     7.48
  SINCE JAN 1     29.09                     35.58  -6.49    28.63

SNOWFALL (IN)
  TODAY            0.0           5.9  1972   0.1   -0.1      0.0
  MONTH TO DATE    5.7                       2.9    2.8       T
  SINCE SEP 1      5.7                       3.0    2.7       T
  SINCE JUL 1      5.7                       3.0    2.7       T

DEGREE DAYS
 HEATING
  TODAY           13                        29    -16       30
  MONTH TO DATE  618                       710    -92      501
  SINCE SEP 1   1017                      1287   -270      908
  SINCE JUL 1   1018                      1313   -295      908

 COOLING
  TODAY            0                         0      0        0
  MONTH TO DATE    0                         0      0        2
  SINCE SEP 1    132                        56     76      153
  SINCE JAN 1    998                       580    418      929
..................................................................


WIND (MPH)
  HIGHEST WIND SPEED    16   HIGHEST WIND DIRECTION     E (110)
  HIGHEST GUST SPEED    30   HIGHEST GUST DIRECTION     E (110)
  AVERAGE WIND SPEED     3.8


SKY COVER
  AVERAGE SKY COVER 0.8


WEATHER CONDITIONS
 THE FOLLOWING WEATHER WAS RECORDED TODAY.
  RAIN
  LIGHT RAIN
  FOG


RELATIVE HUMIDITY (PERCENT)
 HIGHEST   100           300 PM
 LOWEST     83           400 PM
 AVERAGE    92

..........................................................


THE AVOCA PA CLIMATE NORMALS FOR TOMORROW
                         NORMAL    RECORD    YEAR
 MAXIMUM TEMPERATURE (F)   43        71      2006
 MINIMUM TEMPERATURE (F)   29         5      1936


SUNRISE AND SUNSET
NOVEMBER 30 2016......SUNRISE   709 AM EST   SUNSET   435 PM EST
DECEMBER  1 2016......SUNRISE   710 AM EST   SUNSET   434 PM EST


-  INDICATES NEGATIVE NUMBERS.
R  INDICATES RECORD WAS SET OR TIED.
MM INDICATES DATA IS MISSING.
T  INDICATES TRACE AMOUNT.




$$
