000
CDUS41 KBGM 251236 CCA
CLIAVP

CLIMATE REPORT...CORRECTED
NATIONAL WEATHER SERVICE BINGHAMTON NY
735 AM EST WED FEB 25 2015


...................................

...THE AVOCA PA CLIMATE SUMMARY FOR FEBRUARY 24 2015...

CLIMATE NORMAL PERIOD 1981 TO 2010
CLIMATE RECORD PERIOD 1901 TO 2015


WEATHER ITEM   OBSERVED TIME   RECORD YEAR NORMAL DEPARTURE LAST
                VALUE   (LST)  VALUE       VALUE  FROM      YEAR
                                                  NORMAL
..................................................................
TEMPERATURE (F)
 YESTERDAY
  MAXIMUM         23    203 PM  71    1985  39    -16       37
  MINIMUM         -9R   709 AM  -8    1914  22    -31       21
  AVERAGE          7                        31    -24       29

PRECIPITATION (IN)
  YESTERDAY        0.00          1.25 1975   0.07  -0.07      T
  MONTH TO DATE    1.11                      1.75  -0.64     2.77
  SINCE DEC 1      5.76                      6.80  -1.04     8.22
  SINCE JAN 1      2.98                      4.12  -1.14     4.88

SNOWFALL (IN)
  YESTERDAY        0.0           6.2  1994   0.4   -0.4       T
  MONTH TO DATE   13.4                       8.0    5.4     27.6
  SINCE DEC 1     33.0                      29.6    3.4     51.4
  SINCE JUL 1     41.9                      32.6    9.3     54.1

DEGREE DAYS
 HEATING
  YESTERDAY       58                        34     24       36
  MONTH TO DATE 1135                       880    255      952
  SINCE DEC 1   3318                      3158    160     3347
  SINCE JUL 1   4508                      4471     37     4623

 COOLING
  YESTERDAY        0                         0      0        0
  MONTH TO DATE    0                         0      0        0
  SINCE DEC 1      0                         0      0        0
  SINCE JAN 1      0                         0      0        0
..................................................................


WIND (MPH)
  HIGHEST WIND SPEED    17   HIGHEST WIND DIRECTION     S (180)
  HIGHEST GUST SPEED    26   HIGHEST GUST DIRECTION     S (190)
  AVERAGE WIND SPEED     5.8


SKY COVER
  AVERAGE SKY COVER 0.0



RELATIVE HUMIDITY (PERCENT)
 HIGHEST    71           400 AM
 LOWEST     22           200 PM
 AVERAGE    47

..........................................................


THE AVOCA PA CLIMATE NORMALS FOR TODAY
                         NORMAL    RECORD    YEAR
 MAXIMUM TEMPERATURE (F)   39        67      1930
 MINIMUM TEMPERATURE (F)   22        -3      1914


SUNRISE AND SUNSET
FEBRUARY 25 2015......SUNRISE   644 AM EST   SUNSET   549 PM EST
FEBRUARY 26 2015......SUNRISE   642 AM EST   SUNSET   550 PM EST


-  INDICATES NEGATIVE NUMBERS.
R  INDICATES RECORD WAS SET OR TIED.
MM INDICATES DATA IS MISSING.
T  INDICATES TRACE AMOUNT.

&&

PRECIPITATION CORRECTED FROM TRACE TO ZERO

$$

HEDEN/TAC
