000
CDUS41 KBGM 020616
CLIAVP


CLIMATE REPORT
NATIONAL WEATHER SERVICE BINGHAMTON NY
215 AM EDT MON MAY 2 2016


...................................

...THE AVOCA PA CLIMATE SUMMARY FOR MAY 1 2016...

CLIMATE NORMAL PERIOD 1981 TO 2010
CLIMATE RECORD PERIOD 1901 TO 2016


WEATHER ITEM   OBSERVED TIME   RECORD YEAR NORMAL DEPARTURE LAST
                VALUE   (LST)  VALUE       VALUE  FROM      YEAR
                                                  NORMAL
..................................................................
TEMPERATURE (F)
 YESTERDAY
  MAXIMUM         52   1206 AM  88    1942  65    -13       62
  MINIMUM         42    858 AM  29    1978  43     -1       48
  AVERAGE         47                        54     -7       55

PRECIPITATION (IN)
  YESTERDAY        0.33          1.65 1989   0.10   0.23      T
  MONTH TO DATE    0.33                      0.10   0.23      T
  SINCE MAR 1      4.80                      5.98  -1.18     4.84
  SINCE JAN 1     10.60                     10.38   0.22     7.84

SNOWFALL (IN)
  YESTERDAY        0.0           0.2  1963   0.1   -0.1      0.0
  MONTH TO DATE    0.0                       0.1   -0.1      0.0
  SINCE MAR 1      3.5                      12.4   -8.9      9.0
  SINCE JUL 1     15.5                      46.3  -30.8     51.4

DEGREE DAYS
 HEATING
  YESTERDAY       18                        11      7       10
  MONTH TO DATE   18                        11      7       10
  SINCE MAR 1   1159                      1378   -219     1457
  SINCE JUL 1   4729                      5984  -1255     6154

 COOLING
  YESTERDAY        0                         0      0        0
  MONTH TO DATE    0                         0      0        0
  SINCE MAR 1      1                         6     -5        0
  SINCE JAN 1      1                         6     -5        0
..................................................................


WIND (MPH)
  HIGHEST WIND SPEED     9   HIGHEST WIND DIRECTION     S (200)
  HIGHEST GUST SPEED    15   HIGHEST GUST DIRECTION     S (200)
  AVERAGE WIND SPEED     2.3


SKY COVER
  AVERAGE SKY COVER 1.0



RELATIVE HUMIDITY (PERCENT)
 HIGHEST    89           500 AM
 LOWEST     76           600 AM
 AVERAGE    83

..........................................................


THE AVOCA PA CLIMATE NORMALS FOR TODAY
                         NORMAL    RECORD    YEAR
 MAXIMUM TEMPERATURE (F)   66        87      2001
 MINIMUM TEMPERATURE (F)   44        27      1903


SUNRISE AND SUNSET
MAY  2 2016...........SUNRISE   558 AM EDT   SUNSET   802 PM EDT
MAY  3 2016...........SUNRISE   557 AM EDT   SUNSET   803 PM EDT


-  INDICATES NEGATIVE NUMBERS.
R  INDICATES RECORD WAS SET OR TIED.
MM INDICATES DATA IS MISSING.
T  INDICATES TRACE AMOUNT.

$$
