000
CDUS41 KBGM 280550
CLIAVP


CLIMATE REPORT
NATIONAL WEATHER SERVICE BINGHAMTON NY
1249 AM EST FRI NOV 28 2014


...................................

...THE AVOCA PA CLIMATE SUMMARY FOR NOVEMBER 27 2014...

CLIMATE NORMAL PERIOD 1981 TO 2010
CLIMATE RECORD PERIOD 1901 TO 2014


WEATHER ITEM   OBSERVED TIME   RECORD YEAR NORMAL DEPARTURE LAST
                VALUE   (LST)  VALUE       VALUE  FROM      YEAR
                                                  NORMAL
..................................................................
TEMPERATURE (F)
 YESTERDAY
  MAXIMUM         34   1253 PM  64    1988  45    -11       48
  MINIMUM         22    956 PM   8    1932  30     -8       27
  AVERAGE         28                        37     -9       38

PRECIPITATION (IN)
  YESTERDAY        0.05          1.26 1921   0.10  -0.05     0.62
  MONTH TO DATE    1.79                      2.81  -1.02     2.74
  SINCE SEP 1      6.70                     10.22  -3.52     5.88
  SINCE JAN 1     28.26                     35.25  -6.99    24.23

SNOWFALL (IN)
  YESTERDAY        T             2.1  1978   0.1   -0.1      0.5
  MONTH TO DATE    7.1                       2.5    4.6      2.7
  SINCE SEP 1      7.1                       2.6    4.5      2.7
  SINCE JUL 1      7.1                       2.6    4.5      2.7

DEGREE DAYS
 HEATING
  YESTERDAY       37                        28      9       27
  MONTH TO DATE  659                       624     35      670
  SINCE SEP 1   1070                      1201   -131     1145
  SINCE JUL 1   1081                      1227   -146     1154

 COOLING
  YESTERDAY        0                         0      0        0
  MONTH TO DATE    0                         0      0        0
  SINCE SEP 1    100                        56     44       93
  SINCE JAN 1    686                       580    106      795
..................................................................


WIND (MPH)
  HIGHEST WIND SPEED    16   HIGHEST WIND DIRECTION     W (290)
  HIGHEST GUST SPEED    20   HIGHEST GUST DIRECTION     W (290)
  AVERAGE WIND SPEED    10.5


SKY COVER
  AVERAGE SKY COVER 0.8



RELATIVE HUMIDITY (PERCENT)
 HIGHEST    92          1000 PM
 LOWEST     66           400 PM
 AVERAGE    79

..........................................................


THE AVOCA PA CLIMATE NORMALS FOR TODAY
                         NORMAL    RECORD    YEAR
 MAXIMUM TEMPERATURE (F)   44        72      1990
 MINIMUM TEMPERATURE (F)   30        10      1930


SUNRISE AND SUNSET
NOVEMBER 28 2014......SUNRISE   706 AM EST   SUNSET   435 PM EST
NOVEMBER 29 2014......SUNRISE   707 AM EST   SUNSET   435 PM EST


-  INDICATES NEGATIVE NUMBERS.
R  INDICATES RECORD WAS SET OR TIED.
MM INDICATES DATA IS MISSING.
T  INDICATES TRACE AMOUNT.




$$
