000
CDUS41 KBGM 130600
CLIAVP


CLIMATE REPORT
NATIONAL WEATHER SERVICE BINGHAMTON NY
100 AM EST SAT FEB 13 2016


...................................

...THE AVOCA PA CLIMATE SUMMARY FOR FEBRUARY 12 2016...

CLIMATE NORMAL PERIOD 1981 TO 2010
CLIMATE RECORD PERIOD 1901 TO 2016


WEATHER ITEM   OBSERVED TIME   RECORD YEAR NORMAL DEPARTURE LAST
                VALUE   (LST)  VALUE       VALUE  FROM      YEAR
                                                  NORMAL
..................................................................
TEMPERATURE (F)
 YESTERDAY
  MAXIMUM         19    533 PM  62    1999  36    -17       33
                                      1918
  MINIMUM          8    500 AM -12    1979  20    -12        6
  AVERAGE         14                        28    -14       20

PRECIPITATION (IN)
  YESTERDAY        T             1.08 1985   0.08  -0.08     0.04
  MONTH TO DATE    0.78                      0.92  -0.14     0.81
  SINCE DEC 1      5.12                      5.97  -0.85     5.46
  SINCE JAN 1      2.57                      3.29  -0.72     2.68

SNOWFALL (IN)
  YESTERDAY        0.1           6.5  1988   0.3   -0.2      1.4
  MONTH TO DATE    4.6                       4.1    0.5      8.4
  SINCE DEC 1      9.9                      25.7  -15.8     28.3
  SINCE JUL 1      9.9                      28.7  -18.8     37.2

DEGREE DAYS
 HEATING
  YESTERDAY       51                        37     14       45
  MONTH TO DATE  388                       453    -65      493
  SINCE DEC 1   2151                      2731   -580     2676
  SINCE JUL 1   3059                      4044   -985     3866

 COOLING
  YESTERDAY        0                         0      0        0
  MONTH TO DATE    0                         0      0        0
  SINCE DEC 1      0                         0      0        0
  SINCE JAN 1      0                         0      0        0
..................................................................


WIND (MPH)
  HIGHEST WIND SPEED    17   HIGHEST WIND DIRECTION    SW (240)
  HIGHEST GUST SPEED    21   HIGHEST GUST DIRECTION    SW (230)
  AVERAGE WIND SPEED     7.9


SKY COVER
  AVERAGE SKY COVER 0.6



RELATIVE HUMIDITY (PERCENT)
 HIGHEST    74          1000 PM
 LOWEST     49          1200 PM
 AVERAGE    62

..........................................................


THE AVOCA PA CLIMATE NORMALS FOR TODAY
                         NORMAL    RECORD    YEAR
 MAXIMUM TEMPERATURE (F)   36        59      1937
 MINIMUM TEMPERATURE (F)   20        -6      1914


SUNRISE AND SUNSET
FEBRUARY 13 2016......SUNRISE   701 AM EST   SUNSET   534 PM EST
FEBRUARY 14 2016......SUNRISE   700 AM EST   SUNSET   535 PM EST


-  INDICATES NEGATIVE NUMBERS.
R  INDICATES RECORD WAS SET OR TIED.
MM INDICATES DATA IS MISSING.
T  INDICATES TRACE AMOUNT.




$$
