000
CDUS41 KBGM 300535
CLIAVP


CLIMATE REPORT
NATIONAL WEATHER SERVICE BINGHAMTON NY
135 AM EDT SAT AUG 30 2014


...................................

...THE AVOCA PA CLIMATE SUMMARY FOR AUGUST 29 2014...

CLIMATE NORMAL PERIOD 1981 TO 2010
CLIMATE RECORD PERIOD 1901 TO 2014


WEATHER ITEM   OBSERVED TIME   RECORD YEAR NORMAL DEPARTURE LAST
                VALUE   (LST)  VALUE       VALUE  FROM      YEAR
                                                  NORMAL
..................................................................
TEMPERATURE (F)
 YESTERDAY
  MAXIMUM         76    537 PM  95    1953  78     -2       85
  MINIMUM         50    622 AM  38    1982  58     -8       67
  AVERAGE         63                        68     -5       76

PRECIPITATION (IN)
  YESTERDAY        0.00          1.95 2006   0.10  -0.10     0.08
  MONTH TO DATE    3.80                      3.20   0.60     1.43
  SINCE JUN 1      8.45                     11.02  -2.57     8.58
  SINCE JAN 1     21.16                     24.82  -3.66    18.35

SNOWFALL (IN)
  YESTERDAY        0.0           0.0  1995   0.0    0.0      0.0
  MONTH TO DATE    0.0                       0.0    0.0      0.0
  SINCE JUN 1      0.0                       0.0    0.0      0.0
  SINCE JUL 1      0.0                       0.0    0.0      0.0

DEGREE DAYS
 HEATING
  YESTERDAY        2                         1      1        0
  MONTH TO DATE    9                        12     -3        8
  SINCE JUN 1     22                        74    -52       30
  SINCE JUL 1     11                        20     -9        9

 COOLING
  YESTERDAY        0                         4     -4       11
  MONTH TO DATE  143                       155    -12      148
  SINCE JUN 1    537                       478     59      613
  SINCE JAN 1    578                       515     63      677
..................................................................


WIND (MPH)
  HIGHEST WIND SPEED    10   HIGHEST WIND DIRECTION     S (160)
  HIGHEST GUST SPEED    18   HIGHEST GUST DIRECTION     S (160)
  AVERAGE WIND SPEED     2.0


SKY COVER
  AVERAGE SKY COVER 0.1



RELATIVE HUMIDITY (PERCENT)
 HIGHEST    89           200 AM
 LOWEST     38           300 PM
 AVERAGE    64

..........................................................


THE AVOCA PA CLIMATE NORMALS FOR TODAY
                         NORMAL    RECORD    YEAR
 MAXIMUM TEMPERATURE (F)   78        96      1953
 MINIMUM TEMPERATURE (F)   58        41      1986
                                             1934


SUNRISE AND SUNSET
AUGUST 30 2014........SUNRISE   627 AM EDT   SUNSET   739 PM EDT
AUGUST 31 2014........SUNRISE   628 AM EDT   SUNSET   737 PM EDT


-  INDICATES NEGATIVE NUMBERS.
R  INDICATES RECORD WAS SET OR TIED.
MM INDICATES DATA IS MISSING.
T  INDICATES TRACE AMOUNT.




$$
