000
CDUS41 KBGM 260545
CLIAVP


CLIMATE REPORT
NATIONAL WEATHER SERVICE BINGHAMTON NY
144 AM EDT THU MAR 26 2015


...................................

...THE AVOCA PA CLIMATE SUMMARY FOR MARCH 25 2015...

CLIMATE NORMAL PERIOD 1981 TO 2010
CLIMATE RECORD PERIOD 1901 TO 2015


WEATHER ITEM   OBSERVED TIME   RECORD YEAR NORMAL DEPARTURE LAST
                VALUE   (LST)  VALUE       VALUE  FROM      YEAR
                                                  NORMAL
..................................................................
TEMPERATURE (F)
 YESTERDAY
  MAXIMUM         44   1032 AM  76    1913  50     -6       34
                                      1910
  MINIMUM         22    623 AM  10    1974  31     -9       15
                                      1960
                                      1906
  AVERAGE         33                        40     -7       25

PRECIPITATION (IN)
  YESTERDAY        0.03          1.14 1909   0.09  -0.06      T
  MONTH TO DATE    1.55                      1.99  -0.44     0.35
  SINCE MAR 1      1.55                      1.99  -0.44     0.35
  SINCE JAN 1      4.55                      6.39  -1.84     5.23

SNOWFALL (IN)
  YESTERDAY        0.0           1.6  2002   0.2   -0.2       T
  MONTH TO DATE    6.4                       8.0   -1.6      0.1
  SINCE MAR 1      6.4                       8.0   -1.6      0.1
  SINCE JUL 1     48.5                      41.9    6.6     55.9

DEGREE DAYS
 HEATING
  YESTERDAY       32                        25      7       40
  MONTH TO DATE  823                       730     93      869
  SINCE MAR 1    823                       730     93      869
  SINCE JUL 1   5520                      5336    184     5692

 COOLING
  YESTERDAY        0                         0      0        0
  MONTH TO DATE    0                         0      0        0
  SINCE MAR 1      0                         0      0        0
  SINCE JAN 1      0                         0      0        0
..................................................................


WIND (MPH)
  HIGHEST WIND SPEED    18   HIGHEST WIND DIRECTION     S (200)
  HIGHEST GUST SPEED    27   HIGHEST GUST DIRECTION     S (190)
  AVERAGE WIND SPEED     5.8


SKY COVER
  AVERAGE SKY COVER 0.5



RELATIVE HUMIDITY (PERCENT)
 HIGHEST    76           500 PM
 LOWEST     29          1100 AM
 AVERAGE    53

..........................................................


THE AVOCA PA CLIMATE NORMALS FOR TODAY
                         NORMAL    RECORD    YEAR
 MAXIMUM TEMPERATURE (F)   50        76      1945
                                             1919
 MINIMUM TEMPERATURE (F)   31         8      1960


SUNRISE AND SUNSET
MARCH 26 2015.........SUNRISE   657 AM EDT   SUNSET   721 PM EDT
MARCH 27 2015.........SUNRISE   655 AM EDT   SUNSET   722 PM EDT


-  INDICATES NEGATIVE NUMBERS.
R  INDICATES RECORD WAS SET OR TIED.
MM INDICATES DATA IS MISSING.
T  INDICATES TRACE AMOUNT.

$$
