000
CDUS41 KBGM 300549
CLIAVP


CLIMATE REPORT
NATIONAL WEATHER SERVICE BINGHAMTON NY
1248 AM EST FRI JAN 30 2015


...................................

...THE AVOCA PA CLIMATE SUMMARY FOR JANUARY 29 2015...

CLIMATE NORMAL PERIOD 1981 TO 2010
CLIMATE RECORD PERIOD 1901 TO 2015


WEATHER ITEM   OBSERVED TIME   RECORD YEAR NORMAL DEPARTURE LAST
                VALUE   (LST)  VALUE       VALUE  FROM      YEAR
                                                  NORMAL
..................................................................
TEMPERATURE (F)
 YESTERDAY
  MAXIMUM         32    519 PM  62    2002  34     -2       16
  MINIMUM          2    652 AM  -7    1977  19    -17        2
                                      1963
  AVERAGE         17                        26     -9        9

PRECIPITATION (IN)
  YESTERDAY        0.02          1.36 1990   0.09  -0.07     0.00
  MONTH TO DATE    1.72                      2.21  -0.49     2.11
  SINCE DEC 1      4.50                      4.89  -0.39     5.45
  SINCE JAN 1      1.72                      2.21  -0.49     2.11

SNOWFALL (IN)
  YESTERDAY        0.4           4.2  1990   0.5   -0.1      0.0
  MONTH TO DATE   12.8                      13.3   -0.5     13.0
  SINCE DEC 1     17.2                      20.7   -3.5     23.8
  SINCE JUL 1     26.1                      23.7    2.4     26.5

DEGREE DAYS
 HEATING
  YESTERDAY       48                        39      9       56
  MONTH TO DATE 1188                      1130     58     1268
  SINCE DEC 1   2090                      2195   -105     2306
  SINCE JUL 1   3280                      3508   -228     3582

 COOLING
  YESTERDAY        0                         0      0        0
  MONTH TO DATE    0                         0      0        0
  SINCE DEC 1      0                         0      0        0
  SINCE JAN 1      0                         0      0        0
..................................................................


WIND (MPH)
  HIGHEST WIND SPEED    14   HIGHEST WIND DIRECTION    SW (220)
  HIGHEST GUST SPEED    21   HIGHEST GUST DIRECTION    SW (230)
  AVERAGE WIND SPEED     4.1


SKY COVER
  AVERAGE SKY COVER 0.5



RELATIVE HUMIDITY (PERCENT)
 HIGHEST    83           600 AM
 LOWEST     26           400 PM
 AVERAGE    55

..........................................................


THE AVOCA PA CLIMATE NORMALS FOR TODAY
                         NORMAL    RECORD    YEAR
 MAXIMUM TEMPERATURE (F)   34        67      2013
 MINIMUM TEMPERATURE (F)   19        -3      1948


SUNRISE AND SUNSET
JANUARY 30 2015.......SUNRISE   716 AM EST   SUNSET   516 PM EST
JANUARY 31 2015.......SUNRISE   715 AM EST   SUNSET   518 PM EST


-  INDICATES NEGATIVE NUMBERS.
R  INDICATES RECORD WAS SET OR TIED.
MM INDICATES DATA IS MISSING.
T  INDICATES TRACE AMOUNT.




$$
