000
CDUS41 KBGM 192129
CLIAVP


CLIMATE REPORT
NATIONAL WEATHER SERVICE BINGHAMTON NY
529 PM EDT SUN MAR 19 2017


...................................

...THE AVOCA PA CLIMATE SUMMARY FOR MARCH 19 2017...
VALID TODAY AS OF 0500 PM LOCAL TIME.

CLIMATE NORMAL PERIOD 1981 TO 2010
CLIMATE RECORD PERIOD 1901 TO 2017


WEATHER ITEM   OBSERVED TIME   RECORD YEAR NORMAL DEPARTURE LAST
                VALUE   (LST)  VALUE       VALUE  FROM      YEAR
                                                  NORMAL
..................................................................
TEMPERATURE (F)
 TODAY
  MAXIMUM         44    400 PM  74    2012  47     -3       44
                                      1918
  MINIMUM         30    641 AM  -4    1967  28      2       28
  AVERAGE         37                        38     -1       36

PRECIPITATION (IN)
  TODAY            0.00          1.35 2012   0.09  -0.09     0.00
  MONTH TO DATE    3.67                      1.45   2.22     1.34
  SINCE MAR 1      3.67                      1.45   2.22     1.34
  SINCE JAN 1      9.90                      5.85   4.05     7.14

SNOWFALL (IN)
  TODAY            0.0           3.0  1971   0.3   -0.3      0.0
  MONTH TO DATE   30.4                       6.6   23.8      1.3
  SINCE MAR 1     30.4                       6.6   23.8      1.3
  SINCE JUL 1     55.2                      40.5   14.7     13.3

DEGREE DAYS
 HEATING
  TODAY           28                        27      1       29
  MONTH TO DATE  639                       575     64      399
  SINCE MAR 1    639                       575     64      399
  SINCE JUL 1   4394                      5181   -787     3969

 COOLING
  TODAY            0                         0      0        0
  MONTH TO DATE    0                         0      0        0
  SINCE MAR 1      0                         0      0        0
  SINCE JAN 1      0                         0      0        0
..................................................................


WIND (MPH)
  HIGHEST WIND SPEED    14   HIGHEST WIND DIRECTION    NW (330)
  HIGHEST GUST SPEED    19   HIGHEST GUST DIRECTION     N (340)
  AVERAGE WIND SPEED     7.1


SKY COVER
  AVERAGE SKY COVER 0.9


WEATHER CONDITIONS
 THE FOLLOWING WEATHER WAS RECORDED TODAY.
  NO SIGNIFICANT WEATHER WAS OBSERVED.


RELATIVE HUMIDITY (PERCENT)
 HIGHEST    78           300 AM
 LOWEST     53           200 PM
 AVERAGE    66

..........................................................


THE AVOCA PA CLIMATE NORMALS FOR TOMORROW
                         NORMAL    RECORD    YEAR
 MAXIMUM TEMPERATURE (F)   48        76      1918
 MINIMUM TEMPERATURE (F)   29         8      1949


SUNRISE AND SUNSET
MARCH 19 2017.........SUNRISE   708 AM EDT   SUNSET   714 PM EDT
MARCH 20 2017.........SUNRISE   706 AM EDT   SUNSET   715 PM EDT


-  INDICATES NEGATIVE NUMBERS.
R  INDICATES RECORD WAS SET OR TIED.
MM INDICATES DATA IS MISSING.
T  INDICATES TRACE AMOUNT.




$$
