000
CDUS41 KBGM 102117
CLIAVP


CLIMATE REPORT
NATIONAL WEATHER SERVICE BINGHAMTON NY
517 PM EDT TUE OCT 10 2017


...................................

...THE AVOCA PA CLIMATE SUMMARY FOR OCTOBER 10 2017...
VALID TODAY AS OF 0500 PM LOCAL TIME.

CLIMATE NORMAL PERIOD 1981 TO 2010
CLIMATE RECORD PERIOD 1901 TO 2017


WEATHER ITEM   OBSERVED TIME   RECORD YEAR NORMAL DEPARTURE LAST
                VALUE   (LST)  VALUE       VALUE  FROM      YEAR
                                                  NORMAL
..................................................................
TEMPERATURE (F)
 TODAY
  MAXIMUM         79    334 PM  87    1949  63     16       59
  MINIMUM         64    629 AM  28    1925  43     21       39
  AVERAGE         72                        53     19       49

PRECIPITATION (IN)
  TODAY            0.00          1.21 1971   0.12  -0.12     0.00
  MONTH TO DATE    1.13                      1.17  -0.04     0.67
  SINCE SEP 1      2.85                      5.24  -2.39     3.67
  SINCE JAN 1     32.97                     30.27   2.70    25.23

SNOWFALL (IN)
  TODAY            0.0           T    1993   0.0    0.0      0.0
                                      1964
  MONTH TO DATE    0.0                       0.0    0.0      0.0
  SINCE SEP 1      0.0                       0.0    0.0      0.0
  SINCE JUL 1      0.0                       0.0    0.0      0.0

DEGREE DAYS
 HEATING
  TODAY            0                        12    -12       16
  MONTH TO DATE   28                       108    -80       62
  SINCE SEP 1    120                       244   -124      121
  SINCE JUL 1    137                       270   -133      122

 COOLING
  TODAY            7                         0      7        0
  MONTH TO DATE   38                         0     38        0
  SINCE SEP 1    166                        52    114      127
  SINCE JAN 1    805                       576    229      993
..................................................................


WIND (MPH)
  HIGHEST WIND SPEED    10   HIGHEST WIND DIRECTION     N (340)
  HIGHEST GUST SPEED    14   HIGHEST GUST DIRECTION    NW (300)
  AVERAGE WIND SPEED     3.9


SKY COVER
  AVERAGE SKY COVER 0.7


WEATHER CONDITIONS
 THE FOLLOWING WEATHER WAS RECORDED TODAY.
  NO SIGNIFICANT WEATHER WAS OBSERVED.


RELATIVE HUMIDITY (PERCENT)
 HIGHEST    93           200 AM
 LOWEST     52           200 PM
 AVERAGE    73

..........................................................


THE AVOCA PA CLIMATE NORMALS FOR TOMORROW
                         NORMAL    RECORD    YEAR
 MAXIMUM TEMPERATURE (F)   62        86      1949
 MINIMUM TEMPERATURE (F)   42        26      1956


SUNRISE AND SUNSET
OCTOBER 10 2017.......SUNRISE   709 AM EDT   SUNSET   629 PM EDT
OCTOBER 11 2017.......SUNRISE   711 AM EDT   SUNSET   628 PM EDT


-  INDICATES NEGATIVE NUMBERS.
R  INDICATES RECORD WAS SET OR TIED.
MM INDICATES DATA IS MISSING.
T  INDICATES TRACE AMOUNT.




$$
