000
CDUS41 KBGM 210243
CLIAVP


CLIMATE REPORT
NATIONAL WEATHER SERVICE BINGHAMTON NY
1043 PM EDT THU APR 20 2017


...................................

...THE AVOCA PA CLIMATE SUMMARY FOR APRIL 20 2017...
VALID AS OF 1000 PM LOCAL TIME.

CLIMATE NORMAL PERIOD 1981 TO 2010
CLIMATE RECORD PERIOD 1901 TO 2017


WEATHER ITEM   OBSERVED TIME   RECORD YEAR NORMAL DEPARTURE LAST
                VALUE   (LST)  VALUE       VALUE  FROM      YEAR
                                                  NORMAL
..................................................................
TEMPERATURE (F)
 TODAY
  MAXIMUM         71    329 PM  91    1941  61     10       69
  MINIMUM         51    209 AM  22    1904  40     11       35
  AVERAGE         61                        50     11       52

PRECIPITATION (IN)
  TODAY            0.09          1.24 2015   0.11  -0.02     0.00
  MONTH TO DATE    2.02                      2.21  -0.19     2.13
  SINCE MAR 1      7.47                      4.76   2.71     3.91
  SINCE JAN 1     13.70                      9.16   4.54     9.71

SNOWFALL (IN)
  TODAY            0.0           5.0  1983   0.1   -0.1      0.0
  MONTH TO DATE    0.1                       2.5   -2.4      2.2
  SINCE MAR 1     30.7                      11.5   19.2      3.5
  SINCE JUL 1     55.5                      45.4   10.1     15.5

DEGREE DAYS
 HEATING
  TODAY            4                        15    -11       13
  MONTH TO DATE  229                       368   -139      395
  SINCE MAR 1   1164                      1239    -75     1026
  SINCE JUL 1   4919                      5845   -926     4596

 COOLING
  TODAY            0                         0      0        0
  MONTH TO DATE   10                         0     10        0
  SINCE MAR 1     10                         0     10        0
  SINCE JAN 1     10                         0     10        0
..................................................................


WIND (MPH)
  HIGHEST WIND SPEED    15   HIGHEST WIND DIRECTION    SE (140)
  HIGHEST GUST SPEED    24   HIGHEST GUST DIRECTION    SE (150)
  AVERAGE WIND SPEED     3.5


SKY COVER
  AVERAGE SKY COVER 0.9


WEATHER CONDITIONS
 THE FOLLOWING WEATHER WAS RECORDED TODAY.
  LIGHT RAIN
  FOG
  HAZE


RELATIVE HUMIDITY (PERCENT)
 HIGHEST   100           500 AM
 LOWEST     61           300 PM
 AVERAGE    81

..........................................................


THE AVOCA PA CLIMATE NORMALS FOR TOMORROW
                         NORMAL    RECORD    YEAR
 MAXIMUM TEMPERATURE (F)   62        85      1985
                                             1976
 MINIMUM TEMPERATURE (F)   40        26      1925


SUNRISE AND SUNSET
APRIL 20 2017.........SUNRISE   615 AM EDT   SUNSET   749 PM EDT
APRIL 21 2017.........SUNRISE   614 AM EDT   SUNSET   750 PM EDT


-  INDICATES NEGATIVE NUMBERS.
R  INDICATES RECORD WAS SET OR TIED.
MM INDICATES DATA IS MISSING.
T  INDICATES TRACE AMOUNT.




$$
