000
CDUS41 KBGM 210225
CLIAVP


CLIMATE REPORT
NATIONAL WEATHER SERVICE BINGHAMTON NY
1025 PM EDT MON OCT 20 2014


...................................

...THE AVOCA PA CLIMATE SUMMARY FOR OCTOBER 19 2014...

CLIMATE NORMAL PERIOD 1981 TO 2010
CLIMATE RECORD PERIOD 1901 TO 2014


WEATHER ITEM   OBSERVED TIME   RECORD YEAR NORMAL DEPARTURE LAST
                VALUE   (LST)  VALUE       VALUE  FROM      YEAR
                                                  NORMAL
..................................................................
TEMPERATURE (F)
 YESTERDAY
  MAXIMUM         50    252 PM  81    1963  60    -10       64
  MINIMUM         33   1159 PM  22    1974  40     -7       40
  AVERAGE         42                        50     -8       52

PRECIPITATION (IN)
  YESTERDAY        T             3.09 1996   0.10  -0.10     0.09
  MONTH TO DATE    3.38                      2.14   1.24     1.29
  SINCE SEP 1      4.07                      6.21  -2.14     2.86
  SINCE JAN 1     25.63                     31.24  -5.61    21.21

SNOWFALL (IN)
  YESTERDAY        0.0           0.2  1972   0.0    0.0      0.0
  MONTH TO DATE    0.0                       0.0    0.0      0.0
  SINCE SEP 1      0.0                       0.0    0.0      0.0
  SINCE JUL 1      0.0                       0.0    0.0      0.0

DEGREE DAYS
 HEATING
  YESTERDAY       23                        15      8       13
  MONTH TO DATE  147                       234    -87       87
  SINCE SEP 1    249                       370   -121      240
  SINCE JUL 1    260                       396   -136      249

 COOLING
  YESTERDAY        0                         0      0        0
  MONTH TO DATE   11                         0     11       24
  SINCE SEP 1    100                        52     48       93
  SINCE JAN 1    686                       576    110      795
..................................................................


WIND (MPH)
  HIGHEST WIND SPEED    23   HIGHEST WIND DIRECTION    NW (320)
  HIGHEST GUST SPEED    32   HIGHEST GUST DIRECTION    NW (300)
  AVERAGE WIND SPEED    10.3


SKY COVER
  AVERAGE SKY COVER 0.6



RELATIVE HUMIDITY (PERCENT)
 HIGHEST    82          1100 PM
 LOWEST     42           200 PM
 AVERAGE    62

..........................................................


THE AVOCA PA CLIMATE NORMALS FOR TODAY
                         NORMAL    RECORD    YEAR
 MAXIMUM TEMPERATURE (F)   59        79      1963
 MINIMUM TEMPERATURE (F)   40        19      1972


SUNRISE AND SUNSET
OCTOBER 20 2014.......SUNRISE   720 AM EDT   SUNSET   614 PM EDT
OCTOBER 21 2014.......SUNRISE   721 AM EDT   SUNSET   613 PM EDT


-  INDICATES NEGATIVE NUMBERS.
R  INDICATES RECORD WAS SET OR TIED.
MM INDICATES DATA IS MISSING.
T  INDICATES TRACE AMOUNT.




$$
