000
CDUS41 KBGM 130548
CLIAVP


CLIMATE REPORT
NATIONAL WEATHER SERVICE BINGHAMTON NY
1248 AM EST MON FEB 13 2017


...................................

...THE AVOCA PA CLIMATE SUMMARY FOR FEBRUARY 12 2017...

CLIMATE NORMAL PERIOD 1981 TO 2010
CLIMATE RECORD PERIOD 1901 TO 2017


WEATHER ITEM   OBSERVED TIME   RECORD YEAR NORMAL DEPARTURE LAST
                VALUE   (LST)  VALUE       VALUE  FROM      YEAR
                                                  NORMAL
..................................................................
TEMPERATURE (F)
 YESTERDAY
  MAXIMUM         38    343 AM  62    1999  36      2       19
                                      1918
  MINIMUM         34   1017 PM -12    1979  20     14        8
  AVERAGE         36                        28      8       14

PRECIPITATION (IN)
  YESTERDAY        0.70          1.08 1985   0.08   0.62      T
  MONTH TO DATE    1.48                      0.92   0.56     0.78
  SINCE DEC 1      6.79                      5.97   0.82     5.12
  SINCE JAN 1      4.73                      3.29   1.44     2.57

SNOWFALL (IN)
  YESTERDAY        T             6.5  1988   0.3   -0.3      0.1
  MONTH TO DATE    8.2                       4.1    4.1      4.6
  SINCE DEC 1     19.0                      25.7   -6.7      9.9
  SINCE JUL 1     24.7                      28.7   -4.0      9.9

DEGREE DAYS
 HEATING
  YESTERDAY       29                        37     -8       51
  MONTH TO DATE  397                       453    -56      388
  SINCE DEC 1   2378                      2731   -353     2151
  SINCE JUL 1   3396                      4044   -648     3059

 COOLING
  YESTERDAY        0                         0      0        0
  MONTH TO DATE    0                         0      0        0
  SINCE DEC 1      0                         0      0        0
  SINCE JAN 1      0                         0      0        0
..................................................................


WIND (MPH)
  HIGHEST WIND SPEED    14   HIGHEST WIND DIRECTION     W (250)
  HIGHEST GUST SPEED    23   HIGHEST GUST DIRECTION     E (70)
  AVERAGE WIND SPEED     5.7


SKY COVER
  AVERAGE SKY COVER 0.9



RELATIVE HUMIDITY (PERCENT)
 HIGHEST   100           600 PM
 LOWEST     64           100 AM
 AVERAGE    82

..........................................................


THE AVOCA PA CLIMATE NORMALS FOR TODAY
                         NORMAL    RECORD    YEAR
 MAXIMUM TEMPERATURE (F)   36        59      1937
 MINIMUM TEMPERATURE (F)   20        -6      1914


SUNRISE AND SUNSET
FEBRUARY 13 2017......SUNRISE   700 AM EST   SUNSET   535 PM EST
FEBRUARY 14 2017......SUNRISE   659 AM EST   SUNSET   536 PM EST


-  INDICATES NEGATIVE NUMBERS.
R  INDICATES RECORD WAS SET OR TIED.
MM INDICATES DATA IS MISSING.
T  INDICATES TRACE AMOUNT.




$$
