997
CDUS41 KBGM 212131
CLIAVP


CLIMATE REPORT
NATIONAL WEATHER SERVICE BINGHAMTON NY
531 PM EDT FRI APR 21 2017


...................................

...THE AVOCA PA CLIMATE SUMMARY FOR APRIL 21 2017...
VALID TODAY AS OF 0500 PM LOCAL TIME.

CLIMATE NORMAL PERIOD 1981 TO 2010
CLIMATE RECORD PERIOD 1901 TO 2017


WEATHER ITEM   OBSERVED TIME   RECORD YEAR NORMAL DEPARTURE LAST
                VALUE   (LST)  VALUE       VALUE  FROM      YEAR
                                                  NORMAL
..................................................................
TEMPERATURE (F)
 TODAY
  MAXIMUM         69    158 PM  85    1985  62      7       75
                                      1976
  MINIMUM         53    712 AM  26    1925  40     13       38
  AVERAGE         61                        51     10       57

PRECIPITATION (IN)
  TODAY            0.88          1.04 1991   0.11   0.77      T
  MONTH TO DATE    2.90                      2.32   0.58     2.13
  SINCE MAR 1      8.35                      4.87   3.48     3.91
  SINCE JAN 1     14.58                      9.27   5.31     9.71

SNOWFALL (IN)
  TODAY            0.0           0.1  1991   0.1   -0.1      0.0
  MONTH TO DATE    0.1                       2.6   -2.5      2.2
  SINCE MAR 1     30.7                      11.6   19.1      3.5
  SINCE JUL 1     55.5                      45.5   10.0     15.5

DEGREE DAYS
 HEATING
  TODAY            4                        14    -10        8
  MONTH TO DATE  233                       382   -149      403
  SINCE MAR 1   1168                      1253    -85     1034
  SINCE JUL 1   4923                      5859   -936     4604

 COOLING
  TODAY            0                         0      0        0
  MONTH TO DATE   10                         0     10        0
  SINCE MAR 1     10                         0     10        0
  SINCE JAN 1     10                         0     10        0
..................................................................


WIND (MPH)
  HIGHEST WIND SPEED    23   HIGHEST WIND DIRECTION    NW (330)
  HIGHEST GUST SPEED    26   HIGHEST GUST DIRECTION    NW (320)
  AVERAGE WIND SPEED     5.8


SKY COVER
  AVERAGE SKY COVER 1.0


WEATHER CONDITIONS
 THE FOLLOWING WEATHER WAS RECORDED TODAY.
  HEAVY RAIN
  RAIN
  LIGHT RAIN
  FOG
  HAZE


RELATIVE HUMIDITY (PERCENT)
 HIGHEST    93           200 AM
 LOWEST     63           300 PM
 AVERAGE    78

..........................................................


THE AVOCA PA CLIMATE NORMALS FOR TOMORROW
                         NORMAL    RECORD    YEAR
 MAXIMUM TEMPERATURE (F)   62        87      1902
 MINIMUM TEMPERATURE (F)   41        25      1904


SUNRISE AND SUNSET
APRIL 21 2017.........SUNRISE   614 AM EDT   SUNSET   750 PM EDT
APRIL 22 2017.........SUNRISE   612 AM EDT   SUNSET   751 PM EDT


-  INDICATES NEGATIVE NUMBERS.
R  INDICATES RECORD WAS SET OR TIED.
MM INDICATES DATA IS MISSING.
T  INDICATES TRACE AMOUNT.




$$
