000
CDUS41 KBGM 190345
CLIAVP


CLIMATE REPORT
NATIONAL WEATHER SERVICE BINGHAMTON NY
1045 PM EST SAT FEB 18 2017


...................................

...THE AVOCA PA CLIMATE SUMMARY FOR FEBRUARY 18 2017...
VALID AS OF 1000 PM LOCAL TIME.

CLIMATE NORMAL PERIOD 1981 TO 2010
CLIMATE RECORD PERIOD 1901 TO 2017


WEATHER ITEM   OBSERVED TIME   RECORD YEAR NORMAL DEPARTURE LAST
                VALUE   (LST)  VALUE       VALUE  FROM      YEAR
                                                  NORMAL
..................................................................
TEMPERATURE (F)
 TODAY
  MAXIMUM         63    419 PM  64    1981  37     26       29
  MINIMUM         25    603 AM -16    1979  21      4       17
  AVERAGE         44                        29     15       23

PRECIPITATION (IN)
  TODAY            0.00          0.62 1956   0.06  -0.06     0.01
  MONTH TO DATE    1.49                      1.33   0.16     2.38
  SINCE DEC 1      6.80                      6.38   0.42     6.72
  SINCE JAN 1      4.74                      3.70   1.04     4.17

SNOWFALL (IN)
  TODAY            0.0           4.3  1960   0.3   -0.3       T
  MONTH TO DATE    8.2                       5.9    2.3      6.6
  SINCE DEC 1     19.0                      27.5   -8.5     11.9
  SINCE JUL 1     24.7                      30.5   -5.8     11.9

DEGREE DAYS
 HEATING
  TODAY           21                        36    -15       42
  MONTH TO DATE  581                       671    -90      617
  SINCE DEC 1   2562                      2949   -387     2380
  SINCE JUL 1   3580                      4262   -682     3288

 COOLING
  TODAY            0                         0      0        0
  MONTH TO DATE    0                         0      0        0
  SINCE DEC 1      0                         0      0        0
  SINCE JAN 1      0                         0      0        0
..................................................................


WIND (MPH)
  HIGHEST WIND SPEED    18   HIGHEST WIND DIRECTION    SW (230)
  HIGHEST GUST SPEED    27   HIGHEST GUST DIRECTION    SW (240)
  AVERAGE WIND SPEED     6.1


SKY COVER
  AVERAGE SKY COVER 0.0


WEATHER CONDITIONS
 THE FOLLOWING WEATHER WAS RECORDED TODAY.
  NO SIGNIFICANT WEATHER WAS OBSERVED.


RELATIVE HUMIDITY (PERCENT)
 HIGHEST    81           300 AM
 LOWEST     34           400 PM
 AVERAGE    58

..........................................................


THE AVOCA PA CLIMATE NORMALS FOR TOMORROW
                         NORMAL    RECORD    YEAR
 MAXIMUM TEMPERATURE (F)   38        60      1997
                                             1981
 MINIMUM TEMPERATURE (F)   21        -3      1936
                                             1903


SUNRISE AND SUNSET
FEBRUARY 18 2017......SUNRISE   653 AM EST   SUNSET   541 PM EST
FEBRUARY 19 2017......SUNRISE   652 AM EST   SUNSET   542 PM EST


-  INDICATES NEGATIVE NUMBERS.
R  INDICATES RECORD WAS SET OR TIED.
MM INDICATES DATA IS MISSING.
T  INDICATES TRACE AMOUNT.




$$
