000
CDUS41 KBGM 162140
CLIAVP


CLIMATE REPORT
NATIONAL WEATHER SERVICE BINGHAMTON NY
539 PM EDT SAT AUG 16 2014


...................................

...THE AVOCA PA CLIMATE SUMMARY FOR AUGUST 16 2014...
VALID TODAY AS OF 0500 PM LOCAL TIME.

CLIMATE NORMAL PERIOD 1981 TO 2010
CLIMATE RECORD PERIOD 1901 TO 2014


WEATHER ITEM   OBSERVED TIME   RECORD YEAR NORMAL DEPARTURE LAST
                VALUE   (LST)  VALUE       VALUE  FROM      YEAR
                                                  NORMAL
..................................................................
TEMPERATURE (F)
 TODAY
  MAXIMUM         75    355 PM  93    1938  80     -5       79
  MINIMUM         50    555 AM  49    1979  60    -10       51
                                      1945
                                      1927
  AVERAGE         63                        70     -7       65

PRECIPITATION (IN)
  TODAY            0.00          3.18 1966   0.11  -0.11     0.00
  MONTH TO DATE    2.25                      1.83   0.42     0.80
  SINCE JUN 1      6.90                      9.65  -2.75     7.95
  SINCE JAN 1     19.61                     23.45  -3.84    17.72

SNOWFALL (IN)
  TODAY            0.0           0.0  1995   0.0    0.0      0.0
  MONTH TO DATE    0.0                       0.0    0.0      0.0
  SINCE JUN 1      0.0                       0.0    0.0      0.0
  SINCE JUL 1      0.0                       0.0    0.0      0.0

DEGREE DAYS
 HEATING
  TODAY            2                         0      2        0
  MONTH TO DATE    7                         0      7        8
  SINCE JUN 1     20                        62    -42       30
  SINCE JUL 1      9                         8      1        9

 COOLING
  TODAY            0                         5     -5        0
  MONTH TO DATE   80                        95    -15       61
  SINCE JUN 1    474                       418     56      526
  SINCE JAN 1    515                       455     60      590
..................................................................


WIND (MPH)
  HIGHEST WIND SPEED    15   HIGHEST WIND DIRECTION     W (250)
  HIGHEST GUST SPEED    20   HIGHEST GUST DIRECTION     W (260)
  AVERAGE WIND SPEED     4.6


SKY COVER
  AVERAGE SKY COVER 0.0


WEATHER CONDITIONS
 THE FOLLOWING WEATHER WAS RECORDED TODAY.
  NO SIGNIFICANT WEATHER WAS OBSERVED.


RELATIVE HUMIDITY (PERCENT)
 HIGHEST    93           400 AM
 LOWEST     36           400 PM
 AVERAGE    65

..........................................................


THE AVOCA PA CLIMATE NORMALS FOR TOMORROW
                         NORMAL    RECORD    YEAR
 MAXIMUM TEMPERATURE (F)   80        95      1913
 MINIMUM TEMPERATURE (F)   60        43      1979


SUNRISE AND SUNSET
AUGUST 16 2014........SUNRISE   613 AM EDT   SUNSET   801 PM EDT
AUGUST 17 2014........SUNRISE   614 AM EDT   SUNSET   759 PM EDT


-  INDICATES NEGATIVE NUMBERS.
R  INDICATES RECORD WAS SET OR TIED.
MM INDICATES DATA IS MISSING.
T  INDICATES TRACE AMOUNT.




$$
