000
CDUS41 KBGM 242221
CLIAVP


CLIMATE REPORT
NATIONAL WEATHER SERVICE BINGHAMTON NY
521 PM EST WED DEC 24 2014


...................................

...THE AVOCA PA CLIMATE SUMMARY FOR DECEMBER 24 2014...
VALID TODAY AS OF 0500 PM LOCAL TIME.

CLIMATE NORMAL PERIOD 1981 TO 2010
CLIMATE RECORD PERIOD 1901 TO 2014


WEATHER ITEM   OBSERVED TIME   RECORD YEAR NORMAL DEPARTURE LAST
                VALUE   (LST)  VALUE       VALUE  FROM      YEAR
                                                  NORMAL
..................................................................
TEMPERATURE (F)
 TODAY
  MAXIMUM         53    355 PM  62    1933  35     18       33
  MINIMUM         46    812 AM  -9    1989  21     25       17
  AVERAGE         50                        28     22       25

PRECIPITATION (IN)
  TODAY            0.42          0.92 1910   0.08   0.34      T
  MONTH TO DATE    2.61                      2.15   0.46     2.36
  SINCE DEC 1      2.61                      2.15   0.46     2.36
  SINCE JAN 1     30.88                     37.73  -6.85    26.59

SNOWFALL (IN)
  TODAY           MM             5.9  1966   0.3   MM        0.2
  MONTH TO DATE    4.4                       5.0   -0.6      9.2
  SINCE DEC 1      4.4                       5.0   -0.6      9.2
  SINCE JUL 1     13.3                       8.0    5.3     11.9

DEGREE DAYS
 HEATING
  TODAY           15                        37    -22       40
  MONTH TO DATE  709                       801    -92      780
  SINCE DEC 1    709                       801    -92      780
  SINCE JUL 1   1899                      2114   -215     2056

 COOLING
  TODAY            0                         0      0        0
  MONTH TO DATE    0                         0      0        0
  SINCE DEC 1      0                         0      0        0
  SINCE JAN 1    686                       580    106      795
..................................................................


WIND (MPH)
  HIGHEST WIND SPEED    12   HIGHEST WIND DIRECTION    NE (40)
  HIGHEST GUST SPEED    16   HIGHEST GUST DIRECTION    NE (40)
  AVERAGE WIND SPEED     6.2


SKY COVER
  AVERAGE SKY COVER 1.0


WEATHER CONDITIONS
 THE FOLLOWING WEATHER WAS RECORDED TODAY.
  HEAVY RAIN
  RAIN
  LIGHT RAIN
  FOG


RELATIVE HUMIDITY (PERCENT)
 HIGHEST    89           500 PM
 LOWEST     80           100 AM
 AVERAGE    85

..........................................................


THE AVOCA PA CLIMATE NORMALS FOR TOMORROW
                         NORMAL    RECORD    YEAR
 MAXIMUM TEMPERATURE (F)   35        62      1964
 MINIMUM TEMPERATURE (F)   21        -7      1980
                                             1969


SUNRISE AND SUNSET
DECEMBER 24 2014......SUNRISE   727 AM EST   SUNSET   438 PM EST
DECEMBER 25 2014......SUNRISE   727 AM EST   SUNSET   439 PM EST


-  INDICATES NEGATIVE NUMBERS.
R  INDICATES RECORD WAS SET OR TIED.
MM INDICATES DATA IS MISSING.
T  INDICATES TRACE AMOUNT.




$$
