000
CDUS41 KBGM 162117
CLIAVP


CLIMATE REPORT
NATIONAL WEATHER SERVICE BINGHAMTON NY
517 PM EDT SAT SEP 16 2017


...................................

...THE AVOCA PA CLIMATE SUMMARY FOR SEPTEMBER 16 2017...
VALID TODAY AS OF 0500 PM LOCAL TIME.

CLIMATE NORMAL PERIOD 1981 TO 2010
CLIMATE RECORD PERIOD 1901 TO 2017


WEATHER ITEM   OBSERVED TIME   RECORD YEAR NORMAL DEPARTURE LAST
                VALUE   (LST)  VALUE       VALUE  FROM      YEAR
                                                  NORMAL
..................................................................
TEMPERATURE (F)
 TODAY
  MAXIMUM         82   1218 PM  90    1991  72     10       75
                                      1939
                                      1915
  MINIMUM         61    557 AM  37    1964  52      9       49
  AVERAGE         72                        62     10       62

PRECIPITATION (IN)
  TODAY            T             4.91 1999   0.15  -0.15     0.00
  MONTH TO DATE    1.65                      2.10  -0.45     0.86
  SINCE SEP 1      1.65                      2.10  -0.45     0.86
  SINCE JAN 1     31.77                     27.13   4.64    22.42

SNOWFALL (IN)
  TODAY            0.0           0.0    MM   0.0    0.0      0.0
  MONTH TO DATE    0.0                       0.0    0.0      0.0
  SINCE SEP 1      0.0                       0.0    0.0      0.0
  SINCE JUL 1      0.0                       0.0    0.0      0.0

DEGREE DAYS
 HEATING
  TODAY            0                         4     -4        3
  MONTH TO DATE   64                        42     22        8
  SINCE SEP 1     64                        42     22        8
  SINCE JUL 1     81                        68     13        9

 COOLING
  TODAY            7                         1      6        0
  MONTH TO DATE   29                        40    -11       86
  SINCE SEP 1     29                        40    -11       86
  SINCE JAN 1    668                       564    104      952
..................................................................


WIND (MPH)
  HIGHEST WIND SPEED    10   HIGHEST WIND DIRECTION    NE (40)
  HIGHEST GUST SPEED    12   HIGHEST GUST DIRECTION    NE (40)
  AVERAGE WIND SPEED     1.7


SKY COVER
  AVERAGE SKY COVER 0.4


WEATHER CONDITIONS
 THE FOLLOWING WEATHER WAS RECORDED TODAY.
  LIGHT RAIN
  FOG


RELATIVE HUMIDITY (PERCENT)
 HIGHEST   100           600 AM
 LOWEST     58          1200 PM
 AVERAGE    79

..........................................................


THE AVOCA PA CLIMATE NORMALS FOR TOMORROW
                         NORMAL    RECORD    YEAR
 MAXIMUM TEMPERATURE (F)   72        87      1991
                                             1942
 MINIMUM TEMPERATURE (F)   52        36      2013
                                             1986


SUNRISE AND SUNSET
SEPTEMBER 16 2017.....SUNRISE   645 AM EDT   SUNSET   710 PM EDT
SEPTEMBER 17 2017.....SUNRISE   646 AM EDT   SUNSET   708 PM EDT


-  INDICATES NEGATIVE NUMBERS.
R  INDICATES RECORD WAS SET OR TIED.
MM INDICATES DATA IS MISSING.
T  INDICATES TRACE AMOUNT.




$$
