000
CDUS41 KBGM 200534
CLIAVP


CLIMATE REPORT
NATIONAL WEATHER SERVICE BINGHAMTON NY
133 AM EDT SUN JUL 20 2014


...................................

...THE AVOCA PA CLIMATE SUMMARY FOR JULY 19 2014...

CLIMATE NORMAL PERIOD 1981 TO 2010
CLIMATE RECORD PERIOD 1901 TO 2014


WEATHER ITEM   OBSERVED TIME   RECORD YEAR NORMAL DEPARTURE LAST
                VALUE   (LST)  VALUE       VALUE  FROM      YEAR
                                                  NORMAL
..................................................................
TEMPERATURE (F)
 YESTERDAY
  MAXIMUM         80    259 PM  95    1991  82     -2       94
                                      1964
  MINIMUM         61    528 AM  50    1925  61      0       71
                                      1924
  AVERAGE         71                        72     -1       83

PRECIPITATION (IN)
  YESTERDAY        T             1.81 1945   0.13  -0.13     0.00
  MONTH TO DATE    2.25                      2.25   0.00     0.71
  SINCE JUN 1      4.41                      6.28  -1.87     6.12
  SINCE JAN 1     17.12                     20.08  -2.96    15.89

SNOWFALL (IN)
  YESTERDAY        0.0           0.0  1995   0.0    0.0      0.0
  MONTH TO DATE    0.0                       0.0    0.0      0.0
  SINCE JUN 1      0.0                       0.0    0.0      0.0
  SINCE JUL 1      0.0                       0.0    0.0      0.0

DEGREE DAYS
 HEATING
  YESTERDAY        0                         0      0        0
  MONTH TO DATE    0                         0      0        0
  SINCE JUN 1     11                        54    -43       21
  SINCE JUL 1      0                         0      0        0

 COOLING
  YESTERDAY        6                         7     -1       18
  MONTH TO DATE  157                       128     29      248
  SINCE JUN 1    316                       245     71      384
  SINCE JAN 1    357                       282     75      448
..................................................................


WIND (MPH)
  HIGHEST WIND SPEED    10   HIGHEST WIND DIRECTION    SE (150)
  HIGHEST GUST SPEED    16   HIGHEST GUST DIRECTION     S (160)
  AVERAGE WIND SPEED     3.0


SKY COVER
  AVERAGE SKY COVER 0.2



RELATIVE HUMIDITY (PERCENT)
 HIGHEST    72          1200 AM
 LOWEST     39           100 PM
 AVERAGE    56

..........................................................


THE AVOCA PA CLIMATE NORMALS FOR TODAY
                         NORMAL    RECORD    YEAR
 MAXIMUM TEMPERATURE (F)   82        96      1991
 MINIMUM TEMPERATURE (F)   61        46      1965
                                             1929
                                             1912


SUNRISE AND SUNSET
JULY 20 2014..........SUNRISE   547 AM EDT   SUNSET   831 PM EDT
JULY 21 2014..........SUNRISE   548 AM EDT   SUNSET   830 PM EDT


-  INDICATES NEGATIVE NUMBERS.
R  INDICATES RECORD WAS SET OR TIED.
MM INDICATES DATA IS MISSING.
T  INDICATES TRACE AMOUNT.




$$
