000
CDUS41 KBGM 180527
CLIAVP


CLIMATE REPORT
NATIONAL WEATHER SERVICE BINGHAMTON NY
125 AM EDT SUN SEP 18 2016


...................................

...THE AVOCA PA CLIMATE SUMMARY FOR SEPTEMBER 17 2016...

CLIMATE NORMAL PERIOD 1981 TO 2010
CLIMATE RECORD PERIOD 1901 TO 2016


WEATHER ITEM   OBSERVED TIME   RECORD YEAR NORMAL DEPARTURE LAST
                VALUE   (LST)  VALUE       VALUE  FROM      YEAR
                                                  NORMAL
..................................................................
TEMPERATURE (F)
 YESTERDAY
  MAXIMUM         76    131 PM  87    1991  72      4       85
                                      1942
  MINIMUM         53    524 AM  36    2013  52      1       57
                                      1986
  AVERAGE         65                        62      3       71

PRECIPITATION (IN)
  YESTERDAY        0.00          2.54 2004   0.14  -0.14     0.00
  MONTH TO DATE    0.86                      2.24  -1.38     0.61
  SINCE SEP 1      0.86                      2.24  -1.38     0.61
  SINCE JAN 1     22.42                     27.27  -4.85    21.76

SNOWFALL (IN)
  YESTERDAY        0.0           0.0    MM   0.0    0.0      0.0
  MONTH TO DATE    0.0                       0.0    0.0      0.0
  SINCE SEP 1      0.0                       0.0    0.0      0.0
  SINCE JUL 1      0.0                       0.0    0.0      0.0

DEGREE DAYS
 HEATING
  YESTERDAY        0                         5     -5        0
  MONTH TO DATE    8                        47    -39        7
  SINCE SEP 1      8                        47    -39        7
  SINCE JUL 1      9                        73    -64        7

 COOLING
  YESTERDAY        0                         1     -1        6
  MONTH TO DATE   86                        41     45      130
  SINCE SEP 1     86                        41     45      130
  SINCE JAN 1    952                       565    387      906
..................................................................


WIND (MPH)
  HIGHEST WIND SPEED    14   HIGHEST WIND DIRECTION    SW (210)
  HIGHEST GUST SPEED    20   HIGHEST GUST DIRECTION    SW (220)
  AVERAGE WIND SPEED     6.1


SKY COVER
  AVERAGE SKY COVER 0.6



RELATIVE HUMIDITY (PERCENT)
 HIGHEST    93           400 AM
 LOWEST     60           100 PM
 AVERAGE    77

..........................................................


THE AVOCA PA CLIMATE NORMALS FOR TODAY
                         NORMAL    RECORD    YEAR
 MAXIMUM TEMPERATURE (F)   72        88      1948
 MINIMUM TEMPERATURE (F)   51        35      1943


SUNRISE AND SUNSET
SEPTEMBER 18 2016.....SUNRISE   647 AM EDT   SUNSET   706 PM EDT
SEPTEMBER 19 2016.....SUNRISE   648 AM EDT   SUNSET   704 PM EDT


-  INDICATES NEGATIVE NUMBERS.
R  INDICATES RECORD WAS SET OR TIED.
MM INDICATES DATA IS MISSING.
T  INDICATES TRACE AMOUNT.

$$
