000
CDUS41 KBGM 180612
CLIAVP


CLIMATE REPORT
NATIONAL WEATHER SERVICE BINGHAMTON NY
111 AM EST THU DEC 18 2014


...................................

...THE AVOCA PA CLIMATE SUMMARY FOR DECEMBER 17 2014...

CLIMATE NORMAL PERIOD 1981 TO 2010
CLIMATE RECORD PERIOD 1901 TO 2014


WEATHER ITEM   OBSERVED TIME   RECORD YEAR NORMAL DEPARTURE LAST
                VALUE   (LST)  VALUE       VALUE  FROM      YEAR
                                                  NORMAL
..................................................................
TEMPERATURE (F)
 YESTERDAY
  MAXIMUM         46   1233 PM  61    2000  37      9       24
  MINIMUM         35   1159 PM  -4    1919  23     12        9
  AVERAGE         41                        30     11       17

PRECIPITATION (IN)
  YESTERDAY        0.09          1.47 2000   0.08   0.01     0.11
  MONTH TO DATE    2.11                      1.58   0.53     1.97
  SINCE DEC 1      2.11                      1.58   0.53     1.97
  SINCE JAN 1     30.38                     37.16  -6.78    26.20

SNOWFALL (IN)
  YESTERDAY        T             5.6  1973   0.3   -0.3      1.3
  MONTH TO DATE    4.4                       3.2    1.2      8.7
  SINCE DEC 1      4.4                       3.2    1.2      8.7
  SINCE JUL 1     13.3                       6.2    7.1     11.4

DEGREE DAYS
 HEATING
  YESTERDAY       24                        35    -11       48
  MONTH TO DATE  512                       548    -36      597
  SINCE DEC 1    512                       548    -36      597
  SINCE JUL 1   1702                      1861   -159     1873

 COOLING
  YESTERDAY        0                         0      0        0
  MONTH TO DATE    0                         0      0        0
  SINCE DEC 1      0                         0      0        0
  SINCE JAN 1    686                       580    106      795
..................................................................


WIND (MPH)
  HIGHEST WIND SPEED    25   HIGHEST WIND DIRECTION     W (280)
  HIGHEST GUST SPEED    30   HIGHEST GUST DIRECTION     W (280)
  AVERAGE WIND SPEED     9.2


SKY COVER
  AVERAGE SKY COVER 1.0



RELATIVE HUMIDITY (PERCENT)
 HIGHEST    96           100 AM
 LOWEST     54           800 PM
 AVERAGE    75

..........................................................


THE AVOCA PA CLIMATE NORMALS FOR TODAY
                         NORMAL    RECORD    YEAR
 MAXIMUM TEMPERATURE (F)   37        58      1928
                                             1921
 MINIMUM TEMPERATURE (F)   23        -6      1919


SUNRISE AND SUNSET
DECEMBER 18 2014......SUNRISE   724 AM EST   SUNSET   435 PM EST
DECEMBER 19 2014......SUNRISE   724 AM EST   SUNSET   436 PM EST


-  INDICATES NEGATIVE NUMBERS.
R  INDICATES RECORD WAS SET OR TIED.
MM INDICATES DATA IS MISSING.
T  INDICATES TRACE AMOUNT.




$$
