000
CDUS41 KBGM 220630
CLIAVP


CLIMATE REPORT
NATIONAL WEATHER SERVICE BINGHAMTON NY
128 AM EST SAT NOV 22 2014


...................................

...THE AVOCA PA CLIMATE SUMMARY FOR NOVEMBER 21 2014...

CLIMATE NORMAL PERIOD 1981 TO 2010
CLIMATE RECORD PERIOD 1901 TO 2014


WEATHER ITEM   OBSERVED TIME   RECORD YEAR NORMAL DEPARTURE LAST
                VALUE   (LST)  VALUE       VALUE  FROM      YEAR
                                                  NORMAL
..................................................................
TEMPERATURE (F)
 YESTERDAY
  MAXIMUM         33    257 PM  72    1931  47    -14       46
  MINIMUM         18   1104 PM  14    1987  32    -14       24
                                      1905
  AVERAGE         26                        40    -14       35

PRECIPITATION (IN)
  YESTERDAY        0.00          1.33 1954   0.11  -0.11     0.01
  MONTH TO DATE    0.74                      2.19  -1.45     1.22
  SINCE SEP 1      5.65                      9.60  -3.95     4.36
  SINCE JAN 1     27.21                     34.63  -7.42    22.71

SNOWFALL (IN)
  YESTERDAY        0.0           0.9  1974   0.1   -0.1      0.0
  MONTH TO DATE    T                         1.8   -1.8      1.3
  SINCE SEP 1      T                         1.9   -1.9      1.3
  SINCE JUL 1      T                         1.9   -1.9      1.3

DEGREE DAYS
 HEATING
  YESTERDAY       39                        25     14       30
  MONTH TO DATE  522                       463     59      474
  SINCE SEP 1    933                      1040   -107      949
  SINCE JUL 1    944                      1066   -122      958

 COOLING
  YESTERDAY        0                         0      0        0
  MONTH TO DATE    0                         0      0        0
  SINCE SEP 1    100                        56     44       93
  SINCE JAN 1    686                       580    106      795
..................................................................


WIND (MPH)
  HIGHEST WIND SPEED    24   HIGHEST WIND DIRECTION     W (290)
  HIGHEST GUST SPEED    31   HIGHEST GUST DIRECTION     W (290)
  AVERAGE WIND SPEED     9.3


SKY COVER
  AVERAGE SKY COVER 0.3



RELATIVE HUMIDITY (PERCENT)
 HIGHEST    67          1100 PM
 LOWEST     32           300 PM
 AVERAGE    50

..........................................................


THE AVOCA PA CLIMATE NORMALS FOR TODAY
                         NORMAL    RECORD    YEAR
 MAXIMUM TEMPERATURE (F)   47        72      1931
                                             1913
 MINIMUM TEMPERATURE (F)   32        15      1987
                                             1969


SUNRISE AND SUNSET
NOVEMBER 22 2014......SUNRISE   659 AM EST   SUNSET   438 PM EST
NOVEMBER 23 2014......SUNRISE   701 AM EST   SUNSET   438 PM EST


-  INDICATES NEGATIVE NUMBERS.
R  INDICATES RECORD WAS SET OR TIED.
MM INDICATES DATA IS MISSING.
T  INDICATES TRACE AMOUNT.




$$
