000
CDUS41 KBGM 240715
CLIAVP


CLIMATE REPORT
NATIONAL WEATHER SERVICE BINGHAMTON NY
314 AM EDT THU JUL 24 2014


...................................

...THE AVOCA PA CLIMATE SUMMARY FOR JULY 23 2014...

CLIMATE NORMAL PERIOD 1981 TO 2010
CLIMATE RECORD PERIOD 1901 TO 2014


WEATHER ITEM   OBSERVED TIME   RECORD YEAR NORMAL DEPARTURE LAST
                VALUE   (LST)  VALUE       VALUE  FROM      YEAR
                                                  NORMAL
..................................................................
TEMPERATURE (F)
 YESTERDAY
  MAXIMUM         92    141 PM  96    1933  82     10       83
  MINIMUM         70   1159 PM  49    2000  61      9       70
  AVERAGE         81                        72      9       77

PRECIPITATION (IN)
  YESTERDAY        0.01          1.50 2008   0.13  -0.12     0.01
  MONTH TO DATE    2.26                      2.75  -0.49     1.19
  SINCE JUN 1      4.42                      6.78  -2.36     6.60
  SINCE JAN 1     17.13                     20.58  -3.45    16.37

SNOWFALL (IN)
  YESTERDAY        0.0           0.0  1995   0.0    0.0      0.0
  MONTH TO DATE    0.0                       0.0    0.0      0.0
  SINCE JUN 1      0.0                       0.0    0.0      0.0
  SINCE JUL 1      0.0                       0.0    0.0      0.0

DEGREE DAYS
 HEATING
  YESTERDAY        0                         0      0        0
  MONTH TO DATE    0                         0      0        0
  SINCE JUN 1     11                        54    -43       21
  SINCE JUL 1      0                         0      0        0

 COOLING
  YESTERDAY       16                         7      9       12
  MONTH TO DATE  201                       156     45      303
  SINCE JUN 1    360                       273     87      439
  SINCE JAN 1    401                       310     91      503
..................................................................


WIND (MPH)
  HIGHEST WIND SPEED    25   HIGHEST WIND DIRECTION    NW (330)
  HIGHEST GUST SPEED    33   HIGHEST GUST DIRECTION    NW (330)
  AVERAGE WIND SPEED     7.1


SKY COVER
  AVERAGE SKY COVER 0.4



RELATIVE HUMIDITY (PERCENT)
 HIGHEST    84           300 AM
 LOWEST     44           100 PM
 AVERAGE    64

..........................................................


THE AVOCA PA CLIMATE NORMALS FOR TODAY
                         NORMAL    RECORD    YEAR
 MAXIMUM TEMPERATURE (F)   82        95      1933
 MINIMUM TEMPERATURE (F)   61        49      1985


SUNRISE AND SUNSET
JULY 24 2014..........SUNRISE   550 AM EDT   SUNSET   828 PM EDT
JULY 25 2014..........SUNRISE   551 AM EDT   SUNSET   827 PM EDT


-  INDICATES NEGATIVE NUMBERS.
R  INDICATES RECORD WAS SET OR TIED.
MM INDICATES DATA IS MISSING.
T  INDICATES TRACE AMOUNT.

$$
