000
CDUS41 KBGM 260532
CLIAVP


CLIMATE REPORT
NATIONAL WEATHER SERVICE BINGHAMTON NY
132 AM EDT TUE JUL 26 2016


...................................

...THE AVOCA PA CLIMATE SUMMARY FOR JULY 25 2016...

CLIMATE NORMAL PERIOD 1981 TO 2010
CLIMATE RECORD PERIOD 1901 TO 2016


WEATHER ITEM   OBSERVED TIME   RECORD YEAR NORMAL DEPARTURE LAST
                VALUE   (LST)  VALUE       VALUE  FROM      YEAR
                                                  NORMAL
..................................................................
TEMPERATURE (F)
 YESTERDAY
  MAXIMUM         93   1219 PM  96    1941  82     11       87
  MINIMUM         69   1159 PM  48    1903  61      8       56
  AVERAGE         81                        72      9       72

PRECIPITATION (IN)
  YESTERDAY        0.51          1.96 1914   0.13   0.38     0.00
  MONTH TO DATE    1.42                      3.01  -1.59     2.17
  SINCE JUN 1      3.01                      7.04  -4.03     8.69
  SINCE JAN 1     15.83                     20.84  -5.01    18.25

SNOWFALL (IN)
  YESTERDAY        0.0           0.0  1995   0.0    0.0      0.0
  MONTH TO DATE    0.0                       0.0    0.0      0.0
  SINCE JUN 1      0.0                       0.0    0.0      0.0
  SINCE JUL 1      0.0                       0.0    0.0      0.0

DEGREE DAYS
 HEATING
  YESTERDAY        0                         0      0        0
  MONTH TO DATE    0                         0      0        0
  SINCE JUN 1     24                        54    -30       24
  SINCE JUL 1      0                         0      0        0

 COOLING
  YESTERDAY       16                         7      9        7
  MONTH TO DATE  273                       170    103      179
  SINCE JUN 1    416                       287    129      334
  SINCE JAN 1    488                       324    164      482
..................................................................


WIND (MPH)
  HIGHEST WIND SPEED    31   HIGHEST WIND DIRECTION    NW (320)
  HIGHEST GUST SPEED    40   HIGHEST GUST DIRECTION    NW (320)
  AVERAGE WIND SPEED     6.5


SKY COVER
  AVERAGE SKY COVER 0.3



RELATIVE HUMIDITY (PERCENT)
 HIGHEST    97          1000 PM
 LOWEST     52          1200 PM
 AVERAGE    75

..........................................................


THE AVOCA PA CLIMATE NORMALS FOR TODAY
                         NORMAL    RECORD    YEAR
 MAXIMUM TEMPERATURE (F)   82        94      2005
                                             1949
                                             1940
 MINIMUM TEMPERATURE (F)   61        47      1976
                                             1920


SUNRISE AND SUNSET
JULY 26 2016..........SUNRISE   553 AM EDT   SUNSET   826 PM EDT
JULY 27 2016..........SUNRISE   554 AM EDT   SUNSET   825 PM EDT


-  INDICATES NEGATIVE NUMBERS.
R  INDICATES RECORD WAS SET OR TIED.
MM INDICATES DATA IS MISSING.
T  INDICATES TRACE AMOUNT.




$$
