000
CDUS41 KBGM 182119
CLIAVP


CLIMATE REPORT
NATIONAL WEATHER SERVICE BINGHAMTON NY
518 PM EDT SUN JUN 18 2017


...................................

...THE AVOCA PA CLIMATE SUMMARY FOR JUNE 18 2017...
VALID TODAY AS OF 0500 PM LOCAL TIME.

CLIMATE NORMAL PERIOD 1981 TO 2010
CLIMATE RECORD PERIOD 1901 TO 2017


WEATHER ITEM   OBSERVED TIME   RECORD YEAR NORMAL DEPARTURE LAST
                VALUE   (LST)  VALUE       VALUE  FROM      YEAR
                                                  NORMAL
..................................................................
TEMPERATURE (F)
 TODAY
  MAXIMUM         87    307 PM  93    1994  79      8       88
                                      1957
  MINIMUM         73   1258 AM  42    1958  57     16       55
  AVERAGE         80                        68     12       72

PRECIPITATION (IN)
  TODAY            0.00          1.48 1936   0.13  -0.13     0.00
  MONTH TO DATE    2.20                      2.49  -0.29     1.26
  SINCE JUN 1      2.20                      2.49  -0.29     1.26
  SINCE JAN 1     20.53                     16.29   4.24    14.08

SNOWFALL (IN)
  TODAY            0.0           0.0  1995   0.0    0.0      0.0
  MONTH TO DATE    0.0                       0.0    0.0      0.0
  SINCE JUN 1      0.0                       0.0    0.0      0.0
  SINCE JUL 1     55.5                      46.2    9.3     15.5

DEGREE DAYS
 HEATING
  TODAY            0                         1     -1        0
  MONTH TO DATE   41                        45     -4       24
  SINCE JUN 1     41                        45     -4       24
  SINCE JUL 1   5232                      6246  -1014     4966

 COOLING
  TODAY           15                         4     11        7
  MONTH TO DATE   83                        56     27       63
  SINCE JUN 1     83                        56     27       63
  SINCE JAN 1    135                        93     42      135
..................................................................


WIND (MPH)
  HIGHEST WIND SPEED    16   HIGHEST WIND DIRECTION     S (180)
  HIGHEST GUST SPEED    25   HIGHEST GUST DIRECTION     S (170)
  AVERAGE WIND SPEED     7.1


SKY COVER
  AVERAGE SKY COVER 0.6


WEATHER CONDITIONS
 THE FOLLOWING WEATHER WAS RECORDED TODAY.
  NO SIGNIFICANT WEATHER WAS OBSERVED.


RELATIVE HUMIDITY (PERCENT)
 HIGHEST    87           100 AM
 LOWEST     55           200 PM
 AVERAGE    71

..........................................................


THE AVOCA PA CLIMATE NORMALS FOR TOMORROW
                         NORMAL    RECORD    YEAR
 MAXIMUM TEMPERATURE (F)   79        94      1923
 MINIMUM TEMPERATURE (F)   58        45      2008
                                             1986
                                             1956


SUNRISE AND SUNSET
JUNE 18 2017..........SUNRISE   529 AM EDT   SUNSET   839 PM EDT
JUNE 19 2017..........SUNRISE   529 AM EDT   SUNSET   839 PM EDT


-  INDICATES NEGATIVE NUMBERS.
R  INDICATES RECORD WAS SET OR TIED.
MM INDICATES DATA IS MISSING.
T  INDICATES TRACE AMOUNT.

$$
