000
CDUS41 KBGM 200529
CLIAVP


CLIMATE REPORT
NATIONAL WEATHER SERVICE BINGHAMTON NY
128 AM EDT THU APR 20 2017


...................................

...THE AVOCA PA CLIMATE SUMMARY FOR APRIL 19 2017...

CLIMATE NORMAL PERIOD 1981 TO 2010
CLIMATE RECORD PERIOD 1901 TO 2017


WEATHER ITEM   OBSERVED TIME   RECORD YEAR NORMAL DEPARTURE LAST
                VALUE   (LST)  VALUE       VALUE  FROM      YEAR
                                                  NORMAL
..................................................................
TEMPERATURE (F)
 YESTERDAY
  MAXIMUM         56   1245 PM  91    1976  61     -5       63
  MINIMUM         45    633 AM  24    1904  40      5       42
  AVERAGE         51                        50      1       53

PRECIPITATION (IN)
  YESTERDAY        0.01          1.44 1998   0.11  -0.10     0.00
  MONTH TO DATE    1.93                      2.10  -0.17     2.13
  SINCE MAR 1      7.38                      4.65   2.73     3.91
  SINCE JAN 1     13.61                      9.05   4.56     9.71

SNOWFALL (IN)
  YESTERDAY        0.0           9.1  1983   0.2   -0.2      0.0
  MONTH TO DATE    0.1                       2.4   -2.3      2.2
  SINCE MAR 1     30.7                      11.4   19.3      3.5
  SINCE JUL 1     55.5                      45.3   10.2     15.5

DEGREE DAYS
 HEATING
  YESTERDAY       14                        15     -1       12
  MONTH TO DATE  225                       353   -128      382
  SINCE MAR 1   1160                      1224    -64     1013
  SINCE JUL 1   4915                      5830   -915     4583

 COOLING
  YESTERDAY        0                         0      0        0
  MONTH TO DATE   10                         0     10        0
  SINCE MAR 1     10                         0     10        0
  SINCE JAN 1     10                         0     10        0
..................................................................


WIND (MPH)
  HIGHEST WIND SPEED    18   HIGHEST WIND DIRECTION     S (200)
  HIGHEST GUST SPEED    30   HIGHEST GUST DIRECTION     S (190)
  AVERAGE WIND SPEED     7.8


SKY COVER
  AVERAGE SKY COVER 0.8



RELATIVE HUMIDITY (PERCENT)
 HIGHEST    76           500 AM
 LOWEST     51          1200 PM
 AVERAGE    64

..........................................................


THE AVOCA PA CLIMATE NORMALS FOR TODAY
                         NORMAL    RECORD    YEAR
 MAXIMUM TEMPERATURE (F)   61        91      1941
 MINIMUM TEMPERATURE (F)   40        22      1904


SUNRISE AND SUNSET
APRIL 20 2017.........SUNRISE   615 AM EDT   SUNSET   749 PM EDT
APRIL 21 2017.........SUNRISE   614 AM EDT   SUNSET   750 PM EDT


-  INDICATES NEGATIVE NUMBERS.
R  INDICATES RECORD WAS SET OR TIED.
MM INDICATES DATA IS MISSING.
T  INDICATES TRACE AMOUNT.




$$
