000
CDUS41 KBGM 260550
CLIAVP


CLIMATE REPORT
NATIONAL WEATHER SERVICE BINGHAMTON NY
150 AM EDT TUE MAY 26 2015


...................................

...THE AVOCA PA CLIMATE SUMMARY FOR MAY 25 2015...

CLIMATE NORMAL PERIOD 1981 TO 2010
CLIMATE RECORD PERIOD 1901 TO 2015


WEATHER ITEM   OBSERVED TIME   RECORD YEAR NORMAL DEPARTURE LAST
                VALUE   (LST)  VALUE       VALUE  FROM      YEAR
                                                  NORMAL
..................................................................
TEMPERATURE (F)
 YESTERDAY
  MAXIMUM         89    123 PM  91    1904  72     17       80
  MINIMUM         62    516 AM  30    1956  50     12       46
  AVERAGE         76                        61     15       63

PRECIPITATION (IN)
  YESTERDAY        0.00          2.18 1952   0.12  -0.12      T
  MONTH TO DATE    0.39                      2.80  -2.41     2.71
  SINCE MAR 1      5.23                      8.68  -3.45     7.79
  SINCE JAN 1      8.23                     13.08  -4.85    12.67

SNOWFALL (IN)
  YESTERDAY        0.0           0.0    MM   0.0    0.0      0.0
  MONTH TO DATE    0.0                       0.3   -0.3      0.0
  SINCE MAR 1      9.0                      12.6   -3.6      3.1
  SINCE JUL 1     51.4                      46.5    4.9     58.9

DEGREE DAYS
 HEATING
  YESTERDAY        0                         5     -5        2
  MONTH TO DATE  100                       201   -101      134
  SINCE MAR 1   1547                      1568    -21     1675
  SINCE JUL 1   6244                      6174     70     6498

 COOLING
  YESTERDAY       11                         2      9        0
  MONTH TO DATE   93                        19     74       26
  SINCE MAR 1     93                        25     68       33
  SINCE JAN 1     93                        25     68       33
..................................................................


WIND (MPH)
  HIGHEST WIND SPEED    20   HIGHEST WIND DIRECTION    SW (240)
  HIGHEST GUST SPEED    29   HIGHEST GUST DIRECTION    SW (210)
  AVERAGE WIND SPEED     7.1


SKY COVER
  AVERAGE SKY COVER 0.2



RELATIVE HUMIDITY (PERCENT)
 HIGHEST    65           500 AM
 LOWEST     28           300 PM
 AVERAGE    47

..........................................................


THE AVOCA PA CLIMATE NORMALS FOR TODAY
                         NORMAL    RECORD    YEAR
 MAXIMUM TEMPERATURE (F)   72        92      2010
                                             1914
 MINIMUM TEMPERATURE (F)   51        39      1972


SUNRISE AND SUNSET
MAY 26 2015...........SUNRISE   536 AM EDT   SUNSET   825 PM EDT
MAY 27 2015...........SUNRISE   535 AM EDT   SUNSET   826 PM EDT


-  INDICATES NEGATIVE NUMBERS.
R  INDICATES RECORD WAS SET OR TIED.
MM INDICATES DATA IS MISSING.
T  INDICATES TRACE AMOUNT.




$$
