000
CDUS41 KBGM 160605
CLIAVP


CLIMATE REPORT
NATIONAL WEATHER SERVICE BINGHAMTON NY
104 AM EST TUE DEC 16 2014


...................................

...THE AVOCA PA CLIMATE SUMMARY FOR DECEMBER 15 2014...

CLIMATE NORMAL PERIOD 1981 TO 2010
CLIMATE RECORD PERIOD 1901 TO 2014


WEATHER ITEM   OBSERVED TIME   RECORD YEAR NORMAL DEPARTURE LAST
                VALUE   (LST)  VALUE       VALUE  FROM      YEAR
                                                  NORMAL
..................................................................
TEMPERATURE (F)
 YESTERDAY
  MAXIMUM         38    439 PM  60    1971  37      1       34
  MINIMUM         34   1059 PM   2    1904  24     10       18
  AVERAGE         36                        31      5       26

PRECIPITATION (IN)
  YESTERDAY        0.00          1.86 1901   0.08  -0.08     0.10
  MONTH TO DATE    1.91                      1.42   0.49     1.86
  SINCE DEC 1      1.91                      1.42   0.49     1.86
  SINCE JAN 1     30.18                     37.00  -6.82    26.09

SNOWFALL (IN)
  YESTERDAY        0.0           4.0  1989   0.2   -0.2       T
  MONTH TO DATE    4.4                       2.7    1.7      7.4
  SINCE DEC 1      4.4                       2.7    1.7      7.4
  SINCE JUL 1     13.3                       5.7    7.6     10.1

DEGREE DAYS
 HEATING
  YESTERDAY       29                        34     -5       39
  MONTH TO DATE  464                       478    -14      503
  SINCE DEC 1    464                       478    -14      503
  SINCE JUL 1   1654                      1791   -137     1779

 COOLING
  YESTERDAY        0                         0      0        0
  MONTH TO DATE    0                         0      0        0
  SINCE DEC 1      0                         0      0        0
  SINCE JAN 1    686                       580    106      795
..................................................................


WIND (MPH)
  HIGHEST WIND SPEED    15   HIGHEST WIND DIRECTION     N (340)
  HIGHEST GUST SPEED    20   HIGHEST GUST DIRECTION    NW (320)
  AVERAGE WIND SPEED     5.2


SKY COVER
  AVERAGE SKY COVER 1.0



RELATIVE HUMIDITY (PERCENT)
 HIGHEST    89          1100 PM
 LOWEST     76           600 AM
 AVERAGE    83

..........................................................


THE AVOCA PA CLIMATE NORMALS FOR TODAY
                         NORMAL    RECORD    YEAR
 MAXIMUM TEMPERATURE (F)   37        57      1971
 MINIMUM TEMPERATURE (F)   24         1      1917


SUNRISE AND SUNSET
DECEMBER 16 2014......SUNRISE   722 AM EST   SUNSET   435 PM EST
DECEMBER 17 2014......SUNRISE   723 AM EST   SUNSET   435 PM EST


-  INDICATES NEGATIVE NUMBERS.
R  INDICATES RECORD WAS SET OR TIED.
MM INDICATES DATA IS MISSING.
T  INDICATES TRACE AMOUNT.




$$

HEDEN
