000
CDUS41 KBGM 162220
CLIAVP


CLIMATE REPORT
NATIONAL WEATHER SERVICE BINGHAMTON NY
520 PM EST MON JAN 16 2017


...................................

...THE AVOCA PA CLIMATE SUMMARY FOR JANUARY 16 2017...
VALID TODAY AS OF 0500 PM LOCAL TIME.

CLIMATE NORMAL PERIOD 1981 TO 2010
CLIMATE RECORD PERIOD 1901 TO 2017


WEATHER ITEM   OBSERVED TIME   RECORD YEAR NORMAL DEPARTURE LAST
                VALUE   (LST)  VALUE       VALUE  FROM      YEAR
                                                  NORMAL
..................................................................
TEMPERATURE (F)
 TODAY
  MAXIMUM         39    329 PM  62    1995  33      6       43
  MINIMUM         12    741 AM  -4    2004  18     -6       34
                                      1994
  AVERAGE         26                        26      0       39

PRECIPITATION (IN)
  TODAY            0.00          1.74 1924   0.08  -0.08     0.20
  MONTH TO DATE    1.21                      1.18   0.03     1.59
  SINCE DEC 1      3.27                      3.86  -0.59     4.14
  SINCE JAN 1      1.21                      1.18   0.03     1.59

SNOWFALL (IN)
  TODAY            0.0           3.3  2013   0.5   -0.5      0.0
                                      1959
  MONTH TO DATE    1.9                       7.5   -5.6      2.0
  SINCE DEC 1      8.8                      14.9   -6.1      2.8
  SINCE JUL 1     14.5                      17.9   -3.4      2.8

DEGREE DAYS
 HEATING
  TODAY           39                        39      0       26
  MONTH TO DATE  568                       623    -55      578
  SINCE DEC 1   1562                      1688   -126     1206
  SINCE JUL 1   2580                      3001   -421     2114

 COOLING
  TODAY            0                         0      0        0
  MONTH TO DATE    0                         0      0        0
  SINCE DEC 1      0                         0      0        0
  SINCE JAN 1      0                         0      0        0
..................................................................


WIND (MPH)
  HIGHEST WIND SPEED    12   HIGHEST WIND DIRECTION    SW (240)
  HIGHEST GUST SPEED    16   HIGHEST GUST DIRECTION    SW (230)
  AVERAGE WIND SPEED     4.9


SKY COVER
  AVERAGE SKY COVER 0.0


WEATHER CONDITIONS
 THE FOLLOWING WEATHER WAS RECORDED TODAY.
  FOG
  HAZE


RELATIVE HUMIDITY (PERCENT)
 HIGHEST    92           600 AM
 LOWEST     54           300 PM
 AVERAGE    73

..........................................................


THE AVOCA PA CLIMATE NORMALS FOR TOMORROW
                         NORMAL    RECORD    YEAR
 MAXIMUM TEMPERATURE (F)   33        60      1990
 MINIMUM TEMPERATURE (F)   18       -10      1977


SUNRISE AND SUNSET
JANUARY 16 2017.......SUNRISE   726 AM EST   SUNSET   500 PM EST
JANUARY 17 2017.......SUNRISE   725 AM EST   SUNSET   501 PM EST


-  INDICATES NEGATIVE NUMBERS.
R  INDICATES RECORD WAS SET OR TIED.
MM INDICATES DATA IS MISSING.
T  INDICATES TRACE AMOUNT.




$$
