000
CDUS41 KBGM 140224
CLIAVP


CLIMATE REPORT
NATIONAL WEATHER SERVICE BINGHAMTON NY
1024 PM EDT FRI OCT 13 2017


...................................

...THE AVOCA PA CLIMATE SUMMARY FOR OCTOBER 13 2017...
VALID AS OF 1000 PM LOCAL TIME.

CLIMATE NORMAL PERIOD 1981 TO 2010
CLIMATE RECORD PERIOD 1901 TO 2017


WEATHER ITEM   OBSERVED TIME   RECORD YEAR NORMAL DEPARTURE LAST
                VALUE   (LST)  VALUE       VALUE  FROM      YEAR
                                                  NORMAL
..................................................................
TEMPERATURE (F)
 TODAY
  MAXIMUM         61    303 PM  81    1995  62     -1       61
                                      1954
  MINIMUM         48    705 AM  27    2012  42      6       43
  AVERAGE         55                        52      3       52

PRECIPITATION (IN)
  TODAY            0.00          0.98 1990   0.11  -0.11     0.06
  MONTH TO DATE    1.28                      1.51  -0.23     0.73
  SINCE SEP 1      3.00                      5.58  -2.58     3.73
  SINCE JAN 1     33.12                     30.61   2.51    25.29

SNOWFALL (IN)
  TODAY            0.0           0.0    MM   0.0    0.0      0.0
  MONTH TO DATE    0.0                       0.0    0.0      0.0
  SINCE SEP 1      0.0                       0.0    0.0      0.0
  SINCE JUL 1      0.0                       0.0    0.0      0.0

DEGREE DAYS
 HEATING
  TODAY           10                        13     -3       13
  MONTH TO DATE   48                       147    -99       99
  SINCE SEP 1    140                       283   -143      158
  SINCE JUL 1    157                       309   -152      159

 COOLING
  TODAY            0                         0      0        0
  MONTH TO DATE   35                         0     35        0
  SINCE SEP 1    163                        52    111      127
  SINCE JAN 1    802                       576    226      993
..................................................................


WIND (MPH)
  HIGHEST WIND SPEED     9   HIGHEST WIND DIRECTION    SE (130)
  HIGHEST GUST SPEED    14   HIGHEST GUST DIRECTION    SE (130)
  AVERAGE WIND SPEED     3.4


SKY COVER
  AVERAGE SKY COVER 0.9


WEATHER CONDITIONS
 THE FOLLOWING WEATHER WAS RECORDED TODAY.
  NO SIGNIFICANT WEATHER WAS OBSERVED.


RELATIVE HUMIDITY (PERCENT)
 HIGHEST    86          1200 AM
 LOWEST     72          1100 AM
 AVERAGE    79

..........................................................


THE AVOCA PA CLIMATE NORMALS FOR TOMORROW
                         NORMAL    RECORD    YEAR
 MAXIMUM TEMPERATURE (F)   61        84      1954
 MINIMUM TEMPERATURE (F)   41        29      1991
                                             1987


SUNRISE AND SUNSET
OCTOBER 13 2017.......SUNRISE   713 AM EDT   SUNSET   625 PM EDT
OCTOBER 14 2017.......SUNRISE   714 AM EDT   SUNSET   623 PM EDT


-  INDICATES NEGATIVE NUMBERS.
R  INDICATES RECORD WAS SET OR TIED.
MM INDICATES DATA IS MISSING.
T  INDICATES TRACE AMOUNT.




$$
