000
CDUS41 KBGM 132122
CLIAVP


CLIMATE REPORT
NATIONAL WEATHER SERVICE BINGHAMTON NY
521 PM EDT SUN APR 13 2014


...................................

...THE AVOCA PA CLIMATE SUMMARY FOR APRIL 13 2014...
VALID TODAY AS OF 0500 PM LOCAL TIME.

CLIMATE NORMAL PERIOD 1981 TO 2010
CLIMATE RECORD PERIOD 1901 TO 2014


WEATHER ITEM   OBSERVED TIME   RECORD YEAR NORMAL DEPARTURE LAST
                VALUE   (LST)  VALUE       VALUE  FROM      YEAR
                                                  NORMAL
..................................................................
TEMPERATURE (F)
 TODAY
  MAXIMUM         81    346 PM  85    1945  58     23       51
  MINIMUM         55    231 AM  22    1990  37     18       39
                                      1940
  AVERAGE         68                        48     20       45

PRECIPITATION (IN)
  TODAY            0.00          0.97 2004   0.12  -0.12     0.00
  MONTH TO DATE    0.77                      1.43  -0.66     0.73
  SINCE MAR 1      2.84                      3.98  -1.14     2.35
  SINCE JAN 1      7.72                      8.38  -0.66     5.68

SNOWFALL (IN)
  TODAY            0.0           4.0  1961   0.1   -0.1      0.0
  MONTH TO DATE    0.0                       1.7   -1.7       T
  SINCE MAR 1      2.4                      10.7   -8.3      6.5
  SINCE JUL 1     58.2                      44.6   13.6     33.9

DEGREE DAYS
 HEATING
  TODAY            0                        17    -17       20
  MONTH TO DATE  217                       257    -40      239
  SINCE MAR 1   1260                      1128    132     1165
  SINCE JUL 1   6083                      5734    349     5389

 COOLING
  TODAY            3                         0      3        0
  MONTH TO DATE    3                         0      3        4
  SINCE MAR 1      3                         0      3        4
  SINCE JAN 1      3                         0      3        4
..................................................................


WIND (MPH)
  HIGHEST WIND SPEED    21   HIGHEST WIND DIRECTION    SW (230)
  HIGHEST GUST SPEED    37   HIGHEST GUST DIRECTION     S (190)
  AVERAGE WIND SPEED    10.4


SKY COVER
  AVERAGE SKY COVER 0.1


WEATHER CONDITIONS
 THE FOLLOWING WEATHER WAS RECORDED TODAY.
  NO SIGNIFICANT WEATHER WAS OBSERVED.


RELATIVE HUMIDITY (PERCENT)
 HIGHEST    67           700 AM
 LOWEST     30           200 PM
 AVERAGE    49

..........................................................


THE AVOCA PA CLIMATE NORMALS FOR TOMORROW
                         NORMAL    RECORD    YEAR
 MAXIMUM TEMPERATURE (F)   59        84      1968
 MINIMUM TEMPERATURE (F)   38        22      1950


SUNRISE AND SUNSET
APRIL 13 2014.........SUNRISE   627 AM EDT   SUNSET   741 PM EDT
APRIL 14 2014.........SUNRISE   625 AM EDT   SUNSET   742 PM EDT


-  INDICATES NEGATIVE NUMBERS.
R  INDICATES RECORD WAS SET OR TIED.
MM INDICATES DATA IS MISSING.
T  INDICATES TRACE AMOUNT.




$$
