000
CDUS41 KBGM 160530
CLIAVP


CLIMATE REPORT
NATIONAL WEATHER SERVICE BINGHAMTON NY
129 AM EDT THU MAR 16 2017


...................................

...THE AVOCA PA CLIMATE SUMMARY FOR MARCH 15 2017...

CLIMATE NORMAL PERIOD 1981 TO 2010
CLIMATE RECORD PERIOD 1901 TO 2017


WEATHER ITEM   OBSERVED TIME   RECORD YEAR NORMAL DEPARTURE LAST
                VALUE   (LST)  VALUE       VALUE  FROM      YEAR
                                                  NORMAL
..................................................................
TEMPERATURE (F)
 YESTERDAY
  MAXIMUM         23   1047 PM  79    1990  46    -23       56
  MINIMUM         15    722 AM   7    1993  27    -12       42
  AVERAGE         19                        36    -17       49

PRECIPITATION (IN)
  YESTERDAY        0.06          1.73 1916   0.08  -0.02     0.00
  MONTH TO DATE    3.65                      1.11   2.54     0.85
  SINCE MAR 1      3.65                      1.11   2.54     0.85
  SINCE JAN 1      9.88                      5.51   4.37     6.65

SNOWFALL (IN)
  YESTERDAY        1.5           5.2  1967   0.3    1.2      0.0
  MONTH TO DATE   30.4                       5.3   25.1      1.3
  SINCE MAR 1     30.4                       5.3   25.1      1.3
  SINCE JUL 1     55.2                      39.2   16.0     13.3

DEGREE DAYS
 HEATING
  YESTERDAY       46                        29     17       16
  MONTH TO DATE  505                       464     41      324
  SINCE MAR 1    505                       464     41      324
  SINCE JUL 1   4260                      5070   -810     3894

 COOLING
  YESTERDAY        0                         0      0        0
  MONTH TO DATE    0                         0      0        0
  SINCE MAR 1      0                         0      0        0
  SINCE JAN 1      0                         0      0        0
..................................................................


WIND (MPH)
  HIGHEST WIND SPEED    24   HIGHEST WIND DIRECTION    NW (310)
  HIGHEST GUST SPEED    33   HIGHEST GUST DIRECTION    NW (300)
  AVERAGE WIND SPEED    13.2


SKY COVER
  AVERAGE SKY COVER 1.0



RELATIVE HUMIDITY (PERCENT)
 HIGHEST    91           600 PM
 LOWEST     57          1100 PM
 AVERAGE    74

..........................................................


THE AVOCA PA CLIMATE NORMALS FOR TODAY
                         NORMAL    RECORD    YEAR
 MAXIMUM TEMPERATURE (F)   46        76      1990
                                             1945
 MINIMUM TEMPERATURE (F)   27         7      1916


SUNRISE AND SUNSET
MARCH 16 2017.........SUNRISE   713 AM EDT   SUNSET   711 PM EDT
MARCH 17 2017.........SUNRISE   711 AM EDT   SUNSET   712 PM EDT


-  INDICATES NEGATIVE NUMBERS.
R  INDICATES RECORD WAS SET OR TIED.
MM INDICATES DATA IS MISSING.
T  INDICATES TRACE AMOUNT.




$$
