000
CDUS41 KBGM 110223
CLIAVP


CLIMATE REPORT
NATIONAL WEATHER SERVICE BINGHAMTON NY
1021 PM EDT THU AUG 10 2017


...................................

...THE AVOCA PA CLIMATE SUMMARY FOR AUGUST 10 2017...
VALID AS OF 1000 PM LOCAL TIME.

CLIMATE NORMAL PERIOD 1981 TO 2010
CLIMATE RECORD PERIOD 1901 TO 2017


WEATHER ITEM   OBSERVED TIME   RECORD YEAR NORMAL DEPARTURE LAST
                VALUE   (LST)  VALUE       VALUE  FROM      YEAR
                                                  NORMAL
..................................................................
TEMPERATURE (F)
 TODAY
  MAXIMUM         82    302 PM  93    1911  81      1       83
  MINIMUM         57    543 AM  48    1964  60     -3       73
                                      1919
  AVERAGE         70                        70      0       78

PRECIPITATION (IN)
  TODAY            0.00          1.10 1904   0.11  -0.11     0.22
  MONTH TO DATE       M                        M      M        M
  SINCE JUN 1      9.69                      9.00   0.69     6.45
  SINCE JAN 1     28.02                     22.80   5.22    19.27

SNOWFALL (IN)
  TODAY            0.0           0.0  1995   0.0    0.0      0.0
  MONTH TO DATE    0.0                       0.0    0.0      0.0
  SINCE JUN 1      0.0                       0.0    0.0      0.0
  SINCE JUL 1      0.0                       0.0    0.0      0.0

DEGREE DAYS
 HEATING
  TODAY            0                         0      0        0
  MONTH TO DATE    2                         0      2        0
  SINCE JUN 1     45                        62    -17       24
  SINCE JUL 1      2                         8     -6        0

 COOLING
  TODAY            5                         6     -1       13
  MONTH TO DATE   57                        60     -3       87
  SINCE JUN 1    484                       383    101      580
  SINCE JAN 1    536                       420    116      652
..................................................................


WIND (MPH)
  HIGHEST WIND SPEED    12   HIGHEST WIND DIRECTION     W (260)
  HIGHEST GUST SPEED    16   HIGHEST GUST DIRECTION    SW (210)
  AVERAGE WIND SPEED     5.1


SKY COVER
  AVERAGE SKY COVER 0.1


WEATHER CONDITIONS
 THE FOLLOWING WEATHER WAS RECORDED TODAY.
  NO SIGNIFICANT WEATHER WAS OBSERVED.


RELATIVE HUMIDITY (PERCENT)
 HIGHEST    87           300 AM
 LOWEST     37           300 PM
 AVERAGE    62

..........................................................


THE AVOCA PA CLIMATE NORMALS FOR TOMORROW
                         NORMAL    RECORD    YEAR
 MAXIMUM TEMPERATURE (F)   81        96      1944
 MINIMUM TEMPERATURE (F)   60        46      1972


SUNRISE AND SUNSET
AUGUST 10 2017........SUNRISE   607 AM EDT   SUNSET   808 PM EDT
AUGUST 11 2017........SUNRISE   608 AM EDT   SUNSET   807 PM EDT


-  INDICATES NEGATIVE NUMBERS.
R  INDICATES RECORD WAS SET OR TIED.
MM INDICATES DATA IS MISSING.
T  INDICATES TRACE AMOUNT.




$$
