000
CDUS41 KBGM 270218
CLIAVP


CLIMATE REPORT
NATIONAL WEATHER SERVICE BINGHAMTON NY
1018 PM EDT TUE APR 26 2016


...................................

...THE AVOCA PA CLIMATE SUMMARY FOR APRIL 26 2016...
VALID AS OF 1000 PM LOCAL TIME.

CLIMATE NORMAL PERIOD 1981 TO 2010
CLIMATE RECORD PERIOD 1901 TO 2016


WEATHER ITEM   OBSERVED TIME   RECORD YEAR NORMAL DEPARTURE LAST
                VALUE   (LST)  VALUE       VALUE  FROM      YEAR
                                                  NORMAL
..................................................................
TEMPERATURE (F)
 TODAY
  MAXIMUM         71   1245 PM  90    2009  64      7       55
  MINIMUM         45    859 PM  26    1972  42      3       31
                                      1919
  AVERAGE         58                        53      5       43

PRECIPITATION (IN)
  TODAY            0.28          1.35 1953   0.11   0.17      T
  MONTH TO DATE    2.53                      2.88  -0.35     2.88
  SINCE MAR 1      4.31                      5.43  -1.12     4.84
  SINCE JAN 1     10.11                      9.83   0.28     7.84

SNOWFALL (IN)
  TODAY            0.0           T    1993   0.1   -0.1      0.0
                                      1976
  MONTH TO DATE    2.2                       3.0   -0.8       T
  SINCE MAR 1      3.5                      12.0   -8.5      9.0
  SINCE JUL 1     15.5                      45.9  -30.4     51.4

DEGREE DAYS
 HEATING
  TODAY            7                        13     -6       22
  MONTH TO DATE  447                       449     -2      414
  SINCE MAR 1   1078                      1320   -242     1409
  SINCE JUL 1   4648                      5926  -1278     6106

 COOLING
  TODAY            0                         0      0        0
  MONTH TO DATE    1                         0      1        0
  SINCE MAR 1      1                         0      1        0
  SINCE JAN 1      1                         0      1        0
..................................................................


WIND (MPH)
  HIGHEST WIND SPEED    22   HIGHEST WIND DIRECTION     N (10)
  HIGHEST GUST SPEED    31   HIGHEST GUST DIRECTION     N (10)
  AVERAGE WIND SPEED     8.9


SKY COVER
  AVERAGE SKY COVER 0.8


WEATHER CONDITIONS
 THE FOLLOWING WEATHER WAS RECORDED TODAY.
  THUNDERSTORM
  HEAVY RAIN
  LIGHT RAIN
  FOG
  FOG W/VISIBILITY <= 1/4 MILE
  HAZE


RELATIVE HUMIDITY (PERCENT)
 HIGHEST    93           500 AM
 LOWEST     61          1200 PM
 AVERAGE    77

..........................................................


THE AVOCA PA CLIMATE NORMALS FOR TOMORROW
                         NORMAL    RECORD    YEAR
 MAXIMUM TEMPERATURE (F)   64        93      2009
 MINIMUM TEMPERATURE (F)   42        28      2002


SUNRISE AND SUNSET
APRIL 26 2016.........SUNRISE   606 AM EDT   SUNSET   756 PM EDT
APRIL 27 2016.........SUNRISE   605 AM EDT   SUNSET   757 PM EDT


-  INDICATES NEGATIVE NUMBERS.
R  INDICATES RECORD WAS SET OR TIED.
MM INDICATES DATA IS MISSING.
T  INDICATES TRACE AMOUNT.

$$
