000
CDUS41 KBGM 080555
CLIAVP


CLIMATE REPORT
NATIONAL WEATHER SERVICE BINGHAMTON NY
155 AM EDT TUE APR 8 2014


...................................

...THE AVOCA PA CLIMATE SUMMARY FOR APRIL 7 2014...

CLIMATE NORMAL PERIOD 1981 TO 2010
CLIMATE RECORD PERIOD 1901 TO 2014


WEATHER ITEM   OBSERVED TIME   RECORD YEAR NORMAL DEPARTURE LAST
                VALUE   (LST)  VALUE       VALUE  FROM      YEAR
                                                  NORMAL
..................................................................
TEMPERATURE (F)
 YESTERDAY
  MAXIMUM         48   1133 PM  86    2010  56     -8       64
                                      1929
  MINIMUM         34    610 AM  14    1982  35     -1       40
  AVERAGE         41                        45     -4       52

PRECIPITATION (IN)
  YESTERDAY        0.11          0.68 1994   0.10   0.01      T
  MONTH TO DATE    0.32                      0.74  -0.42      T
  SINCE MAR 1      2.39                      3.29  -0.90     1.62
  SINCE JAN 1      7.27                      7.69  -0.42     4.95

SNOWFALL (IN)
  YESTERDAY        0.0           4.7  1956   0.1   -0.1      0.0
  MONTH TO DATE    0.0                       0.8   -0.8       T
  SINCE MAR 1      2.4                       9.8   -7.4      6.5
  SINCE JUL 1     58.2                      43.7   14.5     33.9

DEGREE DAYS
 HEATING
  YESTERDAY       24                        20      4       13
  MONTH TO DATE  145                       147     -2      174
  SINCE MAR 1   1188                      1018    170     1100
  SINCE JUL 1   6011                      5624    387     5324

 COOLING
  YESTERDAY        0                         0      0        0
  MONTH TO DATE    0                         0      0        0
  SINCE MAR 1      0                         0      0        0
  SINCE JAN 1      0                         0      0        0
..................................................................


WIND (MPH)
  HIGHEST WIND SPEED    20   HIGHEST WIND DIRECTION    SE (130)
  HIGHEST GUST SPEED    32   HIGHEST GUST DIRECTION    SE (130)
  AVERAGE WIND SPEED     4.8


SKY COVER
  AVERAGE SKY COVER 0.6



RELATIVE HUMIDITY (PERCENT)
 HIGHEST    89           600 PM
 LOWEST     37          1100 AM
 AVERAGE    63

..........................................................


THE AVOCA PA CLIMATE NORMALS FOR TODAY
                         NORMAL    RECORD    YEAR
 MAXIMUM TEMPERATURE (F)   56        85      1929
 MINIMUM TEMPERATURE (F)   36        19      1972


SUNRISE AND SUNSET
APRIL  8 2014.........SUNRISE   635 AM EDT   SUNSET   736 PM EDT
APRIL  9 2014.........SUNRISE   633 AM EDT   SUNSET   737 PM EDT


-  INDICATES NEGATIVE NUMBERS.
R  INDICATES RECORD WAS SET OR TIED.
MM INDICATES DATA IS MISSING.
T  INDICATES TRACE AMOUNT.




$$
