000
CDUS41 KBGM 190120
CLIAVP


CLIMATE REPORT
NATIONAL WEATHER SERVICE BINGHAMTON NY
920 PM EDT TUE APR 18 2017


...................................

...THE AVOCA PA CLIMATE SUMMARY FOR APRIL 17 2017...

CLIMATE NORMAL PERIOD 1981 TO 2010
CLIMATE RECORD PERIOD 1901 TO 2017


WEATHER ITEM   OBSERVED TIME   RECORD YEAR NORMAL DEPARTURE LAST
                VALUE   (LST)  VALUE       VALUE  FROM      YEAR
                                                  NORMAL
..................................................................
TEMPERATURE (F)
 YESTERDAY
  MAXIMUM         69    245 PM  90    2002  60      9       77
  MINIMUM         49   1159 PM  23    1908  39     10       41
  AVERAGE         59                        49     10       59

PRECIPITATION (IN)
  YESTERDAY        0.00          1.08 1982   0.11  -0.11     0.00
  MONTH TO DATE    1.92                      1.88   0.04     2.13
  SINCE MAR 1      7.37                      4.43   2.94     3.91
  SINCE JAN 1     13.60                      8.83   4.77     9.71

SNOWFALL (IN)
  YESTERDAY        0.0           T    1993   0.1   -0.1      0.0
                                      1978
  MONTH TO DATE    0.1                       2.1   -2.0      2.2
  SINCE MAR 1     30.7                      11.1   19.6      3.5
  SINCE JUL 1     55.5                      45.0   10.5     15.5

DEGREE DAYS
 HEATING
  YESTERDAY        6                        16    -10        6
  MONTH TO DATE  200                       323   -123      365
  SINCE MAR 1   1135                      1194    -59      996
  SINCE JUL 1   4890                      5800   -910     4566

 COOLING
  YESTERDAY        0                         0      0        0
  MONTH TO DATE   10                         0     10        0
  SINCE MAR 1     10                         0     10        0
  SINCE JAN 1     10                         0     10        0
..................................................................


WIND (MPH)
  HIGHEST WIND SPEED    24   HIGHEST WIND DIRECTION    NW (330)
  HIGHEST GUST SPEED    30   HIGHEST GUST DIRECTION    NW (330)
  AVERAGE WIND SPEED     9.6


SKY COVER
  AVERAGE SKY COVER 0.2



RELATIVE HUMIDITY (PERCENT)
 HIGHEST    97           400 AM
 LOWEST     24           300 PM
 AVERAGE    61

..........................................................


THE AVOCA PA CLIMATE NORMALS FOR TODAY
                         NORMAL    RECORD    YEAR
 MAXIMUM TEMPERATURE (F)   60        92      1976
 MINIMUM TEMPERATURE (F)   39        28      2001
                                             1948


SUNRISE AND SUNSET
APRIL 18 2017.........SUNRISE   618 AM EDT   SUNSET   747 PM EDT
APRIL 19 2017.........SUNRISE   617 AM EDT   SUNSET   748 PM EDT


-  INDICATES NEGATIVE NUMBERS.
R  INDICATES RECORD WAS SET OR TIED.
MM INDICATES DATA IS MISSING.
T  INDICATES TRACE AMOUNT.




$$
