000
CDUS41 KBGM 162219
CLIAVP


CLIMATE REPORT
NATIONAL WEATHER SERVICE BINGHAMTON NY
519 PM EST TUE DEC 16 2014


...................................

...THE AVOCA PA CLIMATE SUMMARY FOR DECEMBER 16 2014...
VALID TODAY AS OF 0500 PM LOCAL TIME.

CLIMATE NORMAL PERIOD 1981 TO 2010
CLIMATE RECORD PERIOD 1901 TO 2014


WEATHER ITEM   OBSERVED TIME   RECORD YEAR NORMAL DEPARTURE LAST
                VALUE   (LST)  VALUE       VALUE  FROM      YEAR
                                                  NORMAL
..................................................................
TEMPERATURE (F)
 TODAY
  MAXIMUM         45    156 PM  57    1971  37      8       27
  MINIMUM         36    126 AM   1    1917  24     12       10
  AVERAGE         41                        30     11       19

PRECIPITATION (IN)
  TODAY            0.08          1.46 1902   0.08   0.00      T
  MONTH TO DATE    1.99                      1.50   0.49     1.86
  SINCE DEC 1      1.99                      1.50   0.49     1.86
  SINCE JAN 1     30.26                     37.08  -6.82    26.09

SNOWFALL (IN)
  TODAY            0.0           3.0  1980   0.2   -0.2       T
  MONTH TO DATE    4.4                       2.9    1.5      7.4
  SINCE DEC 1      4.4                       2.9    1.5      7.4
  SINCE JUL 1     13.3                       5.9    7.4     10.1

DEGREE DAYS
 HEATING
  TODAY           24                        35    -11       46
  MONTH TO DATE  488                       513    -25      549
  SINCE DEC 1    488                       513    -25      549
  SINCE JUL 1   1678                      1826   -148     1825

 COOLING
  TODAY            0                         0      0        0
  MONTH TO DATE    0                         0      0        0
  SINCE DEC 1      0                         0      0        0
  SINCE JAN 1    686                       580    106      795
..................................................................


WIND (MPH)
  HIGHEST WIND SPEED    10   HIGHEST WIND DIRECTION    SW (210)
  HIGHEST GUST SPEED    19   HIGHEST GUST DIRECTION    SW (210)
  AVERAGE WIND SPEED     2.4


SKY COVER
  AVERAGE SKY COVER 1.0


WEATHER CONDITIONS
 THE FOLLOWING WEATHER WAS RECORDED TODAY.
  RAIN
  LIGHT RAIN
  FOG
  HAZE


RELATIVE HUMIDITY (PERCENT)
 HIGHEST    89           100 AM
 LOWEST     76           900 AM
 AVERAGE    83

..........................................................


THE AVOCA PA CLIMATE NORMALS FOR TOMORROW
                         NORMAL    RECORD    YEAR
 MAXIMUM TEMPERATURE (F)   37        61      2000
 MINIMUM TEMPERATURE (F)   23        -4      1919


SUNRISE AND SUNSET
DECEMBER 16 2014......SUNRISE   722 AM EST   SUNSET   435 PM EST
DECEMBER 17 2014......SUNRISE   723 AM EST   SUNSET   435 PM EST


-  INDICATES NEGATIVE NUMBERS.
R  INDICATES RECORD WAS SET OR TIED.
MM INDICATES DATA IS MISSING.
T  INDICATES TRACE AMOUNT.




$$
