000
CDUS41 KBGM 140337
CLIAVP


CLIMATE REPORT
NATIONAL WEATHER SERVICE BINGHAMTON NY
1037 PM EST SAT JAN 13 2018


...................................

...THE AVOCA PA CLIMATE SUMMARY FOR JANUARY 13 2018...
VALID AS OF 1000 PM LOCAL TIME.

CLIMATE NORMAL PERIOD 1981 TO 2010
CLIMATE RECORD PERIOD 1901 TO 2018


WEATHER ITEM   OBSERVED TIME   RECORD YEAR NORMAL DEPARTURE LAST
                VALUE   (LST)  VALUE       VALUE  FROM      YEAR
                                                  NORMAL
..................................................................
TEMPERATURE (F)
 TODAY
  MAXIMUM         36    124 AM  69    1932  33      3       52
  MINIMUM         11    959 PM -13    1981  18     -7       25
  AVERAGE         24                        26     -2       39

PRECIPITATION (IN)
  TODAY            0.77          0.87 1964   0.08   0.69     0.00
  MONTH TO DATE    1.38                      0.95   0.43     1.07
  SINCE DEC 1      3.06                      3.63  -0.57     3.13
  SINCE JAN 1      1.38                      0.95   0.43     1.07

SNOWFALL (IN)
  TODAY           MM            18.3  1964   0.5   MM        0.0
  MONTH TO DATE    2.2                       6.0   -3.8      0.4
  SINCE DEC 1      9.3                      13.4   -4.1      7.3
  SINCE JUL 1      9.4                      16.4   -7.0     13.0

DEGREE DAYS
 HEATING
  TODAY           41                        39      2       26
  MONTH TO DATE  570                       506     64      450
  SINCE DEC 1   1681                      1571    110     1444
  SINCE JUL 1   2721                      2884   -163     2462

 COOLING
  TODAY            0                         0      0        0
  MONTH TO DATE    0                         0      0        0
  SINCE DEC 1      0                         0      0        0
  SINCE JAN 1      0                         0      0        0
..................................................................


WIND (MPH)
  HIGHEST WIND SPEED    25   HIGHEST WIND DIRECTION     N (340)
  HIGHEST GUST SPEED    38   HIGHEST GUST DIRECTION    NW (330)
  AVERAGE WIND SPEED    14.8


SKY COVER
  AVERAGE SKY COVER 0.9


WEATHER CONDITIONS
 THE FOLLOWING WEATHER WAS RECORDED TODAY.
  HEAVY RAIN
  RAIN
  LIGHT RAIN
  FREEZING RAIN
  LIGHT SNOW
  FOG
  HAZE


RELATIVE HUMIDITY (PERCENT)
 HIGHEST   100          1200 AM
 LOWEST     61           700 PM
 AVERAGE    81

..........................................................


THE AVOCA PA CLIMATE NORMALS FOR TOMORROW
                         NORMAL    RECORD    YEAR
 MAXIMUM TEMPERATURE (F)   33        69      1932
 MINIMUM TEMPERATURE (F)   18       -10      1914
                                             1912


SUNRISE AND SUNSET
JANUARY 13 2018.......SUNRISE   727 AM EST   SUNSET   456 PM EST
JANUARY 14 2018.......SUNRISE   727 AM EST   SUNSET   457 PM EST


-  INDICATES NEGATIVE NUMBERS.
R  INDICATES RECORD WAS SET OR TIED.
MM INDICATES DATA IS MISSING.
T  INDICATES TRACE AMOUNT.




$$
