000
CDUS41 KBGM 220217
CLIAVP


CLIMATE REPORT
NATIONAL WEATHER SERVICE BINGHAMTON NY
1016 PM EDT SUN AUG 21 2016


...................................

...THE AVOCA PA CLIMATE SUMMARY FOR AUGUST 21 2016...
VALID AS OF 1000 PM LOCAL TIME.

CLIMATE NORMAL PERIOD 1981 TO 2010
CLIMATE RECORD PERIOD 1901 TO 2016


WEATHER ITEM   OBSERVED TIME   RECORD YEAR NORMAL DEPARTURE LAST
                VALUE   (LST)  VALUE       VALUE  FROM      YEAR
                                                  NORMAL
..................................................................
TEMPERATURE (F)
 TODAY
  MAXIMUM         80   1039 AM  95    1916  79      1       80
  MINIMUM         68    823 PM  43    2000  59      9       59
                                      1908
  AVERAGE         74                        69      5       70

PRECIPITATION (IN)
  TODAY            0.91          1.07 1991   0.11   0.80     0.00
  MONTH TO DATE    3.07                      2.37   0.70     2.26
  SINCE JUN 1      8.74                     10.19  -1.45    11.11
  SINCE JAN 1     21.56                     23.99  -2.43    20.67

SNOWFALL (IN)
  TODAY            0.0           0.0  1995   0.0    0.0      0.0
  MONTH TO DATE    0.0                       0.0    0.0      0.0
  SINCE JUN 1      0.0                       0.0    0.0      0.0
  SINCE JUL 1      0.0                       0.0    0.0      0.0

DEGREE DAYS
 HEATING
  TODAY            0                         1     -1        0
  MONTH TO DATE    0                         4     -4        0
  SINCE JUN 1     24                        66    -42       24
  SINCE JUL 1      0                        12    -12        0

 COOLING
  TODAY            9                         5      4        5
  MONTH TO DATE  234                       120    114      177
  SINCE JUN 1    727                       443    284      585
  SINCE JAN 1    799                       480    319      733
..................................................................


WIND (MPH)
  HIGHEST WIND SPEED    18   HIGHEST WIND DIRECTION    NW (320)
  HIGHEST GUST SPEED    23   HIGHEST GUST DIRECTION     N (340)
  AVERAGE WIND SPEED     4.3


SKY COVER
  AVERAGE SKY COVER 0.7


WEATHER CONDITIONS
 THE FOLLOWING WEATHER WAS RECORDED TODAY.
  HEAVY RAIN
  RAIN
  LIGHT RAIN
  FOG


RELATIVE HUMIDITY (PERCENT)
 HIGHEST    93           200 PM
 LOWEST     62          1100 AM
 AVERAGE    78

..........................................................


THE AVOCA PA CLIMATE NORMALS FOR TOMORROW
                         NORMAL    RECORD    YEAR
 MAXIMUM TEMPERATURE (F)   79        98      1916
 MINIMUM TEMPERATURE (F)   59        42      1982


SUNRISE AND SUNSET
AUGUST 21 2016........SUNRISE   619 AM EDT   SUNSET   752 PM EDT
AUGUST 22 2016........SUNRISE   620 AM EDT   SUNSET   751 PM EDT


-  INDICATES NEGATIVE NUMBERS.
R  INDICATES RECORD WAS SET OR TIED.
MM INDICATES DATA IS MISSING.
T  INDICATES TRACE AMOUNT.




$$
