000
CDUS41 KBGM 160319
CLIAVP


CLIMATE REPORT
NATIONAL WEATHER SERVICE BINGHAMTON NY
1018 PM EST WED NOV 15 2017


...................................

...THE AVOCA PA CLIMATE SUMMARY FOR NOVEMBER 15 2017...
VALID AS OF 1000 PM LOCAL TIME.

CLIMATE NORMAL PERIOD 1981 TO 2010
CLIMATE RECORD PERIOD 1901 TO 2017


WEATHER ITEM   OBSERVED TIME   RECORD YEAR NORMAL DEPARTURE LAST
                VALUE   (LST)  VALUE       VALUE  FROM      YEAR
                                                  NORMAL
..................................................................
TEMPERATURE (F)
 TODAY
  MAXIMUM         49    212 PM  72    1993  50     -1       55
  MINIMUM         30    703 AM  14    1933  34     -4       40
  AVERAGE         40                        42     -2       48

PRECIPITATION (IN)
  TODAY            0.00          1.90 2007   0.11  -0.11     0.00
  MONTH TO DATE    0.45                      1.53  -1.08     0.31
  SINCE SEP 1      5.09                      8.94  -3.85     5.91
  SINCE JAN 1     35.21                     33.97   1.24    27.47

SNOWFALL (IN)
  TODAY            0.0           1.2  1995   0.1   -0.1      0.0
  MONTH TO DATE    T                         1.1   -1.1      0.0
  SINCE SEP 1      T                         1.2   -1.2       T
  SINCE JUL 1      T                         1.2   -1.2       T

DEGREE DAYS
 HEATING
  TODAY           25                        23      2       17
  MONTH TO DATE  335                       316     19      272
  SINCE SEP 1    656                       893   -237      671
  SINCE JUL 1    673                       919   -246      672

 COOLING
  TODAY            0                         0      0        0
  MONTH TO DATE    0                         0      0        0
  SINCE SEP 1    165                        56    109      132
  SINCE JAN 1    804                       580    224      998
..................................................................


WIND (MPH)
  HIGHEST WIND SPEED    12   HIGHEST WIND DIRECTION     S (160)
  HIGHEST GUST SPEED    18   HIGHEST GUST DIRECTION     S (170)
  AVERAGE WIND SPEED     3.5


SKY COVER
  AVERAGE SKY COVER 0.4


WEATHER CONDITIONS
 THE FOLLOWING WEATHER WAS RECORDED TODAY.
  FOG
  HAZE


RELATIVE HUMIDITY (PERCENT)
 HIGHEST    96          1200 AM
 LOWEST     45          1200 PM
 AVERAGE    71

..........................................................


THE AVOCA PA CLIMATE NORMALS FOR TOMORROW
                         NORMAL    RECORD    YEAR
 MAXIMUM TEMPERATURE (F)   49        69      1928
 MINIMUM TEMPERATURE (F)   33        11      1933


SUNRISE AND SUNSET
NOVEMBER 15 2017......SUNRISE   651 AM EST   SUNSET   443 PM EST
NOVEMBER 16 2017......SUNRISE   653 AM EST   SUNSET   442 PM EST


-  INDICATES NEGATIVE NUMBERS.
R  INDICATES RECORD WAS SET OR TIED.
MM INDICATES DATA IS MISSING.
T  INDICATES TRACE AMOUNT.




$$
