000
CDUS41 KBGM 200550
CLIAVP


CLIMATE REPORT
NATIONAL WEATHER SERVICE BINGHAMTON NY
150 AM EDT TUE SEP 20 2016


...................................

...THE AVOCA PA CLIMATE SUMMARY FOR SEPTEMBER 19 2016...

CLIMATE NORMAL PERIOD 1981 TO 2010
CLIMATE RECORD PERIOD 1901 TO 2016


WEATHER ITEM   OBSERVED TIME   RECORD YEAR NORMAL DEPARTURE LAST
                VALUE   (LST)  VALUE       VALUE  FROM      YEAR
                                                  NORMAL
..................................................................
TEMPERATURE (F)
 YESTERDAY
  MAXIMUM         79    241 PM  90    1983  71      8       83
  MINIMUM         66    940 PM  34    1959  51     15       59
  AVERAGE         73                        61     12       71

PRECIPITATION (IN)
  YESTERDAY        0.35          0.88 1960   0.14   0.21      T
  MONTH TO DATE    1.81                      2.52  -0.71     0.61
  SINCE SEP 1      1.81                      2.52  -0.71     0.61
  SINCE JAN 1     23.37                     27.55  -4.18    21.76

SNOWFALL (IN)
  YESTERDAY        0.0           0.0    MM   0.0    0.0      0.0
  MONTH TO DATE    0.0                       0.0    0.0      0.0
  SINCE SEP 1      0.0                       0.0    0.0      0.0
  SINCE JUL 1      0.0                       0.0    0.0      0.0

DEGREE DAYS
 HEATING
  YESTERDAY        0                         5     -5        0
  MONTH TO DATE    8                        57    -49        7
  SINCE SEP 1      8                        57    -49        7
  SINCE JUL 1      9                        83    -74        7

 COOLING
  YESTERDAY        8                         1      7        6
  MONTH TO DATE  104                        43     61      142
  SINCE SEP 1    104                        43     61      142
  SINCE JAN 1    970                       567    403      918
..................................................................


WIND (MPH)
  HIGHEST WIND SPEED     9   HIGHEST WIND DIRECTION    SW (210)
  HIGHEST GUST SPEED    14   HIGHEST GUST DIRECTION     S (200)
  AVERAGE WIND SPEED     2.3


SKY COVER
  AVERAGE SKY COVER 0.6



RELATIVE HUMIDITY (PERCENT)
 HIGHEST   100           900 PM
 LOWEST     67           200 PM
 AVERAGE    84

..........................................................


THE AVOCA PA CLIMATE NORMALS FOR TODAY
                         NORMAL    RECORD    YEAR
 MAXIMUM TEMPERATURE (F)   71        91      1983
 MINIMUM TEMPERATURE (F)   51        33      1993


SUNRISE AND SUNSET
SEPTEMBER 20 2016.....SUNRISE   649 AM EDT   SUNSET   703 PM EDT
SEPTEMBER 21 2016.....SUNRISE   650 AM EDT   SUNSET   701 PM EDT


-  INDICATES NEGATIVE NUMBERS.
R  INDICATES RECORD WAS SET OR TIED.
MM INDICATES DATA IS MISSING.
T  INDICATES TRACE AMOUNT.




$$
