000
CDUS41 KBGM 230320
CLIAVP


CLIMATE REPORT
NATIONAL WEATHER SERVICE BINGHAMTON NY
1020 PM EST SUN FEB 22 2015


...................................

...THE AVOCA PA CLIMATE SUMMARY FOR FEBRUARY 22 2015...
VALID AS OF 1000 PM LOCAL TIME.

CLIMATE NORMAL PERIOD 1981 TO 2010
CLIMATE RECORD PERIOD 1901 TO 2015


WEATHER ITEM   OBSERVED TIME   RECORD YEAR NORMAL DEPARTURE LAST
                VALUE   (LST)  VALUE       VALUE  FROM      YEAR
                                                  NORMAL
..................................................................
TEMPERATURE (F)
 TODAY
  MAXIMUM         38    334 PM  62    1997  39     -1       50
                                      1974
                                      1930
  MINIMUM         24    541 AM  -1    1963  22      2       33
  AVERAGE         31                        30      1       42

PRECIPITATION (IN)
  TODAY            T             1.43 1902   0.07  -0.07     0.00
  MONTH TO DATE    1.11                      1.61  -0.50     2.77
  SINCE DEC 1      5.76                      6.66  -0.90     8.22
  SINCE JAN 1      2.98                      3.98  -1.00     4.88

SNOWFALL (IN)
  TODAY           MM             5.1  2008   0.3   MM        0.0
  MONTH TO DATE   13.4                       7.3    6.1     27.6
  SINCE DEC 1     33.0                      28.9    4.1     51.4
  SINCE JUL 1     41.9                      31.9   10.0     54.1

DEGREE DAYS
 HEATING
  TODAY           34                        35     -1       23
  MONTH TO DATE 1026                       811    215      887
  SINCE DEC 1   3209                      3089    120     3282
  SINCE JUL 1   4399                      4402     -3     4558

 COOLING
  TODAY            0                         0      0        0
  MONTH TO DATE    0                         0      0        0
  SINCE DEC 1      0                         0      0        0
  SINCE JAN 1      0                         0      0        0
..................................................................


WIND (MPH)
  HIGHEST WIND SPEED    15   HIGHEST WIND DIRECTION    SW (230)
  HIGHEST GUST SPEED    20   HIGHEST GUST DIRECTION    SW (220)
  AVERAGE WIND SPEED     3.7


SKY COVER
  AVERAGE SKY COVER 0.7


WEATHER CONDITIONS
 THE FOLLOWING WEATHER WAS RECORDED TODAY.
  LIGHT SNOW
  FOG
  HAZE


RELATIVE HUMIDITY (PERCENT)
 HIGHEST    88           600 AM
 LOWEST     59           300 PM
 AVERAGE    74

..........................................................


THE AVOCA PA CLIMATE NORMALS FOR TOMORROW
                         NORMAL    RECORD    YEAR
 MAXIMUM TEMPERATURE (F)   39        69      1985
 MINIMUM TEMPERATURE (F)   22        -2      1964


SUNRISE AND SUNSET
FEBRUARY 22 2015......SUNRISE   648 AM EST   SUNSET   545 PM EST
FEBRUARY 23 2015......SUNRISE   647 AM EST   SUNSET   546 PM EST


-  INDICATES NEGATIVE NUMBERS.
R  INDICATES RECORD WAS SET OR TIED.
MM INDICATES DATA IS MISSING.
T  INDICATES TRACE AMOUNT.




$$
