000
CDUS41 KBGM 250619
CLIAVP


CLIMATE REPORT
NATIONAL WEATHER SERVICE BINGHAMTON NY
218 AM EDT MON APR 25 2016


...................................

...THE AVOCA PA CLIMATE SUMMARY FOR APRIL 24 2016...

CLIMATE NORMAL PERIOD 1981 TO 2010
CLIMATE RECORD PERIOD 1901 TO 2016


WEATHER ITEM   OBSERVED TIME   RECORD YEAR NORMAL DEPARTURE LAST
                VALUE   (LST)  VALUE       VALUE  FROM      YEAR
                                                  NORMAL
..................................................................
TEMPERATURE (F)
 YESTERDAY
  MAXIMUM         64    504 PM  87    1960  63      1       49
  MINIMUM         32    553 AM  25    1930  41     -9       33
  AVERAGE         48                        52     -4       41

PRECIPITATION (IN)
  YESTERDAY        0.00          1.50 1968   0.12  -0.12      T
  MONTH TO DATE    2.23                      2.66  -0.43     2.88
  SINCE MAR 1      4.01                      5.21  -1.20     4.84
  SINCE JAN 1      9.81                      9.61   0.20     7.84

SNOWFALL (IN)
  YESTERDAY        0.0           4.2  1967   0.1   -0.1       T
  MONTH TO DATE    2.2                       2.8   -0.6       T
  SINCE MAR 1      3.5                      11.8   -8.3      9.0
  SINCE JUL 1     15.5                      45.7  -30.2     51.4

DEGREE DAYS
 HEATING
  YESTERDAY       17                        13      4       24
  MONTH TO DATE  433                       423     10      371
  SINCE MAR 1   1064                      1294   -230     1366
  SINCE JUL 1   4634                      5900  -1266     6063

 COOLING
  YESTERDAY        0                         0      0        0
  MONTH TO DATE    1                         0      1        0
  SINCE MAR 1      1                         0      1        0
  SINCE JAN 1      1                         0      1        0
..................................................................


WIND (MPH)
  HIGHEST WIND SPEED    18   HIGHEST WIND DIRECTION    NW (330)
  HIGHEST GUST SPEED    24   HIGHEST GUST DIRECTION     N (340)
  AVERAGE WIND SPEED     5.9


SKY COVER
  AVERAGE SKY COVER 0.0



RELATIVE HUMIDITY (PERCENT)
 HIGHEST    63           500 AM
 LOWEST     22           500 PM
 AVERAGE    43

..........................................................


THE AVOCA PA CLIMATE NORMALS FOR TODAY
                         NORMAL    RECORD    YEAR
 MAXIMUM TEMPERATURE (F)   63        88      1915
 MINIMUM TEMPERATURE (F)   41        23      1919


SUNRISE AND SUNSET
APRIL 25 2016.........SUNRISE   608 AM EDT   SUNSET   754 PM EDT
APRIL 26 2016.........SUNRISE   606 AM EDT   SUNSET   756 PM EDT


-  INDICATES NEGATIVE NUMBERS.
R  INDICATES RECORD WAS SET OR TIED.
MM INDICATES DATA IS MISSING.
T  INDICATES TRACE AMOUNT.




$$
