000
CDUS41 KBGM 270715
CLIAVP


CLIMATE REPORT
NATIONAL WEATHER SERVICE BINGHAMTON NY
314 AM EDT SAT SEP 27 2014


...................................

...THE AVOCA PA CLIMATE SUMMARY FOR SEPTEMBER 26 2014...

CLIMATE NORMAL PERIOD 1981 TO 2010
CLIMATE RECORD PERIOD 1901 TO 2014


WEATHER ITEM   OBSERVED TIME   RECORD YEAR NORMAL DEPARTURE LAST
                VALUE   (LST)  VALUE       VALUE  FROM      YEAR
                                                  NORMAL
..................................................................
TEMPERATURE (F)
 YESTERDAY
  MAXIMUM         78    209 PM  88    2007  68     10       72
  MINIMUM         46    636 AM  34    1947  48     -2       45
                                      1943
                                      1932
  AVERAGE         62                        58      4       59

PRECIPITATION (IN)
  YESTERDAY        0.00          1.46 1977   0.14  -0.14     0.00
  MONTH TO DATE    0.68                      3.50  -2.82     1.57
  SINCE SEP 1      0.68                      3.50  -2.82     1.57
  SINCE JAN 1     22.24                     28.53  -6.29    19.92

SNOWFALL (IN)
  YESTERDAY        0.0           0.0    MM   0.0    0.0      0.0
  MONTH TO DATE    0.0                       0.0    0.0      0.0
  SINCE SEP 1      0.0                       0.0    0.0      0.0
  SINCE JUL 1      0.0                       0.0    0.0      0.0

DEGREE DAYS
 HEATING
  YESTERDAY        3                         7     -4        6
  MONTH TO DATE  102                       102      0      137
  SINCE SEP 1    102                       102      0      137
  SINCE JUL 1    113                       128    -15      146

 COOLING
  YESTERDAY        0                         1     -1        0
  MONTH TO DATE   83                        50     33       69
  SINCE SEP 1     83                        50     33       69
  SINCE JAN 1    669                       574     95      771
..................................................................


WIND (MPH)
  HIGHEST WIND SPEED    15   HIGHEST WIND DIRECTION     N (10)
  HIGHEST GUST SPEED    20   HIGHEST GUST DIRECTION    NW (330)
  AVERAGE WIND SPEED     4.5


SKY COVER
  AVERAGE SKY COVER 0.0



RELATIVE HUMIDITY (PERCENT)
 HIGHEST    93           100 AM
 LOWEST     38           100 PM
 AVERAGE    66

..........................................................


THE AVOCA PA CLIMATE NORMALS FOR TODAY
                         NORMAL    RECORD    YEAR
 MAXIMUM TEMPERATURE (F)   68        85      1998
                                             1946
 MINIMUM TEMPERATURE (F)   48        30      1947


SUNRISE AND SUNSET
SEPTEMBER 27 2014.....SUNRISE   655 AM EDT   SUNSET   652 PM EDT
SEPTEMBER 28 2014.....SUNRISE   656 AM EDT   SUNSET   650 PM EDT


-  INDICATES NEGATIVE NUMBERS.
R  INDICATES RECORD WAS SET OR TIED.
MM INDICATES DATA IS MISSING.
T  INDICATES TRACE AMOUNT.




$$
