000
CDUS41 KBGM 230541
CLIAVP


CLIMATE REPORT
NATIONAL WEATHER SERVICE BINGHAMTON NY
1240 AM EST TUE DEC 23 2014


...................................

...THE AVOCA PA CLIMATE SUMMARY FOR DECEMBER 22 2014...

CLIMATE NORMAL PERIOD 1981 TO 2010
CLIMATE RECORD PERIOD 1901 TO 2014


WEATHER ITEM   OBSERVED TIME   RECORD YEAR NORMAL DEPARTURE LAST
                VALUE   (LST)  VALUE       VALUE  FROM      YEAR
                                                  NORMAL
..................................................................
TEMPERATURE (F)
 YESTERDAY
  MAXIMUM         43   1257 PM  66    2013  36      7       66
  MINIMUM         30    449 AM  -1    1989  22      8       56
                                      1944
  AVERAGE         37                        29      8       61

PRECIPITATION (IN)
  YESTERDAY        T             1.09 1916   0.08  -0.08     0.02
  MONTH TO DATE    2.14                      1.98   0.16     2.05
  SINCE DEC 1      2.14                      1.98   0.16     2.05
  SINCE JAN 1     30.41                     37.56  -7.15    26.28

SNOWFALL (IN)
  YESTERDAY        0.0          12.2  1969   0.2   -0.2      0.0
  MONTH TO DATE    4.4                       4.4    0.0      9.0
  SINCE DEC 1      4.4                       4.4    0.0      9.0
  SINCE JUL 1     13.3                       7.4    5.9     11.7

DEGREE DAYS
 HEATING
  YESTERDAY       28                        36     -8        4
  MONTH TO DATE  673                       727    -54      721
  SINCE DEC 1    673                       727    -54      721
  SINCE JUL 1   1863                      2040   -177     1997

 COOLING
  YESTERDAY        0                         0      0        0
  MONTH TO DATE    0                         0      0        0
  SINCE DEC 1      0                         0      0        0
  SINCE JAN 1    686                       580    106      795
..................................................................


WIND (MPH)
  HIGHEST WIND SPEED    13   HIGHEST WIND DIRECTION     S (160)
  HIGHEST GUST SPEED    20   HIGHEST GUST DIRECTION    SE (150)
  AVERAGE WIND SPEED     4.2


SKY COVER
  AVERAGE SKY COVER 0.9



RELATIVE HUMIDITY (PERCENT)
 HIGHEST    92           900 PM
 LOWEST     57           100 PM
 AVERAGE    75

..........................................................


THE AVOCA PA CLIMATE NORMALS FOR TODAY
                         NORMAL    RECORD    YEAR
 MAXIMUM TEMPERATURE (F)   35        64      1990
 MINIMUM TEMPERATURE (F)   22        -2      1960


SUNRISE AND SUNSET
DECEMBER 23 2014......SUNRISE   726 AM EST   SUNSET   438 PM EST
DECEMBER 24 2014......SUNRISE   727 AM EST   SUNSET   438 PM EST


-  INDICATES NEGATIVE NUMBERS.
R  INDICATES RECORD WAS SET OR TIED.
MM INDICATES DATA IS MISSING.
T  INDICATES TRACE AMOUNT.

$$
