000
CDUS41 KBGM 120533
CLIAVP


CLIMATE REPORT
NATIONAL WEATHER SERVICE BINGHAMTON NY
133 AM EDT WED JUL 12 2017


...................................

...THE AVOCA PA CLIMATE SUMMARY FOR JULY 11 2017...

CLIMATE NORMAL PERIOD 1981 TO 2010
CLIMATE RECORD PERIOD 1901 TO 2017


WEATHER ITEM   OBSERVED TIME   RECORD YEAR NORMAL DEPARTURE LAST
                VALUE   (LST)  VALUE       VALUE  FROM      YEAR
                                                  NORMAL
..................................................................
TEMPERATURE (F)
 YESTERDAY
  MAXIMUM         79    629 PM  99    1936  82     -3       83
  MINIMUM         67    406 AM  47    1983  61      6       54
  AVERAGE         73                        72      1       69

PRECIPITATION (IN)
  YESTERDAY        T             1.18 1950   0.12  -0.12     0.00
  MONTH TO DATE    1.17                      1.26  -0.09     0.54
  SINCE JUN 1      5.05                      5.29  -0.24     2.13
  SINCE JAN 1     23.38                     19.09   4.29    14.95

SNOWFALL (IN)
  YESTERDAY        0.0           T    1995   0.0    0.0      0.0
  MONTH TO DATE    0.0                       0.0    0.0      0.0
  SINCE JUN 1      0.0                       0.0    0.0      0.0
  SINCE JUL 1      0.0                       0.0    0.0      0.0

DEGREE DAYS
 HEATING
  YESTERDAY        0                         0      0        0
  MONTH TO DATE    0                         0      0        0
  SINCE JUN 1     43                        54    -11       24
  SINCE JUL 1      0                         0      0        0

 COOLING
  YESTERDAY        8                         7      1        4
  MONTH TO DATE   90                        72     18       92
  SINCE JUN 1    247                       189     58      235
  SINCE JAN 1    299                       226     73      307
..................................................................


WIND (MPH)
  HIGHEST WIND SPEED    13   HIGHEST WIND DIRECTION    SW (220)
  HIGHEST GUST SPEED    18   HIGHEST GUST DIRECTION    SW (240)
  AVERAGE WIND SPEED     5.0


SKY COVER
  AVERAGE SKY COVER 0.6



RELATIVE HUMIDITY (PERCENT)
 HIGHEST    93           400 AM
 LOWEST     74          1100 AM
 AVERAGE    84

..........................................................


THE AVOCA PA CLIMATE NORMALS FOR TODAY
                         NORMAL    RECORD    YEAR
 MAXIMUM TEMPERATURE (F)   82        96      1936
 MINIMUM TEMPERATURE (F)   61        45      1945


SUNRISE AND SUNSET
JULY 12 2017..........SUNRISE   541 AM EDT   SUNSET   836 PM EDT
JULY 13 2017..........SUNRISE   541 AM EDT   SUNSET   836 PM EDT


-  INDICATES NEGATIVE NUMBERS.
R  INDICATES RECORD WAS SET OR TIED.
MM INDICATES DATA IS MISSING.
T  INDICATES TRACE AMOUNT.




$$
