000
CDUS41 KBGM 260331
CLIAVP


CLIMATE REPORT
NATIONAL WEATHER SERVICE BINGHAMTON NY
1031 PM EST WED FEB 25 2015


...................................

...THE AVOCA PA CLIMATE SUMMARY FOR FEBRUARY 25 2015...
VALID AS OF 1000 PM LOCAL TIME.

CLIMATE NORMAL PERIOD 1981 TO 2010
CLIMATE RECORD PERIOD 1901 TO 2015


WEATHER ITEM   OBSERVED TIME   RECORD YEAR NORMAL DEPARTURE LAST
                VALUE   (LST)  VALUE       VALUE  FROM      YEAR
                                                  NORMAL
..................................................................
TEMPERATURE (F)
 TODAY
  MAXIMUM         34    346 PM  67    1930  39     -5       27
  MINIMUM         11    712 AM  -3    1914  22    -11       15
  AVERAGE         23                        31     -8       21

PRECIPITATION (IN)
  TODAY            0.00          1.29 1916   0.07  -0.07      T
  MONTH TO DATE    1.11                      1.82  -0.71     2.77
  SINCE DEC 1      5.76                      6.87  -1.11     8.22
  SINCE JAN 1      2.98                      4.19  -1.21     4.88

SNOWFALL (IN)
  TODAY            0.0          10.4  1966   0.3   -0.3      1.0
  MONTH TO DATE   13.4                       8.3    5.1     28.6
  SINCE DEC 1     33.0                      29.9    3.1     52.4
  SINCE JUL 1     41.9                      32.9    9.0     55.1

DEGREE DAYS
 HEATING
  TODAY           42                        34      8       44
  MONTH TO DATE 1177                       914    263      996
  SINCE DEC 1   3360                      3192    168     3391
  SINCE JUL 1   4550                      4505     45     4667

 COOLING
  TODAY            0                         0      0        0
  MONTH TO DATE    0                         0      0        0
  SINCE DEC 1      0                         0      0        0
  SINCE JAN 1      0                         0      0        0
..................................................................


WIND (MPH)
  HIGHEST WIND SPEED    17   HIGHEST WIND DIRECTION     W (250)
  HIGHEST GUST SPEED    23   HIGHEST GUST DIRECTION    SW (240)
  AVERAGE WIND SPEED     7.0


SKY COVER
  AVERAGE SKY COVER 0.4


WEATHER CONDITIONS
 THE FOLLOWING WEATHER WAS RECORDED TODAY.
  NO SIGNIFICANT WEATHER WAS OBSERVED.


RELATIVE HUMIDITY (PERCENT)
 HIGHEST    67           700 AM
 LOWEST     35           500 PM
 AVERAGE    51

..........................................................


THE AVOCA PA CLIMATE NORMALS FOR TOMORROW
                         NORMAL    RECORD    YEAR
 MAXIMUM TEMPERATURE (F)   40        66      1976
 MINIMUM TEMPERATURE (F)   23         1      1970


SUNRISE AND SUNSET
FEBRUARY 25 2015......SUNRISE   644 AM EST   SUNSET   549 PM EST
FEBRUARY 26 2015......SUNRISE   642 AM EST   SUNSET   550 PM EST


-  INDICATES NEGATIVE NUMBERS.
R  INDICATES RECORD WAS SET OR TIED.
MM INDICATES DATA IS MISSING.
T  INDICATES TRACE AMOUNT.




$$
