319
CDUS41 KBGM 260253
CLIAVP


CLIMATE REPORT
NATIONAL WEATHER SERVICE BINGHAMTON NY
1053 PM EDT MON APR 25 2016


...................................

...THE AVOCA PA CLIMATE SUMMARY FOR APRIL 25 2016...
VALID AS OF 1000 PM LOCAL TIME.

CLIMATE NORMAL PERIOD 1981 TO 2010
CLIMATE RECORD PERIOD 1901 TO 2016


WEATHER ITEM   OBSERVED TIME   RECORD YEAR NORMAL DEPARTURE LAST
                VALUE   (LST)  VALUE       VALUE  FROM      YEAR
                                                  NORMAL
..................................................................
TEMPERATURE (F)
 TODAY
  MAXIMUM         69    427 PM  88    1915  63      6       56
  MINIMUM         47    226 AM  23    1919  41      6       32
  AVERAGE         58                        52      6       44

PRECIPITATION (IN)
  TODAY            0.00          0.85 2010   0.11  -0.11     0.00
  MONTH TO DATE    2.23                      2.77  -0.54     2.88
  SINCE MAR 1      4.01                      5.32  -1.31     4.84
  SINCE JAN 1      9.81                      9.72   0.09     7.84

SNOWFALL (IN)
  TODAY            0.0           3.2  1983   0.1   -0.1      0.0
  MONTH TO DATE    2.2                       2.9   -0.7       T
  SINCE MAR 1      3.5                      11.9   -8.4      9.0
  SINCE JUL 1     15.5                      45.8  -30.3     51.4

DEGREE DAYS
 HEATING
  TODAY            7                        13     -6       21
  MONTH TO DATE  440                       436      4      392
  SINCE MAR 1   1071                      1307   -236     1387
  SINCE JUL 1   4641                      5913  -1272     6084

 COOLING
  TODAY            0                         0      0        0
  MONTH TO DATE    1                         0      1        0
  SINCE MAR 1      1                         0      1        0
  SINCE JAN 1      1                         0      1        0
..................................................................


WIND (MPH)
  HIGHEST WIND SPEED     8   HIGHEST WIND DIRECTION    NE (40)
  HIGHEST GUST SPEED    12   HIGHEST GUST DIRECTION    SE (130)
  AVERAGE WIND SPEED     4.2


SKY COVER
  AVERAGE SKY COVER 0.4


WEATHER CONDITIONS
 THE FOLLOWING WEATHER WAS RECORDED TODAY.
  NO SIGNIFICANT WEATHER WAS OBSERVED.


RELATIVE HUMIDITY (PERCENT)
 HIGHEST    49          1200 AM
 LOWEST     26           100 PM
 AVERAGE    38

..........................................................


THE AVOCA PA CLIMATE NORMALS FOR TOMORROW
                         NORMAL    RECORD    YEAR
 MAXIMUM TEMPERATURE (F)   64        90      2009
 MINIMUM TEMPERATURE (F)   42        26      1972
                                             1919


SUNRISE AND SUNSET
APRIL 25 2016.........SUNRISE   608 AM EDT   SUNSET   754 PM EDT
APRIL 26 2016.........SUNRISE   606 AM EDT   SUNSET   756 PM EDT


-  INDICATES NEGATIVE NUMBERS.
R  INDICATES RECORD WAS SET OR TIED.
MM INDICATES DATA IS MISSING.
T  INDICATES TRACE AMOUNT.




$$
