000
CDUS41 KBGM 220224
CLIAVP


CLIMATE REPORT
NATIONAL WEATHER SERVICE BINGHAMTON NY
1024 PM EDT THU MAY 21 2015


...................................

...THE AVOCA PA CLIMATE SUMMARY FOR MAY 21 2015...
VALID AS OF 1000 PM LOCAL TIME.

CLIMATE NORMAL PERIOD 1981 TO 2010
CLIMATE RECORD PERIOD 1901 TO 2015


WEATHER ITEM   OBSERVED TIME   RECORD YEAR NORMAL DEPARTURE LAST
                VALUE   (LST)  VALUE       VALUE  FROM      YEAR
                                                  NORMAL
..................................................................
TEMPERATURE (F)
 TODAY
  MAXIMUM         61    251 PM  92    1934  71    -10       64
                                      1911
  MINIMUM         44   1209 AM  30    2002  49     -5       57
  AVERAGE         53                        60     -7       61

PRECIPITATION (IN)
  TODAY            T             1.52 1947   0.12  -0.12     0.01
  MONTH TO DATE    0.39                      2.31  -1.92     2.06
  SINCE MAR 1      5.23                      8.19  -2.96     7.14
  SINCE JAN 1      8.23                     12.59  -4.36    12.02

SNOWFALL (IN)
  TODAY            0.0           0.0    MM   0.0    0.0      0.0
  MONTH TO DATE    0.0                       0.3   -0.3      0.0
  SINCE MAR 1      9.0                      12.6   -3.6      3.1
  SINCE JUL 1     51.4                      46.5    4.9     58.9

DEGREE DAYS
 HEATING
  TODAY           12                         6      6        4
  MONTH TO DATE   77                       178   -101      125
  SINCE MAR 1   1524                      1545    -21     1666
  SINCE JUL 1   6221                      6151     70     6489

 COOLING
  TODAY            0                         1     -1        0
  MONTH TO DATE   82                        14     68       24
  SINCE MAR 1     82                        20     62       31
  SINCE JAN 1     82                        20     62       31
..................................................................


WIND (MPH)
  HIGHEST WIND SPEED    14   HIGHEST WIND DIRECTION     W (250)
  HIGHEST GUST SPEED    17   HIGHEST GUST DIRECTION     W (270)
  AVERAGE WIND SPEED     5.0


SKY COVER
  AVERAGE SKY COVER 0.9


WEATHER CONDITIONS
 THE FOLLOWING WEATHER WAS RECORDED TODAY.
  NO SIGNIFICANT WEATHER WAS OBSERVED.


RELATIVE HUMIDITY (PERCENT)
 HIGHEST    76          1200 AM
 LOWEST     35          1200 PM
 AVERAGE    56

..........................................................


THE AVOCA PA CLIMATE NORMALS FOR TOMORROW
                         NORMAL    RECORD    YEAR
 MAXIMUM TEMPERATURE (F)   71        93      1911
 MINIMUM TEMPERATURE (F)   49        31      2002


SUNRISE AND SUNSET
MAY 21 2015...........SUNRISE   539 AM EDT   SUNSET   820 PM EDT
MAY 22 2015...........SUNRISE   538 AM EDT   SUNSET   821 PM EDT


-  INDICATES NEGATIVE NUMBERS.
R  INDICATES RECORD WAS SET OR TIED.
MM INDICATES DATA IS MISSING.
T  INDICATES TRACE AMOUNT.




$$
