000
CDUS41 KBGM 250235
CLIAVP


CLIMATE REPORT
NATIONAL WEATHER SERVICE BINGHAMTON NY
1033 PM EDT SUN AUG 24 2014


...................................

...THE AVOCA PA CLIMATE SUMMARY FOR AUGUST 24 2014...
VALID AS OF 1000 PM LOCAL TIME.

CLIMATE NORMAL PERIOD 1981 TO 2010
CLIMATE RECORD PERIOD 1901 TO 2014


WEATHER ITEM   OBSERVED TIME   RECORD YEAR NORMAL DEPARTURE LAST
                VALUE   (LST)  VALUE       VALUE  FROM      YEAR
                                                  NORMAL
..................................................................
TEMPERATURE (F)
 TODAY
  MAXIMUM         81    318 PM  92    1947  79      2       80
  MINIMUM         61    551 AM  44    1971  59      2       53
  AVERAGE         71                        69      2       67

PRECIPITATION (IN)
  TODAY            0.00          2.97 1945   0.11  -0.11     0.00
  MONTH TO DATE    3.47                      2.69   0.78     1.06
  SINCE JUN 1      8.12                     10.51  -2.39     8.21
  SINCE JAN 1     20.83                     24.31  -3.48    17.98

SNOWFALL (IN)
  TODAY            0.0           0.0  1995   0.0    0.0      0.0
  MONTH TO DATE    0.0                       0.0    0.0      0.0
  SINCE JUN 1      0.0                       0.0    0.0      0.0
  SINCE JUL 1      0.0                       0.0    0.0      0.0

DEGREE DAYS
 HEATING
  TODAY            0                         1     -1        0
  MONTH TO DATE    7                         7      0        8
  SINCE JUN 1     20                        69    -49       30
  SINCE JUL 1      9                        15     -6        9

 COOLING
  TODAY            6                         5      1        2
  MONTH TO DATE  121                       135    -14      103
  SINCE JUN 1    515                       458     57      568
  SINCE JAN 1    556                       495     61      632
..................................................................


WIND (MPH)
  HIGHEST WIND SPEED     9   HIGHEST WIND DIRECTION    NE (50)
  HIGHEST GUST SPEED    13   HIGHEST GUST DIRECTION    NE (50)
  AVERAGE WIND SPEED     2.6


SKY COVER
  AVERAGE SKY COVER 0.5


WEATHER CONDITIONS
 THE FOLLOWING WEATHER WAS RECORDED TODAY.
  FOG


RELATIVE HUMIDITY (PERCENT)
 HIGHEST    93          1200 AM
 LOWEST     39           200 PM
 AVERAGE    66

..........................................................


THE AVOCA PA CLIMATE NORMALS FOR TOMORROW
                         NORMAL    RECORD    YEAR
 MAXIMUM TEMPERATURE (F)   79        95      1948
                                             1909
 MINIMUM TEMPERATURE (F)   59        38      1940


SUNRISE AND SUNSET
AUGUST 24 2014........SUNRISE   621 AM EDT   SUNSET   749 PM EDT
AUGUST 25 2014........SUNRISE   622 AM EDT   SUNSET   747 PM EDT


-  INDICATES NEGATIVE NUMBERS.
R  INDICATES RECORD WAS SET OR TIED.
MM INDICATES DATA IS MISSING.
T  INDICATES TRACE AMOUNT.

$$
