000
CDUS41 KBGM 190219
CLIAVP


CLIMATE REPORT
NATIONAL WEATHER SERVICE BINGHAMTON NY
1019 PM EDT THU MAY 18 2017


...................................

...THE AVOCA PA CLIMATE SUMMARY FOR MAY 18 2017...
VALID AS OF 1000 PM LOCAL TIME.

CLIMATE NORMAL PERIOD 1981 TO 2010
CLIMATE RECORD PERIOD 1901 TO 2017


WEATHER ITEM   OBSERVED TIME   RECORD YEAR NORMAL DEPARTURE LAST
                VALUE   (LST)  VALUE       VALUE  FROM      YEAR
                                                  NORMAL
..................................................................
TEMPERATURE (F)
 TODAY
  MAXIMUM         90    502 PM  93    1962  70     20       67
  MINIMUM         64    542 AM  32    1983  48     16       46
  AVERAGE         77                        59     18       57

PRECIPITATION (IN)
  TODAY            0.00          0.93 2002   0.12  -0.12     0.00
                                      1946
  MONTH TO DATE    2.59                      1.95   0.64     2.22
  SINCE MAR 1     11.03                      7.83   3.20     6.69
  SINCE JAN 1     17.26                     12.23   5.03    12.49

SNOWFALL (IN)
  TODAY            0.0           T    1973   0.0    0.0      0.0
  MONTH TO DATE    0.0                       0.3   -0.3      0.0
  SINCE MAR 1     30.7                      12.6   18.1      3.5
  SINCE JUL 1     55.5                      46.5    9.0     15.5

DEGREE DAYS
 HEATING
  TODAY            0                         7     -7        8
  MONTH TO DATE  176                       159     17      199
  SINCE MAR 1   1400                      1526   -126     1340
  SINCE JUL 1   5155                      6132   -977     4910

 COOLING
  TODAY           12                         1     11        0
  MONTH TO DATE   19                        11      8        0
  SINCE MAR 1     41                        17     24        1
  SINCE JAN 1     41                        17     24        1
..................................................................


WIND (MPH)
  HIGHEST WIND SPEED    24   HIGHEST WIND DIRECTION     W (250)
  HIGHEST GUST SPEED    31   HIGHEST GUST DIRECTION    SW (240)
  AVERAGE WIND SPEED     8.6


SKY COVER
  AVERAGE SKY COVER 0.0


WEATHER CONDITIONS
 THE FOLLOWING WEATHER WAS RECORDED TODAY.
  FOG
  HAZE


RELATIVE HUMIDITY (PERCENT)
 HIGHEST    93           200 AM
 LOWEST     34           500 PM
 AVERAGE    64

..........................................................


THE AVOCA PA CLIMATE NORMALS FOR TOMORROW
                         NORMAL    RECORD    YEAR
 MAXIMUM TEMPERATURE (F)   71        92      1962
 MINIMUM TEMPERATURE (F)   48        30      2009


SUNRISE AND SUNSET
MAY 18 2017...........SUNRISE   541 AM EDT   SUNSET   818 PM EDT
MAY 19 2017...........SUNRISE   540 AM EDT   SUNSET   819 PM EDT


-  INDICATES NEGATIVE NUMBERS.
R  INDICATES RECORD WAS SET OR TIED.
MM INDICATES DATA IS MISSING.
T  INDICATES TRACE AMOUNT.




$$
