846
CDUS41 KBGM 060720
CLIAVP


CLIMATE REPORT
NATIONAL WEATHER SERVICE BINGHAMTON NY
214 AM EST WED DEC 6 2017


...................................

...THE AVOCA PA CLIMATE SUMMARY FOR DECEMBER 5 2017...

CLIMATE NORMAL PERIOD 1981 TO 2010
CLIMATE RECORD PERIOD 1901 TO 2017


WEATHER ITEM   OBSERVED TIME   RECORD YEAR NORMAL DEPARTURE LAST
                VALUE   (LST)  VALUE       VALUE  FROM      YEAR
                                                  NORMAL
..................................................................
TEMPERATURE (F)
 YESTERDAY
  MAXIMUM         54    1154 PM 67    2001  41     13       46
  MINIMUM         47     217 AM  4    1926  27     20       30
  AVERAGE         51                        34     17       38

PRECIPITATION (IN)
  YESTERDAY        0.32          1.37 1938   0.10   0.22     0.13
  MONTH TO DATE    0.32                      0.50  -0.18     0.35
  SINCE DEC 1      0.32                      0.50  -0.18     0.35
  SINCE JAN 1     36.15                     36.08   0.07    29.59

SNOWFALL (IN)
  YESTERDAY        0.0           9.0  2002   0.1   -0.1      0.0
  MONTH TO DATE    0.0                       0.7   -0.7      0.0
  SINCE DEC 1      0.0                       0.7   -0.7      0.0
  SINCE JUL 1      0.1                       3.7   -3.6      5.7

DEGREE DAYS
 HEATING
  YESTERDAY       14                        31    -17       27
  MONTH TO DATE  121                       150    -29      120
  SINCE DEC 1    121                       150    -29      120
  SINCE JUL 1   1161                      1463   -302     1138

 COOLING
  YESTERDAY        0                         0      0        0
  MONTH TO DATE    0                         0      0        0
  SINCE DEC 1      0                         0      0        0
  SINCE JAN 1    804                       580    224      998
..................................................................


WIND (MPH)
  HIGHEST WIND SPEED    14   HIGHEST WIND DIRECTION     S (190)
  HIGHEST GUST SPEED    30   HIGHEST GUST DIRECTION     S (200)
  AVERAGE WIND SPEED     7.0


SKY COVER
  AVERAGE SKY COVER 0.9



RELATIVE HUMIDITY (PERCENT)
 HIGHEST   100           500 PM
 LOWEST     71           300 AM
 AVERAGE    86

..........................................................


THE AVOCA PA CLIMATE NORMALS FOR TODAY
                         NORMAL    RECORD    YEAR
 MAXIMUM TEMPERATURE (F)   41        66      1998
 MINIMUM TEMPERATURE (F)   27        -5      1901


SUNRISE AND SUNSET
DECEMBER  6 2017......SUNRISE   715 AM EST   SUNSET   434 PM EST
DECEMBER  7 2017......SUNRISE   715 AM EST   SUNSET   433 PM EST


-  INDICATES NEGATIVE NUMBERS.
R  INDICATES RECORD WAS SET OR TIED.
MM INDICATES DATA IS MISSING.
T  INDICATES TRACE AMOUNT.




$$
