000
CDUS41 KBGM 272119
CLIAVP


CLIMATE REPORT
NATIONAL WEATHER SERVICE BINGHAMTON NY
519 PM EDT SAT SEP 27 2014


...................................

...THE AVOCA PA CLIMATE SUMMARY FOR SEPTEMBER 27 2014...
VALID TODAY AS OF 0500 PM LOCAL TIME.

CLIMATE NORMAL PERIOD 1981 TO 2010
CLIMATE RECORD PERIOD 1901 TO 2014


WEATHER ITEM   OBSERVED TIME   RECORD YEAR NORMAL DEPARTURE LAST
                VALUE   (LST)  VALUE       VALUE  FROM      YEAR
                                                  NORMAL
..................................................................
TEMPERATURE (F)
 TODAY
  MAXIMUM         84    318 PM  85    1998  68     16       72
                                      1946
  MINIMUM         48    640 AM  30    1947  48      0       46
  AVERAGE         66                        58      8       59

PRECIPITATION (IN)
  TODAY            0.00          5.98 1985   0.15  -0.15     0.00
  MONTH TO DATE    0.68                      3.65  -2.97     1.57
  SINCE SEP 1      0.68                      3.65  -2.97     1.57
  SINCE JAN 1     22.24                     28.68  -6.44    19.92

SNOWFALL (IN)
  TODAY            0.0           0.0    MM   0.0    0.0      0.0
  MONTH TO DATE    0.0                       0.0    0.0      0.0
  SINCE SEP 1      0.0                       0.0    0.0      0.0
  SINCE JUL 1      0.0                       0.0    0.0      0.0

DEGREE DAYS
 HEATING
  TODAY            0                         8     -8        6
  MONTH TO DATE  102                       110     -8      143
  SINCE SEP 1    102                       110     -8      143
  SINCE JUL 1    113                       136    -23      152

 COOLING
  TODAY            1                         1      0        0
  MONTH TO DATE   84                        51     33       69
  SINCE SEP 1     84                        51     33       69
  SINCE JAN 1    670                       575     95      771
..................................................................


WIND (MPH)
  HIGHEST WIND SPEED    12   HIGHEST WIND DIRECTION     N (10)
  HIGHEST GUST SPEED    15   HIGHEST GUST DIRECTION    NE (40)
  AVERAGE WIND SPEED     3.7


SKY COVER
  AVERAGE SKY COVER 0.0


WEATHER CONDITIONS
 THE FOLLOWING WEATHER WAS RECORDED TODAY.
  NO SIGNIFICANT WEATHER WAS OBSERVED.


RELATIVE HUMIDITY (PERCENT)
 HIGHEST    93           500 AM
 LOWEST     28           200 PM
 AVERAGE    61

..........................................................


THE AVOCA PA CLIMATE NORMALS FOR TOMORROW
                         NORMAL    RECORD    YEAR
 MAXIMUM TEMPERATURE (F)   67        84      1946
                                             1945
 MINIMUM TEMPERATURE (F)   47        30      1957
                                             1947


SUNRISE AND SUNSET
SEPTEMBER 27 2014.....SUNRISE   655 AM EDT   SUNSET   652 PM EDT
SEPTEMBER 28 2014.....SUNRISE   656 AM EDT   SUNSET   650 PM EDT


-  INDICATES NEGATIVE NUMBERS.
R  INDICATES RECORD WAS SET OR TIED.
MM INDICATES DATA IS MISSING.
T  INDICATES TRACE AMOUNT.




$$
