000
CDUS41 KBGM 190304
CLIAVP


CLIMATE REPORT
NATIONAL WEATHER SERVICE BINGHAMTON NY
1104 PM EDT THU AUG 18 2016


...................................

...THE AVOCA PA CLIMATE SUMMARY FOR AUGUST 18 2016...
VALID AS OF 1000 PM LOCAL TIME.

CLIMATE NORMAL PERIOD 1981 TO 2010
CLIMATE RECORD PERIOD 1901 TO 2016


WEATHER ITEM   OBSERVED TIME   RECORD YEAR NORMAL DEPARTURE LAST
                VALUE   (LST)  VALUE       VALUE  FROM      YEAR
                                                  NORMAL
..................................................................
TEMPERATURE (F)
 TODAY
  MAXIMUM         84    222 PM  93    1995  80      4       90
                                      1913
  MINIMUM         65    431 AM  44    1941  60      5       69
  AVERAGE         75                        70      5       80

PRECIPITATION (IN)
  TODAY            0.15          4.40 1955   0.11   0.04     0.00
  MONTH TO DATE    2.16                      2.04   0.12     1.46
  SINCE JUN 1      7.83                      9.86  -2.03    10.31
  SINCE JAN 1     20.65                     23.66  -3.01    19.87

SNOWFALL (IN)
  TODAY            0.0           0.0  1995   0.0    0.0      0.0
  MONTH TO DATE    0.0                       0.0    0.0      0.0
  SINCE JUN 1      0.0                       0.0    0.0      0.0
  SINCE JUL 1      0.0                       0.0    0.0      0.0

DEGREE DAYS
 HEATING
  TODAY            0                         1     -1        0
  MONTH TO DATE    0                         1     -1        0
  SINCE JUN 1     24                        63    -39       24
  SINCE JUL 1      0                         9     -9        0

 COOLING
  TODAY           10                         5      5       15
  MONTH TO DATE  205                       105    100      143
  SINCE JUN 1    698                       428    270      551
  SINCE JAN 1    770                       465    305      699
..................................................................


WIND (MPH)
  HIGHEST WIND SPEED    14   HIGHEST WIND DIRECTION    NW (320)
  HIGHEST GUST SPEED    17   HIGHEST GUST DIRECTION    NW (320)
  AVERAGE WIND SPEED     3.2


SKY COVER
  AVERAGE SKY COVER 0.5


WEATHER CONDITIONS
 THE FOLLOWING WEATHER WAS RECORDED TODAY.
  RAIN
  LIGHT RAIN
  FOG


RELATIVE HUMIDITY (PERCENT)
 HIGHEST   100           900 PM
 LOWEST     58           100 PM
 AVERAGE    79

..........................................................


THE AVOCA PA CLIMATE NORMALS FOR TOMORROW
                         NORMAL    RECORD    YEAR
 MAXIMUM TEMPERATURE (F)   80        91      1916
                                             1914
 MINIMUM TEMPERATURE (F)   59        44      1924


SUNRISE AND SUNSET
AUGUST 18 2016........SUNRISE   616 AM EDT   SUNSET   757 PM EDT
AUGUST 19 2016........SUNRISE   617 AM EDT   SUNSET   755 PM EDT


-  INDICATES NEGATIVE NUMBERS.
R  INDICATES RECORD WAS SET OR TIED.
MM INDICATES DATA IS MISSING.
T  INDICATES TRACE AMOUNT.




$$
