000
CDUS41 KBGM 110541
CLIAVP


CLIMATE REPORT
NATIONAL WEATHER SERVICE BINGHAMTON NY
141 AM EDT FRI APR 11 2014


...................................

...THE AVOCA PA CLIMATE SUMMARY FOR APRIL 10 2014...

CLIMATE NORMAL PERIOD 1981 TO 2010
CLIMATE RECORD PERIOD 1901 TO 2014


WEATHER ITEM   OBSERVED TIME   RECORD YEAR NORMAL DEPARTURE LAST
                VALUE   (LST)  VALUE       VALUE  FROM      YEAR
                                                  NORMAL
..................................................................
TEMPERATURE (F)
 YESTERDAY
  MAXIMUM         66    417 PM  82    1922  57      9       76
  MINIMUM         29    617 AM  20    1985  36     -7       53
  AVERAGE         48                        47      1       65

PRECIPITATION (IN)
  YESTERDAY        0.00          1.59 1993   0.11  -0.11     0.50
  MONTH TO DATE    0.45                      1.08  -0.63     0.50
  SINCE MAR 1      2.52                      3.63  -1.11     2.12
  SINCE JAN 1      7.40                      8.03  -0.63     5.45

SNOWFALL (IN)
  YESTERDAY        0.0           4.0  1961   0.2   -0.2      0.0
  MONTH TO DATE    0.0                       1.3   -1.3       T
  SINCE MAR 1      2.4                      10.3   -7.9      6.5
  SINCE JUL 1     58.2                      44.2   14.0     33.9

DEGREE DAYS
 HEATING
  YESTERDAY       17                        19     -2        0
  MONTH TO DATE  198                       204     -6      181
  SINCE MAR 1   1241                      1075    166     1107
  SINCE JUL 1   6064                      5681    383     5331

 COOLING
  YESTERDAY        0                         0      0        0
  MONTH TO DATE    0                         0      0        4
  SINCE MAR 1      0                         0      0        4
  SINCE JAN 1      0                         0      0        4
..................................................................


WIND (MPH)
  HIGHEST WIND SPEED    21   HIGHEST WIND DIRECTION     S (190)
  HIGHEST GUST SPEED    41   HIGHEST GUST DIRECTION    SW (220)
  AVERAGE WIND SPEED     9.3


SKY COVER
  AVERAGE SKY COVER 0.0



RELATIVE HUMIDITY (PERCENT)
 HIGHEST    69           600 AM
 LOWEST     24           300 PM
 AVERAGE    47

..........................................................


THE AVOCA PA CLIMATE NORMALS FOR TODAY
                         NORMAL    RECORD    YEAR
 MAXIMUM TEMPERATURE (F)   57        83      1945
 MINIMUM TEMPERATURE (F)   37        20      1909


SUNRISE AND SUNSET
APRIL 11 2014.........SUNRISE   630 AM EDT   SUNSET   739 PM EDT
APRIL 12 2014.........SUNRISE   628 AM EDT   SUNSET   740 PM EDT


-  INDICATES NEGATIVE NUMBERS.
R  INDICATES RECORD WAS SET OR TIED.
MM INDICATES DATA IS MISSING.
T  INDICATES TRACE AMOUNT.




$$
