000
CDUS41 KBGM 282120
CLIAVP


CLIMATE REPORT
NATIONAL WEATHER SERVICE BINGHAMTON NY
519 PM EDT TUE JUL 28 2015


...................................

...THE AVOCA PA CLIMATE SUMMARY FOR JULY 28 2015...
VALID TODAY AS OF 0500 PM LOCAL TIME.

CLIMATE NORMAL PERIOD 1981 TO 2010
CLIMATE RECORD PERIOD 1901 TO 2015


WEATHER ITEM   OBSERVED TIME   RECORD YEAR NORMAL DEPARTURE LAST
                VALUE   (LST)  VALUE       VALUE  FROM      YEAR
                                                  NORMAL
..................................................................
TEMPERATURE (F)
 TODAY
  MAXIMUM         91    317 PM  95    1931  82      9       80
  MINIMUM         64    526 AM  44    1903  61      3       59
  AVERAGE         78                        71      7       70

PRECIPITATION (IN)
  TODAY            0.00          2.40 1945   0.13  -0.13     0.18
  MONTH TO DATE    2.17                      3.39  -1.22     2.48
  SINCE JUN 1      8.69                      7.42   1.27     4.64
  SINCE JAN 1     18.25                     21.22  -2.97    17.35

SNOWFALL (IN)
  TODAY            0.0           0.0  1995   0.0    0.0      0.0
  MONTH TO DATE    0.0                       0.0    0.0      0.0
  SINCE JUN 1      0.0                       0.0    0.0      0.0
  SINCE JUL 1      0.0                       0.0    0.0      0.0

DEGREE DAYS
 HEATING
  TODAY            0                         0      0        0
  MONTH TO DATE    0                         0      0        0
  SINCE JUN 1     24                        54    -30       11
  SINCE JUL 1      0                         0      0        0

 COOLING
  TODAY           13                         7      6        5
  MONTH TO DATE  217                       191     26      230
  SINCE JUN 1    372                       308     64      389
  SINCE JAN 1    520                       345    175      430
..................................................................


WIND (MPH)
  HIGHEST WIND SPEED    10   HIGHEST WIND DIRECTION     W (290)
  HIGHEST GUST SPEED    16   HIGHEST GUST DIRECTION    NW (330)
  AVERAGE WIND SPEED     3.7


SKY COVER
  AVERAGE SKY COVER 0.1


WEATHER CONDITIONS
 THE FOLLOWING WEATHER WAS RECORDED TODAY.
  FOG


RELATIVE HUMIDITY (PERCENT)
 HIGHEST    93           100 AM
 LOWEST     37           300 PM
 AVERAGE    65

..........................................................


THE AVOCA PA CLIMATE NORMALS FOR TOMORROW
                         NORMAL    RECORD    YEAR
 MAXIMUM TEMPERATURE (F)   82        96      1949
                                             1940
 MINIMUM TEMPERATURE (F)   61        51      1989


SUNRISE AND SUNSET
JULY 28 2015..........SUNRISE   554 AM EDT   SUNSET   824 PM EDT
JULY 29 2015..........SUNRISE   555 AM EDT   SUNSET   823 PM EDT


-  INDICATES NEGATIVE NUMBERS.
R  INDICATES RECORD WAS SET OR TIED.
MM INDICATES DATA IS MISSING.
T  INDICATES TRACE AMOUNT.




$$
