000
CDUS41 KBGM 160221
CLIAVP


CLIMATE REPORT
NATIONAL WEATHER SERVICE BINGHAMTON NY
1021 PM EDT THU JUN 15 2017


...................................

...THE AVOCA PA CLIMATE SUMMARY FOR JUNE 15 2017...
VALID AS OF 1000 PM LOCAL TIME.

CLIMATE NORMAL PERIOD 1981 TO 2010
CLIMATE RECORD PERIOD 1901 TO 2017


WEATHER ITEM   OBSERVED TIME   RECORD YEAR NORMAL DEPARTURE LAST
                VALUE   (LST)  VALUE       VALUE  FROM      YEAR
                                                  NORMAL
..................................................................
TEMPERATURE (F)
 TODAY
  MAXIMUM         81    306 PM  93    1945  78      3       83
  MINIMUM         60    331 AM  39    1978  57      3       50
  AVERAGE         71                        67      4       67

PRECIPITATION (IN)
  TODAY            0.00          2.76 1969   0.14  -0.14      T
  MONTH TO DATE    1.66                      2.09  -0.43     1.18
  SINCE JUN 1      1.66                      2.09  -0.43     1.18
  SINCE JAN 1     19.99                     15.89   4.10    14.00

SNOWFALL (IN)
  TODAY            0.0           0.0  1995   0.0    0.0      0.0
  MONTH TO DATE    0.0                       0.0    0.0      0.0
  SINCE JUN 1      0.0                       0.0    0.0      0.0
  SINCE JUL 1     55.5                      46.2    9.3     15.5

DEGREE DAYS
 HEATING
  TODAY            0                         2     -2        0
  MONTH TO DATE   41                        41      0       23
  SINCE JUN 1     41                        41      0       23
  SINCE JUL 1   5232                      6242  -1010     4965

 COOLING
  TODAY            6                         4      2        2
  MONTH TO DATE   54                        44     10       51
  SINCE JUN 1     54                        44     10       51
  SINCE JAN 1    106                        81     25      123
..................................................................


WIND (MPH)
  HIGHEST WIND SPEED    13   HIGHEST WIND DIRECTION    SW (210)
  HIGHEST GUST SPEED    21   HIGHEST GUST DIRECTION     S (190)
  AVERAGE WIND SPEED     4.6


SKY COVER
  AVERAGE SKY COVER 0.6


WEATHER CONDITIONS
 THE FOLLOWING WEATHER WAS RECORDED TODAY.
  NO SIGNIFICANT WEATHER WAS OBSERVED.


RELATIVE HUMIDITY (PERCENT)
 HIGHEST    93           400 AM
 LOWEST     45           500 PM
 AVERAGE    69

..........................................................


THE AVOCA PA CLIMATE NORMALS FOR TOMORROW
                         NORMAL    RECORD    YEAR
 MAXIMUM TEMPERATURE (F)   78        92      1967
 MINIMUM TEMPERATURE (F)   57        40      1961


SUNRISE AND SUNSET
JUNE 15 2017..........SUNRISE   529 AM EDT   SUNSET   838 PM EDT
JUNE 16 2017..........SUNRISE   529 AM EDT   SUNSET   838 PM EDT


-  INDICATES NEGATIVE NUMBERS.
R  INDICATES RECORD WAS SET OR TIED.
MM INDICATES DATA IS MISSING.
T  INDICATES TRACE AMOUNT.




$$
