000
CDUS41 KBGM 182310
CLIAVP


CLIMATE REPORT
NATIONAL WEATHER SERVICE BINGHAMTON NY
709 PM EDT MON MAY 18 2015


...................................

...THE AVOCA PA CLIMATE SUMMARY FOR MAY 18 2015...
VALID TODAY AS OF 0500 PM LOCAL TIME.

CLIMATE NORMAL PERIOD 1981 TO 2010
CLIMATE RECORD PERIOD 1901 TO 2015


WEATHER ITEM   OBSERVED TIME   RECORD YEAR NORMAL DEPARTURE LAST
                VALUE   (LST)  VALUE       VALUE  FROM      YEAR
                                                  NORMAL
..................................................................
TEMPERATURE (F)
 TODAY
  MAXIMUM         85   1030 AM  93    1962  70     15       61
  MINIMUM         65    212 AM  32    1983  48     17       38
  AVERAGE         75                        59     16       50

PRECIPITATION (IN)
  TODAY            T             0.93 2002   0.12  -0.12      T
                                      1946
  MONTH TO DATE    0.34                      1.95  -1.61     2.05
  SINCE MAR 1      5.18                      7.83  -2.65     7.13
  SINCE JAN 1      8.18                     12.23  -4.05    12.01

SNOWFALL (IN)
  TODAY            0.0           T    1973   0.0    0.0      0.0
  MONTH TO DATE    0.0                       0.3   -0.3      0.0
  SINCE MAR 1      9.0                      12.6   -3.6      3.1
  SINCE JUL 1     51.4                      46.5    4.9     58.9

DEGREE DAYS
 HEATING
  TODAY            0                         7     -7       15
  MONTH TO DATE   51                       159   -108      102
  SINCE MAR 1   1498                      1526    -28     1643
  SINCE JUL 1   6195                      6132     63     6466

 COOLING
  TODAY           10                         1      9        0
  MONTH TO DATE   77                        11     66       24
  SINCE MAR 1     77                        17     60       31
  SINCE JAN 1     77                        17     60       31
..................................................................


WIND (MPH)
  HIGHEST WIND SPEED    14   HIGHEST WIND DIRECTION    SE (120)
  HIGHEST GUST SPEED    22   HIGHEST GUST DIRECTION    SE (120)
  AVERAGE WIND SPEED     5.2


SKY COVER
  AVERAGE SKY COVER 0.6


WEATHER CONDITIONS
 THE FOLLOWING WEATHER WAS RECORDED TODAY.
  THUNDERSTORM
  FOG
  HAZE


RELATIVE HUMIDITY (PERCENT)
 HIGHEST    87          1200 AM
 LOWEST     55          1000 AM
 AVERAGE    71

..........................................................


THE AVOCA PA CLIMATE NORMALS FOR TOMORROW
                         NORMAL    RECORD    YEAR
 MAXIMUM TEMPERATURE (F)   71        92      1962
 MINIMUM TEMPERATURE (F)   48        30      2009


SUNRISE AND SUNSET
MAY 18 2015...........SUNRISE   542 AM EDT   SUNSET   818 PM EDT
MAY 19 2015...........SUNRISE   541 AM EDT   SUNSET   819 PM EDT


-  INDICATES NEGATIVE NUMBERS.
R  INDICATES RECORD WAS SET OR TIED.
MM INDICATES DATA IS MISSING.
T  INDICATES TRACE AMOUNT.




$$
