000
CDUS41 KBGM 100643
CLIAVP


CLIMATE REPORT
NATIONAL WEATHER SERVICE BINGHAMTON NY
142 AM EST SAT FEB 10 2018


...................................

...THE AVOCA PA CLIMATE SUMMARY FOR FEBRUARY 9 2018...

CLIMATE NORMAL PERIOD 1981 TO 2010
CLIMATE RECORD PERIOD 1901 TO 2018


WEATHER ITEM   OBSERVED TIME   RECORD YEAR NORMAL DEPARTURE LAST
                VALUE   (LST)  VALUE       VALUE  FROM      YEAR
                                                  NORMAL
..................................................................
TEMPERATURE (F)
 YESTERDAY
  MAXIMUM         33   1159 PM  64    1925  35     -2       34
  MINIMUM         14    635 AM -19    1934  20     -6       14
  AVERAGE         24                        28     -4       24

PRECIPITATION (IN)
  YESTERDAY        0.03          1.40 1906   0.07  -0.04     0.50
  MONTH TO DATE    1.39                      0.70   0.69     0.76
  SINCE DEC 1      5.75                      5.75   0.00     6.07
  SINCE JAN 1      4.07                      3.07   1.00     4.01

SNOWFALL (IN)
  YESTERDAY        0.2          15.0  1906   0.3   -0.1      7.5
  MONTH TO DATE    6.6                       3.1    3.5      8.1
  SINCE DEC 1     24.0                      24.7   -0.7     18.9
  SINCE JUL 1     24.1                      27.7   -3.6     24.6

DEGREE DAYS
 HEATING
  YESTERDAY       41                        37      4       41
  MONTH TO DATE  357                       342     15      295
  SINCE DEC 1   2692                      2620     72     2276
  SINCE JUL 1   3732                      3933   -201     3294

 COOLING
  YESTERDAY        0                         0      0        0
  MONTH TO DATE    0                         0      0        0
  SINCE DEC 1      0                         0      0        0
  SINCE JAN 1      0                         0      0        0
..................................................................


WIND (MPH)
  HIGHEST WIND SPEED    12   HIGHEST WIND DIRECTION    SW (210)
  HIGHEST GUST SPEED    16   HIGHEST GUST DIRECTION     S (190)
  AVERAGE WIND SPEED     4.4


SKY COVER
  AVERAGE SKY COVER 0.7



RELATIVE HUMIDITY (PERCENT)
 HIGHEST    84          1200 PM
 LOWEST     62          1000 AM
 AVERAGE    73

..........................................................


THE AVOCA PA CLIMATE NORMALS FOR TODAY
                         NORMAL    RECORD    YEAR
 MAXIMUM TEMPERATURE (F)   36        57      1955
                                             1909
 MINIMUM TEMPERATURE (F)   20        -9      1934


SUNRISE AND SUNSET
FEBRUARY 10 2018......SUNRISE   704 AM EST   SUNSET   531 PM EST
FEBRUARY 11 2018......SUNRISE   703 AM EST   SUNSET   532 PM EST


-  INDICATES NEGATIVE NUMBERS.
R  INDICATES RECORD WAS SET OR TIED.
MM INDICATES DATA IS MISSING.
T  INDICATES TRACE AMOUNT.




$$
