000
CDUS41 KBGM 092116
CLIAVP


CLIMATE REPORT
NATIONAL WEATHER SERVICE BINGHAMTON NY
516 PM EDT MON OCT 9 2017


...................................

...THE AVOCA PA CLIMATE SUMMARY FOR OCTOBER 9 2017...
VALID TODAY AS OF 0500 PM LOCAL TIME.

CLIMATE NORMAL PERIOD 1981 TO 2010
CLIMATE RECORD PERIOD 1901 TO 2017


WEATHER ITEM   OBSERVED TIME   RECORD YEAR NORMAL DEPARTURE LAST
                VALUE   (LST)  VALUE       VALUE  FROM      YEAR
                                                  NORMAL
..................................................................
TEMPERATURE (F)
 TODAY
  MAXIMUM         78    359 PM  84    2007  63     15       61
  MINIMUM         69    313 AM  26    2000  43     26       46
  AVERAGE         74                        53     21       54

PRECIPITATION (IN)
  TODAY            0.81          3.27 1903   0.12   0.69      T
  MONTH TO DATE    1.08                      1.05   0.03     0.67
  SINCE SEP 1      2.80                      5.12  -2.32     3.67
  SINCE JAN 1     32.92                     30.15   2.77    25.23

SNOWFALL (IN)
  TODAY            0.0           0.2  2000   0.0    0.0      0.0
  MONTH TO DATE    0.0                       0.0    0.0      0.0
  SINCE SEP 1      0.0                       0.0    0.0      0.0
  SINCE JUL 1      0.0                       0.0    0.0      0.0

DEGREE DAYS
 HEATING
  TODAY            0                        12    -12       11
  MONTH TO DATE   28                        96    -68       46
  SINCE SEP 1    120                       232   -112      105
  SINCE JUL 1    137                       258   -121      106

 COOLING
  TODAY            9                         0      9        0
  MONTH TO DATE   31                         0     31        0
  SINCE SEP 1    159                        52    107      127
  SINCE JAN 1    798                       576    222      993
..................................................................


WIND (MPH)
  HIGHEST WIND SPEED    18   HIGHEST WIND DIRECTION     S (160)
  HIGHEST GUST SPEED    33   HIGHEST GUST DIRECTION    SE (140)
  AVERAGE WIND SPEED     6.7


SKY COVER
  AVERAGE SKY COVER 0.9


WEATHER CONDITIONS
 THE FOLLOWING WEATHER WAS RECORDED TODAY.
  HEAVY RAIN
  RAIN
  LIGHT RAIN
  FOG


RELATIVE HUMIDITY (PERCENT)
 HIGHEST   100          1200 AM
 LOWEST     79           300 PM
 AVERAGE    90

..........................................................


THE AVOCA PA CLIMATE NORMALS FOR TOMORROW
                         NORMAL    RECORD    YEAR
 MAXIMUM TEMPERATURE (F)   63        87      1949
 MINIMUM TEMPERATURE (F)   43        28      1925


SUNRISE AND SUNSET
OCTOBER  9 2017.......SUNRISE   708 AM EDT   SUNSET   631 PM EDT
OCTOBER 10 2017.......SUNRISE   709 AM EDT   SUNSET   629 PM EDT


-  INDICATES NEGATIVE NUMBERS.
R  INDICATES RECORD WAS SET OR TIED.
MM INDICATES DATA IS MISSING.
T  INDICATES TRACE AMOUNT.




$$
