000
CDUS41 KBGM 160549
CLIAVP


CLIMATE REPORT
NATIONAL WEATHER SERVICE BINGHAMTON NY
148 AM EDT SAT AUG 16 2014


...................................

...THE AVOCA PA CLIMATE SUMMARY FOR AUGUST 15 2014...

CLIMATE NORMAL PERIOD 1981 TO 2010
CLIMATE RECORD PERIOD 1901 TO 2014


WEATHER ITEM   OBSERVED TIME   RECORD YEAR NORMAL DEPARTURE LAST
                VALUE   (LST)  VALUE       VALUE  FROM      YEAR
                                                  NORMAL
..................................................................
TEMPERATURE (F)
 YESTERDAY
  MAXIMUM         69   1034 AM  94    1995  80    -11       75
                                      1959
  MINIMUM         51    251 AM  46    2013  60     -9       46
                                      1907
  AVERAGE         60                        70    -10       61

PRECIPITATION (IN)
  YESTERDAY        0.00          2.41 1969   0.11  -0.11     0.00
  MONTH TO DATE    2.25                      1.72   0.53     0.80
  SINCE JUN 1      6.90                      9.54  -2.64     7.95
  SINCE JAN 1     19.61                     23.34  -3.73    17.72

SNOWFALL (IN)
  YESTERDAY        0.0           0.0  1995   0.0    0.0      0.0
  MONTH TO DATE    0.0                       0.0    0.0      0.0
  SINCE JUN 1      0.0                       0.0    0.0      0.0
  SINCE JUL 1      0.0                       0.0    0.0      0.0

DEGREE DAYS
 HEATING
  YESTERDAY        5                         0      5        4
  MONTH TO DATE    5                         0      5        8
  SINCE JUN 1     18                        62    -44       30
  SINCE JUL 1      7                         8     -1        9

 COOLING
  YESTERDAY        0                         6     -6        0
  MONTH TO DATE   80                        90    -10       61
  SINCE JUN 1    474                       413     61      526
  SINCE JAN 1    515                       450     65      590
..................................................................


WIND (MPH)
  HIGHEST WIND SPEED    16   HIGHEST WIND DIRECTION    NW (330)
  HIGHEST GUST SPEED    21   HIGHEST GUST DIRECTION    NW (330)
  AVERAGE WIND SPEED     5.1


SKY COVER
  AVERAGE SKY COVER 0.5



RELATIVE HUMIDITY (PERCENT)
 HIGHEST    83           100 AM
 LOWEST     48          1000 AM
 AVERAGE    66

..........................................................


THE AVOCA PA CLIMATE NORMALS FOR TODAY
                         NORMAL    RECORD    YEAR
 MAXIMUM TEMPERATURE (F)   80        93      1938
 MINIMUM TEMPERATURE (F)   60        49      1979
                                             1945
                                             1927


SUNRISE AND SUNSET
AUGUST 16 2014........SUNRISE   613 AM EDT   SUNSET   801 PM EDT
AUGUST 17 2014........SUNRISE   614 AM EDT   SUNSET   759 PM EDT


-  INDICATES NEGATIVE NUMBERS.
R  INDICATES RECORD WAS SET OR TIED.
MM INDICATES DATA IS MISSING.
T  INDICATES TRACE AMOUNT.




$$
