000
CDUS41 KBGM 210226
CLIAVP


CLIMATE REPORT
NATIONAL WEATHER SERVICE BINGHAMTON NY
1025 PM EDT WED APR 20 2016


...................................

...THE AVOCA PA CLIMATE SUMMARY FOR APRIL 20 2016...
VALID AS OF 1000 PM LOCAL TIME.

CLIMATE NORMAL PERIOD 1981 TO 2010
CLIMATE RECORD PERIOD 1901 TO 2016


WEATHER ITEM   OBSERVED TIME   RECORD YEAR NORMAL DEPARTURE LAST
                VALUE   (LST)  VALUE       VALUE  FROM      YEAR
                                                  NORMAL
..................................................................
TEMPERATURE (F)
 TODAY
  MAXIMUM         69    448 PM  91    1941  61      8       65
  MINIMUM         35    517 AM  22    1904  40     -5       44
  AVERAGE         52                        50      2       55

PRECIPITATION (IN)
  TODAY            0.00          1.24 2015   0.11  -0.11     1.24
  MONTH TO DATE    2.13                      2.21  -0.08     2.52
  SINCE MAR 1      3.91                      4.76  -0.85     4.48
  SINCE JAN 1      9.71                      9.16   0.55     7.48

SNOWFALL (IN)
  TODAY            0.0           5.0  1983   0.1   -0.1      0.0
  MONTH TO DATE    2.2                       2.5   -0.3       T
  SINCE MAR 1      3.5                      11.5   -8.0      9.0
  SINCE JUL 1     15.5                      45.4  -29.9     51.4

DEGREE DAYS
 HEATING
  TODAY           13                        15     -2       10
  MONTH TO DATE  395                       368     27      291
  SINCE MAR 1   1026                      1239   -213     1286
  SINCE JUL 1   4596                      5845  -1249     5983

 COOLING
  TODAY            0                         0      0        0
  MONTH TO DATE    0                         0      0        0
  SINCE MAR 1      0                         0      0        0
  SINCE JAN 1      0                         0      0        0
..................................................................


WIND (MPH)
  HIGHEST WIND SPEED    14   HIGHEST WIND DIRECTION     N (350)
  HIGHEST GUST SPEED    21   HIGHEST GUST DIRECTION     N (350)
  AVERAGE WIND SPEED     4.3


SKY COVER
  AVERAGE SKY COVER 0.0


WEATHER CONDITIONS
 THE FOLLOWING WEATHER WAS RECORDED TODAY.
  NO SIGNIFICANT WEATHER WAS OBSERVED.


RELATIVE HUMIDITY (PERCENT)
 HIGHEST    64           200 AM
 LOWEST     11           400 PM
 AVERAGE    38

..........................................................


THE AVOCA PA CLIMATE NORMALS FOR TOMORROW
                         NORMAL    RECORD    YEAR
 MAXIMUM TEMPERATURE (F)   62        85      1985
                                             1976
 MINIMUM TEMPERATURE (F)   40        26      1925


SUNRISE AND SUNSET
APRIL 20 2016.........SUNRISE   615 AM EDT   SUNSET   749 PM EDT
APRIL 21 2016.........SUNRISE   614 AM EDT   SUNSET   750 PM EDT


-  INDICATES NEGATIVE NUMBERS.
R  INDICATES RECORD WAS SET OR TIED.
MM INDICATES DATA IS MISSING.
T  INDICATES TRACE AMOUNT.




$$
