000
CDUS41 KBGM 200530
CLIAVP


CLIMATE REPORT
NATIONAL WEATHER SERVICE BINGHAMTON NY
128 AM EDT TUE JUN 20 2017


...................................

...THE AVOCA PA CLIMATE SUMMARY FOR JUNE 19 2017...

CLIMATE NORMAL PERIOD 1981 TO 2010
CLIMATE RECORD PERIOD 1901 TO 2017


WEATHER ITEM   OBSERVED TIME   RECORD YEAR NORMAL DEPARTURE LAST
                VALUE   (LST)  VALUE       VALUE  FROM      YEAR
                                                  NORMAL
..................................................................
TEMPERATURE (F)
 YESTERDAY
  MAXIMUM         84   1055 AM  94    1923  79      5       89
  MINIMUM         67   1159 PM  45    2008  58      9       57
                                      1986
                                      1956
  AVERAGE         76                        68      8       73

PRECIPITATION (IN)
  YESTERDAY        0.39          1.78 1948   0.14   0.25     0.00
  MONTH TO DATE    2.92                      2.63   0.29     1.26
  SINCE JUN 1      2.92                      2.63   0.29     1.26
  SINCE JAN 1     21.25                     16.43   4.82    14.08

SNOWFALL (IN)
  YESTERDAY        0.0           0.0  1995   0.0    0.0      0.0
  MONTH TO DATE    0.0                       0.0    0.0      0.0
  SINCE JUN 1      0.0                       0.0    0.0      0.0
  SINCE JUL 1     55.5                      46.2    9.3     15.5

DEGREE DAYS
 HEATING
  YESTERDAY        0                         1     -1        0
  MONTH TO DATE   41                        46     -5       24
  SINCE JUN 1     41                        46     -5       24
  SINCE JUL 1   5232                      6247  -1015     4966

 COOLING
  YESTERDAY       11                         4      7        8
  MONTH TO DATE   93                        60     33       71
  SINCE JUN 1     93                        60     33       71
  SINCE JAN 1    145                        97     48      143
..................................................................


WIND (MPH)
  HIGHEST WIND SPEED    25   HIGHEST WIND DIRECTION     W (260)
  HIGHEST GUST SPEED    32   HIGHEST GUST DIRECTION     W (260)
  AVERAGE WIND SPEED     4.6


SKY COVER
  AVERAGE SKY COVER 0.4



RELATIVE HUMIDITY (PERCENT)
 HIGHEST   100           400 AM
 LOWEST     65          1100 AM
 AVERAGE    83

..........................................................


THE AVOCA PA CLIMATE NORMALS FOR TODAY
                         NORMAL    RECORD    YEAR
 MAXIMUM TEMPERATURE (F)   79        95      1953
                                             1931
                                             1923
 MINIMUM TEMPERATURE (F)   58        41      1926


SUNRISE AND SUNSET
JUNE 20 2017..........SUNRISE   530 AM EDT   SUNSET   840 PM EDT
JUNE 21 2017..........SUNRISE   530 AM EDT   SUNSET   840 PM EDT


-  INDICATES NEGATIVE NUMBERS.
R  INDICATES RECORD WAS SET OR TIED.
MM INDICATES DATA IS MISSING.
T  INDICATES TRACE AMOUNT.




$$
