000
CDUS41 KBGM 260552
CLIAVP


CLIMATE REPORT
NATIONAL WEATHER SERVICE BINGHAMTON NY
150 AM EDT WED AUG 26 2015


...................................

...THE AVOCA PA CLIMATE SUMMARY FOR AUGUST 25 2015...

CLIMATE NORMAL PERIOD 1981 TO 2010
CLIMATE RECORD PERIOD 1901 TO 2015


WEATHER ITEM   OBSERVED TIME   RECORD YEAR NORMAL DEPARTURE LAST
                VALUE   (LST)  VALUE       VALUE  FROM      YEAR
                                                  NORMAL
..................................................................
TEMPERATURE (F)
 YESTERDAY
  MAXIMUM         80    208 PM  95    1948  79      1       85
                                      1909
  MINIMUM         58   1159 PM  38    1940  59     -1       56
  AVERAGE         69                        69      0       71

PRECIPITATION (IN)
  YESTERDAY        0.00          1.82 1941   0.10  -0.10     0.00
  MONTH TO DATE    2.36                      2.79  -0.43     3.47
  SINCE JUN 1     11.21                     10.61   0.60     8.12
  SINCE JAN 1     20.77                     24.41  -3.64    20.83

SNOWFALL (IN)
  YESTERDAY        0.0           0.0  1995   0.0    0.0      0.0
  MONTH TO DATE    0.0                       0.0    0.0      0.0
  SINCE JUN 1      0.0                       0.0    0.0      0.0
  SINCE JUL 1      0.0                       0.0    0.0      0.0

DEGREE DAYS
 HEATING
  YESTERDAY        0                         1     -1        0
  MONTH TO DATE    0                         8     -8        7
  SINCE JUN 1     24                        70    -46       20
  SINCE JUL 1      0                        16    -16        9

 COOLING
  YESTERDAY        4                         4      0        6
  MONTH TO DATE  193                       139     54      127
  SINCE JUN 1    601                       462    139      521
  SINCE JAN 1    749                       499    250      562
..................................................................


WIND (MPH)
  HIGHEST WIND SPEED    16   HIGHEST WIND DIRECTION     W (250)
  HIGHEST GUST SPEED    22   HIGHEST GUST DIRECTION    SW (240)
  AVERAGE WIND SPEED     6.0


SKY COVER
  AVERAGE SKY COVER 0.2



RELATIVE HUMIDITY (PERCENT)
 HIGHEST    73           800 AM
 LOWEST     32           400 PM
 AVERAGE    53

..........................................................


THE AVOCA PA CLIMATE NORMALS FOR TODAY
                         NORMAL    RECORD    YEAR
 MAXIMUM TEMPERATURE (F)   79        98      1948
 MINIMUM TEMPERATURE (F)   58        45      1944


SUNRISE AND SUNSET
AUGUST 26 2015........SUNRISE   623 AM EDT   SUNSET   746 PM EDT
AUGUST 27 2015........SUNRISE   624 AM EDT   SUNSET   744 PM EDT


-  INDICATES NEGATIVE NUMBERS.
R  INDICATES RECORD WAS SET OR TIED.
MM INDICATES DATA IS MISSING.
T  INDICATES TRACE AMOUNT.

$$
