559
CDUS41 KBGM 080528
CLIAVP


CLIMATE REPORT
NATIONAL WEATHER SERVICE BINGHAMTON NY
1228 AM EST FRI DEC 8 2017


...................................

...THE AVOCA PA CLIMATE SUMMARY FOR DECEMBER 7 2017...

CLIMATE NORMAL PERIOD 1981 TO 2010
CLIMATE RECORD PERIOD 1901 TO 2017


WEATHER ITEM   OBSERVED TIME   RECORD YEAR NORMAL DEPARTURE LAST
                VALUE   (LST)  VALUE       VALUE  FROM      YEAR
                                                  NORMAL
..................................................................
TEMPERATURE (F)
 YESTERDAY
  MAXIMUM         40    210 PM  69    1998  40      0       42
  MINIMUM         30    544 AM  -1    1901  27      3       34
  AVERAGE         35                        33      2       38

PRECIPITATION (IN)
  YESTERDAY        T             1.72 1914   0.10  -0.10     0.04
  MONTH TO DATE    0.37                      0.70  -0.33     0.69
  SINCE DEC 1      0.37                      0.70  -0.33     0.69
  SINCE JAN 1     36.20                     36.28  -0.08    29.93

SNOWFALL (IN)
  YESTERDAY        T             2.4  1959   0.2   -0.2      0.0
  MONTH TO DATE    T                         1.1   -1.1      0.5
  SINCE DEC 1      T                         1.1   -1.1      0.5
  SINCE JUL 1      0.1                       4.1   -4.0      6.2

DEGREE DAYS
 HEATING
  YESTERDAY       30                        32     -2       27
  MONTH TO DATE  175                       213    -38      178
  SINCE DEC 1    175                       213    -38      178
  SINCE JUL 1   1215                      1526   -311     1196

 COOLING
  YESTERDAY        0                         0      0        0
  MONTH TO DATE    0                         0      0        0
  SINCE DEC 1      0                         0      0        0
  SINCE JAN 1    804                       580    224      998
..................................................................


WIND (MPH)
  HIGHEST WIND SPEED    26   HIGHEST WIND DIRECTION     W (250)
  HIGHEST GUST SPEED    33   HIGHEST GUST DIRECTION     W (250)
  AVERAGE WIND SPEED    10.9


SKY COVER
  AVERAGE SKY COVER 0.3



RELATIVE HUMIDITY (PERCENT)
 HIGHEST    75           800 PM
 LOWEST     37          1100 AM
 AVERAGE    56

..........................................................


THE AVOCA PA CLIMATE NORMALS FOR TODAY
                         NORMAL    RECORD    YEAR
 MAXIMUM TEMPERATURE (F)   40        61      1980
 MINIMUM TEMPERATURE (F)   26         6      1906


SUNRISE AND SUNSET
DECEMBER  8 2017......SUNRISE   716 AM EST   SUNSET   433 PM EST
DECEMBER  9 2017......SUNRISE   717 AM EST   SUNSET   433 PM EST


-  INDICATES NEGATIVE NUMBERS.
R  INDICATES RECORD WAS SET OR TIED.
MM INDICATES DATA IS MISSING.
T  INDICATES TRACE AMOUNT.




$$
