000
CDUS41 KBGM 150609
CLIAVP


CLIMATE REPORT
NATIONAL WEATHER SERVICE BINGHAMTON NY
209 AM EDT MON MAY 15 2017


...................................

...THE AVOCA PA CLIMATE SUMMARY FOR MAY 14 2017...

CLIMATE NORMAL PERIOD 1981 TO 2010
CLIMATE RECORD PERIOD 1901 TO 2017


WEATHER ITEM   OBSERVED TIME   RECORD YEAR NORMAL DEPARTURE LAST
                VALUE   (LST)  VALUE       VALUE  FROM      YEAR
                                                  NORMAL
..................................................................
TEMPERATURE (F)
 YESTERDAY
  MAXIMUM         68    245 PM  87    1907  69     -1       71
  MINIMUM         47   1019 PM  29    2013  47      0       45
                                      1996
  AVERAGE         58                        58      0       58

PRECIPITATION (IN)
  YESTERDAY        0.08          1.15 1978   0.11  -0.03     0.09
  MONTH TO DATE    2.59                      1.50   1.09     2.22
  SINCE MAR 1     11.03                      7.38   3.65     6.69
  SINCE JAN 1     17.26                     11.78   5.48    12.49

SNOWFALL (IN)
  YESTERDAY        0.0           0.0    MM   0.0    0.0      0.0
  MONTH TO DATE    0.0                       0.3   -0.3      0.0
  SINCE MAR 1     30.7                      12.6   18.1      3.5
  SINCE JUL 1     55.5                      46.5    9.0     15.5

DEGREE DAYS
 HEATING
  YESTERDAY        7                         8     -1        7
  MONTH TO DATE  163                       130     33      147
  SINCE MAR 1   1387                      1497   -110     1288
  SINCE JUL 1   5142                      6103   -961     4858

 COOLING
  YESTERDAY        0                         1     -1        0
  MONTH TO DATE    1                         7     -6        0
  SINCE MAR 1     23                        13     10        1
  SINCE JAN 1     23                        13     10        1
..................................................................


WIND (MPH)
  HIGHEST WIND SPEED    29   HIGHEST WIND DIRECTION     N (10)
  HIGHEST GUST SPEED    39   HIGHEST GUST DIRECTION     N (360)
  AVERAGE WIND SPEED     7.7


SKY COVER
  AVERAGE SKY COVER 0.7



RELATIVE HUMIDITY (PERCENT)
 HIGHEST   100          1200 AM
 LOWEST     43           300 PM
 AVERAGE    72

..........................................................


THE AVOCA PA CLIMATE NORMALS FOR TODAY
                         NORMAL    RECORD    YEAR
 MAXIMUM TEMPERATURE (F)   70        87      2007
                                             1962
                                             1940
 MINIMUM TEMPERATURE (F)   47        32      1936


SUNRISE AND SUNSET
MAY 15 2017...........SUNRISE   544 AM EDT   SUNSET   815 PM EDT
MAY 16 2017...........SUNRISE   543 AM EDT   SUNSET   816 PM EDT


-  INDICATES NEGATIVE NUMBERS.
R  INDICATES RECORD WAS SET OR TIED.
MM INDICATES DATA IS MISSING.
T  INDICATES TRACE AMOUNT.




$$
