000
CDUS41 KBGM 270720
CLIAVP


CLIMATE REPORT
NATIONAL WEATHER SERVICE BINGHAMTON NY
318 AM EDT SAT AUG 27 2016


...................................

...THE AVOCA PA CLIMATE SUMMARY FOR AUGUST 26 2016...

CLIMATE NORMAL PERIOD 1981 TO 2010
CLIMATE RECORD PERIOD 1901 TO 2016


WEATHER ITEM   OBSERVED TIME   RECORD YEAR NORMAL DEPARTURE LAST
                VALUE   (LST)  VALUE       VALUE  FROM      YEAR
                                                  NORMAL
..................................................................
TEMPERATURE (F)
 YESTERDAY
  MAXIMUM         86    426 PM  98    1948  79      7       75
  MINIMUM         68   1159 PM  45    1944  58     10       56
  AVERAGE         77                        68      9       66

PRECIPITATION (IN)
  YESTERDAY        T             0.90 1961   0.11  -0.11      T
  MONTH TO DATE    3.07                      2.90   0.17     2.36
  SINCE JUN 1      8.74                     10.72  -1.98    11.21
  SINCE JAN 1     21.56                     24.52  -2.96    20.77

SNOWFALL (IN)
  YESTERDAY        0.0           0.0  1995   0.0    0.0      0.0
  MONTH TO DATE    0.0                       0.0    0.0      0.0
  SINCE JUN 1      0.0                       0.0    0.0      0.0
  SINCE JUL 1      0.0                       0.0    0.0      0.0

DEGREE DAYS
 HEATING
  YESTERDAY        0                         1     -1        0
  MONTH TO DATE    1                         9     -8        0
  SINCE JUN 1     25                        71    -46       24
  SINCE JUL 1      1                        17    -16        0

 COOLING
  YESTERDAY       12                         4      8        1
  MONTH TO DATE  252                       143    109      194
  SINCE JUN 1    745                       466    279      602
  SINCE JAN 1    817                       503    314      750
..................................................................


WIND (MPH)
  HIGHEST WIND SPEED    15   HIGHEST WIND DIRECTION    NW (310)
  HIGHEST GUST SPEED    18   HIGHEST GUST DIRECTION    NW (310)
  AVERAGE WIND SPEED     6.1


SKY COVER
  AVERAGE SKY COVER 0.3



RELATIVE HUMIDITY (PERCENT)
 HIGHEST    93          1200 AM
 LOWEST     48           200 PM
 AVERAGE    71

..........................................................


THE AVOCA PA CLIMATE NORMALS FOR TODAY
                         NORMAL    RECORD    YEAR
 MAXIMUM TEMPERATURE (F)   78        96      1948
 MINIMUM TEMPERATURE (F)   58        44      1910
                                             1904


SUNRISE AND SUNSET
AUGUST 27 2016........SUNRISE   625 AM EDT   SUNSET   743 PM EDT
AUGUST 28 2016........SUNRISE   626 AM EDT   SUNSET   741 PM EDT


-  INDICATES NEGATIVE NUMBERS.
R  INDICATES RECORD WAS SET OR TIED.
MM INDICATES DATA IS MISSING.
T  INDICATES TRACE AMOUNT.

$$
