000
CDUS41 KBGM 272118
CLIAVP


CLIMATE REPORT
NATIONAL WEATHER SERVICE BINGHAMTON NY
517 PM EDT THU JUL 27 2017


...................................

...THE AVOCA PA CLIMATE SUMMARY FOR JULY 27 2017...
VALID TODAY AS OF 0500 PM LOCAL TIME.

CLIMATE NORMAL PERIOD 1981 TO 2010
CLIMATE RECORD PERIOD 1901 TO 2017


WEATHER ITEM   OBSERVED TIME   RECORD YEAR NORMAL DEPARTURE LAST
                VALUE   (LST)  VALUE       VALUE  FROM      YEAR
                                                  NORMAL
..................................................................
TEMPERATURE (F)
 TODAY
  MAXIMUM         80    323 PM  94    1964  82     -2       91
                                      1955
                                      1941
  MINIMUM         67    413 AM  47    1977  61      6       63
                                      1920
  AVERAGE         74                        72      2       77

PRECIPITATION (IN)
  TODAY            T             2.34 1934   0.12  -0.12     0.00
  MONTH TO DATE    5.81                      3.26   2.55     1.42
  SINCE JUN 1      9.69                      7.29   2.40     3.01
  SINCE JAN 1     28.02                     21.09   6.93    15.83

SNOWFALL (IN)
  TODAY            0.0           0.0  1995   0.0    0.0      0.0
  MONTH TO DATE    0.0                       0.0    0.0      0.0
  SINCE JUN 1      0.0                       0.0    0.0      0.0
  SINCE JUL 1      0.0                       0.0    0.0      0.0

DEGREE DAYS
 HEATING
  TODAY            0                         0      0        0
  MONTH TO DATE    0                         0      0        0
  SINCE JUN 1     43                        54    -11       24
  SINCE JUL 1      0                         0      0        0

 COOLING
  TODAY            9                         7      2       12
  MONTH TO DATE  248                       184     64      298
  SINCE JUN 1    405                       301    104      441
  SINCE JAN 1    457                       338    119      513
..................................................................


WIND (MPH)
  HIGHEST WIND SPEED    10   HIGHEST WIND DIRECTION     W (270)
  HIGHEST GUST SPEED    14   HIGHEST GUST DIRECTION     W (260)
  AVERAGE WIND SPEED     4.9


SKY COVER
  AVERAGE SKY COVER 0.8


WEATHER CONDITIONS
 THE FOLLOWING WEATHER WAS RECORDED TODAY.
  LIGHT RAIN
  HAZE


RELATIVE HUMIDITY (PERCENT)
 HIGHEST    87           200 AM
 LOWEST     62           300 PM
 AVERAGE    75

..........................................................


THE AVOCA PA CLIMATE NORMALS FOR TOMORROW
                         NORMAL    RECORD    YEAR
 MAXIMUM TEMPERATURE (F)   82        95      1931
 MINIMUM TEMPERATURE (F)   61        44      1903


SUNRISE AND SUNSET
JULY 27 2017..........SUNRISE   554 AM EDT   SUNSET   825 PM EDT
JULY 28 2017..........SUNRISE   554 AM EDT   SUNSET   824 PM EDT


-  INDICATES NEGATIVE NUMBERS.
R  INDICATES RECORD WAS SET OR TIED.
MM INDICATES DATA IS MISSING.
T  INDICATES TRACE AMOUNT.




$$
