000
CDUS41 KBGM 250731
CLIAVP


CLIMATE REPORT
NATIONAL WEATHER SERVICE BINGHAMTON NY
330 AM EDT WED MAY 25 2016


...................................

...THE AVOCA PA CLIMATE SUMMARY FOR MAY 24 2016...

CLIMATE NORMAL PERIOD 1981 TO 2010
CLIMATE RECORD PERIOD 1901 TO 2016


WEATHER ITEM   OBSERVED TIME   RECORD YEAR NORMAL DEPARTURE LAST
                VALUE   (LST)  VALUE       VALUE  FROM      YEAR
                                                  NORMAL
..................................................................
TEMPERATURE (F)
 YESTERDAY
  MAXIMUM         82    418 PM  88    1975  72     10       81
                                      1964
                                      1936
  MINIMUM         53    544 AM  32    1963  50      3       40
  AVERAGE         68                        61      7       61

PRECIPITATION (IN)
  YESTERDAY        0.00          2.00 1979   0.13  -0.13     0.00
  MONTH TO DATE    2.33                      2.68  -0.35     0.39
  SINCE MAR 1      6.80                      8.56  -1.76     5.23
  SINCE JAN 1     12.60                     12.96  -0.36     8.23

SNOWFALL (IN)
  YESTERDAY        0.0           0.0    MM   0.0    0.0      0.0
  MONTH TO DATE    0.0                       0.3   -0.3      0.0
  SINCE MAR 1      3.5                      12.6   -9.1      9.0
  SINCE JUL 1     15.5                      46.5  -31.0     51.4

DEGREE DAYS
 HEATING
  YESTERDAY        0                         6     -6        4
  MONTH TO DATE  231                       196     35      100
  SINCE MAR 1   1372                      1563   -191     1547
  SINCE JUL 1   4942                      6169  -1227     6244

 COOLING
  YESTERDAY        3                         1      2        0
  MONTH TO DATE    3                        17    -14       82
  SINCE MAR 1      4                        23    -19       82
  SINCE JAN 1      4                        23    -19       82
..................................................................


WIND (MPH)
  HIGHEST WIND SPEED    23   HIGHEST WIND DIRECTION     N (340)
  HIGHEST GUST SPEED    29   HIGHEST GUST DIRECTION    NW (320)
  AVERAGE WIND SPEED     7.2


SKY COVER
  AVERAGE SKY COVER 0.1



RELATIVE HUMIDITY (PERCENT)
 HIGHEST    72           400 AM
 LOWEST     20           200 PM
 AVERAGE    46

..........................................................


THE AVOCA PA CLIMATE NORMALS FOR TODAY
                         NORMAL    RECORD    YEAR
 MAXIMUM TEMPERATURE (F)   72        91      1904
 MINIMUM TEMPERATURE (F)   50        30      1956


SUNRISE AND SUNSET
MAY 25 2016...........SUNRISE   536 AM EDT   SUNSET   825 PM EDT
MAY 26 2016...........SUNRISE   535 AM EDT   SUNSET   826 PM EDT


-  INDICATES NEGATIVE NUMBERS.
R  INDICATES RECORD WAS SET OR TIED.
MM INDICATES DATA IS MISSING.
T  INDICATES TRACE AMOUNT.




$$

HEDEN
