000
CDUS41 KBGM 280547
CLIAVP


CLIMATE REPORT
NATIONAL WEATHER SERVICE BINGHAMTON NY
147 AM EDT WED SEP 28 2016


...................................

...THE AVOCA PA CLIMATE SUMMARY FOR SEPTEMBER 27 2016...

CLIMATE NORMAL PERIOD 1981 TO 2010
CLIMATE RECORD PERIOD 1901 TO 2016


WEATHER ITEM   OBSERVED TIME   RECORD YEAR NORMAL DEPARTURE LAST
                VALUE   (LST)  VALUE       VALUE  FROM      YEAR
                                                  NORMAL
..................................................................
TEMPERATURE (F)
 YESTERDAY
  MAXIMUM         73    313 PM  85    1998  68      5       77
                                      1946
  MINIMUM         53   1159 PM  30    1947  48      5       48
  AVERAGE         63                        58      5       63

PRECIPITATION (IN)
  YESTERDAY        0.02          5.98 1985   0.15  -0.13     0.00
  MONTH TO DATE    1.94                      3.65  -1.71     0.67
  SINCE SEP 1      1.94                      3.65  -1.71     0.67
  SINCE JAN 1     23.50                     28.68  -5.18    21.82

SNOWFALL (IN)
  YESTERDAY        0.0           0.0    MM   0.0    0.0      0.0
  MONTH TO DATE    0.0                       0.0    0.0      0.0
  SINCE SEP 1      0.0                       0.0    0.0      0.0
  SINCE JUL 1      0.0                       0.0    0.0      0.0

DEGREE DAYS
 HEATING
  YESTERDAY        2                         8     -6        2
  MONTH TO DATE   28                       110    -82       25
  SINCE SEP 1     28                       110    -82       25
  SINCE JUL 1     29                       136   -107       25

 COOLING
  YESTERDAY        0                         1     -1        0
  MONTH TO DATE  127                        51     76      143
  SINCE SEP 1    127                        51     76      143
  SINCE JAN 1    993                       575    418      919
..................................................................


WIND (MPH)
  HIGHEST WIND SPEED    15   HIGHEST WIND DIRECTION     W (260)
  HIGHEST GUST SPEED    19   HIGHEST GUST DIRECTION     W (260)
  AVERAGE WIND SPEED     5.4


SKY COVER
  AVERAGE SKY COVER 0.3



RELATIVE HUMIDITY (PERCENT)
 HIGHEST   100           500 AM
 LOWEST     38           300 PM
 AVERAGE    69

..........................................................


THE AVOCA PA CLIMATE NORMALS FOR TODAY
                         NORMAL    RECORD    YEAR
 MAXIMUM TEMPERATURE (F)   67        84      1946
                                             1945
 MINIMUM TEMPERATURE (F)   47        30      1957
                                             1947


SUNRISE AND SUNSET
SEPTEMBER 28 2016.....SUNRISE   657 AM EDT   SUNSET   649 PM EDT
SEPTEMBER 29 2016.....SUNRISE   658 AM EDT   SUNSET   647 PM EDT


-  INDICATES NEGATIVE NUMBERS.
R  INDICATES RECORD WAS SET OR TIED.
MM INDICATES DATA IS MISSING.
T  INDICATES TRACE AMOUNT.




$$
