000
CDUS41 KBGM 062123
CLIAVP


CLIMATE REPORT
NATIONAL WEATHER SERVICE BINGHAMTON NY
523 PM EDT SUN APR 6 2014


...................................

...THE AVOCA PA CLIMATE SUMMARY FOR APRIL 6 2014...
VALID TODAY AS OF 0500 PM LOCAL TIME.

CLIMATE NORMAL PERIOD 1981 TO 2010
CLIMATE RECORD PERIOD 1901 TO 2014


WEATHER ITEM   OBSERVED TIME   RECORD YEAR NORMAL DEPARTURE LAST
                VALUE   (LST)  VALUE       VALUE  FROM      YEAR
                                                  NORMAL
..................................................................
TEMPERATURE (F)
 TODAY
  MAXIMUM         57    357 PM  83    1929  55      2       50
  MINIMUM         29    552 AM  18    1982  35     -6       27
                                      1943
  AVERAGE         43                        45     -2       39

PRECIPITATION (IN)
  TODAY            0.00          0.94 1924   0.11  -0.11     0.00
  MONTH TO DATE    0.21                      0.64  -0.43      T
  SINCE MAR 1      2.28                      3.19  -0.91     1.62
  SINCE JAN 1      7.16                      7.59  -0.43     4.95

SNOWFALL (IN)
  TODAY            0.0           6.2  1982   0.1   -0.1      0.0
  MONTH TO DATE    0.0                       0.7   -0.7       T
  SINCE MAR 1      2.4                       9.7   -7.3      6.5
  SINCE JUL 1     58.2                      43.6   14.6     33.9

DEGREE DAYS
 HEATING
  TODAY           22                        20      2       26
  MONTH TO DATE  121                       127     -6      161
  SINCE MAR 1   1164                       998    166     1087
  SINCE JUL 1   5987                      5604    383     5311

 COOLING
  TODAY            0                         0      0        0
  MONTH TO DATE    0                         0      0        0
  SINCE MAR 1      0                         0      0        0
  SINCE JAN 1      0                         0      0        0
..................................................................


WIND (MPH)
  HIGHEST WIND SPEED    16   HIGHEST WIND DIRECTION    NW (330)
  HIGHEST GUST SPEED    21   HIGHEST GUST DIRECTION    NW (330)
  AVERAGE WIND SPEED     8.7


SKY COVER
  AVERAGE SKY COVER 0.0


WEATHER CONDITIONS
 THE FOLLOWING WEATHER WAS RECORDED TODAY.
  NO SIGNIFICANT WEATHER WAS OBSERVED.


RELATIVE HUMIDITY (PERCENT)
 HIGHEST    69           300 AM
 LOWEST     21           400 PM
 AVERAGE    45

..........................................................


THE AVOCA PA CLIMATE NORMALS FOR TOMORROW
                         NORMAL    RECORD    YEAR
 MAXIMUM TEMPERATURE (F)   56        86      2010
                                             1929
 MINIMUM TEMPERATURE (F)   35        14      1982


SUNRISE AND SUNSET
APRIL  6 2014.........SUNRISE   638 AM EDT   SUNSET   733 PM EDT
APRIL  7 2014.........SUNRISE   636 AM EDT   SUNSET   735 PM EDT


-  INDICATES NEGATIVE NUMBERS.
R  INDICATES RECORD WAS SET OR TIED.
MM INDICATES DATA IS MISSING.
T  INDICATES TRACE AMOUNT.




$$
