000
CDUS41 KBGM 212131
CLIAVP


CLIMATE REPORT
NATIONAL WEATHER SERVICE BINGHAMTON NY
531 PM EDT SAT MAY 21 2016


...................................

...THE AVOCA PA CLIMATE SUMMARY FOR MAY 21 2016...
VALID TODAY AS OF 0500 PM LOCAL TIME.

CLIMATE NORMAL PERIOD 1981 TO 2010
CLIMATE RECORD PERIOD 1901 TO 2016


WEATHER ITEM   OBSERVED TIME   RECORD YEAR NORMAL DEPARTURE LAST
                VALUE   (LST)  VALUE       VALUE  FROM      YEAR
                                                  NORMAL
..................................................................
TEMPERATURE (F)
 TODAY
  MAXIMUM         66    104 PM  92    1934  71     -5       61
                                      1911
  MINIMUM         51    335 AM  30    2002  49      2       44
  AVERAGE         59                        60     -1       53

PRECIPITATION (IN)
  TODAY            0.03          1.52 1947   0.12  -0.09      T
  MONTH TO DATE    2.25                      2.31  -0.06     0.39
  SINCE MAR 1      6.72                      8.19  -1.47     5.23
  SINCE JAN 1     12.52                     12.59  -0.07     8.23

SNOWFALL (IN)
  TODAY            0.0           0.0    MM   0.0    0.0      0.0
  MONTH TO DATE    0.0                       0.3   -0.3      0.0
  SINCE MAR 1      3.5                      12.6   -9.1      9.0
  SINCE JUL 1     15.5                      46.5  -31.0     51.4

DEGREE DAYS
 HEATING
  TODAY            6                         6      0       12
  MONTH TO DATE  219                       178     41       77
  SINCE MAR 1   1360                      1545   -185     1524
  SINCE JUL 1   4930                      6151  -1221     6221

 COOLING
  TODAY            0                         1     -1        0
  MONTH TO DATE    0                        14    -14       82
  SINCE MAR 1      1                        20    -19       82
  SINCE JAN 1      1                        20    -19       82
..................................................................


WIND (MPH)
  HIGHEST WIND SPEED     9   HIGHEST WIND DIRECTION    SE (120)
  HIGHEST GUST SPEED    14   HIGHEST GUST DIRECTION     S (160)
  AVERAGE WIND SPEED     3.7


SKY COVER
  AVERAGE SKY COVER 0.5


WEATHER CONDITIONS
 THE FOLLOWING WEATHER WAS RECORDED TODAY.
  LIGHT RAIN


RELATIVE HUMIDITY (PERCENT)
 HIGHEST    77           300 AM
 LOWEST     37           100 PM
 AVERAGE    57

..........................................................


THE AVOCA PA CLIMATE NORMALS FOR TOMORROW
                         NORMAL    RECORD    YEAR
 MAXIMUM TEMPERATURE (F)   71        93      1911
 MINIMUM TEMPERATURE (F)   49        31      2002


SUNRISE AND SUNSET
MAY 21 2016...........SUNRISE   539 AM EDT   SUNSET   821 PM EDT
MAY 22 2016...........SUNRISE   538 AM EDT   SUNSET   822 PM EDT


-  INDICATES NEGATIVE NUMBERS.
R  INDICATES RECORD WAS SET OR TIED.
MM INDICATES DATA IS MISSING.
T  INDICATES TRACE AMOUNT.




$$
