000
CDUS41 KBGM 270600
CLIAVP


CLIMATE REPORT
NATIONAL WEATHER SERVICE BINGHAMTON NY
1259 AM EST TUE JAN 27 2015


...................................

...THE AVOCA PA CLIMATE SUMMARY FOR JANUARY 26 2015...

CLIMATE NORMAL PERIOD 1981 TO 2010
CLIMATE RECORD PERIOD 1901 TO 2015


WEATHER ITEM   OBSERVED TIME   RECORD YEAR NORMAL DEPARTURE LAST
                VALUE   (LST)  VALUE       VALUE  FROM      YEAR
                                                  NORMAL
..................................................................
TEMPERATURE (F)
 YESTERDAY
  MAXIMUM         24   1132 PM  67    1950  33     -9       25
  MINIMUM         16    519 AM  -5    1961  18     -2        7
                                      1927
  AVERAGE         20                        26     -6       16

PRECIPITATION (IN)
  YESTERDAY        0.13          0.98 1986   0.08   0.05     0.03
  MONTH TO DATE    1.67                      1.97  -0.30     2.11
  SINCE DEC 1      4.45                      4.65  -0.20     5.45
  SINCE JAN 1      1.67                      1.97  -0.30     2.11

SNOWFALL (IN)
  YESTERDAY        1.6           7.4  1986   0.4    1.2      0.4
  MONTH TO DATE   11.3                      12.0   -0.7     13.0
  SINCE DEC 1     15.7                      19.4   -3.7     23.8
  SINCE JUL 1     24.6                      22.4    2.2     26.5

DEGREE DAYS
 HEATING
  YESTERDAY       45                        39      6       49
  MONTH TO DATE 1049                      1013     36     1109
  SINCE DEC 1   1951                      2078   -127     2147
  SINCE JUL 1   3141                      3391   -250     3423

 COOLING
  YESTERDAY        0                         0      0        0
  MONTH TO DATE    0                         0      0        0
  SINCE DEC 1      0                         0      0        0
  SINCE JAN 1      0                         0      0        0
..................................................................


WIND (MPH)
  HIGHEST WIND SPEED    15   HIGHEST WIND DIRECTION    NE (60)
  HIGHEST GUST SPEED    23   HIGHEST GUST DIRECTION    NE (30)
  AVERAGE WIND SPEED     9.0


SKY COVER
  AVERAGE SKY COVER 1.0



RELATIVE HUMIDITY (PERCENT)
 HIGHEST    80           500 AM
 LOWEST     51           200 AM
 AVERAGE    66

..........................................................


THE AVOCA PA CLIMATE NORMALS FOR TODAY
                         NORMAL    RECORD    YEAR
 MAXIMUM TEMPERATURE (F)   34        69      1916
 MINIMUM TEMPERATURE (F)   19        -6      1927
                                             1907


SUNRISE AND SUNSET
JANUARY 27 2015.......SUNRISE   719 AM EST   SUNSET   513 PM EST
JANUARY 28 2015.......SUNRISE   718 AM EST   SUNSET   514 PM EST


-  INDICATES NEGATIVE NUMBERS.
R  INDICATES RECORD WAS SET OR TIED.
MM INDICATES DATA IS MISSING.
T  INDICATES TRACE AMOUNT.

$$
