000
CDUS41 KBGM 080229
CLIAVP


CLIMATE REPORT
NATIONAL WEATHER SERVICE BINGHAMTON NY
1028 PM EDT SAT OCT 7 2017


...................................

...THE AVOCA PA CLIMATE SUMMARY FOR OCTOBER 7 2017...
VALID AS OF 1000 PM LOCAL TIME.

CLIMATE NORMAL PERIOD 1981 TO 2010
CLIMATE RECORD PERIOD 1901 TO 2017


WEATHER ITEM   OBSERVED TIME   RECORD YEAR NORMAL DEPARTURE LAST
                VALUE   (LST)  VALUE       VALUE  FROM      YEAR
                                                  NORMAL
..................................................................
TEMPERATURE (F)
 TODAY
  MAXIMUM         81    246 PM  89    1941  64     17       77
  MINIMUM         64    654 AM  28    1999  44     20       45
  AVERAGE         73                        54     19       61

PRECIPITATION (IN)
  TODAY            0.00          2.09 1951   0.12  -0.12     0.00
  MONTH TO DATE    0.00                      0.81  -0.81     0.67
  SINCE SEP 1      1.72                      4.88  -3.16     3.67
  SINCE JAN 1     31.84                     29.91   1.93    25.23

SNOWFALL (IN)
  TODAY            0.0           0.0    MM   0.0    0.0      0.0
  MONTH TO DATE    0.0                       0.0    0.0      0.0
  SINCE SEP 1      0.0                       0.0    0.0      0.0
  SINCE JUL 1      0.0                       0.0    0.0      0.0

DEGREE DAYS
 HEATING
  TODAY            0                        11    -11        4
  MONTH TO DATE   28                        72    -44       32
  SINCE SEP 1    120                       208    -88       91
  SINCE JUL 1    137                       234    -97       92

 COOLING
  TODAY            8                         0      8        0
  MONTH TO DATE   12                         0     12        0
  SINCE SEP 1    140                        52     88      127
  SINCE JAN 1    779                       576    203      993
..................................................................


WIND (MPH)
  HIGHEST WIND SPEED    17   HIGHEST WIND DIRECTION     S (190)
  HIGHEST GUST SPEED    31   HIGHEST GUST DIRECTION     S (170)
  AVERAGE WIND SPEED     6.5


SKY COVER
  AVERAGE SKY COVER 0.3


WEATHER CONDITIONS
 THE FOLLOWING WEATHER WAS RECORDED TODAY.
  NO SIGNIFICANT WEATHER WAS OBSERVED.


RELATIVE HUMIDITY (PERCENT)
 HIGHEST    93          1200 AM
 LOWEST     45           100 PM
 AVERAGE    69

..........................................................


THE AVOCA PA CLIMATE NORMALS FOR TOMORROW
                         NORMAL    RECORD    YEAR
 MAXIMUM TEMPERATURE (F)   64        87      2007
 MINIMUM TEMPERATURE (F)   43        28      1935


SUNRISE AND SUNSET
OCTOBER  7 2017.......SUNRISE   706 AM EDT   SUNSET   634 PM EDT
OCTOBER  8 2017.......SUNRISE   707 AM EDT   SUNSET   633 PM EDT


-  INDICATES NEGATIVE NUMBERS.
R  INDICATES RECORD WAS SET OR TIED.
MM INDICATES DATA IS MISSING.
T  INDICATES TRACE AMOUNT.




$$
