000
CDUS41 KBGM 010635
CLIAVP


CLIMATE REPORT
NATIONAL WEATHER SERVICE BINGHAMTON NY
134 AM EST MON FEB 1 2016


...................................

...THE AVOCA PA CLIMATE SUMMARY FOR JANUARY 31 2016...

CLIMATE NORMAL PERIOD 1981 TO 2010
CLIMATE RECORD PERIOD 1901 TO 2016


WEATHER ITEM   OBSERVED TIME   RECORD YEAR NORMAL DEPARTURE LAST
                VALUE   (LST)  VALUE       VALUE  FROM      YEAR
                                                  NORMAL
..................................................................
TEMPERATURE (F)
 YESTERDAY
  MAXIMUM         56    508 PM  63    1916  34     22       22
  MINIMUM         32    143 AM  -7    1948  19     13        7
  AVERAGE         44                        26     18       15

PRECIPITATION (IN)
  YESTERDAY        0.00          0.46 1982   0.08  -0.08      T
  MONTH TO DATE    1.79                      2.37  -0.58     1.87
  SINCE DEC 1      4.34                      5.05  -0.71     4.65
  SINCE JAN 1      1.79                      2.37  -0.58     1.87

SNOWFALL (IN)
  YESTERDAY        0.0           1.8  1967   0.5   -0.5       T
  MONTH TO DATE    4.0                      14.2  -10.2     15.5
  SINCE DEC 1      4.8                      21.6  -16.8     19.9
  SINCE JUL 1      4.8                      24.6  -19.8     28.8

DEGREE DAYS
 HEATING
  YESTERDAY       21                        39    -18       50
  MONTH TO DATE 1135                      1208    -73     1281
  SINCE DEC 1   1763                      2278   -515     2183
  SINCE JUL 1   2671                      3591   -920     3373

 COOLING
  YESTERDAY        0                         0      0        0
  MONTH TO DATE    0                         0      0        0
  SINCE DEC 1      0                         0      0        0
  SINCE JAN 1      0                         0      0        0
..................................................................


WIND (MPH)
  HIGHEST WIND SPEED    14   HIGHEST WIND DIRECTION    SW (230)
  HIGHEST GUST SPEED    22   HIGHEST GUST DIRECTION    SW (240)
  AVERAGE WIND SPEED     4.3


SKY COVER
  AVERAGE SKY COVER 0.1



RELATIVE HUMIDITY (PERCENT)
 HIGHEST    59           100 AM
 LOWEST     38           300 PM
 AVERAGE    49

..........................................................


THE AVOCA PA CLIMATE NORMALS FOR TODAY
                         NORMAL    RECORD    YEAR
 MAXIMUM TEMPERATURE (F)   34        63      1989
 MINIMUM TEMPERATURE (F)   19        -5      1961
                                             1948
                                             1920


SUNRISE AND SUNSET
FEBRUARY  1 2016......SUNRISE   715 AM EST   SUNSET   519 PM EST
FEBRUARY  2 2016......SUNRISE   714 AM EST   SUNSET   520 PM EST


-  INDICATES NEGATIVE NUMBERS.
R  INDICATES RECORD WAS SET OR TIED.
MM INDICATES DATA IS MISSING.
T  INDICATES TRACE AMOUNT.




$$
