000
CDUS41 KBGM 130519
CLIAVP


CLIMATE REPORT
NATIONAL WEATHER SERVICE BINGHAMTON NY
118 AM EDT TUE JUN 13 2017


...................................

...THE AVOCA PA CLIMATE SUMMARY FOR JUNE 12 2017...

CLIMATE NORMAL PERIOD 1981 TO 2010
CLIMATE RECORD PERIOD 1901 TO 2017


WEATHER ITEM   OBSERVED TIME   RECORD YEAR NORMAL DEPARTURE LAST
                VALUE   (LST)  VALUE       VALUE  FROM      YEAR
                                                  NORMAL
..................................................................
TEMPERATURE (F)
 YESTERDAY
  MAXIMUM         90    400 PM  91    1949  77     13       76
  MINIMUM         61    437 AM  40    1980  56      5       57
  AVERAGE         76                        66     10       67

PRECIPITATION (IN)
  YESTERDAY        0.00          1.92 1903   0.14  -0.14     0.00
  MONTH TO DATE    1.40                      1.67  -0.27     1.18
  SINCE JUN 1      1.40                      1.67  -0.27     1.18
  SINCE JAN 1     19.73                     15.47   4.26    14.00

SNOWFALL (IN)
  YESTERDAY        0.0           0.0  1995   0.0    0.0      0.0
  MONTH TO DATE    0.0                       0.0    0.0      0.0
  SINCE JUN 1      0.0                       0.0    0.0      0.0
  SINCE JUL 1     55.5                      46.2    9.3     15.5

DEGREE DAYS
 HEATING
  YESTERDAY        0                         2     -2        0
  MONTH TO DATE   41                        35      6       19
  SINCE JUN 1     41                        35      6       19
  SINCE JUL 1   5232                      6236  -1004     4961

 COOLING
  YESTERDAY       11                         3      8        2
  MONTH TO DATE   27                        32     -5       49
  SINCE JUN 1     27                        32     -5       49
  SINCE JAN 1     79                        69     10      121
..................................................................


WIND (MPH)
  HIGHEST WIND SPEED    17   HIGHEST WIND DIRECTION    SW (240)
  HIGHEST GUST SPEED    23   HIGHEST GUST DIRECTION    SW (230)
  AVERAGE WIND SPEED     5.7


SKY COVER
  AVERAGE SKY COVER 0.1



RELATIVE HUMIDITY (PERCENT)
 HIGHEST    93           300 AM
 LOWEST     38           100 PM
 AVERAGE    66

..........................................................


THE AVOCA PA CLIMATE NORMALS FOR TODAY
                         NORMAL    RECORD    YEAR
 MAXIMUM TEMPERATURE (F)   77        92      1984
                                             1967
 MINIMUM TEMPERATURE (F)   56        40      1979


SUNRISE AND SUNSET
JUNE 13 2017..........SUNRISE   529 AM EDT   SUNSET   837 PM EDT
JUNE 14 2017..........SUNRISE   529 AM EDT   SUNSET   838 PM EDT


-  INDICATES NEGATIVE NUMBERS.
R  INDICATES RECORD WAS SET OR TIED.
MM INDICATES DATA IS MISSING.
T  INDICATES TRACE AMOUNT.




$$
