000
CDUS41 KBGM 210551
CLIAVP


CLIMATE REPORT
NATIONAL WEATHER SERVICE BINGHAMTON NY
1250 AM EST SAT FEB 21 2015


...................................

...THE AVOCA PA CLIMATE SUMMARY FOR FEBRUARY 20 2015...

CLIMATE NORMAL PERIOD 1981 TO 2010
CLIMATE RECORD PERIOD 1901 TO 2015


WEATHER ITEM   OBSERVED TIME   RECORD YEAR NORMAL DEPARTURE LAST
                VALUE   (LST)  VALUE       VALUE  FROM      YEAR
                                                  NORMAL
..................................................................
TEMPERATURE (F)
 YESTERDAY
  MAXIMUM         14    445 PM  65    1930  38    -24       49
  MINIMUM         -6R   655 AM  -2    1978  22    -28       26
                                      1936
                                      1903
  AVERAGE          4                        30    -26       38

PRECIPITATION (IN)
  YESTERDAY        0.00          1.46 1921   0.07  -0.07     0.01
  MONTH TO DATE    0.91                      1.47  -0.56     2.55
  SINCE DEC 1      5.56                      6.52  -0.96     8.00
  SINCE JAN 1      2.78                      3.84  -1.06     4.66

SNOWFALL (IN)
  YESTERDAY        0.0           8.8  1977   0.3   -0.3      0.0
  MONTH TO DATE   10.7                       6.6    4.1     27.6
  SINCE DEC 1     30.3                      28.2    2.1     51.4
  SINCE JUL 1     39.2                      31.2    8.0     54.1

DEGREE DAYS
 HEATING
  YESTERDAY       61                        35     26       27
  MONTH TO DATE  939                       741    198      841
  SINCE DEC 1   3122                      3019    103     3236
  SINCE JUL 1   4312                      4332    -20     4512

 COOLING
  YESTERDAY        0                         0      0        0
  MONTH TO DATE    0                         0      0        0
  SINCE DEC 1      0                         0      0        0
  SINCE JAN 1      0                         0      0        0
..................................................................


WIND (MPH)
  HIGHEST WIND SPEED    16   HIGHEST WIND DIRECTION    NW (300)
  HIGHEST GUST SPEED    22   HIGHEST GUST DIRECTION     W (290)
  AVERAGE WIND SPEED     7.3


SKY COVER
  AVERAGE SKY COVER 0.1



RELATIVE HUMIDITY (PERCENT)
 HIGHEST    52           500 AM
 LOWEST     41           600 PM
 AVERAGE    47

..........................................................


THE AVOCA PA CLIMATE NORMALS FOR TODAY
                         NORMAL    RECORD    YEAR
 MAXIMUM TEMPERATURE (F)   38        67      1953
 MINIMUM TEMPERATURE (F)   22         0      1972
                                             1916


SUNRISE AND SUNSET
FEBRUARY 21 2015......SUNRISE   650 AM EST   SUNSET   544 PM EST
FEBRUARY 22 2015......SUNRISE   648 AM EST   SUNSET   545 PM EST


-  INDICATES NEGATIVE NUMBERS.
R  INDICATES RECORD WAS SET OR TIED.
MM INDICATES DATA IS MISSING.
T  INDICATES TRACE AMOUNT.




$$
