000
CDUS41 KBGM 232236
CLIAVP


CLIMATE REPORT
NATIONAL WEATHER SERVICE BINGHAMTON NY
536 PM EST FRI JAN 23 2015


...................................

...THE AVOCA PA CLIMATE SUMMARY FOR JANUARY 23 2015...
VALID TODAY AS OF 0500 PM LOCAL TIME.

CLIMATE NORMAL PERIOD 1981 TO 2010
CLIMATE RECORD PERIOD 1901 TO 2015


WEATHER ITEM   OBSERVED TIME   RECORD YEAR NORMAL DEPARTURE LAST
                VALUE   (LST)  VALUE       VALUE  FROM      YEAR
                                                  NORMAL
..................................................................
TEMPERATURE (F)
 TODAY
  MAXIMUM         33    323 PM  68    1906  33      0       14
  MINIMUM         11    729 AM  -8    1936  18     -7       -2
  AVERAGE         22                        26     -4        6

PRECIPITATION (IN)
  TODAY            0.00          1.02 1915   0.08  -0.08     0.02
  MONTH TO DATE    0.99                      1.73  -0.74     2.07
  SINCE DEC 1      3.77                      4.41  -0.64     5.41
  SINCE JAN 1      0.99                      1.73  -0.74     2.07

SNOWFALL (IN)
  TODAY            0.0           8.5  1966   0.4   -0.4      0.4
  MONTH TO DATE    4.2                      10.7   -6.5     12.3
  SINCE DEC 1      8.6                      18.1   -9.5     23.1
  SINCE JUL 1     17.5                      21.1   -3.6     25.8

DEGREE DAYS
 HEATING
  TODAY           43                        39      4       59
  MONTH TO DATE  934                       896     38      957
  SINCE DEC 1   1836                      1961   -125     1995
  SINCE JUL 1   3026                      3274   -248     3271

 COOLING
  TODAY            0                         0      0        0
  MONTH TO DATE    0                         0      0        0
  SINCE DEC 1      0                         0      0        0
  SINCE JAN 1      0                         0      0        0
..................................................................


WIND (MPH)
  HIGHEST WIND SPEED    14   HIGHEST WIND DIRECTION     W (250)
  HIGHEST GUST SPEED    17   HIGHEST GUST DIRECTION     W (260)
  AVERAGE WIND SPEED     3.8


SKY COVER
  AVERAGE SKY COVER 0.3


WEATHER CONDITIONS
 THE FOLLOWING WEATHER WAS RECORDED TODAY.
  FOG
  HAZE


RELATIVE HUMIDITY (PERCENT)
 HIGHEST    88           400 AM
 LOWEST     66           300 PM
 AVERAGE    77

..........................................................


THE AVOCA PA CLIMATE NORMALS FOR TOMORROW
                         NORMAL    RECORD    YEAR
 MAXIMUM TEMPERATURE (F)   33        62      1967
 MINIMUM TEMPERATURE (F)   18        -8      2011


SUNRISE AND SUNSET
JANUARY 23 2015.......SUNRISE   722 AM EST   SUNSET   508 PM EST
JANUARY 24 2015.......SUNRISE   721 AM EST   SUNSET   509 PM EST


-  INDICATES NEGATIVE NUMBERS.
R  INDICATES RECORD WAS SET OR TIED.
MM INDICATES DATA IS MISSING.
T  INDICATES TRACE AMOUNT.




$$
