000
CDUS41 KBGM 240533
CLIAVP


CLIMATE REPORT
NATIONAL WEATHER SERVICE BINGHAMTON NY
1232 AM EST THU NOV 24 2016


...................................

...THE AVOCA PA CLIMATE SUMMARY FOR NOVEMBER 23 2016...

CLIMATE NORMAL PERIOD 1981 TO 2010
CLIMATE RECORD PERIOD 1901 TO 2016


WEATHER ITEM   OBSERVED TIME   RECORD YEAR NORMAL DEPARTURE LAST
                VALUE   (LST)  VALUE       VALUE  FROM      YEAR
                                                  NORMAL
..................................................................
TEMPERATURE (F)
 YESTERDAY
  MAXIMUM         40    328 PM  72    1931  46     -6       36
  MINIMUM         29    748 AM  13    1972  31     -2       23
  AVERAGE         35                        39     -4       30

PRECIPITATION (IN)
  YESTERDAY        T             1.03 2006   0.10  -0.10      T
  MONTH TO DATE    0.87                      2.40  -1.53     1.31
  SINCE SEP 1      6.47                      9.81  -3.34     7.45
  SINCE JAN 1     28.03                     34.84  -6.81    28.60

SNOWFALL (IN)
  YESTERDAY        0.0           2.0  1989   0.1   -0.1       T
  MONTH TO DATE    3.2                       2.0    1.2       T
  SINCE SEP 1      3.2                       2.1    1.1       T
  SINCE JUL 1      3.2                       2.1    1.1       T

DEGREE DAYS
 HEATING
  YESTERDAY       30                        26      4       35
  MONTH TO DATE  465                       515    -50      336
  SINCE SEP 1    864                      1092   -228      743
  SINCE JUL 1    865                      1118   -253      743

 COOLING
  YESTERDAY        0                         0      0        0
  MONTH TO DATE    0                         0      0        2
  SINCE SEP 1    132                        56     76      153
  SINCE JAN 1    998                       580    418      929
..................................................................


WIND (MPH)
  HIGHEST WIND SPEED    24   HIGHEST WIND DIRECTION    NW (320)
  HIGHEST GUST SPEED    30   HIGHEST GUST DIRECTION    NW (310)
  AVERAGE WIND SPEED     5.8


SKY COVER
  AVERAGE SKY COVER 0.4



RELATIVE HUMIDITY (PERCENT)
 HIGHEST    70           900 PM
 LOWEST     44           300 PM
 AVERAGE    57

..........................................................


THE AVOCA PA CLIMATE NORMALS FOR TODAY
                         NORMAL    RECORD    YEAR
 MAXIMUM TEMPERATURE (F)   46        70      2014
 MINIMUM TEMPERATURE (F)   31         9      2000


SUNRISE AND SUNSET
NOVEMBER 24 2016......SUNRISE   702 AM EST   SUNSET   437 PM EST
NOVEMBER 25 2016......SUNRISE   703 AM EST   SUNSET   436 PM EST


-  INDICATES NEGATIVE NUMBERS.
R  INDICATES RECORD WAS SET OR TIED.
MM INDICATES DATA IS MISSING.
T  INDICATES TRACE AMOUNT.




$$
