000
CDUS41 KBGM 080525
CLIAVP


CLIMATE REPORT
NATIONAL WEATHER SERVICE BINGHAMTON NY
1223 AM EST SUN JAN 8 2017


...................................

...THE AVOCA PA CLIMATE SUMMARY FOR JANUARY 7 2017...

CLIMATE NORMAL PERIOD 1981 TO 2010
CLIMATE RECORD PERIOD 1901 TO 2017


WEATHER ITEM   OBSERVED TIME   RECORD YEAR NORMAL DEPARTURE LAST
                VALUE   (LST)  VALUE       VALUE  FROM      YEAR
                                                  NORMAL
..................................................................
TEMPERATURE (F)
 YESTERDAY
  MAXIMUM         22    353 PM  63    1998  33    -11       43
  MINIMUM         15   1158 PM  -4    2014  19     -4       14
  AVERAGE         19                        26     -7       29

PRECIPITATION (IN)
  YESTERDAY        0.00          1.13 1979   0.07  -0.07     0.00
  MONTH TO DATE    0.46                      0.50  -0.04      T
  SINCE DEC 1      2.52                      3.18  -0.66     2.55
  SINCE JAN 1      0.46                      0.50  -0.04      T

SNOWFALL (IN)
  YESTERDAY        0.0           5.5  1996   0.5   -0.5      0.0
  MONTH TO DATE    0.2                       3.1   -2.9       T
  SINCE DEC 1      7.1                      10.5   -3.4      0.8
  SINCE JUL 1     12.8                      13.5   -0.7      0.8

DEGREE DAYS
 HEATING
  YESTERDAY       46                        39      7       36
  MONTH TO DATE  244                       272    -28      273
  SINCE DEC 1   1238                      1337    -99      901
  SINCE JUL 1   2256                      2650   -394     1809

 COOLING
  YESTERDAY        0                         0      0        0
  MONTH TO DATE    0                         0      0        0
  SINCE DEC 1      0                         0      0        0
  SINCE JAN 1      0                         0      0        0
..................................................................


WIND (MPH)
  HIGHEST WIND SPEED    15   HIGHEST WIND DIRECTION    NW (310)
  HIGHEST GUST SPEED    22   HIGHEST GUST DIRECTION    NW (310)
  AVERAGE WIND SPEED     7.3


SKY COVER
  AVERAGE SKY COVER 0.5



RELATIVE HUMIDITY (PERCENT)
 HIGHEST    73           100 AM
 LOWEST     45           400 PM
 AVERAGE    59

..........................................................


THE AVOCA PA CLIMATE NORMALS FOR TODAY
                         NORMAL    RECORD    YEAR
 MAXIMUM TEMPERATURE (F)   33        67      2008
 MINIMUM TEMPERATURE (F)   19        -8      1942


SUNRISE AND SUNSET
JANUARY  8 2017.......SUNRISE   729 AM EST   SUNSET   451 PM EST
JANUARY  9 2017.......SUNRISE   728 AM EST   SUNSET   452 PM EST


-  INDICATES NEGATIVE NUMBERS.
R  INDICATES RECORD WAS SET OR TIED.
MM INDICATES DATA IS MISSING.
T  INDICATES TRACE AMOUNT.




$$
