000
CDUS41 KBGM 082121
CLIAVP


CLIMATE REPORT
NATIONAL WEATHER SERVICE BINGHAMTON NY
521 PM EDT TUE APR 8 2014


...................................

...THE AVOCA PA CLIMATE SUMMARY FOR APRIL 8 2014...
VALID TODAY AS OF 0500 PM LOCAL TIME.

CLIMATE NORMAL PERIOD 1981 TO 2010
CLIMATE RECORD PERIOD 1901 TO 2014


WEATHER ITEM   OBSERVED TIME   RECORD YEAR NORMAL DEPARTURE LAST
                VALUE   (LST)  VALUE       VALUE  FROM      YEAR
                                                  NORMAL
..................................................................
TEMPERATURE (F)
 TODAY
  MAXIMUM         58    837 AM  85    1929  56      2       75
  MINIMUM         46    200 AM  19    1972  36     10       41
  AVERAGE         52                        46      6       58

PRECIPITATION (IN)
  TODAY            0.13          0.96 2000   0.11   0.02     0.00
  MONTH TO DATE    0.45                      0.85  -0.40      T
  SINCE MAR 1      2.52                      3.40  -0.88     1.62
  SINCE JAN 1      7.40                      7.80  -0.40     4.95

SNOWFALL (IN)
  TODAY            0.0           3.7  1956   0.2   -0.2      0.0
  MONTH TO DATE    0.0                       1.0   -1.0       T
  SINCE MAR 1      2.4                      10.0   -7.6      6.5
  SINCE JUL 1     58.2                      43.9   14.3     33.9

DEGREE DAYS
 HEATING
  TODAY           13                        19     -6        7
  MONTH TO DATE  158                       166     -8      181
  SINCE MAR 1   1201                      1037    164     1107
  SINCE JUL 1   6024                      5643    381     5331

 COOLING
  TODAY            0                         0      0        0
  MONTH TO DATE    0                         0      0        0
  SINCE MAR 1      0                         0      0        0
  SINCE JAN 1      0                         0      0        0
..................................................................


WIND (MPH)
  HIGHEST WIND SPEED    25   HIGHEST WIND DIRECTION    SW (230)
  HIGHEST GUST SPEED    38   HIGHEST GUST DIRECTION     W (250)
  AVERAGE WIND SPEED    13.5


SKY COVER
  AVERAGE SKY COVER 1.0


WEATHER CONDITIONS
 THE FOLLOWING WEATHER WAS RECORDED TODAY.
  LIGHT RAIN
  FOG


RELATIVE HUMIDITY (PERCENT)
 HIGHEST    96           700 AM
 LOWEST     46           400 PM
 AVERAGE    71

..........................................................


THE AVOCA PA CLIMATE NORMALS FOR TOMORROW
                         NORMAL    RECORD    YEAR
 MAXIMUM TEMPERATURE (F)   56        79      1991
 MINIMUM TEMPERATURE (F)   36        20      1977


SUNRISE AND SUNSET
APRIL  8 2014.........SUNRISE   635 AM EDT   SUNSET   736 PM EDT
APRIL  9 2014.........SUNRISE   633 AM EDT   SUNSET   737 PM EDT


-  INDICATES NEGATIVE NUMBERS.
R  INDICATES RECORD WAS SET OR TIED.
MM INDICATES DATA IS MISSING.
T  INDICATES TRACE AMOUNT.




$$
