000
CDUS41 KBGM 120551
CLIAVP


CLIMATE REPORT
NATIONAL WEATHER SERVICE BINGHAMTON NY
1250 AM EST SUN FEB 12 2017


...................................

...THE AVOCA PA CLIMATE SUMMARY FOR FEBRUARY 11 2017...

CLIMATE NORMAL PERIOD 1981 TO 2010
CLIMATE RECORD PERIOD 1901 TO 2017


WEATHER ITEM   OBSERVED TIME   RECORD YEAR NORMAL DEPARTURE LAST
                VALUE   (LST)  VALUE       VALUE  FROM      YEAR
                                                  NORMAL
..................................................................
TEMPERATURE (F)
 YESTERDAY
  MAXIMUM         45    434 PM  65    2009  36      9       21
  MINIMUM         24    720 AM -10    1979  20      4       12
                                      1962
  AVERAGE         35                        28      7       17

PRECIPITATION (IN)
  YESTERDAY        0.00          2.86 1981   0.07  -0.07      T
  MONTH TO DATE    0.78                      0.84  -0.06     0.78
  SINCE DEC 1      6.09                      5.89   0.20     5.12
  SINCE JAN 1      4.03                      3.21   0.82     2.57

SNOWFALL (IN)
  YESTERDAY        0.0           5.5  1983   0.4   -0.4       T
  MONTH TO DATE    8.2                       3.8    4.4      4.5
  SINCE DEC 1     19.0                      25.4   -6.4      9.8
  SINCE JUL 1     24.7                      28.4   -3.7      9.8

DEGREE DAYS
 HEATING
  YESTERDAY       30                        37     -7       48
  MONTH TO DATE  368                       416    -48      337
  SINCE DEC 1   2349                      2694   -345     2100
  SINCE JUL 1   3367                      4007   -640     3008

 COOLING
  YESTERDAY        0                         0      0        0
  MONTH TO DATE    0                         0      0        0
  SINCE DEC 1      0                         0      0        0
  SINCE JAN 1      0                         0      0        0
..................................................................


WIND (MPH)
  HIGHEST WIND SPEED    12   HIGHEST WIND DIRECTION    SW (240)
  HIGHEST GUST SPEED    17   HIGHEST GUST DIRECTION    SW (220)
  AVERAGE WIND SPEED     3.1


SKY COVER
  AVERAGE SKY COVER 0.3



RELATIVE HUMIDITY (PERCENT)
 HIGHEST    74           800 AM
 LOWEST     45           200 PM
 AVERAGE    60

..........................................................


THE AVOCA PA CLIMATE NORMALS FOR TODAY
                         NORMAL    RECORD    YEAR
 MAXIMUM TEMPERATURE (F)   36        62      1999
                                             1918
 MINIMUM TEMPERATURE (F)   20       -12      1979


SUNRISE AND SUNSET
FEBRUARY 12 2017......SUNRISE   701 AM EST   SUNSET   533 PM EST
FEBRUARY 13 2017......SUNRISE   700 AM EST   SUNSET   535 PM EST


-  INDICATES NEGATIVE NUMBERS.
R  INDICATES RECORD WAS SET OR TIED.
MM INDICATES DATA IS MISSING.
T  INDICATES TRACE AMOUNT.




$$
