000
CDUS41 KBGM 042242
CLIAVP


CLIMATE REPORT
NATIONAL WEATHER SERVICE BINGHAMTON NY
541 PM EST MON DEC 4 2017


...................................

...THE AVOCA PA CLIMATE SUMMARY FOR DECEMBER 4 2017...
VALID TODAY AS OF 0500 PM LOCAL TIME.

CLIMATE NORMAL PERIOD 1981 TO 2010
CLIMATE RECORD PERIOD 1901 TO 2017


WEATHER ITEM   OBSERVED TIME   RECORD YEAR NORMAL DEPARTURE LAST
                VALUE   (LST)  VALUE       VALUE  FROM      YEAR
                                                  NORMAL
..................................................................
TEMPERATURE (F)
 TODAY
  MAXIMUM         50    251 PM  69    1998  41      9       42
  MINIMUM         26    725 AM   4    1926  28     -2       35
  AVERAGE         38                        35      3       39

PRECIPITATION (IN)
  TODAY            0.00          2.58 1950   0.10  -0.10     0.00
  MONTH TO DATE    0.00                      0.40  -0.40     0.22
  SINCE DEC 1      0.00                      0.40  -0.40     0.22
  SINCE JAN 1     35.83                     35.98  -0.15    29.46

SNOWFALL (IN)
  TODAY            0.0           1.7  2005   0.2   -0.2      0.0
  MONTH TO DATE    0.0                       0.6   -0.6      0.0
  SINCE DEC 1      0.0                       0.6   -0.6      0.0
  SINCE JUL 1      0.1                       3.6   -3.5      5.7

DEGREE DAYS
 HEATING
  TODAY           27                        30     -3       26
  MONTH TO DATE  107                       119    -12       93
  SINCE DEC 1    107                       119    -12       93
  SINCE JUL 1   1147                      1432   -285     1111

 COOLING
  TODAY            0                         0      0        0
  MONTH TO DATE    0                         0      0        0
  SINCE DEC 1      0                         0      0        0
  SINCE JAN 1    804                       580    224      998
..................................................................


WIND (MPH)
  HIGHEST WIND SPEED    13   HIGHEST WIND DIRECTION     S (190)
  HIGHEST GUST SPEED    21   HIGHEST GUST DIRECTION     S (170)
  AVERAGE WIND SPEED     3.5


SKY COVER
  AVERAGE SKY COVER 0.0


WEATHER CONDITIONS
 THE FOLLOWING WEATHER WAS RECORDED TODAY.
  FOG
  HAZE


RELATIVE HUMIDITY (PERCENT)
 HIGHEST    92           300 AM
 LOWEST     54           200 PM
 AVERAGE    73

..........................................................


THE AVOCA PA CLIMATE NORMALS FOR TOMORROW
                         NORMAL    RECORD    YEAR
 MAXIMUM TEMPERATURE (F)   41        67      2001
 MINIMUM TEMPERATURE (F)   27         4      1926


SUNRISE AND SUNSET
DECEMBER  4 2017......SUNRISE   713 AM EST   SUNSET   434 PM EST
DECEMBER  5 2017......SUNRISE   714 AM EST   SUNSET   434 PM EST


-  INDICATES NEGATIVE NUMBERS.
R  INDICATES RECORD WAS SET OR TIED.
MM INDICATES DATA IS MISSING.
T  INDICATES TRACE AMOUNT.




$$
