049
CDUS41 KBGM 252223
CLIAVP


CLIMATE REPORT
NATIONAL WEATHER SERVICE BINGHAMTON NY
622 PM EDT TUE APR 25 2017


...................................

...THE AVOCA PA CLIMATE SUMMARY FOR APRIL 25 2017...
VALID TODAY AS OF 0500 PM LOCAL TIME.

CLIMATE NORMAL PERIOD 1981 TO 2010
CLIMATE RECORD PERIOD 1901 TO 2017


WEATHER ITEM   OBSERVED TIME   RECORD YEAR NORMAL DEPARTURE LAST
                VALUE   (LST)  VALUE       VALUE  FROM      YEAR
                                                  NORMAL
..................................................................
TEMPERATURE (F)
 TODAY
  MAXIMUM         57    237 PM  88    1915  63     -6       69
  MINIMUM         50    648 AM  23    1919  41      9       47
  AVERAGE         54                        52      2       58

PRECIPITATION (IN)
  TODAY            T             0.85 2010   0.11  -0.11     0.02
  MONTH TO DATE    2.91                      2.77   0.14     2.25
  SINCE MAR 1      8.36                      5.32   3.04     4.03
  SINCE JAN 1     14.59                      9.72   4.87     9.83

SNOWFALL (IN)
  TODAY            0.0           3.2  1983   0.1   -0.1      0.0
  MONTH TO DATE    0.1                       2.9   -2.8      2.2
  SINCE MAR 1     30.7                      11.9   18.8      3.5
  SINCE JUL 1     55.5                      45.8    9.7     15.5

DEGREE DAYS
 HEATING
  TODAY           11                        13     -2        7
  MONTH TO DATE  281                       436   -155      440
  SINCE MAR 1   1216                      1307    -91     1071
  SINCE JUL 1   4971                      5913   -942     4641

 COOLING
  TODAY            0                         0      0        0
  MONTH TO DATE   10                         0     10        1
  SINCE MAR 1     10                         0     10        1
  SINCE JAN 1     10                         0     10        1
..................................................................


WIND (MPH)
  HIGHEST WIND SPEED    16   HIGHEST WIND DIRECTION     E (70)
  HIGHEST GUST SPEED    26   HIGHEST GUST DIRECTION     E (70)
  AVERAGE WIND SPEED     9.5


SKY COVER
  AVERAGE SKY COVER 1.0


WEATHER CONDITIONS
 THE FOLLOWING WEATHER WAS RECORDED TODAY.
  LIGHT RAIN
  HAZE


RELATIVE HUMIDITY (PERCENT)
 HIGHEST    86           500 PM
 LOWEST     39           100 AM
 AVERAGE    63

..........................................................


THE AVOCA PA CLIMATE NORMALS FOR TOMORROW
                         NORMAL    RECORD    YEAR
 MAXIMUM TEMPERATURE (F)   64        90      2009
 MINIMUM TEMPERATURE (F)   42        26      1972
                                             1919


SUNRISE AND SUNSET
APRIL 25 2017.........SUNRISE   608 AM EDT   SUNSET   754 PM EDT
APRIL 26 2017.........SUNRISE   607 AM EDT   SUNSET   755 PM EDT


-  INDICATES NEGATIVE NUMBERS.
R  INDICATES RECORD WAS SET OR TIED.
MM INDICATES DATA IS MISSING.
T  INDICATES TRACE AMOUNT.

$$
