000
CDUS41 KBGM 100318
CLIAVP


CLIMATE REPORT
NATIONAL WEATHER SERVICE BINGHAMTON NY
1018 PM EST SAT DEC 9 2017


...................................

...THE AVOCA PA CLIMATE SUMMARY FOR DECEMBER 9 2017...
VALID AS OF 1000 PM LOCAL TIME.

CLIMATE NORMAL PERIOD 1981 TO 2010
CLIMATE RECORD PERIOD 1901 TO 2017


WEATHER ITEM   OBSERVED TIME   RECORD YEAR NORMAL DEPARTURE LAST
                VALUE   (LST)  VALUE       VALUE  FROM      YEAR
                                                  NORMAL
..................................................................
TEMPERATURE (F)
 TODAY
  MAXIMUM         30   1122 AM  64    1966  40    -10       34
  MINIMUM         25    959 PM   3    1902  26     -1       23
  AVERAGE         28                        33     -5       29

PRECIPITATION (IN)
  TODAY            0.17          1.03 1973   0.10   0.07      T
  MONTH TO DATE    0.54                      0.89  -0.35     0.69
  SINCE DEC 1      0.54                      0.89  -0.35     0.69
  SINCE JAN 1     36.37                     36.47  -0.10    29.93

SNOWFALL (IN)
  TODAY           MM             7.3  2005   0.2   MM         T
  MONTH TO DATE    T                         1.5   -1.5      0.5
  SINCE DEC 1      T                         1.5   -1.5      0.5
  SINCE JUL 1      0.1                       4.5   -4.4      6.2

DEGREE DAYS
 HEATING
  TODAY           37                        32      5       36
  MONTH TO DATE  249                       277    -28      244
  SINCE DEC 1    249                       277    -28      244
  SINCE JUL 1   1289                      1590   -301     1262

 COOLING
  TODAY            0                         0      0        0
  MONTH TO DATE    0                         0      0        0
  SINCE DEC 1      0                         0      0        0
  SINCE JAN 1    804                       580    224      998
..................................................................


WIND (MPH)
  HIGHEST WIND SPEED     7   HIGHEST WIND DIRECTION     W (250)
  HIGHEST GUST SPEED     9   HIGHEST GUST DIRECTION    SW (220)
  AVERAGE WIND SPEED     1.4


SKY COVER
  AVERAGE SKY COVER 0.8


WEATHER CONDITIONS
 THE FOLLOWING WEATHER WAS RECORDED TODAY.
  SNOW
  LIGHT SNOW
  FOG
  HAZE


RELATIVE HUMIDITY (PERCENT)
 HIGHEST   100           900 PM
 LOWEST     50           100 AM
 AVERAGE    75

..........................................................


THE AVOCA PA CLIMATE NORMALS FOR TOMORROW
                         NORMAL    RECORD    YEAR
 MAXIMUM TEMPERATURE (F)   39        65      1966
 MINIMUM TEMPERATURE (F)   26         4      1958


SUNRISE AND SUNSET
DECEMBER  9 2017......SUNRISE   717 AM EST   SUNSET   433 PM EST
DECEMBER 10 2017......SUNRISE   718 AM EST   SUNSET   434 PM EST


-  INDICATES NEGATIVE NUMBERS.
R  INDICATES RECORD WAS SET OR TIED.
MM INDICATES DATA IS MISSING.
T  INDICATES TRACE AMOUNT.




$$
