000
CDUS41 KBGM 190220
CLIAVP


CLIMATE REPORT
NATIONAL WEATHER SERVICE BINGHAMTON NY
1020 PM EDT SAT MAR 18 2017


...................................

...THE AVOCA PA CLIMATE SUMMARY FOR MARCH 18 2017...
VALID AS OF 1000 PM LOCAL TIME.

CLIMATE NORMAL PERIOD 1981 TO 2010
CLIMATE RECORD PERIOD 1901 TO 2017


WEATHER ITEM   OBSERVED TIME   RECORD YEAR NORMAL DEPARTURE LAST
                VALUE   (LST)  VALUE       VALUE  FROM      YEAR
                                                  NORMAL
..................................................................
TEMPERATURE (F)
 TODAY
  MAXIMUM         36    856 AM  74    2012  47    -11       51
  MINIMUM         24    308 AM  -1    1916  28     -4       35
  AVERAGE         30                        37     -7       43

PRECIPITATION (IN)
  TODAY            0.02          0.75 1936   0.08  -0.06      T
  MONTH TO DATE    3.67                      1.36   2.31     1.34
  SINCE MAR 1      3.67                      1.36   2.31     1.34
  SINCE JAN 1      9.90                      5.76   4.14     7.14

SNOWFALL (IN)
  TODAY           MM             5.2  1977   0.3   MM        0.0
  MONTH TO DATE   30.4                       6.3   24.1      1.3
  SINCE MAR 1     30.4                       6.3   24.1      1.3
  SINCE JUL 1     55.2                      40.2   15.0     13.3

DEGREE DAYS
 HEATING
  TODAY           35                        28      7       22
  MONTH TO DATE  611                       548     63      370
  SINCE MAR 1    611                       548     63      370
  SINCE JUL 1   4366                      5154   -788     3940

 COOLING
  TODAY            0                         0      0        0
  MONTH TO DATE    0                         0      0        0
  SINCE MAR 1      0                         0      0        0
  SINCE JAN 1      0                         0      0        0
..................................................................


WIND (MPH)
  HIGHEST WIND SPEED    13   HIGHEST WIND DIRECTION     E (90)
  HIGHEST GUST SPEED    22   HIGHEST GUST DIRECTION    NE (60)
  AVERAGE WIND SPEED     6.8


SKY COVER
  AVERAGE SKY COVER 0.8


WEATHER CONDITIONS
 THE FOLLOWING WEATHER WAS RECORDED TODAY.
  SNOW
  LIGHT SNOW
  FOG
  HAZE


RELATIVE HUMIDITY (PERCENT)
 HIGHEST    85           300 PM
 LOWEST     52           600 AM
 AVERAGE    69

..........................................................


THE AVOCA PA CLIMATE NORMALS FOR TOMORROW
                         NORMAL    RECORD    YEAR
 MAXIMUM TEMPERATURE (F)   47        74      2012
                                             1918
 MINIMUM TEMPERATURE (F)   28        -4      1967


SUNRISE AND SUNSET
MARCH 18 2017.........SUNRISE   709 AM EDT   SUNSET   713 PM EDT
MARCH 19 2017.........SUNRISE   708 AM EDT   SUNSET   714 PM EDT


-  INDICATES NEGATIVE NUMBERS.
R  INDICATES RECORD WAS SET OR TIED.
MM INDICATES DATA IS MISSING.
T  INDICATES TRACE AMOUNT.




$$
