000
CDUS41 KBGM 240332
CLIAVP


CLIMATE REPORT
NATIONAL WEATHER SERVICE BINGHAMTON NY
1031 PM EST TUE DEC 23 2014


...................................

...THE AVOCA PA CLIMATE SUMMARY FOR DECEMBER 23 2014...
VALID AS OF 1000 PM LOCAL TIME.

CLIMATE NORMAL PERIOD 1981 TO 2010
CLIMATE RECORD PERIOD 1901 TO 2014


WEATHER ITEM   OBSERVED TIME   RECORD YEAR NORMAL DEPARTURE LAST
                VALUE   (LST)  VALUE       VALUE  FROM      YEAR
                                                  NORMAL
..................................................................
TEMPERATURE (F)
 TODAY
  MAXIMUM         48    413 PM  64    1990  35     13       58
  MINIMUM         39    127 AM  -2    1960  22     17       33
  AVERAGE         44                        28     16       46

PRECIPITATION (IN)
  TODAY            0.05          1.24 2004   0.09  -0.04     0.31
  MONTH TO DATE    2.19                      2.07   0.12     2.36
  SINCE DEC 1      2.19                      2.07   0.12     2.36
  SINCE JAN 1     30.46                     37.65  -7.19    26.59

SNOWFALL (IN)
  TODAY           MM             5.2  1963   0.3   MM        0.0
  MONTH TO DATE    4.4                       4.7   -0.3      9.0
  SINCE DEC 1      4.4                       4.7   -0.3      9.0
  SINCE JUL 1     13.3                       7.7    5.6     11.7

DEGREE DAYS
 HEATING
  TODAY           21                        37    -16       19
  MONTH TO DATE  694                       764    -70      740
  SINCE DEC 1    694                       764    -70      740
  SINCE JUL 1   1884                      2077   -193     2016

 COOLING
  TODAY            0                         0      0        0
  MONTH TO DATE    0                         0      0        0
  SINCE DEC 1      0                         0      0        0
  SINCE JAN 1    686                       580    106      795
..................................................................


WIND (MPH)
  HIGHEST WIND SPEED    13   HIGHEST WIND DIRECTION    NW (320)
  HIGHEST GUST SPEED    18   HIGHEST GUST DIRECTION     S (180)
  AVERAGE WIND SPEED     5.8


SKY COVER
  AVERAGE SKY COVER 1.0


WEATHER CONDITIONS
 THE FOLLOWING WEATHER WAS RECORDED TODAY.
  LIGHT RAIN
  FOG


RELATIVE HUMIDITY (PERCENT)
 HIGHEST    92           200 AM
 LOWEST     71           200 PM
 AVERAGE    82

..........................................................


THE AVOCA PA CLIMATE NORMALS FOR TOMORROW
                         NORMAL    RECORD    YEAR
 MAXIMUM TEMPERATURE (F)   35        62      1933
 MINIMUM TEMPERATURE (F)   21        -9      1989


SUNRISE AND SUNSET
DECEMBER 23 2014......SUNRISE   726 AM EST   SUNSET   438 PM EST
DECEMBER 24 2014......SUNRISE   727 AM EST   SUNSET   438 PM EST


-  INDICATES NEGATIVE NUMBERS.
R  INDICATES RECORD WAS SET OR TIED.
MM INDICATES DATA IS MISSING.
T  INDICATES TRACE AMOUNT.




$$
