000
CDUS41 KBGM 170541
CLIAVP


CLIMATE REPORT
NATIONAL WEATHER SERVICE BINGHAMTON NY
140 AM EDT FRI OCT 17 2014


...................................

...THE AVOCA PA CLIMATE SUMMARY FOR OCTOBER 16 2014...

CLIMATE NORMAL PERIOD 1981 TO 2010
CLIMATE RECORD PERIOD 1901 TO 2014


WEATHER ITEM   OBSERVED TIME   RECORD YEAR NORMAL DEPARTURE LAST
                VALUE   (LST)  VALUE       VALUE  FROM      YEAR
                                                  NORMAL
..................................................................
TEMPERATURE (F)
 YESTERDAY
  MAXIMUM         72   1249 PM  84    1947  61     11       63
  MINIMUM         53   1159 PM  28    1944  41     12       50
  AVERAGE         63                        51     12       57

PRECIPITATION (IN)
  YESTERDAY        0.36          1.73 2002   0.10   0.26     0.00
  MONTH TO DATE    3.36                      1.83   1.53     0.98
  SINCE SEP 1      4.05                      5.90  -1.85     2.55
  SINCE JAN 1     25.61                     30.93  -5.32    20.90

SNOWFALL (IN)
  YESTERDAY        0.0           T    2009   0.0    0.0      0.0
                                      1977
                                      1970
  MONTH TO DATE    0.0                       0.0    0.0      0.0
  SINCE SEP 1      0.0                       0.0    0.0      0.0
  SINCE JUL 1      0.0                       0.0    0.0      0.0

DEGREE DAYS
 HEATING
  YESTERDAY        2                        14    -12        8
  MONTH TO DATE  112                       189    -77       62
  SINCE SEP 1    214                       325   -111      215
  SINCE JUL 1    225                       351   -126      224

 COOLING
  YESTERDAY        0                         0      0        0
  MONTH TO DATE   11                         0     11       24
  SINCE SEP 1    100                        52     48       93
  SINCE JAN 1    686                       576    110      795
..................................................................


WIND (MPH)
  HIGHEST WIND SPEED    17   HIGHEST WIND DIRECTION    SW (240)
  HIGHEST GUST SPEED    23   HIGHEST GUST DIRECTION    SW (240)
  AVERAGE WIND SPEED     5.3


SKY COVER
  AVERAGE SKY COVER 0.5



RELATIVE HUMIDITY (PERCENT)
 HIGHEST    93           300 AM
 LOWEST     41          1200 PM
 AVERAGE    67

..........................................................


THE AVOCA PA CLIMATE NORMALS FOR TODAY
                         NORMAL    RECORD    YEAR
 MAXIMUM TEMPERATURE (F)   60        87      1908
 MINIMUM TEMPERATURE (F)   41        24      1937


SUNRISE AND SUNSET
OCTOBER 17 2014.......SUNRISE   717 AM EDT   SUNSET   619 PM EDT
OCTOBER 18 2014.......SUNRISE   718 AM EDT   SUNSET   617 PM EDT


-  INDICATES NEGATIVE NUMBERS.
R  INDICATES RECORD WAS SET OR TIED.
MM INDICATES DATA IS MISSING.
T  INDICATES TRACE AMOUNT.




$$
