000
CDUS41 KBGM 232118
CLIAVP


CLIMATE REPORT
NATIONAL WEATHER SERVICE BINGHAMTON NY
518 PM EDT MON MAR 23 2015


...................................

...THE AVOCA PA CLIMATE SUMMARY FOR MARCH 23 2015...
VALID TODAY AS OF 0500 PM LOCAL TIME.

CLIMATE NORMAL PERIOD 1981 TO 2010
CLIMATE RECORD PERIOD 1901 TO 2015


WEATHER ITEM   OBSERVED TIME   RECORD YEAR NORMAL DEPARTURE LAST
                VALUE   (LST)  VALUE       VALUE  FROM      YEAR
                                                  NORMAL
..................................................................
TEMPERATURE (F)
 TODAY
  MAXIMUM         33    359 PM  81    1938  49    -16       34
  MINIMUM         21    640 AM   9    1934  30     -9       19
  AVERAGE         27                        39    -12       27

PRECIPITATION (IN)
  TODAY            0.00          2.05 1903   0.09  -0.09      T
  MONTH TO DATE    1.52                      1.81  -0.29     0.35
  SINCE MAR 1      1.52                      1.81  -0.29     0.35
  SINCE JAN 1      4.52                      6.21  -1.69     5.23

SNOWFALL (IN)
  TODAY            0.0           9.0  2011   0.3   -0.3       T
  MONTH TO DATE    6.4                       7.6   -1.2      0.1
  SINCE MAR 1      6.4                       7.6   -1.2      0.1
  SINCE JUL 1     48.5                      41.5    7.0     55.9

DEGREE DAYS
 HEATING
  TODAY           38                        26     12       38
  MONTH TO DATE  756                       680     76      787
  SINCE MAR 1    756                       680     76      787
  SINCE JUL 1   5453                      5286    167     5610

 COOLING
  TODAY            0                         0      0        0
  MONTH TO DATE    0                         0      0        0
  SINCE MAR 1      0                         0      0        0
  SINCE JAN 1      0                         0      0        0
..................................................................


WIND (MPH)
  HIGHEST WIND SPEED    20   HIGHEST WIND DIRECTION    NW (320)
  HIGHEST GUST SPEED    30   HIGHEST GUST DIRECTION     N (350)
  AVERAGE WIND SPEED    10.8


SKY COVER
  AVERAGE SKY COVER 0.4


WEATHER CONDITIONS
 THE FOLLOWING WEATHER WAS RECORDED TODAY.
  NO SIGNIFICANT WEATHER WAS OBSERVED.


RELATIVE HUMIDITY (PERCENT)
 HIGHEST    62           200 AM
 LOWEST     29           400 PM
 AVERAGE    46

..........................................................


THE AVOCA PA CLIMATE NORMALS FOR TOMORROW
                         NORMAL    RECORD    YEAR
 MAXIMUM TEMPERATURE (F)   49        77      1910
 MINIMUM TEMPERATURE (F)   30         5      1906


SUNRISE AND SUNSET
MARCH 23 2015.........SUNRISE   702 AM EDT   SUNSET   718 PM EDT
MARCH 24 2015.........SUNRISE   700 AM EDT   SUNSET   719 PM EDT


-  INDICATES NEGATIVE NUMBERS.
R  INDICATES RECORD WAS SET OR TIED.
MM INDICATES DATA IS MISSING.
T  INDICATES TRACE AMOUNT.




$$
