000
CDUS41 KBGM 050603
CLIAVP


CLIMATE REPORT
NATIONAL WEATHER SERVICE BINGHAMTON NY
201 AM EDT SAT AUG 5 2017


...................................

...THE AVOCA PA CLIMATE SUMMARY FOR AUGUST 4 2017...

CLIMATE NORMAL PERIOD 1981 TO 2010
CLIMATE RECORD PERIOD 1901 TO 2017


WEATHER ITEM   OBSERVED TIME   RECORD YEAR NORMAL DEPARTURE LAST
                VALUE   (LST)  VALUE       VALUE  FROM      YEAR
                                                  NORMAL
..................................................................
TEMPERATURE (F)
 YESTERDAY
  MAXIMUM         87   1231 PM  98    1930  81      6       84
  MINIMUM         67   1159 PM  49    1956  61      6       61
  AVERAGE         77                        71      6       73

PRECIPITATION (IN)
  YESTERDAY       MM             1.42 1903   0.13  MM        0.00
  MONTH TO DATE    0.00                      0.50  -0.50     0.35
  SINCE JUN 1      9.69                      8.32   1.37     6.02
  SINCE JAN 1     28.02                     22.12   5.90    18.84

SNOWFALL (IN)
  YESTERDAY        0.0           0.0  1995   0.0    0.0      0.0
  MONTH TO DATE    0.0                       0.0    0.0      0.0
  SINCE JUN 1      0.0                       0.0    0.0      0.0
  SINCE JUL 1      0.0                       0.0    0.0      0.0

DEGREE DAYS
 HEATING
  YESTERDAY        0                         0      0        0
  MONTH TO DATE    0                         0      0        0
  SINCE JUN 1     43                        62    -19       24
  SINCE JUL 1      0                         8     -8        0

 COOLING
  YESTERDAY       12                         6      6        8
  MONTH TO DATE   43                        24     19       34
  SINCE JUN 1    470                       347    123      527
  SINCE JAN 1    522                       384    138      599
..................................................................


WIND (MPH)
  HIGHEST WIND SPEED    20   HIGHEST WIND DIRECTION     W (260)
  HIGHEST GUST SPEED    30   HIGHEST GUST DIRECTION     S (200)
  AVERAGE WIND SPEED     4.3


SKY COVER
  AVERAGE SKY COVER 0.2



RELATIVE HUMIDITY (PERCENT)
 HIGHEST    93           700 PM
 LOWEST     55          1200 PM
 AVERAGE    74

..........................................................


THE AVOCA PA CLIMATE NORMALS FOR TODAY
                         NORMAL    RECORD    YEAR
 MAXIMUM TEMPERATURE (F)   81        94      1955
 MINIMUM TEMPERATURE (F)   61        45      1972


SUNRISE AND SUNSET
AUGUST  5 2017........SUNRISE   602 AM EDT   SUNSET   815 PM EDT
AUGUST  6 2017........SUNRISE   603 AM EDT   SUNSET   814 PM EDT


-  INDICATES NEGATIVE NUMBERS.
R  INDICATES RECORD WAS SET OR TIED.
MM INDICATES DATA IS MISSING.
T  INDICATES TRACE AMOUNT.




$$
