000
CDUS41 KBGM 290703
CLIAVP


CLIMATE REPORT
NATIONAL WEATHER SERVICE BINGHAMTON NY
203 AM EST TUE NOV 29 2016


...................................

...THE AVOCA PA CLIMATE SUMMARY FOR NOVEMBER 28 2016...

CLIMATE NORMAL PERIOD 1981 TO 2010
CLIMATE RECORD PERIOD 1901 TO 2016


WEATHER ITEM   OBSERVED TIME   RECORD YEAR NORMAL DEPARTURE LAST
                VALUE   (LST)  VALUE       VALUE  FROM      YEAR
                                                  NORMAL
..................................................................
TEMPERATURE (F)
 YESTERDAY
  MAXIMUM         51    226 PM  72    1990  44      7       56
  MINIMUM         28    541 AM  10    1930  30     -2       36
  AVERAGE         40                        37      3       46

PRECIPITATION (IN)
  YESTERDAY        0.00          2.03 1993   0.11  -0.11     0.03
  MONTH TO DATE    1.08                      2.92  -1.84     1.34
  SINCE SEP 1      6.68                     10.33  -3.65     7.48
  SINCE JAN 1     28.24                     35.36  -7.12    28.63

SNOWFALL (IN)
  YESTERDAY        0.0           1.3  1958   0.1   -0.1      0.0
  MONTH TO DATE    5.7                       2.6    3.1       T
  SINCE SEP 1      5.7                       2.7    3.0       T
  SINCE JUL 1      5.7                       2.7    3.0       T

DEGREE DAYS
 HEATING
  YESTERDAY       25                        28     -3       19
  MONTH TO DATE  591                       652    -61      442
  SINCE SEP 1    990                      1229   -239      849
  SINCE JUL 1    991                      1255   -264      849

 COOLING
  YESTERDAY        0                         0      0        0
  MONTH TO DATE    0                         0      0        2
  SINCE SEP 1    132                        56     76      153
  SINCE JAN 1    998                       580    418      929
..................................................................


WIND (MPH)
  HIGHEST WIND SPEED    12   HIGHEST WIND DIRECTION     S (180)
  HIGHEST GUST SPEED    18   HIGHEST GUST DIRECTION     S (190)
  AVERAGE WIND SPEED     4.1


SKY COVER
  AVERAGE SKY COVER 0.1



RELATIVE HUMIDITY (PERCENT)
 HIGHEST    92           200 AM
 LOWEST     42           300 PM
 AVERAGE    67

..........................................................


THE AVOCA PA CLIMATE NORMALS FOR TODAY
                         NORMAL    RECORD    YEAR
 MAXIMUM TEMPERATURE (F)   44        67      2005
 MINIMUM TEMPERATURE (F)   29         9      1955


SUNRISE AND SUNSET
NOVEMBER 29 2016......SUNRISE   708 AM EST   SUNSET   435 PM EST
NOVEMBER 30 2016......SUNRISE   709 AM EST   SUNSET   435 PM EST


-  INDICATES NEGATIVE NUMBERS.
R  INDICATES RECORD WAS SET OR TIED.
MM INDICATES DATA IS MISSING.
T  INDICATES TRACE AMOUNT.




$$
