000
CDUS41 KBGM 150218
CLIAVP


CLIMATE REPORT
NATIONAL WEATHER SERVICE BINGHAMTON NY
1018 PM EDT WED JUN 14 2017


...................................

...THE AVOCA PA CLIMATE SUMMARY FOR JUNE 14 2017...
VALID AS OF 1000 PM LOCAL TIME.

CLIMATE NORMAL PERIOD 1981 TO 2010
CLIMATE RECORD PERIOD 1901 TO 2017


WEATHER ITEM   OBSERVED TIME   RECORD YEAR NORMAL DEPARTURE LAST
                VALUE   (LST)  VALUE       VALUE  FROM      YEAR
                                                  NORMAL
..................................................................
TEMPERATURE (F)
 TODAY
  MAXIMUM         83    543 PM  92    2005  77      6       77
                                      1956
  MINIMUM         67    227 AM  40    1912  56     11       53
  AVERAGE         75                        67      8       65

PRECIPITATION (IN)
  TODAY            0.00          1.80 1919   0.14  -0.14     0.00
  MONTH TO DATE    1.66                      1.95  -0.29     1.18
  SINCE JUN 1      1.66                      1.95  -0.29     1.18
  SINCE JAN 1     19.99                     15.75   4.24    14.00

SNOWFALL (IN)
  TODAY            0.0           0.0  1995   0.0    0.0      0.0
  MONTH TO DATE    0.0                       0.0    0.0      0.0
  SINCE JUN 1      0.0                       0.0    0.0      0.0
  SINCE JUL 1     55.5                      46.2    9.3     15.5

DEGREE DAYS
 HEATING
  TODAY            0                         2     -2        0
  MONTH TO DATE   41                        39      2       23
  SINCE JUN 1     41                        39      2       23
  SINCE JUL 1   5232                      6240  -1008     4965

 COOLING
  TODAY           10                         4      6        0
  MONTH TO DATE   50                        40     10       49
  SINCE JUN 1     50                        40     10       49
  SINCE JAN 1    102                        77     25      121
..................................................................


WIND (MPH)
  HIGHEST WIND SPEED    14   HIGHEST WIND DIRECTION     N (340)
  HIGHEST GUST SPEED    18   HIGHEST GUST DIRECTION    NW (330)
  AVERAGE WIND SPEED     5.8


SKY COVER
  AVERAGE SKY COVER 0.2


WEATHER CONDITIONS
 THE FOLLOWING WEATHER WAS RECORDED TODAY.
  FOG


RELATIVE HUMIDITY (PERCENT)
 HIGHEST    97          1200 AM
 LOWEST     31           600 PM
 AVERAGE    64

..........................................................


THE AVOCA PA CLIMATE NORMALS FOR TOMORROW
                         NORMAL    RECORD    YEAR
 MAXIMUM TEMPERATURE (F)   78        93      1945
 MINIMUM TEMPERATURE (F)   57        39      1978


SUNRISE AND SUNSET
JUNE 14 2017..........SUNRISE   529 AM EDT   SUNSET   838 PM EDT
JUNE 15 2017..........SUNRISE   529 AM EDT   SUNSET   838 PM EDT


-  INDICATES NEGATIVE NUMBERS.
R  INDICATES RECORD WAS SET OR TIED.
MM INDICATES DATA IS MISSING.
T  INDICATES TRACE AMOUNT.




$$
