000
CDUS41 KBGM 130321
CLIAVP


CLIMATE REPORT
NATIONAL WEATHER SERVICE BINGHAMTON NY
1021 PM EST THU JAN 12 2017


...................................

...THE AVOCA PA CLIMATE SUMMARY FOR JANUARY 12 2017...
VALID AS OF 1000 PM LOCAL TIME.

CLIMATE NORMAL PERIOD 1981 TO 2010
CLIMATE RECORD PERIOD 1901 TO 2017


WEATHER ITEM   OBSERVED TIME   RECORD YEAR NORMAL DEPARTURE LAST
                VALUE   (LST)  VALUE       VALUE  FROM      YEAR
                                                  NORMAL
..................................................................
TEMPERATURE (F)
 TODAY
  MAXIMUM         56R  1154 AM  54    1932  33     23       31
  MINIMUM         45    148 AM -10    1981  18     27       16
                                      1968
  AVERAGE         51                        26     25       24

PRECIPITATION (IN)
  TODAY            0.24          0.81 1918   0.08   0.16     0.10
  MONTH TO DATE    1.07                      0.87   0.20     1.36
  SINCE DEC 1      3.13                      3.55  -0.42     3.91
  SINCE JAN 1      1.07                      0.87   0.20     1.36

SNOWFALL (IN)
  TODAY           MM             7.8  1996   0.5   MM        1.4
  MONTH TO DATE    0.4                       5.5   -5.1      1.4
  SINCE DEC 1      7.3                      12.9   -5.6      2.2
  SINCE JUL 1     13.0                      15.9   -2.9      2.2

DEGREE DAYS
 HEATING
  TODAY           14                        39    -25       41
  MONTH TO DATE  424                       467    -43      431
  SINCE DEC 1   1418                      1532   -114     1059
  SINCE JUL 1   2436                      2845   -409     1967

 COOLING
  TODAY            0                         0      0        0
  MONTH TO DATE    0                         0      0        0
  SINCE DEC 1      0                         0      0        0
  SINCE JAN 1      0                         0      0        0
..................................................................


WIND (MPH)
  HIGHEST WIND SPEED    13   HIGHEST WIND DIRECTION     W (270)
  HIGHEST GUST SPEED    17   HIGHEST GUST DIRECTION    SW (220)
  AVERAGE WIND SPEED     4.6


SKY COVER
  AVERAGE SKY COVER 1.0


WEATHER CONDITIONS
 THE FOLLOWING WEATHER WAS RECORDED TODAY.
  RAIN
  LIGHT RAIN
  FOG
  FOG W/VISIBILITY <= 1/4 MILE


RELATIVE HUMIDITY (PERCENT)
 HIGHEST   100          1000 AM
 LOWEST     83          1100 AM
 AVERAGE    92

..........................................................


THE AVOCA PA CLIMATE NORMALS FOR TOMORROW
                         NORMAL    RECORD    YEAR
 MAXIMUM TEMPERATURE (F)   33        69      1932
 MINIMUM TEMPERATURE (F)   18       -13      1981


SUNRISE AND SUNSET
JANUARY 12 2017.......SUNRISE   728 AM EST   SUNSET   456 PM EST
JANUARY 13 2017.......SUNRISE   727 AM EST   SUNSET   457 PM EST


-  INDICATES NEGATIVE NUMBERS.
R  INDICATES RECORD WAS SET OR TIED.
MM INDICATES DATA IS MISSING.
T  INDICATES TRACE AMOUNT.




$$
