326
CDUS41 KBGM 310617
CLIAVP


CLIMATE REPORT
NATIONAL WEATHER SERVICE BINGHAMTON NY
116 AM EST SUN JAN 31 2016


...................................

...THE AVOCA PA CLIMATE SUMMARY FOR JANUARY 30 2016...

CLIMATE NORMAL PERIOD 1981 TO 2010
CLIMATE RECORD PERIOD 1901 TO 2016


WEATHER ITEM   OBSERVED TIME   RECORD YEAR NORMAL DEPARTURE LAST
                VALUE   (LST)  VALUE       VALUE  FROM      YEAR
                                                  NORMAL
..................................................................
TEMPERATURE (F)
 YESTERDAY
  MAXIMUM         44    355 PM  66    1947  34     10       32
  MINIMUM         22    652 AM  -3    1948  19      3       12
  AVERAGE         33                        26      7       22

PRECIPITATION (IN)
  YESTERDAY        0.00          1.09 1939   0.08  -0.08     0.15
  MONTH TO DATE    1.79                      2.29  -0.50     1.87
  SINCE DEC 1      4.34                      4.97  -0.63     4.65
  SINCE JAN 1      1.79                      2.29  -0.50     1.87

SNOWFALL (IN)
  YESTERDAY        0.0          10.0  2000   0.4   -0.4      2.7
  MONTH TO DATE    4.0                      13.7   -9.7     15.5
  SINCE DEC 1      4.8                      21.1  -16.3     19.9
  SINCE JUL 1      4.8                      24.1  -19.3     28.8

DEGREE DAYS
 HEATING
  YESTERDAY       32                        39     -7       43
  MONTH TO DATE 1114                      1169    -55     1231
  SINCE DEC 1   1742                      2234   -492     2133
  SINCE JUL 1   2650                      3547   -897     3323

 COOLING
  YESTERDAY        0                         0      0        0
  MONTH TO DATE    0                         0      0        0
  SINCE DEC 1      0                         0      0        0
  SINCE JAN 1      0                         0      0        0
..................................................................


WIND (MPH)
  HIGHEST WIND SPEED    15   HIGHEST WIND DIRECTION    SW (210)
  HIGHEST GUST SPEED    22   HIGHEST GUST DIRECTION    SW (240)
  AVERAGE WIND SPEED     7.4


SKY COVER
  AVERAGE SKY COVER 0.4



RELATIVE HUMIDITY (PERCENT)
 HIGHEST    74           700 AM
 LOWEST     25           400 PM
 AVERAGE    50

..........................................................


THE AVOCA PA CLIMATE NORMALS FOR TODAY
                         NORMAL    RECORD    YEAR
 MAXIMUM TEMPERATURE (F)   34        63      1916
 MINIMUM TEMPERATURE (F)   19        -7      1948


SUNRISE AND SUNSET
JANUARY 31 2016.......SUNRISE   716 AM EST   SUNSET   517 PM EST
FEBRUARY  1 2016......SUNRISE   715 AM EST   SUNSET   519 PM EST


-  INDICATES NEGATIVE NUMBERS.
R  INDICATES RECORD WAS SET OR TIED.
MM INDICATES DATA IS MISSING.
T  INDICATES TRACE AMOUNT.




$$
