000
CDUS41 KBGM 140554
CLIAVP


CLIMATE REPORT
NATIONAL WEATHER SERVICE BINGHAMTON NY
1254 AM EST SUN DEC 14 2014


...................................

...THE AVOCA PA CLIMATE SUMMARY FOR DECEMBER 13 2014...

CLIMATE NORMAL PERIOD 1981 TO 2010
CLIMATE RECORD PERIOD 1901 TO 2014


WEATHER ITEM   OBSERVED TIME   RECORD YEAR NORMAL DEPARTURE LAST
                VALUE   (LST)  VALUE       VALUE  FROM      YEAR
                                                  NORMAL
..................................................................
TEMPERATURE (F)
 YESTERDAY
  MAXIMUM         36    204 PM  60    1923  38     -2       29
  MINIMUM         32    832 AM   2    1960  25      7       14
  AVERAGE         34                        31      3       22

PRECIPITATION (IN)
  YESTERDAY        0.00          2.16 1983   0.08  -0.08     0.00
  MONTH TO DATE    1.91                      1.25   0.66     1.25
  SINCE DEC 1      1.91                      1.25   0.66     1.25
  SINCE JAN 1     30.18                     36.83  -6.65    25.48

SNOWFALL (IN)
  YESTERDAY        0.0           5.2  2007   0.2   -0.2      0.0
  MONTH TO DATE    4.4                       2.3    2.1      2.7
  SINCE DEC 1      4.4                       2.3    2.1      2.7
  SINCE JUL 1     13.3                       5.3    8.0      5.4

DEGREE DAYS
 HEATING
  YESTERDAY       31                        34     -3       43
  MONTH TO DATE  407                       410     -3      420
  SINCE DEC 1    407                       410     -3      420
  SINCE JUL 1   1597                      1723   -126     1696

 COOLING
  YESTERDAY        0                         0      0        0
  MONTH TO DATE    0                         0      0        0
  SINCE DEC 1      0                         0      0        0
  SINCE JAN 1    686                       580    106      795
..................................................................


WIND (MPH)
  HIGHEST WIND SPEED    16   HIGHEST WIND DIRECTION    NW (310)
  HIGHEST GUST SPEED    22   HIGHEST GUST DIRECTION     W (280)
  AVERAGE WIND SPEED     5.9


SKY COVER
  AVERAGE SKY COVER 1.0



RELATIVE HUMIDITY (PERCENT)
 HIGHEST    82          1000 AM
 LOWEST     64           100 AM
 AVERAGE    73

..........................................................


THE AVOCA PA CLIMATE NORMALS FOR TODAY
                         NORMAL    RECORD    YEAR
 MAXIMUM TEMPERATURE (F)   38        65      1901
 MINIMUM TEMPERATURE (F)   24        -5      2005


SUNRISE AND SUNSET
DECEMBER 14 2014......SUNRISE   721 AM EST   SUNSET   434 PM EST
DECEMBER 15 2014......SUNRISE   722 AM EST   SUNSET   434 PM EST


-  INDICATES NEGATIVE NUMBERS.
R  INDICATES RECORD WAS SET OR TIED.
MM INDICATES DATA IS MISSING.
T  INDICATES TRACE AMOUNT.




$$
