000
CDUS41 KBGM 290230
CLIAVP


CLIMATE REPORT
NATIONAL WEATHER SERVICE BINGHAMTON NY
1029 PM EDT SUN JUN 28 2015


...................................

...THE AVOCA PA CLIMATE SUMMARY FOR JUNE 28 2015...
VALID AS OF 1000 PM LOCAL TIME.

CLIMATE NORMAL PERIOD 1981 TO 2010
CLIMATE RECORD PERIOD 1901 TO 2015


WEATHER ITEM   OBSERVED TIME   RECORD YEAR NORMAL DEPARTURE LAST
                VALUE   (LST)  VALUE       VALUE  FROM      YEAR
                                                  NORMAL
..................................................................
TEMPERATURE (F)
 TODAY
  MAXIMUM         70    324 PM  92    2005  81    -11       86
                                      1991
                                      1966
  MINIMUM         57    554 AM  45    1970  60     -3       65
  AVERAGE         64                        70     -6       76

PRECIPITATION (IN)
  TODAY            0.35          2.12 1973   0.12   0.23     0.00
  MONTH TO DATE    5.79                      3.77   2.02     1.99
  SINCE JUN 1      5.79                      3.77   2.02     1.99
  SINCE JAN 1     15.35                     17.57  -2.22    14.70

SNOWFALL (IN)
  TODAY           MM             0.0  1995   0.0   MM        0.0
  MONTH TO DATE    0.0                       0.0    0.0      0.0
  SINCE JUN 1      0.0                       0.0    0.0      0.0
  SINCE JUL 1     51.4                      46.2    5.2     58.9

DEGREE DAYS
 HEATING
  TODAY            1                         1      0        0
  MONTH TO DATE   24                        55    -31       11
  SINCE JUN 1     24                        55    -31       11
  SINCE JUL 1   6268                      6256     12     6522

 COOLING
  TODAY            0                         6     -6       11
  MONTH TO DATE  146                       105     41      139
  SINCE JUN 1    146                       105     41      139
  SINCE JAN 1    294                       142    152      180
..................................................................


WIND (MPH)
  HIGHEST WIND SPEED    12   HIGHEST WIND DIRECTION    SW (240)
  HIGHEST GUST SPEED    21   HIGHEST GUST DIRECTION     E (80)
  AVERAGE WIND SPEED     5.1


SKY COVER
  AVERAGE SKY COVER 1.0


WEATHER CONDITIONS
 THE FOLLOWING WEATHER WAS RECORDED TODAY.
  HEAVY RAIN
  RAIN
  LIGHT RAIN
  FOG
  HAZE


RELATIVE HUMIDITY (PERCENT)
 HIGHEST   100           600 AM
 LOWEST     68           400 PM
 AVERAGE    84

..........................................................


THE AVOCA PA CLIMATE NORMALS FOR TOMORROW
                         NORMAL    RECORD    YEAR
 MAXIMUM TEMPERATURE (F)   81        96      1959
 MINIMUM TEMPERATURE (F)   60        47      1970
                                             1930


SUNRISE AND SUNSET
JUNE 28 2015..........SUNRISE   532 AM EDT   SUNSET   840 PM EDT
JUNE 29 2015..........SUNRISE   532 AM EDT   SUNSET   840 PM EDT


-  INDICATES NEGATIVE NUMBERS.
R  INDICATES RECORD WAS SET OR TIED.
MM INDICATES DATA IS MISSING.
T  INDICATES TRACE AMOUNT.




$$
