000
CDUS41 KBGM 070902
CLIAVP


CLIMATE REPORT
NATIONAL WEATHER SERVICE BINGHAMTON NY
502 AM EDT SAT OCT 7 2017


...................................

...THE AVOCA PA CLIMATE SUMMARY FOR OCTOBER 6 2017...

CLIMATE NORMAL PERIOD 1981 TO 2010
CLIMATE RECORD PERIOD 1901 TO 2017


WEATHER ITEM   OBSERVED TIME   RECORD YEAR NORMAL DEPARTURE LAST
                VALUE   (LST)  VALUE       VALUE  FROM      YEAR
                                                  NORMAL
..................................................................
TEMPERATURE (F)
 YESTERDAY
  MAXIMUM         75    132 PM  87    1922  64     11       74
  MINIMUM         57    648 AM  26    1958  44     13       45
  AVERAGE         66                        54     12       60

PRECIPITATION (IN)
  YESTERDAY        0.00          2.30 1932   0.12  -0.12     0.00
  MONTH TO DATE    0.00                      0.69  -0.69     0.67
  SINCE SEP 1      1.72                      4.76  -3.04     3.67
  SINCE JAN 1     31.84                     29.79   2.05    25.23

SNOWFALL (IN)
  YESTERDAY        0.0           0.0    MM   0.0    0.0      0.0
  MONTH TO DATE    0.0                       0.0    0.0      0.0
  SINCE SEP 1      0.0                       0.0    0.0      0.0
  SINCE JUL 1      0.0                       0.0    0.0      0.0

DEGREE DAYS
 HEATING
  YESTERDAY        0                        11    -11        5
  MONTH TO DATE   28                        61    -33       28
  SINCE SEP 1    120                       197    -77       87
  SINCE JUL 1    137                       223    -86       88

 COOLING
  YESTERDAY        1                         0      1        0
  MONTH TO DATE    4                         0      4        0
  SINCE SEP 1    132                        52     80      127
  SINCE JAN 1    771                       576    195      993
..................................................................


WIND (MPH)
  HIGHEST WIND SPEED    12   HIGHEST WIND DIRECTION     W (250)
  HIGHEST GUST SPEED    16   HIGHEST GUST DIRECTION     W (270)
  AVERAGE WIND SPEED     3.1


SKY COVER
  AVERAGE SKY COVER 0.5



RELATIVE HUMIDITY (PERCENT)
 HIGHEST   100           500 AM
 LOWEST     64          1200 PM
 AVERAGE    82

..........................................................


THE AVOCA PA CLIMATE NORMALS FOR TODAY
                         NORMAL    RECORD    YEAR
 MAXIMUM TEMPERATURE (F)   64        89      1941
 MINIMUM TEMPERATURE (F)   44        28      1999


SUNRISE AND SUNSET
OCTOBER  7 2017.......SUNRISE   706 AM EDT   SUNSET   634 PM EDT
OCTOBER  8 2017.......SUNRISE   707 AM EDT   SUNSET   633 PM EDT


-  INDICATES NEGATIVE NUMBERS.
R  INDICATES RECORD WAS SET OR TIED.
MM INDICATES DATA IS MISSING.
T  INDICATES TRACE AMOUNT.




$$
