633
CDUS41 KBGM 102120
CLIAVP


CLIMATE REPORT
NATIONAL WEATHER SERVICE BINGHAMTON NY
520 PM EDT SUN MAY 10 2015


...................................

...THE AVOCA PA CLIMATE SUMMARY FOR MAY 10 2015...
VALID TODAY AS OF 0500 PM LOCAL TIME.

CLIMATE NORMAL PERIOD 1981 TO 2010
CLIMATE RECORD PERIOD 1901 TO 2015


WEATHER ITEM   OBSERVED TIME   RECORD YEAR NORMAL DEPARTURE LAST
                VALUE   (LST)  VALUE       VALUE  FROM      YEAR
                                                  NORMAL
..................................................................
TEMPERATURE (F)
 TODAY
  MAXIMUM         87    334 PM  89    1993  68     19       80
                                      1934
  MINIMUM         60    547 AM  29    1966  46     14       63
  AVERAGE         74                        57     17       72

PRECIPITATION (IN)
  TODAY            0.00          1.24 1954   0.11  -0.11      T
  MONTH TO DATE    0.14                      1.08  -0.94     0.23
  SINCE MAR 1      4.98                      6.96  -1.98     5.31
  SINCE JAN 1      7.98                     11.36  -3.38    10.19

SNOWFALL (IN)
  TODAY            0.0           0.0    MM   0.0    0.0      0.0
  MONTH TO DATE    0.0                       0.3   -0.3      0.0
  SINCE MAR 1      9.0                      12.6   -3.6      3.1
  SINCE JUL 1     51.4                      46.5    4.9     58.9

DEGREE DAYS
 HEATING
  TODAY            0                         9     -9        0
  MONTH TO DATE   23                        98    -75       70
  SINCE MAR 1   1470                      1465      5     1611
  SINCE JUL 1   6167                      6071     96     6434

 COOLING
  TODAY            9                         1      8        7
  MONTH TO DATE   39                         3     36        9
  SINCE MAR 1     39                         9     30       16
  SINCE JAN 1     39                         9     30       16
..................................................................


WIND (MPH)
  HIGHEST WIND SPEED    18   HIGHEST WIND DIRECTION     W (260)
  HIGHEST GUST SPEED    25   HIGHEST GUST DIRECTION     W (250)
  AVERAGE WIND SPEED     8.7


SKY COVER
  AVERAGE SKY COVER 0.1


WEATHER CONDITIONS
 THE FOLLOWING WEATHER WAS RECORDED TODAY.
  FOG


RELATIVE HUMIDITY (PERCENT)
 HIGHEST    90           400 AM
 LOWEST     35           400 PM
 AVERAGE    63

..........................................................


THE AVOCA PA CLIMATE NORMALS FOR TOMORROW
                         NORMAL    RECORD    YEAR
 MAXIMUM TEMPERATURE (F)   68        91      1948
                                             1936
 MINIMUM TEMPERATURE (F)   46        31      2010


SUNRISE AND SUNSET
MAY 10 2015...........SUNRISE   550 AM EDT   SUNSET   810 PM EDT
MAY 11 2015...........SUNRISE   549 AM EDT   SUNSET   811 PM EDT


-  INDICATES NEGATIVE NUMBERS.
R  INDICATES RECORD WAS SET OR TIED.
MM INDICATES DATA IS MISSING.
T  INDICATES TRACE AMOUNT.




$$
