000
CDUS41 KBGM 120603
CLIAVP


CLIMATE REPORT
NATIONAL WEATHER SERVICE BINGHAMTON NY
202 AM EDT SAT APR 12 2014


...................................

...THE AVOCA PA CLIMATE SUMMARY FOR APRIL 11 2014...

CLIMATE NORMAL PERIOD 1981 TO 2010
CLIMATE RECORD PERIOD 1901 TO 2014


WEATHER ITEM   OBSERVED TIME   RECORD YEAR NORMAL DEPARTURE LAST
                VALUE   (LST)  VALUE       VALUE  FROM      YEAR
                                                  NORMAL
..................................................................
TEMPERATURE (F)
 YESTERDAY
  MAXIMUM         65   1210 PM  83    1945  57      8       54
  MINIMUM         45   1144 PM  20    1909  37      8       43
  AVERAGE         55                        47      8       49

PRECIPITATION (IN)
  YESTERDAY        0.32          1.00 1922   0.12   0.20     0.01
  MONTH TO DATE    0.77                      1.20  -0.43     0.51
  SINCE MAR 1      2.84                      3.75  -0.91     2.13
  SINCE JAN 1      7.72                      8.15  -0.43     5.46

SNOWFALL (IN)
  YESTERDAY        0.0           1.0  1986   0.1   -0.1      0.0
  MONTH TO DATE    0.0                       1.4   -1.4       T
  SINCE MAR 1      2.4                      10.4   -8.0      6.5
  SINCE JUL 1     58.2                      44.3   13.9     33.9

DEGREE DAYS
 HEATING
  YESTERDAY       10                        18     -8       16
  MONTH TO DATE  208                       222    -14      197
  SINCE MAR 1   1251                      1093    158     1123
  SINCE JUL 1   6074                      5699    375     5347

 COOLING
  YESTERDAY        0                         0      0        0
  MONTH TO DATE    0                         0      0        4
  SINCE MAR 1      0                         0      0        4
  SINCE JAN 1      0                         0      0        4
..................................................................


WIND (MPH)
  HIGHEST WIND SPEED    15   HIGHEST WIND DIRECTION    NW (320)
  HIGHEST GUST SPEED    22   HIGHEST GUST DIRECTION    SW (220)
  AVERAGE WIND SPEED     5.9


SKY COVER
  AVERAGE SKY COVER 0.9



RELATIVE HUMIDITY (PERCENT)
 HIGHEST    93           500 PM
 LOWEST     39          1200 AM
 AVERAGE    66

..........................................................


THE AVOCA PA CLIMATE NORMALS FOR TODAY
                         NORMAL    RECORD    YEAR
 MAXIMUM TEMPERATURE (F)   58        84      1977
 MINIMUM TEMPERATURE (F)   37        20      1926


SUNRISE AND SUNSET
APRIL 12 2014.........SUNRISE   628 AM EDT   SUNSET   740 PM EDT
APRIL 13 2014.........SUNRISE   627 AM EDT   SUNSET   741 PM EDT


-  INDICATES NEGATIVE NUMBERS.
R  INDICATES RECORD WAS SET OR TIED.
MM INDICATES DATA IS MISSING.
T  INDICATES TRACE AMOUNT.




$$
