000
CDUS41 KBGM 110319
CLIAVP


CLIMATE REPORT
NATIONAL WEATHER SERVICE BINGHAMTON NY
1019 PM EST FRI FEB 10 2017


...................................

...THE AVOCA PA CLIMATE SUMMARY FOR FEBRUARY 10 2017...
VALID AS OF 1000 PM LOCAL TIME.

CLIMATE NORMAL PERIOD 1981 TO 2010
CLIMATE RECORD PERIOD 1901 TO 2017


WEATHER ITEM   OBSERVED TIME   RECORD YEAR NORMAL DEPARTURE LAST
                VALUE   (LST)  VALUE       VALUE  FROM      YEAR
                                                  NORMAL
..................................................................
TEMPERATURE (F)
 TODAY
  MAXIMUM         28    227 PM  57    1955  36     -8       32
                                      1909
  MINIMUM         15   1217 AM  -9    1934  20     -5       20
  AVERAGE         22                        28     -6       26

PRECIPITATION (IN)
  TODAY            0.02          1.81 1932   0.07  -0.05     0.14
  MONTH TO DATE    0.78                      0.77   0.01     0.78
  SINCE DEC 1      6.09                      5.82   0.27     5.12
  SINCE JAN 1      4.03                      3.14   0.89     2.57

SNOWFALL (IN)
  TODAY           MM             6.5  2010   0.3   MM        2.5
  MONTH TO DATE    8.1                       3.4    4.7      4.5
  SINCE DEC 1     18.9                      25.0   -6.1      9.8
  SINCE JUL 1     24.6                      28.0   -3.4      9.8

DEGREE DAYS
 HEATING
  TODAY           43                        37      6       39
  MONTH TO DATE  338                       379    -41      289
  SINCE DEC 1   2319                      2657   -338     2052
  SINCE JUL 1   3337                      3970   -633     2960

 COOLING
  TODAY            0                         0      0        0
  MONTH TO DATE    0                         0      0        0
  SINCE DEC 1      0                         0      0        0
  SINCE JAN 1      0                         0      0        0
..................................................................


WIND (MPH)
  HIGHEST WIND SPEED    20   HIGHEST WIND DIRECTION     W (270)
  HIGHEST GUST SPEED    26   HIGHEST GUST DIRECTION     W (260)
  AVERAGE WIND SPEED    11.3


SKY COVER
  AVERAGE SKY COVER 0.3


WEATHER CONDITIONS
 THE FOLLOWING WEATHER WAS RECORDED TODAY.
  LIGHT SNOW
  FOG


RELATIVE HUMIDITY (PERCENT)
 HIGHEST    88           800 PM
 LOWEST     42           100 PM
 AVERAGE    65

..........................................................


THE AVOCA PA CLIMATE NORMALS FOR TOMORROW
                         NORMAL    RECORD    YEAR
 MAXIMUM TEMPERATURE (F)   36        65      2009
 MINIMUM TEMPERATURE (F)   20       -10      1979
                                             1962


SUNRISE AND SUNSET
FEBRUARY 10 2017......SUNRISE   704 AM EST   SUNSET   531 PM EST
FEBRUARY 11 2017......SUNRISE   703 AM EST   SUNSET   532 PM EST


-  INDICATES NEGATIVE NUMBERS.
R  INDICATES RECORD WAS SET OR TIED.
MM INDICATES DATA IS MISSING.
T  INDICATES TRACE AMOUNT.




$$
