000
CDUS41 KBGM 120531
CLIAVP


CLIMATE REPORT
NATIONAL WEATHER SERVICE BINGHAMTON NY
1229 AM EST THU JAN 12 2017


...................................

...THE AVOCA PA CLIMATE SUMMARY FOR JANUARY 11 2017...

CLIMATE NORMAL PERIOD 1981 TO 2010
CLIMATE RECORD PERIOD 1901 TO 2017


WEATHER ITEM   OBSERVED TIME   RECORD YEAR NORMAL DEPARTURE LAST
                VALUE   (LST)  VALUE       VALUE  FROM      YEAR
                                                  NORMAL
..................................................................
TEMPERATURE (F)
 YESTERDAY
  MAXIMUM         47    349 PM  66    1975  33     14       33
  MINIMUM         30    738 AM  -7    1968  18     12       16
  AVERAGE         39                        26     13       25

PRECIPITATION (IN)
  YESTERDAY        0.28          1.08 1924   0.07   0.21      T
  MONTH TO DATE    0.83                      0.79   0.04     1.26
  SINCE DEC 1      2.89                      3.47  -0.58     3.81
  SINCE JAN 1      0.83                      0.79   0.04     1.26

SNOWFALL (IN)
  YESTERDAY        0.0           4.0  2011   0.5   -0.5       T
  MONTH TO DATE    0.4                       5.0   -4.6       T
  SINCE DEC 1      7.3                      12.4   -5.1      0.8
  SINCE JUL 1     13.0                      15.4   -2.4      0.8

DEGREE DAYS
 HEATING
  YESTERDAY       26                        39    -13       40
  MONTH TO DATE  410                       428    -18      390
  SINCE DEC 1   1404                      1493    -89     1018
  SINCE JUL 1   2422                      2806   -384     1926

 COOLING
  YESTERDAY        0                         0      0        0
  MONTH TO DATE    0                         0      0        0
  SINCE DEC 1      0                         0      0        0
  SINCE JAN 1      0                         0      0        0
..................................................................


WIND (MPH)
  HIGHEST WIND SPEED    16   HIGHEST WIND DIRECTION    SW (230)
  HIGHEST GUST SPEED    25   HIGHEST GUST DIRECTION     S (180)
  AVERAGE WIND SPEED     3.8


SKY COVER
  AVERAGE SKY COVER 0.2



RELATIVE HUMIDITY (PERCENT)
 HIGHEST    92           700 AM
 LOWEST     65           400 PM
 AVERAGE    79

..........................................................


THE AVOCA PA CLIMATE NORMALS FOR TODAY
                         NORMAL    RECORD    YEAR
 MAXIMUM TEMPERATURE (F)   33        54      1932
 MINIMUM TEMPERATURE (F)   18       -10      1981
                                             1968


SUNRISE AND SUNSET
JANUARY 12 2017.......SUNRISE   728 AM EST   SUNSET   456 PM EST
JANUARY 13 2017.......SUNRISE   727 AM EST   SUNSET   457 PM EST


-  INDICATES NEGATIVE NUMBERS.
R  INDICATES RECORD WAS SET OR TIED.
MM INDICATES DATA IS MISSING.
T  INDICATES TRACE AMOUNT.

$$
