000
CDUS41 KBGM 130328
CLIAVP


CLIMATE REPORT
NATIONAL WEATHER SERVICE BINGHAMTON NY
1027 PM EST MON FEB 12 2018


...................................

...THE AVOCA PA CLIMATE SUMMARY FOR FEBRUARY 12 2018...
VALID AS OF 1000 PM LOCAL TIME.

CLIMATE NORMAL PERIOD 1981 TO 2010
CLIMATE RECORD PERIOD 1901 TO 2018


WEATHER ITEM   OBSERVED TIME   RECORD YEAR NORMAL DEPARTURE LAST
                VALUE   (LST)  VALUE       VALUE  FROM      YEAR
                                                  NORMAL
..................................................................
TEMPERATURE (F)
 TODAY
  MAXIMUM         42   1200 AM  62    1999  36      6       38
                                      1918
  MINIMUM         26    959 PM -12    1979  20      6       34
  AVERAGE         34                        28      6       36

PRECIPITATION (IN)
  TODAY            0.00          1.08 1985   0.08  -0.08     0.70
  MONTH TO DATE    1.92                      0.92   0.00     1.48
  SINCE DEC 1      6.28                      5.97   0.31     6.79
  SINCE JAN 1      4.60                      3.29   1.31     4.73

SNOWFALL (IN)
  TODAY            0.0           6.5  1988   0.3   -0.3       T
  MONTH TO DATE    6.6                       4.1    2.5      8.2
  SINCE DEC 1     24.0                      25.7   -1.7     19.0
  SINCE JUL 1     24.1                      28.7   -4.6     24.7

DEGREE DAYS
 HEATING
  TODAY           31                        37     -6       29
  MONTH TO DATE  439                       453    -14      397
  SINCE DEC 1   2774                      2731     43     2378
  SINCE JUL 1   3814                      4044   -230     3396

 COOLING
  TODAY            0                         0      0        0
  MONTH TO DATE    0                         0      0        0
  SINCE DEC 1      0                         0      0        0
  SINCE JAN 1      0                         0      0        0
..................................................................


WIND (MPH)
  HIGHEST WIND SPEED    17   HIGHEST WIND DIRECTION    NW (300)
  HIGHEST GUST SPEED    22   HIGHEST GUST DIRECTION     N (340)
  AVERAGE WIND SPEED     9.6


SKY COVER
  AVERAGE SKY COVER 0.4


WEATHER CONDITIONS
 THE FOLLOWING WEATHER WAS RECORDED TODAY.
  FOG
  FOG W/VISIBILITY <= 1/4 MILE


RELATIVE HUMIDITY (PERCENT)
 HIGHEST   100           100 AM
 LOWEST     40           400 PM
 AVERAGE    70

..........................................................


THE AVOCA PA CLIMATE NORMALS FOR TOMORROW
                         NORMAL    RECORD    YEAR
 MAXIMUM TEMPERATURE (F)   36        59      1937
 MINIMUM TEMPERATURE (F)   20        -6      1914


SUNRISE AND SUNSET
FEBRUARY 12 2018......SUNRISE   702 AM EST   SUNSET   533 PM EST
FEBRUARY 13 2018......SUNRISE   700 AM EST   SUNSET   534 PM EST


-  INDICATES NEGATIVE NUMBERS.
R  INDICATES RECORD WAS SET OR TIED.
MM INDICATES DATA IS MISSING.
T  INDICATES TRACE AMOUNT.




$$
