000
CDUS41 KBGM 190219
CLIAVP


CLIMATE REPORT
NATIONAL WEATHER SERVICE BINGHAMTON NY
1019 PM EDT FRI JUL 18 2014


...................................

...THE AVOCA PA CLIMATE SUMMARY FOR JULY 18 2014...
VALID AS OF 1000 PM LOCAL TIME.

CLIMATE NORMAL PERIOD 1981 TO 2010
CLIMATE RECORD PERIOD 1901 TO 2014


WEATHER ITEM   OBSERVED TIME   RECORD YEAR NORMAL DEPARTURE LAST
                VALUE   (LST)  VALUE       VALUE  FROM      YEAR
                                                  NORMAL
..................................................................
TEMPERATURE (F)
 TODAY
  MAXIMUM         79    407 PM  98    1953  82     -3       96
  MINIMUM         53    546 AM  49    1956  61     -8       73
                                      1925
  AVERAGE         66                        72     -6       85

PRECIPITATION (IN)
  TODAY            0.00          2.36 1904   0.12  -0.12     0.00
  MONTH TO DATE    2.25                      2.12   0.13     0.71
  SINCE JUN 1      4.41                      6.15  -1.74     6.12
  SINCE JAN 1     17.12                     19.95  -2.83    15.89

SNOWFALL (IN)
  TODAY            0.0           0.0  1995   0.0    0.0      0.0
  MONTH TO DATE    0.0                       0.0    0.0      0.0
  SINCE JUN 1      0.0                       0.0    0.0      0.0
  SINCE JUL 1      0.0                       0.0    0.0      0.0

DEGREE DAYS
 HEATING
  TODAY            0                         0      0        0
  MONTH TO DATE    0                         0      0        0
  SINCE JUN 1     11                        54    -43       21
  SINCE JUL 1      0                         0      0        0

 COOLING
  TODAY            1                         7     -6       20
  MONTH TO DATE  151                       121     30      230
  SINCE JUN 1    310                       238     72      366
  SINCE JAN 1    351                       275     76      430
..................................................................


WIND (MPH)
  HIGHEST WIND SPEED    10   HIGHEST WIND DIRECTION     W (270)
  HIGHEST GUST SPEED    15   HIGHEST GUST DIRECTION     W (270)
  AVERAGE WIND SPEED     3.5


SKY COVER
  AVERAGE SKY COVER 0.1


WEATHER CONDITIONS
 THE FOLLOWING WEATHER WAS RECORDED TODAY.
  NO SIGNIFICANT WEATHER WAS OBSERVED.


RELATIVE HUMIDITY (PERCENT)
 HIGHEST    93           300 AM
 LOWEST     36           100 PM
 AVERAGE    65

..........................................................


THE AVOCA PA CLIMATE NORMALS FOR TOMORROW
                         NORMAL    RECORD    YEAR
 MAXIMUM TEMPERATURE (F)   82        95      1991
                                             1964
 MINIMUM TEMPERATURE (F)   61        50      1925
                                             1924


SUNRISE AND SUNSET
JULY 18 2014..........SUNRISE   545 AM EDT   SUNSET   833 PM EDT
JULY 19 2014..........SUNRISE   546 AM EDT   SUNSET   832 PM EDT


-  INDICATES NEGATIVE NUMBERS.
R  INDICATES RECORD WAS SET OR TIED.
MM INDICATES DATA IS MISSING.
T  INDICATES TRACE AMOUNT.




$$
