000
CDUS41 KBGM 140748
CLIAVP


CLIMATE REPORT
NATIONAL WEATHER SERVICE BINGHAMTON NY
347 AM EDT FRI JUL 14 2017


...................................

...THE AVOCA PA CLIMATE SUMMARY FOR JULY 13 2017...

CLIMATE NORMAL PERIOD 1981 TO 2010
CLIMATE RECORD PERIOD 1901 TO 2017


WEATHER ITEM   OBSERVED TIME   RECORD YEAR NORMAL DEPARTURE LAST
                VALUE   (LST)  VALUE       VALUE  FROM      YEAR
                                                  NORMAL
..................................................................
TEMPERATURE (F)
 YESTERDAY
  MAXIMUM         82    157 PM  95    1966  82      0       89
  MINIMUM         69   1139 PM  49    2001  61      8       71
  AVERAGE         76                        72      4       80

PRECIPITATION (IN)
  YESTERDAY        0.12          3.12 1948   0.13  -0.01     0.25
  MONTH TO DATE    1.29                      1.52  -0.23     0.79
  SINCE JUN 1      5.17                      5.55  -0.38     2.38
  SINCE JAN 1     23.50                     19.35   4.15    15.20

SNOWFALL (IN)
  YESTERDAY        0.0           0.0  1995   0.0    0.0      0.0
  MONTH TO DATE    0.0                       0.0    0.0      0.0
  SINCE JUN 1      0.0                       0.0    0.0      0.0
  SINCE JUL 1      0.0                       0.0    0.0      0.0

DEGREE DAYS
 HEATING
  YESTERDAY        0                         0      0        0
  MONTH TO DATE    0                         0      0        0
  SINCE JUN 1     43                        54    -11       24
  SINCE JUL 1      0                         0      0        0

 COOLING
  YESTERDAY       11                         7      4       15
  MONTH TO DATE  114                        86     28      118
  SINCE JUN 1    271                       203     68      261
  SINCE JAN 1    323                       240     83      333
..................................................................


WIND (MPH)
  HIGHEST WIND SPEED    17   HIGHEST WIND DIRECTION     W (270)
  HIGHEST GUST SPEED    22   HIGHEST GUST DIRECTION     W (270)
  AVERAGE WIND SPEED     4.5


SKY COVER
  AVERAGE SKY COVER 0.4



RELATIVE HUMIDITY (PERCENT)
 HIGHEST   100           400 PM
 LOWEST     58           200 PM
 AVERAGE    79

..........................................................


THE AVOCA PA CLIMATE NORMALS FOR TODAY
                         NORMAL    RECORD    YEAR
 MAXIMUM TEMPERATURE (F)   82       100      1936
 MINIMUM TEMPERATURE (F)   61        48      1904


SUNRISE AND SUNSET
JULY 14 2017..........SUNRISE   542 AM EDT   SUNSET   835 PM EDT
JULY 15 2017..........SUNRISE   543 AM EDT   SUNSET   835 PM EDT


-  INDICATES NEGATIVE NUMBERS.
R  INDICATES RECORD WAS SET OR TIED.
MM INDICATES DATA IS MISSING.
T  INDICATES TRACE AMOUNT.




$$
