000
CDUS41 KBGM 310728
CLIAVP


CLIMATE REPORT
NATIONAL WEATHER SERVICE BINGHAMTON NY
328 AM EDT FRI JUL 31 2015


...................................

...THE AVOCA PA CLIMATE SUMMARY FOR JULY 30 2015...

CLIMATE NORMAL PERIOD 1981 TO 2010
CLIMATE RECORD PERIOD 1901 TO 2015


WEATHER ITEM   OBSERVED TIME   RECORD YEAR NORMAL DEPARTURE LAST
                VALUE   (LST)  VALUE       VALUE  FROM      YEAR
                                                  NORMAL
..................................................................
TEMPERATURE (F)
 YESTERDAY
  MAXIMUM         88    320 PM  94    1933  82      6       78
  MINIMUM         68   1154 PM  47    1997  61      7       52
                                      1956
  AVERAGE         78                        71      7       65

PRECIPITATION (IN)
  YESTERDAY        0.16          2.82 2000   0.14   0.02     0.01
  MONTH TO DATE    2.33                      3.66  -1.33     2.49
  SINCE JUN 1      8.85                      7.69   1.16     4.65
  SINCE JAN 1     18.41                     21.49  -3.08    17.36

SNOWFALL (IN)
  YESTERDAY        0.0           0.0  1995   0.0    0.0      0.0
  MONTH TO DATE    0.0                       0.0    0.0      0.0
  SINCE JUN 1      0.0                       0.0    0.0      0.0
  SINCE JUL 1      0.0                       0.0    0.0      0.0

DEGREE DAYS
 HEATING
  YESTERDAY        0                         0      0        0
  MONTH TO DATE    0                         0      0        2
  SINCE JUN 1     24                        54    -30       13
  SINCE JUL 1      0                         0      0        2

 COOLING
  YESTERDAY       13                         6      7        0
  MONTH TO DATE  244                       204     40      230
  SINCE JUN 1    399                       321     78      389
  SINCE JAN 1    547                       358    189      430
..................................................................


WIND (MPH)
  HIGHEST WIND SPEED    14   HIGHEST WIND DIRECTION    SW (240)
  HIGHEST GUST SPEED    20   HIGHEST GUST DIRECTION    SW (230)
  AVERAGE WIND SPEED     5.8


SKY COVER
  AVERAGE SKY COVER 0.6



RELATIVE HUMIDITY (PERCENT)
 HIGHEST    87           500 AM
 LOWEST     44           500 PM
 AVERAGE    66

..........................................................


THE AVOCA PA CLIMATE NORMALS FOR TODAY
                         NORMAL    RECORD    YEAR
 MAXIMUM TEMPERATURE (F)   82        98      1917
 MINIMUM TEMPERATURE (F)   61        47      1956


SUNRISE AND SUNSET
JULY 31 2015..........SUNRISE   557 AM EDT   SUNSET   821 PM EDT
AUGUST  1 2015........SUNRISE   558 AM EDT   SUNSET   820 PM EDT


-  INDICATES NEGATIVE NUMBERS.
R  INDICATES RECORD WAS SET OR TIED.
MM INDICATES DATA IS MISSING.
T  INDICATES TRACE AMOUNT.




$$
