000
CDUS41 KBGM 122220
CLIAVP


CLIMATE REPORT
NATIONAL WEATHER SERVICE BINGHAMTON NY
520 PM EST SUN NOV 12 2017


...................................

...THE AVOCA PA CLIMATE SUMMARY FOR NOVEMBER 12 2017...
VALID TODAY AS OF 0500 PM LOCAL TIME.

CLIMATE NORMAL PERIOD 1981 TO 2010
CLIMATE RECORD PERIOD 1901 TO 2017


WEATHER ITEM   OBSERVED TIME   RECORD YEAR NORMAL DEPARTURE LAST
                VALUE   (LST)  VALUE       VALUE  FROM      YEAR
                                                  NORMAL
..................................................................
TEMPERATURE (F)
 TODAY
  MAXIMUM         44    254 PM  71    1909  51     -7       49
  MINIMUM         24    414 AM  21    1926  34    -10       33
  AVERAGE         34                        43     -9       41

PRECIPITATION (IN)
  TODAY            0.00          1.09 1975   0.10  -0.10     0.00
  MONTH TO DATE    0.44                      1.22  -0.78     0.31
  SINCE SEP 1      5.08                      8.63  -3.55     5.91
  SINCE JAN 1     35.20                     33.66   1.54    27.47

SNOWFALL (IN)
  TODAY            0.0           8.0  1968   0.1   -0.1      0.0
  MONTH TO DATE    T                         0.9   -0.9      0.0
  SINCE SEP 1      T                         1.0   -1.0       T
  SINCE JUL 1      T                         1.0   -1.0       T

DEGREE DAYS
 HEATING
  TODAY           31                        22      9       24
  MONTH TO DATE  256                       247      9      217
  SINCE SEP 1    577                       824   -247      616
  SINCE JUL 1    594                       850   -256      617

 COOLING
  TODAY            0                         0      0        0
  MONTH TO DATE    0                         0      0        0
  SINCE SEP 1    165                        56    109      132
  SINCE JAN 1    804                       580    224      998
..................................................................


WIND (MPH)
  HIGHEST WIND SPEED    12   HIGHEST WIND DIRECTION    SW (240)
  HIGHEST GUST SPEED    15   HIGHEST GUST DIRECTION    SW (240)
  AVERAGE WIND SPEED     2.9


SKY COVER
  AVERAGE SKY COVER 0.1


WEATHER CONDITIONS
 THE FOLLOWING WEATHER WAS RECORDED TODAY.
  NO SIGNIFICANT WEATHER WAS OBSERVED.


RELATIVE HUMIDITY (PERCENT)
 HIGHEST    63           800 AM
 LOWEST     33           200 PM
 AVERAGE    48

..........................................................


THE AVOCA PA CLIMATE NORMALS FOR TOMORROW
                         NORMAL    RECORD    YEAR
 MAXIMUM TEMPERATURE (F)   51        72      1902
 MINIMUM TEMPERATURE (F)   34        19      1986


SUNRISE AND SUNSET
NOVEMBER 12 2017......SUNRISE   648 AM EST   SUNSET   446 PM EST
NOVEMBER 13 2017......SUNRISE   649 AM EST   SUNSET   445 PM EST


-  INDICATES NEGATIVE NUMBERS.
R  INDICATES RECORD WAS SET OR TIED.
MM INDICATES DATA IS MISSING.
T  INDICATES TRACE AMOUNT.




$$
