524
CDUS41 KBGM 180548
CLIAVP


CLIMATE REPORT
NATIONAL WEATHER SERVICE BINGHAMTON NY
148 AM EDT MON JUL 18 2016


...................................

...THE AVOCA PA CLIMATE SUMMARY FOR JULY 17 2016...

CLIMATE NORMAL PERIOD 1981 TO 2010
CLIMATE RECORD PERIOD 1901 TO 2016


WEATHER ITEM   OBSERVED TIME   RECORD YEAR NORMAL DEPARTURE LAST
                VALUE   (LST)  VALUE       VALUE  FROM      YEAR
                                                  NORMAL
..................................................................
TEMPERATURE (F)
 YESTERDAY
  MAXIMUM         87    338 PM  97    2012  82      5       79
  MINIMUM         64    520 AM  47    1974  61      3       56
  AVERAGE         76                        72      4       68

PRECIPITATION (IN)
  YESTERDAY        T             1.07 1911   0.12  -0.12     0.00
  MONTH TO DATE    0.80                      2.00  -1.20     1.93
  SINCE JUN 1      2.39                      6.03  -3.64     8.45
  SINCE JAN 1     15.21                     19.83  -4.62    18.01

SNOWFALL (IN)
  YESTERDAY        0.0           0.0  1995   0.0    0.0      0.0
  MONTH TO DATE    0.0                       0.0    0.0      0.0
  SINCE JUN 1      0.0                       0.0    0.0      0.0
  SINCE JUL 1      0.0                       0.0    0.0      0.0

DEGREE DAYS
 HEATING
  YESTERDAY        0                         0      0        0
  MONTH TO DATE    0                         0      0        0
  SINCE JUN 1     24                        54    -30       24
  SINCE JUL 1      0                         0      0        0

 COOLING
  YESTERDAY       11                         7      4        3
  MONTH TO DATE  173                       114     59      108
  SINCE JUN 1    316                       231     85      263
  SINCE JAN 1    388                       268    120      411
..................................................................


WIND (MPH)
  HIGHEST WIND SPEED    16   HIGHEST WIND DIRECTION     W (260)
  HIGHEST GUST SPEED    21   HIGHEST GUST DIRECTION    SW (240)
  AVERAGE WIND SPEED     4.6


SKY COVER
  AVERAGE SKY COVER 0.4



RELATIVE HUMIDITY (PERCENT)
 HIGHEST    93           300 AM
 LOWEST     36           300 PM
 AVERAGE    65

..........................................................


THE AVOCA PA CLIMATE NORMALS FOR TODAY
                         NORMAL    RECORD    YEAR
 MAXIMUM TEMPERATURE (F)   82        98      1953
 MINIMUM TEMPERATURE (F)   61        49      1956
                                             1925


SUNRISE AND SUNSET
JULY 18 2016..........SUNRISE   546 AM EDT   SUNSET   832 PM EDT
JULY 19 2016..........SUNRISE   546 AM EDT   SUNSET   832 PM EDT


-  INDICATES NEGATIVE NUMBERS.
R  INDICATES RECORD WAS SET OR TIED.
MM INDICATES DATA IS MISSING.
T  INDICATES TRACE AMOUNT.




$$
