000
CDUS41 KBGM 172117
CLIAVP


CLIMATE REPORT
NATIONAL WEATHER SERVICE BINGHAMTON NY
516 PM EDT TUE MAY 17 2016


...................................

...THE AVOCA PA CLIMATE SUMMARY FOR MAY 17 2016...
VALID TODAY AS OF 0500 PM LOCAL TIME.

CLIMATE NORMAL PERIOD 1981 TO 2010
CLIMATE RECORD PERIOD 1901 TO 2016


WEATHER ITEM   OBSERVED TIME   RECORD YEAR NORMAL DEPARTURE LAST
                VALUE   (LST)  VALUE       VALUE  FROM      YEAR
                                                  NORMAL
..................................................................
TEMPERATURE (F)
 TODAY
  MAXIMUM         65    234 PM  90    1962  70     -5       83
  MINIMUM         48    557 AM  30    1956  48      0       65
  AVERAGE         57                        59     -2       74

PRECIPITATION (IN)
  TODAY            T             0.74 1970   0.12  -0.12     0.04
  MONTH TO DATE    2.22                      1.83   0.39     0.34
  SINCE MAR 1      6.69                      7.71  -1.02     5.18
  SINCE JAN 1     12.49                     12.11   0.38     8.18

SNOWFALL (IN)
  TODAY            0.0           0.4  1973   0.0    0.0      0.0
  MONTH TO DATE    0.0                       0.3   -0.3      0.0
  SINCE MAR 1      3.5                      12.6   -9.1      9.0
  SINCE JUL 1     15.5                      46.5  -31.0     51.4

DEGREE DAYS
 HEATING
  TODAY            8                         7      1        0
  MONTH TO DATE  191                       152     39       51
  SINCE MAR 1   1332                      1519   -187     1498
  SINCE JUL 1   4902                      6125  -1223     6195

 COOLING
  TODAY            0                         1     -1        9
  MONTH TO DATE    0                        10    -10       67
  SINCE MAR 1      1                        16    -15       67
  SINCE JAN 1      1                        16    -15       67
..................................................................


WIND (MPH)
  HIGHEST WIND SPEED    16   HIGHEST WIND DIRECTION     W (250)
  HIGHEST GUST SPEED    22   HIGHEST GUST DIRECTION     W (250)
  AVERAGE WIND SPEED     6.3


SKY COVER
  AVERAGE SKY COVER 0.5


WEATHER CONDITIONS
 THE FOLLOWING WEATHER WAS RECORDED TODAY.
  LIGHT RAIN


RELATIVE HUMIDITY (PERCENT)
 HIGHEST    71           600 AM
 LOWEST     39           200 PM
 AVERAGE    55

..........................................................


THE AVOCA PA CLIMATE NORMALS FOR TOMORROW
                         NORMAL    RECORD    YEAR
 MAXIMUM TEMPERATURE (F)   70        93      1962
 MINIMUM TEMPERATURE (F)   48        32      1983


SUNRISE AND SUNSET
MAY 17 2016...........SUNRISE   542 AM EDT   SUNSET   817 PM EDT
MAY 18 2016...........SUNRISE   541 AM EDT   SUNSET   818 PM EDT


-  INDICATES NEGATIVE NUMBERS.
R  INDICATES RECORD WAS SET OR TIED.
MM INDICATES DATA IS MISSING.
T  INDICATES TRACE AMOUNT.

$$
