000
CDUS41 KBGM 262252
CLIAVP


CLIMATE REPORT
NATIONAL WEATHER SERVICE BINGHAMTON NY
551 PM EST SAT NOV 26 2016


...................................

...THE AVOCA PA CLIMATE SUMMARY FOR NOVEMBER 26 2016...
VALID TODAY AS OF 0500 PM LOCAL TIME.

CLIMATE NORMAL PERIOD 1981 TO 2010
CLIMATE RECORD PERIOD 1901 TO 2016


WEATHER ITEM   OBSERVED TIME   RECORD YEAR NORMAL DEPARTURE LAST
                VALUE   (LST)  VALUE       VALUE  FROM      YEAR
                                                  NORMAL
..................................................................
TEMPERATURE (F)
 TODAY
  MAXIMUM         43    227 PM  68    1979  45     -2       58
  MINIMUM         37    356 AM   6    1938  30      7       37
  AVERAGE         40                        38      2       48

PRECIPITATION (IN)
  TODAY            0.07          0.83 2013   0.10  -0.03     0.00
                                      2007
  MONTH TO DATE    1.07                      2.71  -1.64     1.31
  SINCE SEP 1      6.67                     10.12  -3.45     7.45
  SINCE JAN 1     28.23                     35.15  -6.92    28.60

SNOWFALL (IN)
  TODAY           MM             7.1  2014   0.1   MM        0.0
  MONTH TO DATE    5.7                       2.4    3.3       T
  SINCE SEP 1      5.7                       2.5    3.2       T
  SINCE JUL 1      5.7                       2.5    3.2       T

DEGREE DAYS
 HEATING
  TODAY           25                        27     -2       17
  MONTH TO DATE  539                       596    -57      411
  SINCE SEP 1    938                      1173   -235      818
  SINCE JUL 1    939                      1199   -260      818

 COOLING
  TODAY            0                         0      0        0
  MONTH TO DATE    0                         0      0        2
  SINCE SEP 1    132                        56     76      153
  SINCE JAN 1    998                       580    418      929
..................................................................


WIND (MPH)
  HIGHEST WIND SPEED     8   HIGHEST WIND DIRECTION    SW (230)
  HIGHEST GUST SPEED    10   HIGHEST GUST DIRECTION    SW (240)
  AVERAGE WIND SPEED     2.8


SKY COVER
  AVERAGE SKY COVER 1.0


WEATHER CONDITIONS
 THE FOLLOWING WEATHER WAS RECORDED TODAY.
  RAIN
  LIGHT RAIN
  FOG


RELATIVE HUMIDITY (PERCENT)
 HIGHEST   100           300 AM
 LOWEST     76           200 PM
 AVERAGE    88

..........................................................


THE AVOCA PA CLIMATE NORMALS FOR TOMORROW
                         NORMAL    RECORD    YEAR
 MAXIMUM TEMPERATURE (F)   45        64      1988
 MINIMUM TEMPERATURE (F)   30         8      1932


SUNRISE AND SUNSET
NOVEMBER 26 2016......SUNRISE   705 AM EST   SUNSET   436 PM EST
NOVEMBER 27 2016......SUNRISE   706 AM EST   SUNSET   436 PM EST


-  INDICATES NEGATIVE NUMBERS.
R  INDICATES RECORD WAS SET OR TIED.
MM INDICATES DATA IS MISSING.
T  INDICATES TRACE AMOUNT.




$$

Heden
