000
CDUS41 KBGM 110602
CLIAVP


CLIMATE REPORT
NATIONAL WEATHER SERVICE BINGHAMTON NY
100 AM EST MON DEC 11 2017


...................................

...THE AVOCA PA CLIMATE SUMMARY FOR DECEMBER 10 2017...

CLIMATE NORMAL PERIOD 1981 TO 2010
CLIMATE RECORD PERIOD 1901 TO 2017


WEATHER ITEM   OBSERVED TIME   RECORD YEAR NORMAL DEPARTURE LAST
                VALUE   (LST)  VALUE       VALUE  FROM      YEAR
                                                  NORMAL
..................................................................
TEMPERATURE (F)
 YESTERDAY
  MAXIMUM         34    203 PM  65    1966  39     -5       31
  MINIMUM         21    355 AM   4    1958  26     -5       21
  AVERAGE         28                        32     -4       26

PRECIPITATION (IN)
  YESTERDAY        0.00          1.43 1907   0.09  -0.09      T
  MONTH TO DATE    0.54                      0.98  -0.44     0.69
  SINCE DEC 1      0.54                      0.98  -0.44     0.69
  SINCE JAN 1     36.37                     36.56  -0.19    29.93

SNOWFALL (IN)
  YESTERDAY        0.0           3.4  1997   0.2   -0.2       T
  MONTH TO DATE    2.3                       1.7    0.6      0.5
  SINCE DEC 1      2.3                       1.7    0.6      0.5
  SINCE JUL 1      2.4                       4.7   -2.3      6.2

DEGREE DAYS
 HEATING
  YESTERDAY       37                        33      4       39
  MONTH TO DATE  287                       310    -23      283
  SINCE DEC 1    287                       310    -23      283
  SINCE JUL 1   1327                      1623   -296     1301

 COOLING
  YESTERDAY        0                         0      0        0
  MONTH TO DATE    0                         0      0        0
  SINCE DEC 1      0                         0      0        0
  SINCE JAN 1    804                       580    224      998
..................................................................


WIND (MPH)
  HIGHEST WIND SPEED    18   HIGHEST WIND DIRECTION     W (250)
  HIGHEST GUST SPEED    25   HIGHEST GUST DIRECTION     W (260)
  AVERAGE WIND SPEED     8.4


SKY COVER
  AVERAGE SKY COVER 0.7



RELATIVE HUMIDITY (PERCENT)
 HIGHEST    88          1200 AM
 LOWEST     58           800 PM
 AVERAGE    73

..........................................................


THE AVOCA PA CLIMATE NORMALS FOR TODAY
                         NORMAL    RECORD    YEAR
 MAXIMUM TEMPERATURE (F)   39        64      1979
 MINIMUM TEMPERATURE (F)   25        -1      1958


SUNRISE AND SUNSET
DECEMBER 11 2017......SUNRISE   719 AM EST   SUNSET   434 PM EST
DECEMBER 12 2017......SUNRISE   720 AM EST   SUNSET   434 PM EST


-  INDICATES NEGATIVE NUMBERS.
R  INDICATES RECORD WAS SET OR TIED.
MM INDICATES DATA IS MISSING.
T  INDICATES TRACE AMOUNT.




$$
