240
CDUS41 KBGM 250539
CLIAVP


CLIMATE REPORT
NATIONAL WEATHER SERVICE BINGHAMTON NY
138 AM EDT MON JUL 25 2016


...................................

...THE AVOCA PA CLIMATE SUMMARY FOR JULY 24 2016...

CLIMATE NORMAL PERIOD 1981 TO 2010
CLIMATE RECORD PERIOD 1901 TO 2016


WEATHER ITEM   OBSERVED TIME   RECORD YEAR NORMAL DEPARTURE LAST
                VALUE   (LST)  VALUE       VALUE  FROM      YEAR
                                                  NORMAL
..................................................................
TEMPERATURE (F)
 YESTERDAY
  MAXIMUM         95R   321 PM  95    1933  82     13       83
  MINIMUM         64    532 AM  49    1985  61      3       55
  AVERAGE         80                        72      8       69

PRECIPITATION (IN)
  YESTERDAY        0.00          3.28 1933   0.13  -0.13     0.00
  MONTH TO DATE    0.91                      2.88  -1.97     2.17
  SINCE JUN 1      2.50                      6.91  -4.41     8.69
  SINCE JAN 1     15.32                     20.71  -5.39    18.25

SNOWFALL (IN)
  YESTERDAY        0.0           0.0  1995   0.0    0.0      0.0
  MONTH TO DATE    0.0                       0.0    0.0      0.0
  SINCE JUN 1      0.0                       0.0    0.0      0.0
  SINCE JUL 1      0.0                       0.0    0.0      0.0

DEGREE DAYS
 HEATING
  YESTERDAY        0                         0      0        0
  MONTH TO DATE    0                         0      0        0
  SINCE JUN 1     24                        54    -30       24
  SINCE JUL 1      0                         0      0        0

 COOLING
  YESTERDAY       15                         7      8        4
  MONTH TO DATE  257                       163     94      172
  SINCE JUN 1    400                       280    120      327
  SINCE JAN 1    472                       317    155      475
..................................................................


WIND (MPH)
  HIGHEST WIND SPEED    17   HIGHEST WIND DIRECTION     W (250)
  HIGHEST GUST SPEED    23   HIGHEST GUST DIRECTION     W (250)
  AVERAGE WIND SPEED     6.2


SKY COVER
  AVERAGE SKY COVER 0.0



RELATIVE HUMIDITY (PERCENT)
 HIGHEST    78           500 AM
 LOWEST     28           400 PM
 AVERAGE    53

..........................................................


THE AVOCA PA CLIMATE NORMALS FOR TODAY
                         NORMAL    RECORD    YEAR
 MAXIMUM TEMPERATURE (F)   82        96      1941
 MINIMUM TEMPERATURE (F)   61        48      1903


SUNRISE AND SUNSET
JULY 25 2016..........SUNRISE   552 AM EDT   SUNSET   826 PM EDT
JULY 26 2016..........SUNRISE   553 AM EDT   SUNSET   826 PM EDT


-  INDICATES NEGATIVE NUMBERS.
R  INDICATES RECORD WAS SET OR TIED.
MM INDICATES DATA IS MISSING.
T  INDICATES TRACE AMOUNT.




$$
