000
CDUS41 KBGM 110532
CLIAVP


CLIMATE REPORT
NATIONAL WEATHER SERVICE BINGHAMTON NY
1232 AM EST THU DEC 11 2014


...................................

...THE AVOCA PA CLIMATE SUMMARY FOR DECEMBER 10 2014...

CLIMATE NORMAL PERIOD 1981 TO 2010
CLIMATE RECORD PERIOD 1901 TO 2014


WEATHER ITEM   OBSERVED TIME   RECORD YEAR NORMAL DEPARTURE LAST
                VALUE   (LST)  VALUE       VALUE  FROM      YEAR
                                                  NORMAL
..................................................................
TEMPERATURE (F)
 YESTERDAY
  MAXIMUM         37    242 AM  65    1966  39     -2       33
  MINIMUM         27   1159 PM   4    1958  26      1       22
  AVERAGE         32                        32      0       28

PRECIPITATION (IN)
  YESTERDAY        0.23          1.43 1907   0.09   0.14     0.03
  MONTH TO DATE    1.80                      0.98   0.82     1.25
  SINCE DEC 1      1.80                      0.98   0.82     1.25
  SINCE JAN 1     30.07                     36.56  -6.49    25.48

SNOWFALL (IN)
  YESTERDAY        1.9           3.4  1997   0.2    1.7      1.5
  MONTH TO DATE    2.5                       1.7    0.8      2.7
  SINCE DEC 1      2.5                       1.7    0.8      2.7
  SINCE JUL 1     11.4                       4.7    6.7      5.4

DEGREE DAYS
 HEATING
  YESTERDAY       33                        33      0       37
  MONTH TO DATE  306                       310     -4      291
  SINCE DEC 1    306                       310     -4      291
  SINCE JUL 1   1496                      1623   -127     1567

 COOLING
  YESTERDAY        0                         0      0        0
  MONTH TO DATE    0                         0      0        0
  SINCE DEC 1      0                         0      0        0
  SINCE JAN 1    686                       580    106      795
..................................................................


WIND (MPH)
  HIGHEST WIND SPEED    25   HIGHEST WIND DIRECTION    NW (330)
  HIGHEST GUST SPEED    31   HIGHEST GUST DIRECTION     N (340)
  AVERAGE WIND SPEED    13.0


SKY COVER
  AVERAGE SKY COVER 1.0



RELATIVE HUMIDITY (PERCENT)
 HIGHEST    89           600 AM
 LOWEST     66           300 PM
 AVERAGE    78

..........................................................


THE AVOCA PA CLIMATE NORMALS FOR TODAY
                         NORMAL    RECORD    YEAR
 MAXIMUM TEMPERATURE (F)   39        64      1979
 MINIMUM TEMPERATURE (F)   25        -1      1958


SUNRISE AND SUNSET
DECEMBER 11 2014......SUNRISE   719 AM EST   SUNSET   434 PM EST
DECEMBER 12 2014......SUNRISE   719 AM EST   SUNSET   434 PM EST


-  INDICATES NEGATIVE NUMBERS.
R  INDICATES RECORD WAS SET OR TIED.
MM INDICATES DATA IS MISSING.
T  INDICATES TRACE AMOUNT.




$$
