000
CDUS41 KBGM 100322
CLIAVP


CLIMATE REPORT
NATIONAL WEATHER SERVICE BINGHAMTON NY
1021 PM EST THU FEB 9 2017


...................................

...THE AVOCA PA CLIMATE SUMMARY FOR FEBRUARY 9 2017...
VALID AS OF 1000 PM LOCAL TIME.

CLIMATE NORMAL PERIOD 1981 TO 2010
CLIMATE RECORD PERIOD 1901 TO 2017


WEATHER ITEM   OBSERVED TIME   RECORD YEAR NORMAL DEPARTURE LAST
                VALUE   (LST)  VALUE       VALUE  FROM      YEAR
                                                  NORMAL
..................................................................
TEMPERATURE (F)
 TODAY
  MAXIMUM         34   1243 AM  64    1925  35     -1       35
  MINIMUM         15    959 PM -19    1934  20     -5       28
  AVERAGE         25                        28     -3       32

PRECIPITATION (IN)
  TODAY            0.50          1.40 1906   0.07   0.43     0.15
  MONTH TO DATE    0.76                      0.70   0.06     0.64
  SINCE DEC 1      6.07                      5.75   0.32     4.98
  SINCE JAN 1      4.01                      3.07   0.94     2.43

SNOWFALL (IN)
  TODAY            7.5 R         3.9  1969   0.3    7.2      2.0
  MONTH TO DATE    8.1                       3.1    5.0      2.0
  SINCE DEC 1     18.9                      24.7   -5.8      7.3
  SINCE JUL 1     24.6                      27.7   -3.1      7.3

DEGREE DAYS
 HEATING
  TODAY           40                        37      3       33
  MONTH TO DATE  294                       342    -48      250
  SINCE DEC 1   2275                      2620   -345     2013
  SINCE JUL 1   3293                      3933   -640     2921

 COOLING
  TODAY            0                         0      0        0
  MONTH TO DATE    0                         0      0        0
  SINCE DEC 1      0                         0      0        0
  SINCE JAN 1      0                         0      0        0
..................................................................


WIND (MPH)
  HIGHEST WIND SPEED    30   HIGHEST WIND DIRECTION    NW (320)
  HIGHEST GUST SPEED    39   HIGHEST GUST DIRECTION    NW (320)
  AVERAGE WIND SPEED    14.9


SKY COVER
  AVERAGE SKY COVER 0.7


WEATHER CONDITIONS
 THE FOLLOWING WEATHER WAS RECORDED TODAY.
  HEAVY SNOW
  SNOW
  LIGHT SNOW
  FOG
  FOG W/VISIBILITY <= 1/4 MILE
  HAZE
  BLOWING SNOW


RELATIVE HUMIDITY (PERCENT)
 HIGHEST   100           300 AM
 LOWEST     45           500 PM
 AVERAGE    73

..........................................................


THE AVOCA PA CLIMATE NORMALS FOR TOMORROW
                         NORMAL    RECORD    YEAR
 MAXIMUM TEMPERATURE (F)   36        57      1955
                                             1909
 MINIMUM TEMPERATURE (F)   20        -9      1934


SUNRISE AND SUNSET
FEBRUARY  9 2017......SUNRISE   705 AM EST   SUNSET   530 PM EST
FEBRUARY 10 2017......SUNRISE   704 AM EST   SUNSET   531 PM EST


-  INDICATES NEGATIVE NUMBERS.
R  INDICATES RECORD WAS SET OR TIED.
MM INDICATES DATA IS MISSING.
T  INDICATES TRACE AMOUNT.




$$
