000
CDUS41 KBGM 300702
CLIAVP


CLIMATE REPORT
NATIONAL WEATHER SERVICE BINGHAMTON NY
202 AM EST SAT JAN 30 2016


...................................

...THE AVOCA PA CLIMATE SUMMARY FOR JANUARY 29 2016...

CLIMATE NORMAL PERIOD 1981 TO 2010
CLIMATE RECORD PERIOD 1901 TO 2016


WEATHER ITEM   OBSERVED TIME   RECORD YEAR NORMAL DEPARTURE LAST
                VALUE   (LST)  VALUE       VALUE  FROM      YEAR
                                                  NORMAL
..................................................................
TEMPERATURE (F)
 YESTERDAY
  MAXIMUM         36   1253 PM  62    2002  34      2       32
  MINIMUM         25    613 AM  -7    1977  19      6        2
                                      1963
  AVERAGE         31                        26      5       17

PRECIPITATION (IN)
  YESTERDAY        0.01          1.36 1990   0.09  -0.08     0.02
  MONTH TO DATE    1.79                      2.21  -0.42     1.72
  SINCE DEC 1      4.34                      4.89  -0.55     4.50
  SINCE JAN 1      1.79                      2.21  -0.42     1.72

SNOWFALL (IN)
  YESTERDAY       MM             4.2  1990   0.5   MM        0.4
  MONTH TO DATE    4.0                      13.3   -9.3     12.8
  SINCE DEC 1      4.8                      20.7  -15.9     17.2
  SINCE JUL 1      4.8                      23.7  -18.9     26.1

DEGREE DAYS
 HEATING
  YESTERDAY       34                        39     -5       48
  MONTH TO DATE 1082                      1130    -48     1188
  SINCE DEC 1   1710                      2195   -485     2090
  SINCE JUL 1   2618                      3508   -890     3280

 COOLING
  YESTERDAY        0                         0      0        0
  MONTH TO DATE    0                         0      0        0
  SINCE DEC 1      0                         0      0        0
  SINCE JAN 1      0                         0      0        0
..................................................................


WIND (MPH)
  HIGHEST WIND SPEED    23   HIGHEST WIND DIRECTION    NW (330)
  HIGHEST GUST SPEED    30   HIGHEST GUST DIRECTION    NW (330)
  AVERAGE WIND SPEED     7.6


SKY COVER
  AVERAGE SKY COVER 0.8



RELATIVE HUMIDITY (PERCENT)
 HIGHEST    81           700 AM
 LOWEST     49           400 PM
 AVERAGE    65

..........................................................


THE AVOCA PA CLIMATE NORMALS FOR TODAY
                         NORMAL    RECORD    YEAR
 MAXIMUM TEMPERATURE (F)   34        66      1947
 MINIMUM TEMPERATURE (F)   19        -3      1948


SUNRISE AND SUNSET
JANUARY 30 2016.......SUNRISE   717 AM EST   SUNSET   516 PM EST
JANUARY 31 2016.......SUNRISE   716 AM EST   SUNSET   517 PM EST


-  INDICATES NEGATIVE NUMBERS.
R  INDICATES RECORD WAS SET OR TIED.
MM INDICATES DATA IS MISSING.
T  INDICATES TRACE AMOUNT.




$$
