000
CDUS41 KBGM 240539
CLIAVP


CLIMATE REPORT
NATIONAL WEATHER SERVICE BINGHAMTON NY
139 AM EDT SUN AUG 24 2014


...................................

...THE AVOCA PA CLIMATE SUMMARY FOR AUGUST 23 2014...

CLIMATE NORMAL PERIOD 1981 TO 2010
CLIMATE RECORD PERIOD 1901 TO 2014


WEATHER ITEM   OBSERVED TIME   RECORD YEAR NORMAL DEPARTURE LAST
                VALUE   (LST)  VALUE       VALUE  FROM      YEAR
                                                  NORMAL
..................................................................
TEMPERATURE (F)
 YESTERDAY
  MAXIMUM         69    448 PM  95    1936  79    -10       80
  MINIMUM         62    733 AM  44    1973  59      3       57
  AVERAGE         66                        69     -3       69

PRECIPITATION (IN)
  YESTERDAY        0.34          2.46 1933   0.10   0.24     0.00
  MONTH TO DATE    3.47                      2.58   0.89     1.06
  SINCE JUN 1      8.12                     10.40  -2.28     8.21
  SINCE JAN 1     20.83                     24.20  -3.37    17.98

SNOWFALL (IN)
  YESTERDAY        0.0           0.0  1995   0.0    0.0      0.0
  MONTH TO DATE    0.0                       0.0    0.0      0.0
  SINCE JUN 1      0.0                       0.0    0.0      0.0
  SINCE JUL 1      0.0                       0.0    0.0      0.0

DEGREE DAYS
 HEATING
  YESTERDAY        0                         1     -1        0
  MONTH TO DATE    7                         6      1        8
  SINCE JUN 1     20                        68    -48       30
  SINCE JUL 1      9                        14     -5        9

 COOLING
  YESTERDAY        1                         5     -4        4
  MONTH TO DATE  115                       130    -15      101
  SINCE JUN 1    509                       453     56      566
  SINCE JAN 1    550                       490     60      630
..................................................................


WIND (MPH)
  HIGHEST WIND SPEED     7   HIGHEST WIND DIRECTION     E (70)
  HIGHEST GUST SPEED    10   HIGHEST GUST DIRECTION    NE (30)
  AVERAGE WIND SPEED     1.5


SKY COVER
  AVERAGE SKY COVER 1.0



RELATIVE HUMIDITY (PERCENT)
 HIGHEST    93           800 PM
 LOWEST     78          1200 AM
 AVERAGE    86

..........................................................


THE AVOCA PA CLIMATE NORMALS FOR TODAY
                         NORMAL    RECORD    YEAR
 MAXIMUM TEMPERATURE (F)   79        92      1947
 MINIMUM TEMPERATURE (F)   59        44      1971


SUNRISE AND SUNSET
AUGUST 24 2014........SUNRISE   621 AM EDT   SUNSET   749 PM EDT
AUGUST 25 2014........SUNRISE   622 AM EDT   SUNSET   747 PM EDT


-  INDICATES NEGATIVE NUMBERS.
R  INDICATES RECORD WAS SET OR TIED.
MM INDICATES DATA IS MISSING.
T  INDICATES TRACE AMOUNT.

$$
