000
CDUS41 KBGM 130651
CLIAVP


CLIMATE REPORT
NATIONAL WEATHER SERVICE BINGHAMTON NY
251 AM EDT SAT AUG 13 2016


...................................

...THE AVOCA PA CLIMATE SUMMARY FOR AUGUST 12 2016...

CLIMATE NORMAL PERIOD 1981 TO 2010
CLIMATE RECORD PERIOD 1901 TO 2016


WEATHER ITEM   OBSERVED TIME   RECORD YEAR NORMAL DEPARTURE LAST
                VALUE   (LST)  VALUE       VALUE  FROM      YEAR
                                                  NORMAL
..................................................................
TEMPERATURE (F)
 YESTERDAY
  MAXIMUM         90    222 PM  96    1944  81      9       81
  MINIMUM         72    507 AM  48    2006  60     12       60
                                      1930
  AVERAGE         81                        70     11       71

PRECIPITATION (IN)
  YESTERDAY        0.20          1.83 1964   0.11   0.09     0.01
  MONTH TO DATE    1.43                      1.40   0.03     1.46
  SINCE JUN 1      7.10                      9.22  -2.12    10.31
  SINCE JAN 1     19.92                     23.02  -3.10    19.87

SNOWFALL (IN)
  YESTERDAY        0.0           0.0  1995   0.0    0.0      0.0
  MONTH TO DATE    0.0                       0.0    0.0      0.0
  SINCE JUN 1      0.0                       0.0    0.0      0.0
  SINCE JUL 1      0.0                       0.0    0.0      0.0

DEGREE DAYS
 HEATING
  YESTERDAY        0                         0      0        0
  MONTH TO DATE    0                         0      0        0
  SINCE JUN 1     24                        62    -38       24
  SINCE JUL 1      0                         8     -8        0

 COOLING
  YESTERDAY       16                         6     10        6
  MONTH TO DATE  120                        72     48       80
  SINCE JUN 1    613                       395    218      488
  SINCE JAN 1    685                       432    253      636
..................................................................


WIND (MPH)
  HIGHEST WIND SPEED    28   HIGHEST WIND DIRECTION    SW (240)
  HIGHEST GUST SPEED    38   HIGHEST GUST DIRECTION    SW (240)
  AVERAGE WIND SPEED     5.1


SKY COVER
  AVERAGE SKY COVER 0.3



RELATIVE HUMIDITY (PERCENT)
 HIGHEST   100          1200 AM
 LOWEST     59           200 PM
 AVERAGE    80

..........................................................


THE AVOCA PA CLIMATE NORMALS FOR TODAY
                         NORMAL    RECORD    YEAR
 MAXIMUM TEMPERATURE (F)   81        98      1944
 MINIMUM TEMPERATURE (F)   60        42      1930


SUNRISE AND SUNSET
AUGUST 13 2016........SUNRISE   611 AM EDT   SUNSET   804 PM EDT
AUGUST 14 2016........SUNRISE   612 AM EDT   SUNSET   803 PM EDT


-  INDICATES NEGATIVE NUMBERS.
R  INDICATES RECORD WAS SET OR TIED.
MM INDICATES DATA IS MISSING.
T  INDICATES TRACE AMOUNT.




$$
