011
CDUS41 KBGM 180224
CLIAVP


CLIMATE REPORT
NATIONAL WEATHER SERVICE BINGHAMTON NY
1024 PM EDT SUN SEP 17 2017


...................................

...THE AVOCA PA CLIMATE SUMMARY FOR SEPTEMBER 17 2017...
VALID AS OF 1000 PM LOCAL TIME.

CLIMATE NORMAL PERIOD 1981 TO 2010
CLIMATE RECORD PERIOD 1901 TO 2017


WEATHER ITEM   OBSERVED TIME   RECORD YEAR NORMAL DEPARTURE LAST
                VALUE   (LST)  VALUE       VALUE  FROM      YEAR
                                                  NORMAL
..................................................................
TEMPERATURE (F)
 TODAY
  MAXIMUM         84    227 PM  87    1991  72     12       76
                                      1942
  MINIMUM         64    349 AM  36    2013  52     12       53
                                      1986
  AVERAGE         74                        62     12       65

PRECIPITATION (IN)
  TODAY            T             2.54 2004   0.14  -0.14     0.00
  MONTH TO DATE    1.65                      2.24  -0.59     0.86
  SINCE SEP 1      1.65                      2.24  -0.59     0.86
  SINCE JAN 1     31.77                     27.27   4.50    22.42

SNOWFALL (IN)
  TODAY            0.0           0.0    MM   0.0    0.0      0.0
  MONTH TO DATE    0.0                       0.0    0.0      0.0
  SINCE SEP 1      0.0                       0.0    0.0      0.0
  SINCE JUL 1      0.0                       0.0    0.0      0.0

DEGREE DAYS
 HEATING
  TODAY            0                         5     -5        0
  MONTH TO DATE   64                        47     17        8
  SINCE SEP 1     64                        47     17        8
  SINCE JUL 1     81                        73      8        9

 COOLING
  TODAY            9                         1      8        0
  MONTH TO DATE   38                        41     -3       86
  SINCE SEP 1     38                        41     -3       86
  SINCE JAN 1    677                       565    112      952
..................................................................


WIND (MPH)
  HIGHEST WIND SPEED     8   HIGHEST WIND DIRECTION    SE (130)
  HIGHEST GUST SPEED    14   HIGHEST GUST DIRECTION    SE (130)
  AVERAGE WIND SPEED     3.7


SKY COVER
  AVERAGE SKY COVER 0.4


WEATHER CONDITIONS
 THE FOLLOWING WEATHER WAS RECORDED TODAY.
  NO SIGNIFICANT WEATHER WAS OBSERVED.


RELATIVE HUMIDITY (PERCENT)
 HIGHEST    93          1200 AM
 LOWEST     54           200 PM
 AVERAGE    74

..........................................................


THE AVOCA PA CLIMATE NORMALS FOR TOMORROW
                         NORMAL    RECORD    YEAR
 MAXIMUM TEMPERATURE (F)   72        88      1948
 MINIMUM TEMPERATURE (F)   51        35      1943


SUNRISE AND SUNSET
SEPTEMBER 17 2017.....SUNRISE   646 AM EDT   SUNSET   708 PM EDT
SEPTEMBER 18 2017.....SUNRISE   647 AM EDT   SUNSET   707 PM EDT


-  INDICATES NEGATIVE NUMBERS.
R  INDICATES RECORD WAS SET OR TIED.
MM INDICATES DATA IS MISSING.
T  INDICATES TRACE AMOUNT.




$$
