000
CDUS41 KBGM 140228
CLIAVP


CLIMATE REPORT
NATIONAL WEATHER SERVICE BINGHAMTON NY
1028 PM EDT SAT MAY 13 2017


...................................

...THE AVOCA PA CLIMATE SUMMARY FOR MAY 13 2017...
VALID AS OF 1000 PM LOCAL TIME.

CLIMATE NORMAL PERIOD 1981 TO 2010
CLIMATE RECORD PERIOD 1901 TO 2017


WEATHER ITEM   OBSERVED TIME   RECORD YEAR NORMAL DEPARTURE LAST
                VALUE   (LST)  VALUE       VALUE  FROM      YEAR
                                                  NORMAL
..................................................................
TEMPERATURE (F)
 TODAY
  MAXIMUM         52    452 PM  88    2004  69    -17       67
  MINIMUM         47    637 AM  32    2013  47      0       52
                                      2005
  AVERAGE         50                        58     -8       60

PRECIPITATION (IN)
  TODAY            0.84          1.54 1971   0.11   0.73     0.55
  MONTH TO DATE    2.51                      1.39   1.12     2.13
  SINCE MAR 1     10.95                      7.27   3.68     6.60
  SINCE JAN 1     17.18                     11.67   5.51    12.40

SNOWFALL (IN)
  TODAY            0.0           T    2013   0.0    0.0      0.0
  MONTH TO DATE    0.0                       0.3   -0.3      0.0
  SINCE MAR 1     30.7                      12.6   18.1      3.5
  SINCE JUL 1     55.5                      46.5    9.0     15.5

DEGREE DAYS
 HEATING
  TODAY           15                         8      7        5
  MONTH TO DATE  156                       122     34      140
  SINCE MAR 1   1380                      1489   -109     1281
  SINCE JUL 1   5135                      6095   -960     4851

 COOLING
  TODAY            0                         1     -1        0
  MONTH TO DATE    1                         6     -5        0
  SINCE MAR 1     23                        12     11        1
  SINCE JAN 1     23                        12     11        1
..................................................................


WIND (MPH)
  HIGHEST WIND SPEED    10   HIGHEST WIND DIRECTION     N (10)
  HIGHEST GUST SPEED    12   HIGHEST GUST DIRECTION     N (10)
  AVERAGE WIND SPEED     4.7


SKY COVER
  AVERAGE SKY COVER 1.0


WEATHER CONDITIONS
 THE FOLLOWING WEATHER WAS RECORDED TODAY.
  RAIN
  LIGHT RAIN
  FOG


RELATIVE HUMIDITY (PERCENT)
 HIGHEST    96           500 PM
 LOWEST     86           300 AM
 AVERAGE    91

..........................................................


THE AVOCA PA CLIMATE NORMALS FOR TOMORROW
                         NORMAL    RECORD    YEAR
 MAXIMUM TEMPERATURE (F)   69        87      1907
 MINIMUM TEMPERATURE (F)   47        29      2013
                                             1996


SUNRISE AND SUNSET
MAY 13 2017...........SUNRISE   546 AM EDT   SUNSET   813 PM EDT
MAY 14 2017...........SUNRISE   545 AM EDT   SUNSET   814 PM EDT


-  INDICATES NEGATIVE NUMBERS.
R  INDICATES RECORD WAS SET OR TIED.
MM INDICATES DATA IS MISSING.
T  INDICATES TRACE AMOUNT.




$$
