000
CDUS41 KBGM 260553
CLIAVP


CLIMATE REPORT
NATIONAL WEATHER SERVICE BINGHAMTON NY
1250 AM EST SAT NOV 26 2016


...................................

...THE AVOCA PA CLIMATE SUMMARY FOR NOVEMBER 25 2016...

CLIMATE NORMAL PERIOD 1981 TO 2010
CLIMATE RECORD PERIOD 1901 TO 2016


WEATHER ITEM   OBSERVED TIME   RECORD YEAR NORMAL DEPARTURE LAST
                VALUE   (LST)  VALUE       VALUE  FROM      YEAR
                                                  NORMAL
..................................................................
TEMPERATURE (F)
 YESTERDAY
  MAXIMUM         46    319 PM  70    1979  45      1       50
  MINIMUM         37   1159 PM   7    1938  31      6       29
  AVERAGE         42                        38      4       40

PRECIPITATION (IN)
  YESTERDAY        0.00          3.46 1950   0.11  -0.11     0.00
  MONTH TO DATE    1.00                      2.61  -1.61     1.31
  SINCE SEP 1      6.60                     10.02  -3.42     7.45
  SINCE JAN 1     28.16                     35.05  -6.89    28.60

SNOWFALL (IN)
  YESTERDAY        0.0          18.5  1971   0.1   -0.1      0.0
  MONTH TO DATE    5.7                       2.3    3.4       T
  SINCE SEP 1      5.7                       2.4    3.3       T
  SINCE JUL 1      5.7                       2.4    3.3       T

DEGREE DAYS
 HEATING
  YESTERDAY       23                        27     -4       25
  MONTH TO DATE  514                       569    -55      394
  SINCE SEP 1    913                      1146   -233      801
  SINCE JUL 1    914                      1172   -258      801

 COOLING
  YESTERDAY        0                         0      0        0
  MONTH TO DATE    0                         0      0        2
  SINCE SEP 1    132                        56     76      153
  SINCE JAN 1    998                       580    418      929
..................................................................


WIND (MPH)
  HIGHEST WIND SPEED     6   HIGHEST WIND DIRECTION    SW (220)
  HIGHEST GUST SPEED     7   HIGHEST GUST DIRECTION    SW (230)
  AVERAGE WIND SPEED     1.3


SKY COVER
  AVERAGE SKY COVER 0.9



RELATIVE HUMIDITY (PERCENT)
 HIGHEST    93           600 PM
 LOWEST     83          1100 AM
 AVERAGE    88

..........................................................


THE AVOCA PA CLIMATE NORMALS FOR TODAY
                         NORMAL    RECORD    YEAR
 MAXIMUM TEMPERATURE (F)   45        68      1979
 MINIMUM TEMPERATURE (F)   30         6      1938


SUNRISE AND SUNSET
NOVEMBER 26 2016......SUNRISE   705 AM EST   SUNSET   436 PM EST
NOVEMBER 27 2016......SUNRISE   706 AM EST   SUNSET   436 PM EST


-  INDICATES NEGATIVE NUMBERS.
R  INDICATES RECORD WAS SET OR TIED.
MM INDICATES DATA IS MISSING.
T  INDICATES TRACE AMOUNT.

$$
