000
CDUS41 KBGM 270220
CLIAVP


CLIMATE REPORT
NATIONAL WEATHER SERVICE BINGHAMTON NY
1020 PM EDT FRI JUN 26 2015


...................................

...THE AVOCA PA CLIMATE SUMMARY FOR JUNE 26 2015...
VALID AS OF 1000 PM LOCAL TIME.

CLIMATE NORMAL PERIOD 1981 TO 2010
CLIMATE RECORD PERIOD 1901 TO 2015


WEATHER ITEM   OBSERVED TIME   RECORD YEAR NORMAL DEPARTURE LAST
                VALUE   (LST)  VALUE       VALUE  FROM      YEAR
                                                  NORMAL
..................................................................
TEMPERATURE (F)
 TODAY
  MAXIMUM         82    437 PM  98    1952  80      2       83
  MINIMUM         60    536 AM  43    1979  59      1       64
  AVERAGE         71                        70      1       74

PRECIPITATION (IN)
  TODAY            0.00          1.45 2006   0.13  -0.13     0.01
  MONTH TO DATE    4.52                      3.53   0.99     1.99
  SINCE JUN 1      4.52                      3.53   0.99     1.99
  SINCE JAN 1     14.08                     17.33  -3.25    14.70

SNOWFALL (IN)
  TODAY            0.0           0.0  1995   0.0    0.0      0.0
  MONTH TO DATE    0.0                       0.0    0.0      0.0
  SINCE JUN 1      0.0                       0.0    0.0      0.0
  SINCE JUL 1     51.4                      46.2    5.2     58.9

DEGREE DAYS
 HEATING
  TODAY            0                         1     -1        0
  MONTH TO DATE   21                        53    -32       11
  SINCE JUN 1     21                        53    -32       11
  SINCE JUL 1   6265                      6254     11     6522

 COOLING
  TODAY            6                         5      1        9
  MONTH TO DATE  146                        94     52      119
  SINCE JUN 1    146                        94     52      119
  SINCE JAN 1    294                       131    163      160
..................................................................


WIND (MPH)
  HIGHEST WIND SPEED    13   HIGHEST WIND DIRECTION     N (360)
  HIGHEST GUST SPEED    17   HIGHEST GUST DIRECTION    NW (300)
  AVERAGE WIND SPEED     4.3


SKY COVER
  AVERAGE SKY COVER 0.3


WEATHER CONDITIONS
 THE FOLLOWING WEATHER WAS RECORDED TODAY.
  NO SIGNIFICANT WEATHER WAS OBSERVED.


RELATIVE HUMIDITY (PERCENT)
 HIGHEST    84           300 AM
 LOWEST     40           400 PM
 AVERAGE    62

..........................................................


THE AVOCA PA CLIMATE NORMALS FOR TOMORROW
                         NORMAL    RECORD    YEAR
 MAXIMUM TEMPERATURE (F)   80        94      1966
                                             1921
 MINIMUM TEMPERATURE (F)   59        46      2004


SUNRISE AND SUNSET
JUNE 26 2015..........SUNRISE   531 AM EDT   SUNSET   840 PM EDT
JUNE 27 2015..........SUNRISE   532 AM EDT   SUNSET   840 PM EDT


-  INDICATES NEGATIVE NUMBERS.
R  INDICATES RECORD WAS SET OR TIED.
MM INDICATES DATA IS MISSING.
T  INDICATES TRACE AMOUNT.




$$
