000
CDUS41 KBGM 172126
CLIAVP


CLIMATE REPORT
NATIONAL WEATHER SERVICE BINGHAMTON NY
526 PM EDT FRI MAR 17 2017


...................................

...THE AVOCA PA CLIMATE SUMMARY FOR MARCH 17 2017...
VALID TODAY AS OF 0500 PM LOCAL TIME.

CLIMATE NORMAL PERIOD 1981 TO 2010
CLIMATE RECORD PERIOD 1901 TO 2017


WEATHER ITEM   OBSERVED TIME   RECORD YEAR NORMAL DEPARTURE LAST
                VALUE   (LST)  VALUE       VALUE  FROM      YEAR
                                                  NORMAL
..................................................................
TEMPERATURE (F)
 TODAY
  MAXIMUM         41    400 PM  81    1945  46     -5       58
  MINIMUM         21        MM   4    1916  28     -7       38
  AVERAGE         31                        37     -6       48

PRECIPITATION (IN)
  TODAY            0.00          1.05 1968   0.09  -0.09     0.03
  MONTH TO DATE    3.65                      1.28   2.37     1.34
  SINCE MAR 1      3.65                      1.28   2.37     1.34
  SINCE JAN 1      9.88                      5.68   4.20     7.14

SNOWFALL (IN)
  TODAY            0.0           4.7  1967   0.4   -0.4      0.0
  MONTH TO DATE   30.4                       6.0   24.4      1.3
  SINCE MAR 1     30.4                       6.0   24.4      1.3
  SINCE JUL 1     55.2                      39.9   15.3     13.3

DEGREE DAYS
 HEATING
  TODAY           34                        28      6       17
  MONTH TO DATE  577                       520     57      348
  SINCE MAR 1    577                       520     57      348
  SINCE JUL 1   4332                      5126   -794     3918

 COOLING
  TODAY            0                         0      0        0
  MONTH TO DATE    0                         0      0        0
  SINCE MAR 1      0                         0      0        0
  SINCE JAN 1      0                         0      0        0
..................................................................


WIND (MPH)
  HIGHEST WIND SPEED     9   HIGHEST WIND DIRECTION    SW (220)
  HIGHEST GUST SPEED    MM   HIGHEST GUST DIRECTION    MM
  AVERAGE WIND SPEED     6.1


SKY COVER
  AVERAGE SKY COVER 0.1


WEATHER CONDITIONS
 THE FOLLOWING WEATHER WAS RECORDED TODAY.
  NO SIGNIFICANT WEATHER WAS OBSERVED.


RELATIVE HUMIDITY (PERCENT)
 HIGHEST    68           600 AM
 LOWEST     34           400 PM
 AVERAGE    51

..........................................................


THE AVOCA PA CLIMATE NORMALS FOR TOMORROW
                         NORMAL    RECORD    YEAR
 MAXIMUM TEMPERATURE (F)   47        74      2012
 MINIMUM TEMPERATURE (F)   28        -1      1916


SUNRISE AND SUNSET
MARCH 17 2017.........SUNRISE   711 AM EDT   SUNSET   712 PM EDT
MARCH 18 2017.........SUNRISE   709 AM EDT   SUNSET   713 PM EDT


-  INDICATES NEGATIVE NUMBERS.
R  INDICATES RECORD WAS SET OR TIED.
MM INDICATES DATA IS MISSING.
T  INDICATES TRACE AMOUNT.




$$
