000
CDUS41 KBGM 150557
CLIAVP


CLIMATE REPORT
NATIONAL WEATHER SERVICE BINGHAMTON NY
1257 AM EST SUN JAN 15 2017


...................................

...THE AVOCA PA CLIMATE SUMMARY FOR JANUARY 14 2017...

CLIMATE NORMAL PERIOD 1981 TO 2010
CLIMATE RECORD PERIOD 1901 TO 2017


WEATHER ITEM   OBSERVED TIME   RECORD YEAR NORMAL DEPARTURE LAST
                VALUE   (LST)  VALUE       VALUE  FROM      YEAR
                                                  NORMAL
..................................................................
TEMPERATURE (F)
 YESTERDAY
  MAXIMUM         30   1041 AM  69    1932  33     -3       30
  MINIMUM         21    800 AM -10    1914  18      3       15
                                      1912
  AVERAGE         26                        26      0       23

PRECIPITATION (IN)
  YESTERDAY        0.14          1.38 2005   0.08   0.06     0.02
  MONTH TO DATE    1.21                      1.03   0.18     1.38
  SINCE DEC 1      3.27                      3.71  -0.44     3.93
  SINCE JAN 1      1.21                      1.03   0.18     1.38

SNOWFALL (IN)
  YESTERDAY        1.5           4.2  1978   0.5    1.0      0.6
  MONTH TO DATE    1.9                       6.5   -4.6      2.0
  SINCE DEC 1      8.8                      13.9   -5.1      2.8
  SINCE JUL 1     14.5                      16.9   -2.4      2.8

DEGREE DAYS
 HEATING
  YESTERDAY       39                        39      0       42
  MONTH TO DATE  489                       545    -56      520
  SINCE DEC 1   1483                      1610   -127     1148
  SINCE JUL 1   2501                      2923   -422     2056

 COOLING
  YESTERDAY        0                         0      0        0
  MONTH TO DATE    0                         0      0        0
  SINCE DEC 1      0                         0      0        0
  SINCE JAN 1      0                         0      0        0
..................................................................


WIND (MPH)
  HIGHEST WIND SPEED     8   HIGHEST WIND DIRECTION    SW (210)
  HIGHEST GUST SPEED    12   HIGHEST GUST DIRECTION    SW (210)
  AVERAGE WIND SPEED     2.9


SKY COVER
  AVERAGE SKY COVER 0.6



RELATIVE HUMIDITY (PERCENT)
 HIGHEST   100           600 PM
 LOWEST     55          1200 AM
 AVERAGE    78

..........................................................


THE AVOCA PA CLIMATE NORMALS FOR TODAY
                         NORMAL    RECORD    YEAR
 MAXIMUM TEMPERATURE (F)   33        66      1937
 MINIMUM TEMPERATURE (F)   18       -10      1957


SUNRISE AND SUNSET
JANUARY 15 2017.......SUNRISE   726 AM EST   SUNSET   459 PM EST
JANUARY 16 2017.......SUNRISE   726 AM EST   SUNSET   500 PM EST


-  INDICATES NEGATIVE NUMBERS.
R  INDICATES RECORD WAS SET OR TIED.
MM INDICATES DATA IS MISSING.
T  INDICATES TRACE AMOUNT.




$$
