000
CDUS41 KBGM 082225
CLIAVP


CLIMATE REPORT
NATIONAL WEATHER SERVICE BINGHAMTON NY
525 PM EST FRI DEC 8 2017


...................................

...THE AVOCA PA CLIMATE SUMMARY FOR DECEMBER 8 2017...
VALID TODAY AS OF 0500 PM LOCAL TIME.

CLIMATE NORMAL PERIOD 1981 TO 2010
CLIMATE RECORD PERIOD 1901 TO 2017


WEATHER ITEM   OBSERVED TIME   RECORD YEAR NORMAL DEPARTURE LAST
                VALUE   (LST)  VALUE       VALUE  FROM      YEAR
                                                  NORMAL
..................................................................
TEMPERATURE (F)
 TODAY
  MAXIMUM         31    228 PM  61    1980  40     -9       40
  MINIMUM         25    709 AM   6    1906  26     -1       30
  AVERAGE         28                        33     -5       35

PRECIPITATION (IN)
  TODAY            0.00          1.35 1963   0.09  -0.09     0.00
  MONTH TO DATE    0.37                      0.79  -0.42     0.69
  SINCE DEC 1      0.37                      0.79  -0.42     0.69
  SINCE JAN 1     36.20                     36.37  -0.17    29.93

SNOWFALL (IN)
  TODAY            0.0           2.5  1996   0.2   -0.2      0.0
  MONTH TO DATE    T                         1.3   -1.3      0.5
  SINCE DEC 1      T                         1.3   -1.3      0.5
  SINCE JUL 1      0.1                       4.3   -4.2      6.2

DEGREE DAYS
 HEATING
  TODAY           37                        32      5       30
  MONTH TO DATE  212                       245    -33      208
  SINCE DEC 1    212                       245    -33      208
  SINCE JUL 1   1252                      1558   -306     1226

 COOLING
  TODAY            0                         0      0        0
  MONTH TO DATE    0                         0      0        0
  SINCE DEC 1      0                         0      0        0
  SINCE JAN 1    804                       580    224      998
..................................................................


WIND (MPH)
  HIGHEST WIND SPEED    15   HIGHEST WIND DIRECTION     W (250)
  HIGHEST GUST SPEED    18   HIGHEST GUST DIRECTION    SW (240)
  AVERAGE WIND SPEED     8.7


SKY COVER
  AVERAGE SKY COVER 0.0


WEATHER CONDITIONS
 THE FOLLOWING WEATHER WAS RECORDED TODAY.
  NO SIGNIFICANT WEATHER WAS OBSERVED.


RELATIVE HUMIDITY (PERCENT)
 HIGHEST    68           700 AM
 LOWEST     47          1200 PM
 AVERAGE    58

..........................................................


THE AVOCA PA CLIMATE NORMALS FOR TOMORROW
                         NORMAL    RECORD    YEAR
 MAXIMUM TEMPERATURE (F)   40        64      1966
 MINIMUM TEMPERATURE (F)   26         3      1902


SUNRISE AND SUNSET
DECEMBER  8 2017......SUNRISE   716 AM EST   SUNSET   433 PM EST
DECEMBER  9 2017......SUNRISE   717 AM EST   SUNSET   433 PM EST


-  INDICATES NEGATIVE NUMBERS.
R  INDICATES RECORD WAS SET OR TIED.
MM INDICATES DATA IS MISSING.
T  INDICATES TRACE AMOUNT.




$$
