000
CDUS41 KBGM 112129
CLIAVP


CLIMATE REPORT
NATIONAL WEATHER SERVICE BINGHAMTON NY
526 PM EDT FRI AUG 11 2017


...................................

...THE AVOCA PA CLIMATE SUMMARY FOR AUGUST 11 2017...
VALID TODAY AS OF 0500 PM LOCAL TIME.

CLIMATE NORMAL PERIOD 1981 TO 2010
CLIMATE RECORD PERIOD 1901 TO 2017


WEATHER ITEM   OBSERVED TIME   RECORD YEAR NORMAL DEPARTURE LAST
                VALUE   (LST)  VALUE       VALUE  FROM      YEAR
                                                  NORMAL
..................................................................
TEMPERATURE (F)
 TODAY
  MAXIMUM         78    224 PM  96    1944  81     -3       92
  MINIMUM         64    550 AM  46    1972  60      4       72
  AVERAGE         71                        70      1       82

PRECIPITATION (IN)
  TODAY            0.01          3.69 2003   0.11  -0.10     0.45
  MONTH TO DATE    M                         1.29   M        1.23
  SINCE JUN 1      M                         9.11   M        6.90
  SINCE JAN 1      M                        22.91   M       19.72

SNOWFALL (IN)
  TODAY            0.0           0.0  1995   0.0    0.0      0.0
  MONTH TO DATE    0.0                       0.0    0.0      0.0
  SINCE JUN 1      0.0                       0.0    0.0      0.0
  SINCE JUL 1      0.0                       0.0    0.0      0.0

DEGREE DAYS
 HEATING
  TODAY            0                         0      0        0
  MONTH TO DATE    2                         0      2        0
  SINCE JUN 1     45                        62    -17       24
  SINCE JUL 1      2                         8     -6        0

 COOLING
  TODAY            6                         6      0       17
  MONTH TO DATE   58                        66     -8      104
  SINCE JUN 1    485                       389     96      597
  SINCE JAN 1    537                       426    111      669
..................................................................


WIND (MPH)
  HIGHEST WIND SPEED    13   HIGHEST WIND DIRECTION     S (190)
  HIGHEST GUST SPEED    21   HIGHEST GUST DIRECTION    SW (210)
  AVERAGE WIND SPEED     5.0


SKY COVER
  AVERAGE SKY COVER 0.8


WEATHER CONDITIONS
 THE FOLLOWING WEATHER WAS RECORDED TODAY.
  LIGHT RAIN


RELATIVE HUMIDITY (PERCENT)
 HIGHEST    87           200 AM
 LOWEST     58           100 PM
 AVERAGE    73

..........................................................


THE AVOCA PA CLIMATE NORMALS FOR TOMORROW
                         NORMAL    RECORD    YEAR
 MAXIMUM TEMPERATURE (F)   81        96      1944
 MINIMUM TEMPERATURE (F)   60        48      2006
                                             1930


SUNRISE AND SUNSET
AUGUST 11 2017........SUNRISE   608 AM EDT   SUNSET   807 PM EDT
AUGUST 12 2017........SUNRISE   609 AM EDT   SUNSET   806 PM EDT


-  INDICATES NEGATIVE NUMBERS.
R  INDICATES RECORD WAS SET OR TIED.
MM INDICATES DATA IS MISSING.
T  INDICATES TRACE AMOUNT.




$$
