693
CDUS41 KBGM 022241
CLIAVP


CLIMATE REPORT
NATIONAL WEATHER SERVICE BINGHAMTON NY
541 PM EST TUE FEB 2 2016


...................................

...THE AVOCA PA CLIMATE SUMMARY FOR FEBRUARY 2 2016...
VALID TODAY AS OF 0500 PM LOCAL TIME.

CLIMATE NORMAL PERIOD 1981 TO 2010
CLIMATE RECORD PERIOD 1901 TO 2016


WEATHER ITEM   OBSERVED TIME   RECORD YEAR NORMAL DEPARTURE LAST
                VALUE   (LST)  VALUE       VALUE  FROM      YEAR
                                                  NORMAL
..................................................................
TEMPERATURE (F)
 TODAY
  MAXIMUM         48    348 PM  55    1983  34     14       33
                                      1973
  MINIMUM         24    736 AM -11    1961  19      5       12
  AVERAGE         36                        27      9       23

PRECIPITATION (IN)
  TODAY            0.00          1.74 1981   0.08  -0.08     0.46
  MONTH TO DATE    T                         0.16  -0.16     0.50
  SINCE DEC 1      4.34                      5.21  -0.87     5.15
  SINCE JAN 1      1.79                      2.53  -0.74     2.37

SNOWFALL (IN)
  TODAY            0.0           4.2  2015   0.3   -0.3      4.2
  MONTH TO DATE    0.0                       0.7   -0.7      4.7
  SINCE DEC 1      5.3                      22.3  -17.0     24.6
  SINCE JUL 1      5.3                      25.3  -20.0     33.5

DEGREE DAYS
 HEATING
  TODAY           29                        38     -9       42
  MONTH TO DATE   52                        77    -25       87
  SINCE DEC 1   1815                      2355   -540     2270
  SINCE JUL 1   2723                      3668   -945     3460

 COOLING
  TODAY            0                         0      0        0
  MONTH TO DATE    0                         0      0        0
  SINCE DEC 1      0                         0      0        0
  SINCE JAN 1      0                         0      0        0
..................................................................


WIND (MPH)
  HIGHEST WIND SPEED     7   HIGHEST WIND DIRECTION     E (100)
  HIGHEST GUST SPEED     9   HIGHEST GUST DIRECTION     E (100)
  AVERAGE WIND SPEED     1.0


SKY COVER
  AVERAGE SKY COVER 0.0


WEATHER CONDITIONS
 THE FOLLOWING WEATHER WAS RECORDED TODAY.
  NO SIGNIFICANT WEATHER WAS OBSERVED.


RELATIVE HUMIDITY (PERCENT)
 HIGHEST    88           700 AM
 LOWEST     42           400 PM
 AVERAGE    65

..........................................................


THE AVOCA PA CLIMATE NORMALS FOR TOMORROW
                         NORMAL    RECORD    YEAR
 MAXIMUM TEMPERATURE (F)   34        57      1991
 MINIMUM TEMPERATURE (F)   19        -5      1961


SUNRISE AND SUNSET
FEBRUARY  2 2016......SUNRISE   714 AM EST   SUNSET   520 PM EST
FEBRUARY  3 2016......SUNRISE   713 AM EST   SUNSET   521 PM EST


-  INDICATES NEGATIVE NUMBERS.
R  INDICATES RECORD WAS SET OR TIED.
MM INDICATES DATA IS MISSING.
T  INDICATES TRACE AMOUNT.




$$
