810
CDUS41 KBGM 240600
CLIAVP


CLIMATE REPORT
NATIONAL WEATHER SERVICE BINGHAMTON NY
200 AM EDT SAT SEP 24 2016


...................................

...THE AVOCA PA CLIMATE SUMMARY FOR SEPTEMBER 23 2016...

CLIMATE NORMAL PERIOD 1981 TO 2010
CLIMATE RECORD PERIOD 1901 TO 2016


WEATHER ITEM   OBSERVED TIME   RECORD YEAR NORMAL DEPARTURE LAST
                VALUE   (LST)  VALUE       VALUE  FROM      YEAR
                                                  NORMAL
..................................................................
TEMPERATURE (F)
 YESTERDAY
  MAXIMUM         85    338 PM  91    1914  70     15       80
                                      1908
  MINIMUM         57    600 AM  33    1904  49      8       47
  AVERAGE         71                        59     12       64

PRECIPITATION (IN)
  YESTERDAY        0.11          2.10 1923   0.14  -0.03     0.00
  MONTH TO DATE    1.92                      3.09  -1.17     0.67
  SINCE SEP 1      1.92                      3.09  -1.17     0.67
  SINCE JAN 1     23.48                     28.12  -4.64    21.82

SNOWFALL (IN)
  YESTERDAY        0.0           0.0    MM   0.0    0.0      0.0
  MONTH TO DATE    0.0                       0.0    0.0      0.0
  SINCE SEP 1      0.0                       0.0    0.0      0.0
  SINCE JUL 1      0.0                       0.0    0.0      0.0

DEGREE DAYS
 HEATING
  YESTERDAY        0                         6     -6        1
  MONTH TO DATE    8                        81    -73       20
  SINCE SEP 1      8                        81    -73       20
  SINCE JUL 1      9                       107    -98       20

 COOLING
  YESTERDAY        6                         1      5        0
  MONTH TO DATE  127                        47     80      142
  SINCE SEP 1    127                        47     80      142
  SINCE JAN 1    993                       571    422      918
..................................................................


WIND (MPH)
  HIGHEST WIND SPEED    13   HIGHEST WIND DIRECTION     N (10)
  HIGHEST GUST SPEED    16   HIGHEST GUST DIRECTION     N (20)
  AVERAGE WIND SPEED     4.8


SKY COVER
  AVERAGE SKY COVER 0.0



RELATIVE HUMIDITY (PERCENT)
 HIGHEST    77           300 AM
 LOWEST     44           400 PM
 AVERAGE    61

..........................................................


THE AVOCA PA CLIMATE NORMALS FOR TODAY
                         NORMAL    RECORD    YEAR
 MAXIMUM TEMPERATURE (F)   69        90      2010
 MINIMUM TEMPERATURE (F)   49        30      1974


SUNRISE AND SUNSET
SEPTEMBER 24 2016.....SUNRISE   653 AM EDT   SUNSET   656 PM EDT
SEPTEMBER 25 2016.....SUNRISE   654 AM EDT   SUNSET   654 PM EDT


-  INDICATES NEGATIVE NUMBERS.
R  INDICATES RECORD WAS SET OR TIED.
MM INDICATES DATA IS MISSING.
T  INDICATES TRACE AMOUNT.




$$
