000
CDUS41 KBGM 120555
CLIAVP


CLIMATE REPORT
NATIONAL WEATHER SERVICE BINGHAMTON NY
154 AM EDT FRI SEP 12 2014


...................................

...THE AVOCA PA CLIMATE SUMMARY FOR SEPTEMBER 11 2014...

CLIMATE NORMAL PERIOD 1981 TO 2010
CLIMATE RECORD PERIOD 1901 TO 2014


WEATHER ITEM   OBSERVED TIME   RECORD YEAR NORMAL DEPARTURE LAST
                VALUE   (LST)  VALUE       VALUE  FROM      YEAR
                                                  NORMAL
..................................................................
TEMPERATURE (F)
 YESTERDAY
  MAXIMUM         80    418 PM  95    2013  74      6       95
                                      1931
  MINIMUM         61   1159 PM  36    1917  54      7       68
  AVERAGE         71                        64      7       82

PRECIPITATION (IN)
  YESTERDAY        0.07          2.78 1907   0.13  -0.06     0.13
  MONTH TO DATE    0.25                      1.40  -1.15     0.23
  SINCE SEP 1      0.25                      1.40  -1.15     0.23
  SINCE JAN 1     21.81                     26.43  -4.62    18.58

SNOWFALL (IN)
  YESTERDAY        0.0           0.0    MM   0.0    0.0      0.0
  MONTH TO DATE    0.0                       0.0    0.0      0.0
  SINCE SEP 1      0.0                       0.0    0.0      0.0
  SINCE JUL 1      0.0                       0.0    0.0      0.0

DEGREE DAYS
 HEATING
  YESTERDAY        0                         3     -3        0
  MONTH TO DATE    1                        24    -23       24
  SINCE SEP 1      1                        24    -23       24
  SINCE JUL 1     12                        50    -38       33

 COOLING
  YESTERDAY        6                         2      4       17
  MONTH TO DATE   77                        31     46       60
  SINCE SEP 1     77                        31     46       60
  SINCE JAN 1    663                       555    108      762
..................................................................


WIND (MPH)
  HIGHEST WIND SPEED    17   HIGHEST WIND DIRECTION     N (340)
  HIGHEST GUST SPEED    25   HIGHEST GUST DIRECTION     W (260)
  AVERAGE WIND SPEED     9.1


SKY COVER
  AVERAGE SKY COVER 0.7



RELATIVE HUMIDITY (PERCENT)
 HIGHEST    93           600 AM
 LOWEST     54           500 PM
 AVERAGE    74

..........................................................


THE AVOCA PA CLIMATE NORMALS FOR TODAY
                         NORMAL    RECORD    YEAR
 MAXIMUM TEMPERATURE (F)   74        97      1931
 MINIMUM TEMPERATURE (F)   54        36      1917


SUNRISE AND SUNSET
SEPTEMBER 12 2014.....SUNRISE   640 AM EDT   SUNSET   717 PM EDT
SEPTEMBER 13 2014.....SUNRISE   641 AM EDT   SUNSET   716 PM EDT


-  INDICATES NEGATIVE NUMBERS.
R  INDICATES RECORD WAS SET OR TIED.
MM INDICATES DATA IS MISSING.
T  INDICATES TRACE AMOUNT.




$$
