000
CDUS41 KBGM 092218
CLIAVP


CLIMATE REPORT
NATIONAL WEATHER SERVICE BINGHAMTON NY
518 PM EST THU NOV 9 2017


...................................

...THE AVOCA PA CLIMATE SUMMARY FOR NOVEMBER 9 2017...
VALID TODAY AS OF 0500 PM LOCAL TIME.

CLIMATE NORMAL PERIOD 1981 TO 2010
CLIMATE RECORD PERIOD 1901 TO 2017


WEATHER ITEM   OBSERVED TIME   RECORD YEAR NORMAL DEPARTURE LAST
                VALUE   (LST)  VALUE       VALUE  FROM      YEAR
                                                  NORMAL
..................................................................
TEMPERATURE (F)
 TODAY
  MAXIMUM         45    251 PM  72    1975  52     -7       51
  MINIMUM         28    709 AM  18    1971  35     -7       42
  AVERAGE         37                        44     -7       47

PRECIPITATION (IN)
  TODAY            0.02          1.52 1913   0.10  -0.08     0.31
  MONTH TO DATE    0.35                      0.92  -0.57     0.31
  SINCE SEP 1      4.99                      8.33  -3.34     5.91
  SINCE JAN 1     35.11                     33.36   1.75    27.47

SNOWFALL (IN)
  TODAY           MM             0.2  1971   0.1   MM        0.0
                                      1961
  MONTH TO DATE    T                         0.6   -0.6      0.0
  SINCE SEP 1      T                         0.7   -0.7       T
  SINCE JUL 1      T                         0.7   -0.7       T

DEGREE DAYS
 HEATING
  TODAY           28                        21      7       18
  MONTH TO DATE  153                       181    -28      156
  SINCE SEP 1    474                       758   -284      555
  SINCE JUL 1    491                       784   -293      556

 COOLING
  TODAY            0                         0      0        0
  MONTH TO DATE    0                         0      0        0
  SINCE SEP 1    165                        56    109      132
  SINCE JAN 1    804                       580    224      998
..................................................................


WIND (MPH)
  HIGHEST WIND SPEED     8   HIGHEST WIND DIRECTION     W (250)
  HIGHEST GUST SPEED     9   HIGHEST GUST DIRECTION     E (80)
  AVERAGE WIND SPEED     2.8


SKY COVER
  AVERAGE SKY COVER 0.6


WEATHER CONDITIONS
 THE FOLLOWING WEATHER WAS RECORDED TODAY.
  LIGHT RAIN
  FOG


RELATIVE HUMIDITY (PERCENT)
 HIGHEST   100           500 PM
 LOWEST     70           100 PM
 AVERAGE    85

..........................................................


THE AVOCA PA CLIMATE NORMALS FOR TOMORROW
                         NORMAL    RECORD    YEAR
 MAXIMUM TEMPERATURE (F)   52        73      1948
 MINIMUM TEMPERATURE (F)   35        19      1956


SUNRISE AND SUNSET
NOVEMBER  9 2017......SUNRISE   644 AM EST   SUNSET   449 PM EST
NOVEMBER 10 2017......SUNRISE   645 AM EST   SUNSET   448 PM EST


-  INDICATES NEGATIVE NUMBERS.
R  INDICATES RECORD WAS SET OR TIED.
MM INDICATES DATA IS MISSING.
T  INDICATES TRACE AMOUNT.




$$
