000
CDUS41 KBGM 092128
CLIAVP


CLIMATE REPORT
NATIONAL WEATHER SERVICE BINGHAMTON NY
528 PM EDT SUN JUL 9 2017


...................................

...THE AVOCA PA CLIMATE SUMMARY FOR JULY 9 2017...
VALID TODAY AS OF 0500 PM LOCAL TIME.

CLIMATE NORMAL PERIOD 1981 TO 2010
CLIMATE RECORD PERIOD 1901 TO 2017


WEATHER ITEM   OBSERVED TIME   RECORD YEAR NORMAL DEPARTURE LAST
                VALUE   (LST)  VALUE       VALUE  FROM      YEAR
                                                  NORMAL
..................................................................
TEMPERATURE (F)
 TODAY
  MAXIMUM         81    253 PM 103    1936  82     -1       83
  MINIMUM         55    453 AM  46    1963  61     -6       66
  AVERAGE         68                        71     -3       75

PRECIPITATION (IN)
  TODAY            0.00          2.86 1952   0.12  -0.12     0.18
  MONTH TO DATE    1.17                      1.02   0.15     0.51
  SINCE JUN 1      5.05                      5.05   0.00     2.10
  SINCE JAN 1     23.38                     18.85   4.53    14.92

SNOWFALL (IN)
  TODAY            0.0           0.0  1995   0.0    0.0      0.0
  MONTH TO DATE    0.0                       0.0    0.0      0.0
  SINCE JUN 1      0.0                       0.0    0.0      0.0
  SINCE JUL 1      0.0                       0.0    0.0      0.0

DEGREE DAYS
 HEATING
  TODAY            0                         0      0        0
  MONTH TO DATE    0                         0      0        0
  SINCE JUN 1     43                        54    -11       24
  SINCE JUL 1      0                         0      0        0

 COOLING
  TODAY            3                         7     -4       10
  MONTH TO DATE   76                        58     18       84
  SINCE JUN 1    233                       175     58      227
  SINCE JAN 1    285                       212     73      299
..................................................................


WIND (MPH)
  HIGHEST WIND SPEED    14   HIGHEST WIND DIRECTION    NW (300)
  HIGHEST GUST SPEED    17   HIGHEST GUST DIRECTION    NW (310)
  AVERAGE WIND SPEED     4.1


SKY COVER
  AVERAGE SKY COVER 0.1


WEATHER CONDITIONS
 THE FOLLOWING WEATHER WAS RECORDED TODAY.
  FOG


RELATIVE HUMIDITY (PERCENT)
 HIGHEST   100           300 AM
 LOWEST     38          1100 AM
 AVERAGE    69

..........................................................


THE AVOCA PA CLIMATE NORMALS FOR TOMORROW
                         NORMAL    RECORD    YEAR
 MAXIMUM TEMPERATURE (F)   82       101      1936
 MINIMUM TEMPERATURE (F)   61        48      1983


SUNRISE AND SUNSET
JULY  9 2017..........SUNRISE   538 AM EDT   SUNSET   838 PM EDT
JULY 10 2017..........SUNRISE   539 AM EDT   SUNSET   837 PM EDT


-  INDICATES NEGATIVE NUMBERS.
R  INDICATES RECORD WAS SET OR TIED.
MM INDICATES DATA IS MISSING.
T  INDICATES TRACE AMOUNT.




$$
