000
CDUS41 KBGM 210535
CLIAVP


CLIMATE REPORT
NATIONAL WEATHER SERVICE BINGHAMTON NY
134 AM EDT SUN MAY 21 2017


...................................

...THE AVOCA PA CLIMATE SUMMARY FOR MAY 20 2017...

CLIMATE NORMAL PERIOD 1981 TO 2010
CLIMATE RECORD PERIOD 1901 TO 2017


WEATHER ITEM   OBSERVED TIME   RECORD YEAR NORMAL DEPARTURE LAST
                VALUE   (LST)  VALUE       VALUE  FROM      YEAR
                                                  NORMAL
..................................................................
TEMPERATURE (F)
 YESTERDAY
  MAXIMUM         70    604 PM  91    1996  71     -1       74
                                      1959
  MINIMUM         50   1159 PM  33    2002  49      1       42
  AVERAGE         60                        60      0       58

PRECIPITATION (IN)
  YESTERDAY        0.03          1.36 1949   0.12  -0.09     0.00
  MONTH TO DATE    2.62                      2.19   0.43     2.22
  SINCE MAR 1     11.06                      8.07   2.99     6.69
  SINCE JAN 1     17.29                     12.47   4.82    12.49

SNOWFALL (IN)
  YESTERDAY        0.0           0.0    MM   0.0    0.0      0.0
  MONTH TO DATE    0.0                       0.3   -0.3      0.0
  SINCE MAR 1     30.7                      12.6   18.1      3.5
  SINCE JUL 1     55.5                      46.5    9.0     15.5

DEGREE DAYS
 HEATING
  YESTERDAY        5                         6     -1        7
  MONTH TO DATE  181                       172      9      213
  SINCE MAR 1   1405                      1539   -134     1354
  SINCE JUL 1   5160                      6145   -985     4924

 COOLING
  YESTERDAY        0                         1     -1        0
  MONTH TO DATE   26                        13     13        0
  SINCE MAR 1     48                        19     29        1
  SINCE JAN 1     48                        19     29        1
..................................................................


WIND (MPH)
  HIGHEST WIND SPEED    14   HIGHEST WIND DIRECTION    NE (30)
  HIGHEST GUST SPEED    17   HIGHEST GUST DIRECTION    NE (30)
  AVERAGE WIND SPEED     3.5


SKY COVER
  AVERAGE SKY COVER 0.5



RELATIVE HUMIDITY (PERCENT)
 HIGHEST    83          1100 PM
 LOWEST     33           600 PM
 AVERAGE    58

..........................................................


THE AVOCA PA CLIMATE NORMALS FOR TODAY
                         NORMAL    RECORD    YEAR
 MAXIMUM TEMPERATURE (F)   71        92      1934
                                             1911
 MINIMUM TEMPERATURE (F)   49        30      2002


SUNRISE AND SUNSET
MAY 21 2017...........SUNRISE   539 AM EDT   SUNSET   821 PM EDT
MAY 22 2017...........SUNRISE   538 AM EDT   SUNSET   822 PM EDT


-  INDICATES NEGATIVE NUMBERS.
R  INDICATES RECORD WAS SET OR TIED.
MM INDICATES DATA IS MISSING.
T  INDICATES TRACE AMOUNT.




$$
