000
CDUS41 KBGM 212140
CLIAVP


CLIMATE REPORT
NATIONAL WEATHER SERVICE BINGHAMTON NY
539 PM EDT THU AUG 21 2014


...................................

...THE AVOCA PA CLIMATE SUMMARY FOR AUGUST 21 2014...
VALID TODAY AS OF 0500 PM LOCAL TIME.

CLIMATE NORMAL PERIOD 1981 TO 2010
CLIMATE RECORD PERIOD 1901 TO 2014


WEATHER ITEM   OBSERVED TIME   RECORD YEAR NORMAL DEPARTURE LAST
                VALUE   (LST)  VALUE       VALUE  FROM      YEAR
                                                  NORMAL
..................................................................
TEMPERATURE (F)
 TODAY
  MAXIMUM         86    255 PM  95    1916  79      7       87
  MINIMUM         68    605 AM  43    2000  59      9       58
                                      1908
  AVERAGE         77                        69      8       73

PRECIPITATION (IN)
  TODAY            0.00          1.07 1991   0.11  -0.11     0.07
  MONTH TO DATE    2.31                      2.37  -0.06     0.87
  SINCE JUN 1      6.96                     10.19  -3.23     8.02
  SINCE JAN 1     19.67                     23.99  -4.32    17.79

SNOWFALL (IN)
  TODAY            0.0           0.0  1995   0.0    0.0      0.0
  MONTH TO DATE    0.0                       0.0    0.0      0.0
  SINCE JUN 1      0.0                       0.0    0.0      0.0
  SINCE JUL 1      0.0                       0.0    0.0      0.0

DEGREE DAYS
 HEATING
  TODAY            0                         1     -1        0
  MONTH TO DATE    7                         4      3        8
  SINCE JUN 1     20                        66    -46       30
  SINCE JUL 1      9                        12     -3        9

 COOLING
  TODAY           12                         5      7        8
  MONTH TO DATE  109                       120    -11       85
  SINCE JUN 1    503                       443     60      550
  SINCE JAN 1    544                       480     64      614
..................................................................


WIND (MPH)
  HIGHEST WIND SPEED    16   HIGHEST WIND DIRECTION    SW (220)
  HIGHEST GUST SPEED    25   HIGHEST GUST DIRECTION    SW (210)
  AVERAGE WIND SPEED     6.3


SKY COVER
  AVERAGE SKY COVER 0.5


WEATHER CONDITIONS
 THE FOLLOWING WEATHER WAS RECORDED TODAY.
  NO SIGNIFICANT WEATHER WAS OBSERVED.


RELATIVE HUMIDITY (PERCENT)
 HIGHEST    81           500 AM
 LOWEST     45           300 PM
 AVERAGE    63

..........................................................


THE AVOCA PA CLIMATE NORMALS FOR TOMORROW
                         NORMAL    RECORD    YEAR
 MAXIMUM TEMPERATURE (F)   79        98      1916
 MINIMUM TEMPERATURE (F)   59        42      1982


SUNRISE AND SUNSET
AUGUST 21 2014........SUNRISE   618 AM EDT   SUNSET   753 PM EDT
AUGUST 22 2014........SUNRISE   619 AM EDT   SUNSET   752 PM EDT


-  INDICATES NEGATIVE NUMBERS.
R  INDICATES RECORD WAS SET OR TIED.
MM INDICATES DATA IS MISSING.
T  INDICATES TRACE AMOUNT.




$$

JSY
