000
CDUS41 KBGM 190537
CLIAVP


CLIMATE REPORT
NATIONAL WEATHER SERVICE BINGHAMTON NY
1236 AM EST MON FEB 19 2018


...................................

...THE AVOCA PA CLIMATE SUMMARY FOR FEBRUARY 18 2018...

CLIMATE NORMAL PERIOD 1981 TO 2010
CLIMATE RECORD PERIOD 1901 TO 2018


WEATHER ITEM   OBSERVED TIME   RECORD YEAR NORMAL DEPARTURE LAST
                VALUE   (LST)  VALUE       VALUE  FROM      YEAR
                                                  NORMAL
..................................................................
TEMPERATURE (F)
 YESTERDAY
  MAXIMUM         41    451 PM  64    1981  37      4       63
  MINIMUM         29    731 AM -16    1979  21      8       25
  AVERAGE         35                        29      6       44

PRECIPITATION (IN)
  YESTERDAY        T             0.62 1956   0.06  -0.06     0.00
  MONTH TO DATE    2.67                      1.33   1.34     1.49
  SINCE DEC 1      7.03                      6.38   0.65     6.80
  SINCE JAN 1      5.35                      3.70   1.65     4.74

SNOWFALL (IN)
  YESTERDAY        0.2           4.3  1960   0.3   -0.1      0.0
  MONTH TO DATE    9.6                       5.9    3.7      8.2
  SINCE DEC 1     27.0                      27.5   -0.5     19.0
  SINCE JUL 1     27.1                      30.5   -3.4     24.7

DEGREE DAYS
 HEATING
  YESTERDAY       30                        36     -6       21
  MONTH TO DATE  608                       671    -63      581
  SINCE DEC 1   2943                      2949     -6     2562
  SINCE JUL 1   3983                      4262   -279     3580

 COOLING
  YESTERDAY        0                         0      0        0
  MONTH TO DATE    0                         0      0        0
  SINCE DEC 1      0                         0      0        0
  SINCE JAN 1      0                         0      0        0
..................................................................


WIND (MPH)
  HIGHEST WIND SPEED    18   HIGHEST WIND DIRECTION    NW (310)
  HIGHEST GUST SPEED    26   HIGHEST GUST DIRECTION     N (340)
  AVERAGE WIND SPEED     6.0


SKY COVER
  AVERAGE SKY COVER 0.5



RELATIVE HUMIDITY (PERCENT)
 HIGHEST   100          1200 AM
 LOWEST     46           400 PM
 AVERAGE    73

..........................................................


THE AVOCA PA CLIMATE NORMALS FOR TODAY
                         NORMAL    RECORD    YEAR
 MAXIMUM TEMPERATURE (F)   38        65      2017
 MINIMUM TEMPERATURE (F)   21        -3      1936
                                             1903


SUNRISE AND SUNSET
FEBRUARY 19 2018......SUNRISE   652 AM EST   SUNSET   542 PM EST
FEBRUARY 20 2018......SUNRISE   651 AM EST   SUNSET   543 PM EST


-  INDICATES NEGATIVE NUMBERS.
R  INDICATES RECORD WAS SET OR TIED.
MM INDICATES DATA IS MISSING.
T  INDICATES TRACE AMOUNT.

$$
