000
CDUS41 KBGM 150545
CLIAVP


CLIMATE REPORT
NATIONAL WEATHER SERVICE BINGHAMTON NY
144 AM EDT WED OCT 15 2014


...................................

...THE AVOCA PA CLIMATE SUMMARY FOR OCTOBER 14 2014...

CLIMATE NORMAL PERIOD 1981 TO 2010
CLIMATE RECORD PERIOD 1901 TO 2014


WEATHER ITEM   OBSERVED TIME   RECORD YEAR NORMAL DEPARTURE LAST
                VALUE   (LST)  VALUE       VALUE  FROM      YEAR
                                                  NORMAL
..................................................................
TEMPERATURE (F)
 YESTERDAY
  MAXIMUM         77    242 PM  84    1954  61     16       69
  MINIMUM         63    410 AM  29    1991  41     22       48
                                      1987
  AVERAGE         70                        51     19       59

PRECIPITATION (IN)
  YESTERDAY        0.00          1.31 2011   0.11  -0.11     0.00
  MONTH TO DATE    0.38                      1.62  -1.24     0.98
  SINCE SEP 1      1.07                      5.69  -4.62     2.55
  SINCE JAN 1     22.63                     30.72  -8.09    20.90

SNOWFALL (IN)
  YESTERDAY        0.0           0.0    MM   0.0    0.0      0.0
  MONTH TO DATE    0.0                       0.0    0.0      0.0
  SINCE SEP 1      0.0                       0.0    0.0      0.0
  SINCE JUL 1      0.0                       0.0    0.0      0.0

DEGREE DAYS
 HEATING
  YESTERDAY        0                        14    -14        6
  MONTH TO DATE  110                       161    -51       51
  SINCE SEP 1    212                       297    -85      204
  SINCE JUL 1    223                       323   -100      213

 COOLING
  YESTERDAY        5                         0      5        0
  MONTH TO DATE    6                         0      6       24
  SINCE SEP 1     95                        52     43       93
  SINCE JAN 1    681                       576    105      795
..................................................................


WIND (MPH)
  HIGHEST WIND SPEED    17   HIGHEST WIND DIRECTION     S (200)
  HIGHEST GUST SPEED    26   HIGHEST GUST DIRECTION     S (180)
  AVERAGE WIND SPEED     6.8


SKY COVER
  AVERAGE SKY COVER 0.8



RELATIVE HUMIDITY (PERCENT)
 HIGHEST    90           400 AM
 LOWEST     54           300 PM
 AVERAGE    72

..........................................................


THE AVOCA PA CLIMATE NORMALS FOR TODAY
                         NORMAL    RECORD    YEAR
 MAXIMUM TEMPERATURE (F)   61        81      1947
 MINIMUM TEMPERATURE (F)   41        29      2006


SUNRISE AND SUNSET
OCTOBER 15 2014.......SUNRISE   715 AM EDT   SUNSET   622 PM EDT
OCTOBER 16 2014.......SUNRISE   716 AM EDT   SUNSET   620 PM EDT


-  INDICATES NEGATIVE NUMBERS.
R  INDICATES RECORD WAS SET OR TIED.
MM INDICATES DATA IS MISSING.
T  INDICATES TRACE AMOUNT.

$$
