000
CDUS41 KBGM 102122
CLIAVP


CLIMATE REPORT
NATIONAL WEATHER SERVICE BINGHAMTON NY
521 PM EDT SUN JUL 10 2016


...................................

...THE AVOCA PA CLIMATE SUMMARY FOR JULY 10 2016...
VALID TODAY AS OF 0500 PM LOCAL TIME.

CLIMATE NORMAL PERIOD 1981 TO 2010
CLIMATE RECORD PERIOD 1901 TO 2016


WEATHER ITEM   OBSERVED TIME   RECORD YEAR NORMAL DEPARTURE LAST
                VALUE   (LST)  VALUE       VALUE  FROM      YEAR
                                                  NORMAL
..................................................................
TEMPERATURE (F)
 TODAY
  MAXIMUM         78    355 PM 101    1936  82     -4       82
  MINIMUM         62    140 AM  48    1983  61      1       63
  AVERAGE         70                        72     -2       73

PRECIPITATION (IN)
  TODAY            0.03          1.70 1959   0.12  -0.09     0.00
  MONTH TO DATE    0.54                      1.14  -0.60     1.84
  SINCE JUN 1      2.13                      5.17  -3.04     8.36
  SINCE JAN 1     14.95                     18.97  -4.02    17.92

SNOWFALL (IN)
  TODAY            0.0           0.0  1995   0.0    0.0      0.0
  MONTH TO DATE    0.0                       0.0    0.0      0.0
  SINCE JUN 1      0.0                       0.0    0.0      0.0
  SINCE JUL 1      0.0                       0.0    0.0      0.0

DEGREE DAYS
 HEATING
  TODAY            0                         0      0        0
  MONTH TO DATE    0                         0      0        0
  SINCE JUN 1     24                        54    -30       24
  SINCE JUL 1      0                         0      0        0

 COOLING
  TODAY            5                         7     -2        8
  MONTH TO DATE   89                        65     24       69
  SINCE JUN 1    232                       182     50      224
  SINCE JAN 1    304                       219     85      372
..................................................................


WIND (MPH)
  HIGHEST WIND SPEED    21   HIGHEST WIND DIRECTION    NW (320)
  HIGHEST GUST SPEED    27   HIGHEST GUST DIRECTION    NW (320)
  AVERAGE WIND SPEED     8.5


SKY COVER
  AVERAGE SKY COVER 0.9


WEATHER CONDITIONS
 THE FOLLOWING WEATHER WAS RECORDED TODAY.
  RAIN
  LIGHT RAIN
  FOG


RELATIVE HUMIDITY (PERCENT)
 HIGHEST    93           900 AM
 LOWEST     48           400 PM
 AVERAGE    71

..........................................................


THE AVOCA PA CLIMATE NORMALS FOR TOMORROW
                         NORMAL    RECORD    YEAR
 MAXIMUM TEMPERATURE (F)   82        99      1936
 MINIMUM TEMPERATURE (F)   61        47      1983


SUNRISE AND SUNSET
JULY 10 2016..........SUNRISE   539 AM EDT   SUNSET   837 PM EDT
JULY 11 2016..........SUNRISE   540 AM EDT   SUNSET   837 PM EDT


-  INDICATES NEGATIVE NUMBERS.
R  INDICATES RECORD WAS SET OR TIED.
MM INDICATES DATA IS MISSING.
T  INDICATES TRACE AMOUNT.

$$
