000
CDUS41 KBGM 092123
CLIAVP


CLIMATE REPORT
NATIONAL WEATHER SERVICE BINGHAMTON NY
522 PM EDT SAT SEP 9 2017


...................................

...THE AVOCA PA CLIMATE SUMMARY FOR SEPTEMBER 9 2017...
VALID TODAY AS OF 0500 PM LOCAL TIME.

CLIMATE NORMAL PERIOD 1981 TO 2010
CLIMATE RECORD PERIOD 1901 TO 2017


WEATHER ITEM   OBSERVED TIME   RECORD YEAR NORMAL DEPARTURE LAST
                VALUE   (LST)  VALUE       VALUE  FROM      YEAR
                                                  NORMAL
..................................................................
TEMPERATURE (F)
 TODAY
  MAXIMUM         61    327 PM  95    1959  75    -14       81
  MINIMUM         47    139 AM  39    1956  55     -8       70
  AVERAGE         54                        65    -11       76

PRECIPITATION (IN)
  TODAY            0.00          1.58 2008   0.13  -0.13     0.10
  MONTH TO DATE    1.65                      1.14   0.51     0.21
  SINCE SEP 1      1.65                      1.14   0.51     0.21
  SINCE JAN 1     31.77                     26.17   5.60    21.77

SNOWFALL (IN)
  TODAY            0.0           0.0    MM   0.0    0.0      0.0
  MONTH TO DATE    0.0                       0.0    0.0      0.0
  SINCE SEP 1      0.0                       0.0    0.0      0.0
  SINCE JUL 1      0.0                       0.0    0.0      0.0

DEGREE DAYS
 HEATING
  TODAY           11                         3      8        0
  MONTH TO DATE   50                        18     32        0
  SINCE SEP 1     50                        18     32        0
  SINCE JUL 1     67                        44     23        1

 COOLING
  TODAY            0                         2     -2       11
  MONTH TO DATE   10                        27    -17       59
  SINCE SEP 1     10                        27    -17       59
  SINCE JAN 1    649                       551     98      925
..................................................................


WIND (MPH)
  HIGHEST WIND SPEED    16   HIGHEST WIND DIRECTION     N (340)
  HIGHEST GUST SPEED    20   HIGHEST GUST DIRECTION     N (350)
  AVERAGE WIND SPEED     5.6


SKY COVER
  AVERAGE SKY COVER 0.9


WEATHER CONDITIONS
 THE FOLLOWING WEATHER WAS RECORDED TODAY.
  FOG


RELATIVE HUMIDITY (PERCENT)
 HIGHEST    96           300 AM
 LOWEST     60          1200 PM
 AVERAGE    78

..........................................................


THE AVOCA PA CLIMATE NORMALS FOR TOMORROW
                         NORMAL    RECORD    YEAR
 MAXIMUM TEMPERATURE (F)   75        96      1931
 MINIMUM TEMPERATURE (F)   54        34      1956


SUNRISE AND SUNSET
SEPTEMBER  9 2017.....SUNRISE   638 AM EDT   SUNSET   722 PM EDT
SEPTEMBER 10 2017.....SUNRISE   639 AM EDT   SUNSET   720 PM EDT


-  INDICATES NEGATIVE NUMBERS.
R  INDICATES RECORD WAS SET OR TIED.
MM INDICATES DATA IS MISSING.
T  INDICATES TRACE AMOUNT.




$$
