000
CDUS41 KBGM 062118
CLIAVP


CLIMATE REPORT
NATIONAL WEATHER SERVICE BINGHAMTON NY
518 PM EDT SUN JUL 6 2014


...................................

...THE AVOCA PA CLIMATE SUMMARY FOR JULY 6 2014...
VALID TODAY AS OF 0500 PM LOCAL TIME.

CLIMATE NORMAL PERIOD 1981 TO 2010
CLIMATE RECORD PERIOD 1901 TO 2014


WEATHER ITEM   OBSERVED TIME   RECORD YEAR NORMAL DEPARTURE LAST
                VALUE   (LST)  VALUE       VALUE  FROM      YEAR
                                                  NORMAL
..................................................................
TEMPERATURE (F)
 TODAY
  MAXIMUM         85    236 PM  98    1911  82      3       89
  MINIMUM         54    434 AM  43    1979  61     -7       71
  AVERAGE         70                        71     -1       80

PRECIPITATION (IN)
  TODAY            0.00          1.68 1935   0.11  -0.11     0.00
  MONTH TO DATE    0.59                      0.67  -0.08     0.38
  SINCE JUN 1      2.75                      4.70  -1.95     5.79
  SINCE JAN 1     15.46                     18.50  -3.04    15.56

SNOWFALL (IN)
  TODAY            0.0           0.0  1995   0.0    0.0      0.0
  MONTH TO DATE    0.0                       0.0    0.0      0.0
  SINCE JUN 1      0.0                       0.0    0.0      0.0
  SINCE JUL 1      0.0                       0.0    0.0      0.0

DEGREE DAYS
 HEATING
  TODAY            0                         0      0        0
  MONTH TO DATE    0                         0      0        0
  SINCE JUN 1     11                        54    -43       21
  SINCE JUL 1      0                         0      0        0

 COOLING
  TODAY            5                         7     -2       15
  MONTH TO DATE   54                        37     17       75
  SINCE JUN 1    213                       154     59      211
  SINCE JAN 1    254                       191     63      275
..................................................................


WIND (MPH)
  HIGHEST WIND SPEED    18   HIGHEST WIND DIRECTION     W (270)
  HIGHEST GUST SPEED    25   HIGHEST GUST DIRECTION     W (270)
  AVERAGE WIND SPEED     6.4


SKY COVER
  AVERAGE SKY COVER 0.0


WEATHER CONDITIONS
 THE FOLLOWING WEATHER WAS RECORDED TODAY.
  NO SIGNIFICANT WEATHER WAS OBSERVED.


RELATIVE HUMIDITY (PERCENT)
 HIGHEST    89           400 AM
 LOWEST     28           300 PM
 AVERAGE    59

..........................................................


THE AVOCA PA CLIMATE NORMALS FOR TOMORROW
                         NORMAL    RECORD    YEAR
 MAXIMUM TEMPERATURE (F)   82        98      1988
 MINIMUM TEMPERATURE (F)   61        44      1979


SUNRISE AND SUNSET
JULY  6 2014..........SUNRISE   536 AM EDT   SUNSET   839 PM EDT
JULY  7 2014..........SUNRISE   537 AM EDT   SUNSET   839 PM EDT


-  INDICATES NEGATIVE NUMBERS.
R  INDICATES RECORD WAS SET OR TIED.
MM INDICATES DATA IS MISSING.
T  INDICATES TRACE AMOUNT.




$$
