000
CDUS41 KBGM 052030
CLIAVP

CLIMATE REPORT
NATIONAL WEATHER SERVICE BINGHAMTON NY
218 AM EST THU JAN 5 2017


...................................

...THE AVOCA PA CLIMATE SUMMARY FOR JANUARY 4 2017...

CLIMATE NORMAL PERIOD 1981 TO 2010
CLIMATE RECORD PERIOD 1901 TO 2017


WEATHER ITEM   OBSERVED TIME   RECORD YEAR NORMAL DEPARTURE LAST
                VALUE   (LST)  VALUE       VALUE  FROM      YEAR
                                                  NORMAL
..................................................................
TEMPERATURE (F)
 YESTERDAY
  MAXIMUM         45        MM  67    1950  33     12       30
  MINIMUM         27        MM  -9    1981  19      8        6
                                      1904
  AVERAGE         36                        26     10       18

PRECIPITATION (IN)
  YESTERDAY        0.10          0.72 2004   0.07   0.03      T
  MONTH TO DATE    0.45                      0.28   0.17      T
  SINCE DEC 1      2.51                      2.96  -0.45     2.55
  SINCE JAN 1      0.45                      0.28   0.17      T

SNOWFALL (IN)
  YESTERDAY        0.0           8.9  1994   0.4   -0.4       T
  MONTH TO DATE    0.0                       1.7   -1.7       T
  SINCE DEC 1      6.9                       9.1   -2.2      0.8
  SINCE JUL 1     12.6                      12.1    0.5      0.8

DEGREE DAYS
 HEATING
  YESTERDAY       29                        39    -10       47
  MONTH TO DATE  114                       155    -41      146
  SINCE DEC 1   1108                      1220   -112      774
  SINCE JUL 1   2126                      2533   -407     1682

 COOLING
  YESTERDAY        0                         0      0        0
  MONTH TO DATE    0                         0      0        0
  SINCE DEC 1      0                         0      0        0
  SINCE JAN 1      0                         0      0        0
..................................................................


WIND (MPH)
  HIGHEST WIND SPEED    23   HIGHEST WIND DIRECTION     W (260)
  HIGHEST GUST SPEED    38   HIGHEST GUST DIRECTION     W (270)
  AVERAGE WIND SPEED    12.5


SKY COVER
  AVERAGE SKY COVER 0.8



RELATIVE HUMIDITY (PERCENT)
 HIGHEST   100          1200 AM
 LOWEST     40           500 PM
 AVERAGE    70

..........................................................


THE AVOCA PA CLIMATE NORMALS FOR TODAY
                         NORMAL    RECORD    YEAR
 MAXIMUM TEMPERATURE (F)   33        61      1993
 MINIMUM TEMPERATURE (F)   19       -15      1904


SUNRISE AND SUNSET
JANUARY  5 2017.......SUNRISE   729 AM EST   SUNSET   448 PM EST
JANUARY  6 2017.......SUNRISE   729 AM EST   SUNSET   449 PM EST


-  INDICATES NEGATIVE NUMBERS.
R  INDICATES RECORD WAS SET OR TIED.
MM INDICATES DATA IS MISSING.
T  INDICATES TRACE AMOUNT.




$$
