000
CDUS41 KBGM 220533
CLIAVP


CLIMATE REPORT
NATIONAL WEATHER SERVICE BINGHAMTON NY
132 AM EDT WED JUL 22 2015


...................................

...THE AVOCA PA CLIMATE SUMMARY FOR JULY 21 2015...

CLIMATE NORMAL PERIOD 1981 TO 2010
CLIMATE RECORD PERIOD 1901 TO 2015


WEATHER ITEM   OBSERVED TIME   RECORD YEAR NORMAL DEPARTURE LAST
                VALUE   (LST)  VALUE       VALUE  FROM      YEAR
                                                  NORMAL
..................................................................
TEMPERATURE (F)
 YESTERDAY
  MAXIMUM         89    310 PM  99    1930  82      7       85
  MINIMUM         61   1159 PM  47    1965  61      0       62
  AVERAGE         75                        72      3       74

PRECIPITATION (IN)
  YESTERDAY        0.15          1.59 1927   0.12   0.03     0.00
  MONTH TO DATE    2.17                      2.49  -0.32     2.25
  SINCE JUN 1      8.69                      6.52   2.17     4.41
  SINCE JAN 1     18.25                     20.32  -2.07    17.12

SNOWFALL (IN)
  YESTERDAY        0.0           0.0  1995   0.0    0.0      0.0
  MONTH TO DATE    0.0                       0.0    0.0      0.0
  SINCE JUN 1      0.0                       0.0    0.0      0.0
  SINCE JUL 1      0.0                       0.0    0.0      0.0

DEGREE DAYS
 HEATING
  YESTERDAY        0                         0      0        0
  MONTH TO DATE    0                         0      0        0
  SINCE JUN 1     24                        54    -30       11
  SINCE JUL 1      0                         0      0        0

 COOLING
  YESTERDAY       10                         7      3        9
  MONTH TO DATE  162                       142     20      173
  SINCE JUN 1    317                       259     58      332
  SINCE JAN 1    465                       296    169      373
..................................................................


WIND (MPH)
  HIGHEST WIND SPEED    21   HIGHEST WIND DIRECTION    NW (320)
  HIGHEST GUST SPEED    30   HIGHEST GUST DIRECTION     W (280)
  AVERAGE WIND SPEED     4.7


SKY COVER
  AVERAGE SKY COVER 0.2



RELATIVE HUMIDITY (PERCENT)
 HIGHEST    84           500 AM
 LOWEST     43           200 PM
 AVERAGE    64

..........................................................


THE AVOCA PA CLIMATE NORMALS FOR TODAY
                         NORMAL    RECORD    YEAR
 MAXIMUM TEMPERATURE (F)   82        98      2011
                                             1955
                                             1926
 MINIMUM TEMPERATURE (F)   61        50      1950


SUNRISE AND SUNSET
JULY 22 2015..........SUNRISE   548 AM EDT   SUNSET   830 PM EDT
JULY 23 2015..........SUNRISE   549 AM EDT   SUNSET   829 PM EDT


-  INDICATES NEGATIVE NUMBERS.
R  INDICATES RECORD WAS SET OR TIED.
MM INDICATES DATA IS MISSING.
T  INDICATES TRACE AMOUNT.

$$
