000
CDUS41 KBGM 112118
CLIAVP


CLIMATE REPORT
NATIONAL WEATHER SERVICE BINGHAMTON NY
518 PM EDT THU AUG 11 2016


...................................

...THE AVOCA PA CLIMATE SUMMARY FOR AUGUST 11 2016...
VALID TODAY AS OF 0500 PM LOCAL TIME.

CLIMATE NORMAL PERIOD 1981 TO 2010
CLIMATE RECORD PERIOD 1901 TO 2016


WEATHER ITEM   OBSERVED TIME   RECORD YEAR NORMAL DEPARTURE LAST
                VALUE   (LST)  VALUE       VALUE  FROM      YEAR
                                                  NORMAL
..................................................................
TEMPERATURE (F)
 TODAY
  MAXIMUM         92    341 PM  96    1944  81     11       81
  MINIMUM         72    500 AM  46    1972  60     12       65
  AVERAGE         82                        70     12       73

PRECIPITATION (IN)
  TODAY            0.03          3.69 2003   0.11  -0.08     1.25
  MONTH TO DATE    0.81                      1.29  -0.48     1.45
  SINCE JUN 1      6.48                      9.11  -2.63    10.30
  SINCE JAN 1     19.30                     22.91  -3.61    19.86

SNOWFALL (IN)
  TODAY            0.0           0.0  1995   0.0    0.0      0.0
  MONTH TO DATE    0.0                       0.0    0.0      0.0
  SINCE JUN 1      0.0                       0.0    0.0      0.0
  SINCE JUL 1      0.0                       0.0    0.0      0.0

DEGREE DAYS
 HEATING
  TODAY            0                         0      0        0
  MONTH TO DATE    0                         0      0        0
  SINCE JUN 1     24                        62    -38       24
  SINCE JUL 1      0                         8     -8        0

 COOLING
  TODAY           17                         6     11        8
  MONTH TO DATE  104                        66     38       74
  SINCE JUN 1    597                       389    208      482
  SINCE JAN 1    669                       426    243      630
..................................................................


WIND (MPH)
  HIGHEST WIND SPEED    15   HIGHEST WIND DIRECTION     W (260)
  HIGHEST GUST SPEED    22   HIGHEST GUST DIRECTION     W (260)
  AVERAGE WIND SPEED     5.2


SKY COVER
  AVERAGE SKY COVER 0.4


WEATHER CONDITIONS
 THE FOLLOWING WEATHER WAS RECORDED TODAY.
  THUNDERSTORM
  LIGHT RAIN
  FOG


RELATIVE HUMIDITY (PERCENT)
 HIGHEST   100           500 AM
 LOWEST     56           200 PM
 AVERAGE    78

..........................................................


THE AVOCA PA CLIMATE NORMALS FOR TOMORROW
                         NORMAL    RECORD    YEAR
 MAXIMUM TEMPERATURE (F)   81        96      1944
 MINIMUM TEMPERATURE (F)   60        48      2006
                                             1930


SUNRISE AND SUNSET
AUGUST 11 2016........SUNRISE   609 AM EDT   SUNSET   807 PM EDT
AUGUST 12 2016........SUNRISE   610 AM EDT   SUNSET   805 PM EDT


-  INDICATES NEGATIVE NUMBERS.
R  INDICATES RECORD WAS SET OR TIED.
MM INDICATES DATA IS MISSING.
T  INDICATES TRACE AMOUNT.




$$
