000
CDUS41 KBGM 170232
CLIAVP


CLIMATE REPORT
NATIONAL WEATHER SERVICE BINGHAMTON NY
1032 PM EDT WED JUL 16 2014


...................................

...THE AVOCA PA CLIMATE SUMMARY FOR JULY 16 2014...
VALID AS OF 1000 PM LOCAL TIME.

CLIMATE NORMAL PERIOD 1981 TO 2010
CLIMATE RECORD PERIOD 1901 TO 2014


WEATHER ITEM   OBSERVED TIME   RECORD YEAR NORMAL DEPARTURE LAST
                VALUE   (LST)  VALUE       VALUE  FROM      YEAR
                                                  NORMAL
..................................................................
TEMPERATURE (F)
 TODAY
  MAXIMUM         79    418 PM 101    1988  82     -3       93
  MINIMUM         63    531 AM  48    1930  61      2       67
  AVERAGE         71                        72     -1       80

PRECIPITATION (IN)
  TODAY            T             1.45 1979   0.12  -0.12     0.00
  MONTH TO DATE    2.25                      1.88   0.37     0.71
  SINCE JUN 1      4.41                      5.91  -1.50     6.12
  SINCE JAN 1     17.12                     19.71  -2.59    15.89

SNOWFALL (IN)
  TODAY            0.0           0.0  1995   0.0    0.0      0.0
  MONTH TO DATE    0.0                       0.0    0.0      0.0
  SINCE JUN 1      0.0                       0.0    0.0      0.0
  SINCE JUL 1      0.0                       0.0    0.0      0.0

DEGREE DAYS
 HEATING
  TODAY            0                         0      0        0
  MONTH TO DATE    0                         0      0        0
  SINCE JUN 1     11                        54    -43       21
  SINCE JUL 1      0                         0      0        0

 COOLING
  TODAY            6                         7     -1       15
  MONTH TO DATE  149                       107     42      194
  SINCE JUN 1    308                       224     84      330
  SINCE JAN 1    349                       261     88      394
..................................................................


WIND (MPH)
  HIGHEST WIND SPEED    13   HIGHEST WIND DIRECTION    NW (320)
  HIGHEST GUST SPEED    20   HIGHEST GUST DIRECTION    NE (40)
  AVERAGE WIND SPEED     4.0


SKY COVER
  AVERAGE SKY COVER 0.4


WEATHER CONDITIONS
 THE FOLLOWING WEATHER WAS RECORDED TODAY.
  LIGHT RAIN


RELATIVE HUMIDITY (PERCENT)
 HIGHEST    90          1200 AM
 LOWEST     40           200 PM
 AVERAGE    65

..........................................................


THE AVOCA PA CLIMATE NORMALS FOR TOMORROW
                         NORMAL    RECORD    YEAR
 MAXIMUM TEMPERATURE (F)   82        97      2012
 MINIMUM TEMPERATURE (F)   61        47      1974


SUNRISE AND SUNSET
JULY 16 2014..........SUNRISE   544 AM EDT   SUNSET   834 PM EDT
JULY 17 2014..........SUNRISE   544 AM EDT   SUNSET   833 PM EDT


-  INDICATES NEGATIVE NUMBERS.
R  INDICATES RECORD WAS SET OR TIED.
MM INDICATES DATA IS MISSING.
T  INDICATES TRACE AMOUNT.




$$
