000
CDUS41 KBGM 172119
CLIAVP


CLIMATE REPORT
NATIONAL WEATHER SERVICE BINGHAMTON NY
518 PM EDT SUN MAY 17 2015


...................................

...THE AVOCA PA CLIMATE SUMMARY FOR MAY 17 2015...
VALID TODAY AS OF 0500 PM LOCAL TIME.

CLIMATE NORMAL PERIOD 1981 TO 2010
CLIMATE RECORD PERIOD 1901 TO 2015


WEATHER ITEM   OBSERVED TIME   RECORD YEAR NORMAL DEPARTURE LAST
                VALUE   (LST)  VALUE       VALUE  FROM      YEAR
                                                  NORMAL
..................................................................
TEMPERATURE (F)
 TODAY
  MAXIMUM         83    250 PM  90    1962  70     13       63
  MINIMUM         65    606 AM  30    1956  48     17       44
  AVERAGE         74                        59     15       54

PRECIPITATION (IN)
  TODAY            0.04          0.74 1970   0.12  -0.08     0.00
  MONTH TO DATE    0.34                      1.83  -1.49     2.05
  SINCE MAR 1      5.18                      7.71  -2.53     7.13
  SINCE JAN 1      8.18                     12.11  -3.93    12.01

SNOWFALL (IN)
  TODAY            0.0           0.4  1973   0.0    0.0      0.0
  MONTH TO DATE    0.0                       0.3   -0.3      0.0
  SINCE MAR 1      9.0                      12.6   -3.6      3.1
  SINCE JUL 1     51.4                      46.5    4.9     58.9

DEGREE DAYS
 HEATING
  TODAY            0                         7     -7       11
  MONTH TO DATE   51                       152   -101       87
  SINCE MAR 1   1498                      1519    -21     1628
  SINCE JUL 1   6195                      6125     70     6451

 COOLING
  TODAY            9                         1      8        0
  MONTH TO DATE   67                        10     57       24
  SINCE MAR 1     67                        16     51       31
  SINCE JAN 1     67                        16     51       31
..................................................................


WIND (MPH)
  HIGHEST WIND SPEED     9   HIGHEST WIND DIRECTION     W (260)
  HIGHEST GUST SPEED    14   HIGHEST GUST DIRECTION     W (290)
  AVERAGE WIND SPEED     2.2


SKY COVER
  AVERAGE SKY COVER 0.9


WEATHER CONDITIONS
 THE FOLLOWING WEATHER WAS RECORDED TODAY.
  LIGHT RAIN
  FOG
  FOG W/VISIBILITY <= 1/4 MILE
  HAZE


RELATIVE HUMIDITY (PERCENT)
 HIGHEST    93           200 AM
 LOWEST     47           400 PM
 AVERAGE    70

..........................................................


THE AVOCA PA CLIMATE NORMALS FOR TOMORROW
                         NORMAL    RECORD    YEAR
 MAXIMUM TEMPERATURE (F)   70        93      1962
 MINIMUM TEMPERATURE (F)   48        32      1983


SUNRISE AND SUNSET
MAY 17 2015...........SUNRISE   543 AM EDT   SUNSET   817 PM EDT
MAY 18 2015...........SUNRISE   542 AM EDT   SUNSET   818 PM EDT


-  INDICATES NEGATIVE NUMBERS.
R  INDICATES RECORD WAS SET OR TIED.
MM INDICATES DATA IS MISSING.
T  INDICATES TRACE AMOUNT.




$$
