000
CDUS41 KBGM 060651
CLIAVP


CLIMATE REPORT
NATIONAL WEATHER SERVICE BINGHAMTON NY
151 AM EST MON NOV 6 2017


...................................

...THE AVOCA PA CLIMATE SUMMARY FOR NOVEMBER 5 2017...

CLIMATE NORMAL PERIOD 1981 TO 2010
CLIMATE RECORD PERIOD 1901 TO 2017


WEATHER ITEM   OBSERVED TIME   RECORD YEAR NORMAL DEPARTURE LAST
                VALUE   (LST)  VALUE       VALUE  FROM      YEAR
                                                  NORMAL
..................................................................
TEMPERATURE (F)
 YESTERDAY
  MAXIMUM         62   1137 PM  76    1935  54      8       61
  MINIMUM         48   1240 AM  19    1991  36     12       33
  AVERAGE         55                        45     10       47

PRECIPITATION (IN)
  YESTERDAY        0.02          1.00 1969   0.10  -0.08     0.00
  MONTH TO DATE    0.12                      0.52  -0.40      T
  SINCE SEP 1      4.76                      7.93  -3.17     5.60
  SINCE JAN 1     34.88                     32.96   1.92    27.16

SNOWFALL (IN)
  YESTERDAY        0.0           2.7  1976   0.1   -0.1      0.0
  MONTH TO DATE    0.0                       0.3   -0.3      0.0
  SINCE SEP 1      0.0                       0.4   -0.4       T
  SINCE JUL 1      0.0                       0.4   -0.4       T

DEGREE DAYS
 HEATING
  YESTERDAY       10                        20    -10       18
  MONTH TO DATE   58                        98    -40       77
  SINCE SEP 1    379                       675   -296      476
  SINCE JUL 1    396                       701   -305      477

 COOLING
  YESTERDAY        0                         0      0        0
  MONTH TO DATE    0                         0      0        0
  SINCE SEP 1    165                        56    109      132
  SINCE JAN 1    804                       580    224      998
..................................................................


WIND (MPH)
  HIGHEST WIND SPEED    14   HIGHEST WIND DIRECTION    SE (140)
  HIGHEST GUST SPEED    24   HIGHEST GUST DIRECTION    SE (150)
  AVERAGE WIND SPEED     5.7


SKY COVER
  AVERAGE SKY COVER 1.0



RELATIVE HUMIDITY (PERCENT)
 HIGHEST    93           300 AM
 LOWEST     77           600 AM
 AVERAGE    85

..........................................................


THE AVOCA PA CLIMATE NORMALS FOR TODAY
                         NORMAL    RECORD    YEAR
 MAXIMUM TEMPERATURE (F)   53        77      2015
 MINIMUM TEMPERATURE (F)   36        21      1951


SUNRISE AND SUNSET
NOVEMBER  6 2017......SUNRISE   641 AM EST   SUNSET   452 PM EST
NOVEMBER  7 2017......SUNRISE   642 AM EST   SUNSET   451 PM EST


-  INDICATES NEGATIVE NUMBERS.
R  INDICATES RECORD WAS SET OR TIED.
MM INDICATES DATA IS MISSING.
T  INDICATES TRACE AMOUNT.




$$
