000
CDUS41 KBGM 150537
CLIAVP


CLIMATE REPORT
NATIONAL WEATHER SERVICE BINGHAMTON NY
137 AM EDT FRI AUG 15 2014


...................................

...THE AVOCA PA CLIMATE SUMMARY FOR AUGUST 14 2014...

CLIMATE NORMAL PERIOD 1981 TO 2010
CLIMATE RECORD PERIOD 1901 TO 2014


WEATHER ITEM   OBSERVED TIME   RECORD YEAR NORMAL DEPARTURE LAST
                VALUE   (LST)  VALUE       VALUE  FROM      YEAR
                                                  NORMAL
..................................................................
TEMPERATURE (F)
 YESTERDAY
  MAXIMUM         77    237 PM  96    2005  80     -3       71
  MINIMUM         53    555 AM  44    1941  60     -7       52
  AVERAGE         65                        70     -5       62

PRECIPITATION (IN)
  YESTERDAY        T             1.78 1912   0.10  -0.10     0.00
  MONTH TO DATE    2.25                      1.61   0.64     0.80
  SINCE JUN 1      6.90                      9.43  -2.53     7.95
  SINCE JAN 1     19.61                     23.23  -3.62    17.72

SNOWFALL (IN)
  YESTERDAY        0.0           0.0  1995   0.0    0.0      0.0
  MONTH TO DATE    0.0                       0.0    0.0      0.0
  SINCE JUN 1      0.0                       0.0    0.0      0.0
  SINCE JUL 1      0.0                       0.0    0.0      0.0

DEGREE DAYS
 HEATING
  YESTERDAY        0                         0      0        3
  MONTH TO DATE    0                         0      0        4
  SINCE JUN 1     13                        62    -49       26
  SINCE JUL 1      2                         8     -6        5

 COOLING
  YESTERDAY        0                         6     -6        0
  MONTH TO DATE   80                        84     -4       61
  SINCE JUN 1    474                       407     67      526
  SINCE JAN 1    515                       444     71      590
..................................................................


WIND (MPH)
  HIGHEST WIND SPEED    21   HIGHEST WIND DIRECTION    SW (240)
  HIGHEST GUST SPEED    28   HIGHEST GUST DIRECTION     W (250)
  AVERAGE WIND SPEED     6.1


SKY COVER
  AVERAGE SKY COVER 0.5



RELATIVE HUMIDITY (PERCENT)
 HIGHEST    89           600 AM
 LOWEST     41           300 PM
 AVERAGE    65

..........................................................


THE AVOCA PA CLIMATE NORMALS FOR TODAY
                         NORMAL    RECORD    YEAR
 MAXIMUM TEMPERATURE (F)   80        94      1995
                                             1959
 MINIMUM TEMPERATURE (F)   60        46      2013
                                             1907


SUNRISE AND SUNSET
AUGUST 15 2014........SUNRISE   612 AM EDT   SUNSET   802 PM EDT
AUGUST 16 2014........SUNRISE   613 AM EDT   SUNSET   801 PM EDT


-  INDICATES NEGATIVE NUMBERS.
R  INDICATES RECORD WAS SET OR TIED.
MM INDICATES DATA IS MISSING.
T  INDICATES TRACE AMOUNT.




$$
