000
CDUS41 KBGM 150219
CLIAVP


CLIMATE REPORT
NATIONAL WEATHER SERVICE BINGHAMTON NY
1019 PM EDT FRI APR 14 2017


...................................

...THE AVOCA PA CLIMATE SUMMARY FOR APRIL 14 2017...
VALID AS OF 1000 PM LOCAL TIME.

CLIMATE NORMAL PERIOD 1981 TO 2010
CLIMATE RECORD PERIOD 1901 TO 2017


WEATHER ITEM   OBSERVED TIME   RECORD YEAR NORMAL DEPARTURE LAST
                VALUE   (LST)  VALUE       VALUE  FROM      YEAR
                                                  NORMAL
..................................................................
TEMPERATURE (F)
 TODAY
  MAXIMUM         66    446 PM  84    1968  59      7       61
  MINIMUM         37    257 AM  22    1950  38     -1       34
  AVERAGE         52                        48      4       48

PRECIPITATION (IN)
  TODAY            0.00          1.06 1909   0.11  -0.11     0.00
  MONTH TO DATE    1.55                      1.54   0.01     2.13
  SINCE MAR 1      7.00                      4.09   2.91     3.91
  SINCE JAN 1     13.23                      8.49   4.74     9.71

SNOWFALL (IN)
  TODAY            0.0           T    1995   0.1   -0.1      0.0
                                      1980
                                      1962
  MONTH TO DATE    0.1                       1.8   -1.7      2.2
  SINCE MAR 1     30.7                      10.8   19.9      3.5
  SINCE JUL 1     55.5                      44.7   10.8     15.5

DEGREE DAYS
 HEATING
  TODAY           13                        17     -4       17
  MONTH TO DATE  187                       274    -87      340
  SINCE MAR 1   1122                      1145    -23      971
  SINCE JUL 1   4877                      5751   -874     4541

 COOLING
  TODAY            0                         0      0        0
  MONTH TO DATE    5                         0      5        0
  SINCE MAR 1      5                         0      5        0
  SINCE JAN 1      5                         0      5        0
..................................................................


WIND (MPH)
  HIGHEST WIND SPEED    13   HIGHEST WIND DIRECTION    NW (310)
  HIGHEST GUST SPEED    18   HIGHEST GUST DIRECTION     N (20)
  AVERAGE WIND SPEED     4.2


SKY COVER
  AVERAGE SKY COVER 0.3


WEATHER CONDITIONS
 THE FOLLOWING WEATHER WAS RECORDED TODAY.
  NO SIGNIFICANT WEATHER WAS OBSERVED.


RELATIVE HUMIDITY (PERCENT)
 HIGHEST    76           700 AM
 LOWEST     18           300 PM
 AVERAGE    47

..........................................................


THE AVOCA PA CLIMATE NORMALS FOR TOMORROW
                         NORMAL    RECORD    YEAR
 MAXIMUM TEMPERATURE (F)   59        85      1994
 MINIMUM TEMPERATURE (F)   38        22      1926


SUNRISE AND SUNSET
APRIL 14 2017.........SUNRISE   625 AM EDT   SUNSET   742 PM EDT
APRIL 15 2017.........SUNRISE   623 AM EDT   SUNSET   743 PM EDT


-  INDICATES NEGATIVE NUMBERS.
R  INDICATES RECORD WAS SET OR TIED.
MM INDICATES DATA IS MISSING.
T  INDICATES TRACE AMOUNT.




$$
