000
CDUS41 KBGM 300541
CLIAVP


CLIMATE REPORT
NATIONAL WEATHER SERVICE BINGHAMTON NY
141 AM EDT TUE JUN 30 2015


...................................

...THE AVOCA PA CLIMATE SUMMARY FOR JUNE 29 2015...

CLIMATE NORMAL PERIOD 1981 TO 2010
CLIMATE RECORD PERIOD 1901 TO 2015


WEATHER ITEM   OBSERVED TIME   RECORD YEAR NORMAL DEPARTURE LAST
                VALUE   (LST)  VALUE       VALUE  FROM      YEAR
                                                  NORMAL
..................................................................
TEMPERATURE (F)
 YESTERDAY
  MAXIMUM         78    411 PM  96    1959  81     -3       84
  MINIMUM         59    419 AM  47    1970  60     -1       63
                                      1930
  AVERAGE         69                        70     -1       74

PRECIPITATION (IN)
  YESTERDAY        T             2.53 1980   0.13  -0.13     0.00
  MONTH TO DATE    5.79                      3.90   1.89     1.99
  SINCE JUN 1      5.79                      3.90   1.89     1.99
  SINCE JAN 1     15.35                     17.70  -2.35    14.70

SNOWFALL (IN)
  YESTERDAY        0.0           0.0  1995   0.0    0.0      0.0
  MONTH TO DATE    0.0                       0.0    0.0      0.0
  SINCE JUN 1      0.0                       0.0    0.0      0.0
  SINCE JUL 1     51.4                      46.2    5.2     58.9

DEGREE DAYS
 HEATING
  YESTERDAY        0                         0      0        0
  MONTH TO DATE   24                        55    -31       11
  SINCE JUN 1     24                        55    -31       11
  SINCE JUL 1   6268                      6256     12     6522

 COOLING
  YESTERDAY        4                         6     -2        9
  MONTH TO DATE  150                       111     39      148
  SINCE JUN 1    150                       111     39      148
  SINCE JAN 1    298                       148    150      189
..................................................................


WIND (MPH)
  HIGHEST WIND SPEED    14   HIGHEST WIND DIRECTION     W (260)
  HIGHEST GUST SPEED    17   HIGHEST GUST DIRECTION     W (260)
  AVERAGE WIND SPEED     6.3


SKY COVER
  AVERAGE SKY COVER 0.9



RELATIVE HUMIDITY (PERCENT)
 HIGHEST    81          1000 PM
 LOWEST     47           500 PM
 AVERAGE    64

..........................................................


THE AVOCA PA CLIMATE NORMALS FOR TODAY
                         NORMAL    RECORD    YEAR
 MAXIMUM TEMPERATURE (F)   81        97      1964
 MINIMUM TEMPERATURE (F)   60        44      1923


SUNRISE AND SUNSET
JUNE 30 2015..........SUNRISE   533 AM EDT   SUNSET   840 PM EDT
JULY  1 2015..........SUNRISE   533 AM EDT   SUNSET   840 PM EDT


-  INDICATES NEGATIVE NUMBERS.
R  INDICATES RECORD WAS SET OR TIED.
MM INDICATES DATA IS MISSING.
T  INDICATES TRACE AMOUNT.




$$
