000
CDUS41 KBGM 160550
CLIAVP


CLIMATE REPORT
NATIONAL WEATHER SERVICE BINGHAMTON NY
149 AM EDT SAT APR 16 2016


...................................

...THE AVOCA PA CLIMATE SUMMARY FOR APRIL 15 2016...

CLIMATE NORMAL PERIOD 1981 TO 2010
CLIMATE RECORD PERIOD 1901 TO 2016


WEATHER ITEM   OBSERVED TIME   RECORD YEAR NORMAL DEPARTURE LAST
                VALUE   (LST)  VALUE       VALUE  FROM      YEAR
                                                  NORMAL
..................................................................
TEMPERATURE (F)
 YESTERDAY
  MAXIMUM         68    258 PM  85    1994  59      9       66
  MINIMUM         40    556 AM  22    1926  38      2       38
  AVERAGE         54                        49      5       52

PRECIPITATION (IN)
  YESTERDAY        0.00          2.83 1983   0.12  -0.12     0.00
  MONTH TO DATE    2.13                      1.66   0.47     1.23
  SINCE MAR 1      3.91                      4.21  -0.30     3.19
  SINCE JAN 1      9.71                      8.61   1.10     6.19

SNOWFALL (IN)
  YESTERDAY        0.0           2.5  1962   0.1   -0.1      0.0
  MONTH TO DATE    2.2                       1.9    0.3       T
  SINCE MAR 1      3.5                      10.9   -7.4      9.0
  SINCE JUL 1     15.5                      44.8  -29.3     51.4

DEGREE DAYS
 HEATING
  YESTERDAY       11                        17     -6       13
  MONTH TO DATE  351                       291     60      251
  SINCE MAR 1    982                      1162   -180     1246
  SINCE JUL 1   4552                      5768  -1216     5943

 COOLING
  YESTERDAY        0                         0      0        0
  MONTH TO DATE    0                         0      0        0
  SINCE MAR 1      0                         0      0        0
  SINCE JAN 1      0                         0      0        0
..................................................................


WIND (MPH)
  HIGHEST WIND SPEED    10   HIGHEST WIND DIRECTION     N (20)
  HIGHEST GUST SPEED    15   HIGHEST GUST DIRECTION    NW (320)
  AVERAGE WIND SPEED     5.7


SKY COVER
  AVERAGE SKY COVER 0.0



RELATIVE HUMIDITY (PERCENT)
 HIGHEST    41           300 AM
 LOWEST     15           300 PM
 AVERAGE    28

..........................................................


THE AVOCA PA CLIMATE NORMALS FOR TODAY
                         NORMAL    RECORD    YEAR
 MAXIMUM TEMPERATURE (F)   59        88      2012
                                             2002
 MINIMUM TEMPERATURE (F)   39        20      1943


SUNRISE AND SUNSET
APRIL 16 2016.........SUNRISE   621 AM EDT   SUNSET   745 PM EDT
APRIL 17 2016.........SUNRISE   620 AM EDT   SUNSET   746 PM EDT


-  INDICATES NEGATIVE NUMBERS.
R  INDICATES RECORD WAS SET OR TIED.
MM INDICATES DATA IS MISSING.
T  INDICATES TRACE AMOUNT.




$$
