000
CDUS41 KBGM 152222
CLIAVP


CLIMATE REPORT
NATIONAL WEATHER SERVICE BINGHAMTON NY
521 PM EST SAT NOV 15 2014


...................................

...THE AVOCA PA CLIMATE SUMMARY FOR NOVEMBER 15 2014...
VALID TODAY AS OF 0500 PM LOCAL TIME.

CLIMATE NORMAL PERIOD 1981 TO 2010
CLIMATE RECORD PERIOD 1901 TO 2014


WEATHER ITEM   OBSERVED TIME   RECORD YEAR NORMAL DEPARTURE LAST
                VALUE   (LST)  VALUE       VALUE  FROM      YEAR
                                                  NORMAL
..................................................................
TEMPERATURE (F)
 TODAY
  MAXIMUM         41    204 PM  72    1993  50     -9       54
  MINIMUM         27    731 AM  14    1933  34     -7       29
  AVERAGE         34                        42     -8       42

PRECIPITATION (IN)
  TODAY            T             1.90 2007   0.11  -0.11     0.00
  MONTH TO DATE    0.24                      1.53  -1.29     1.00
  SINCE SEP 1      5.15                      8.94  -3.79     4.14
  SINCE JAN 1     26.71                     33.97  -7.26    22.49

SNOWFALL (IN)
  TODAY           MM             1.2  1995   0.1   MM        0.0
  MONTH TO DATE    T                         1.1   -1.1      1.3
  SINCE SEP 1      T                         1.2   -1.2      1.3
  SINCE JUL 1      T                         1.2   -1.2      1.3

DEGREE DAYS
 HEATING
  TODAY           31                        23      8       23
  MONTH TO DATE  312                       316     -4      344
  SINCE SEP 1    723                       893   -170      819
  SINCE JUL 1    734                       919   -185      828

 COOLING
  TODAY            0                         0      0        0
  MONTH TO DATE    0                         0      0        0
  SINCE SEP 1    100                        56     44       93
  SINCE JAN 1    686                       580    106      795
..................................................................


WIND (MPH)
  HIGHEST WIND SPEED    15   HIGHEST WIND DIRECTION    NW (310)
  HIGHEST GUST SPEED    24   HIGHEST GUST DIRECTION    NW (300)
  AVERAGE WIND SPEED     7.7


SKY COVER
  AVERAGE SKY COVER 0.4


WEATHER CONDITIONS
 THE FOLLOWING WEATHER WAS RECORDED TODAY.
  NO SIGNIFICANT WEATHER WAS OBSERVED.


RELATIVE HUMIDITY (PERCENT)
 HIGHEST    63           500 AM
 LOWEST     34           100 PM
 AVERAGE    49

..........................................................


THE AVOCA PA CLIMATE NORMALS FOR TOMORROW
                         NORMAL    RECORD    YEAR
 MAXIMUM TEMPERATURE (F)   49        69      1928
 MINIMUM TEMPERATURE (F)   33        11      1933


SUNRISE AND SUNSET
NOVEMBER 15 2014......SUNRISE   651 AM EST   SUNSET   443 PM EST
NOVEMBER 16 2014......SUNRISE   652 AM EST   SUNSET   443 PM EST


-  INDICATES NEGATIVE NUMBERS.
R  INDICATES RECORD WAS SET OR TIED.
MM INDICATES DATA IS MISSING.
T  INDICATES TRACE AMOUNT.




$$
