000
CDUS41 KBGM 162238
CLIAVP


CLIMATE REPORT
NATIONAL WEATHER SERVICE BINGHAMTON NY
538 PM EST THU FEB 16 2017


...................................

...THE AVOCA PA CLIMATE SUMMARY FOR FEBRUARY 16 2017...
VALID TODAY AS OF 0500 PM LOCAL TIME.

CLIMATE NORMAL PERIOD 1981 TO 2010
CLIMATE RECORD PERIOD 1901 TO 2017


WEATHER ITEM   OBSERVED TIME   RECORD YEAR NORMAL DEPARTURE LAST
                VALUE   (LST)  VALUE       VALUE  FROM      YEAR
                                                  NORMAL
..................................................................
TEMPERATURE (F)
 TODAY
  MAXIMUM         31   1229 PM  74    1954  37     -6       56
  MINIMUM         25    555 AM  -5    1963  21      4       29
  AVERAGE         28                        29     -1       43

PRECIPITATION (IN)
  TODAY            T             1.35 2016   0.07  -0.07     1.35
  MONTH TO DATE    1.49                      1.20   0.29     2.37
  SINCE DEC 1      6.80                      6.25   0.55     6.71
  SINCE JAN 1      4.74                      3.57   1.17     4.16

SNOWFALL (IN)
  TODAY           MM             7.2  1958   0.3   MM        0.0
  MONTH TO DATE    8.2                       5.3    2.9      6.6
  SINCE DEC 1     19.0                      26.9   -7.9     11.9
  SINCE JUL 1     24.7                      29.9   -5.2     11.9

DEGREE DAYS
 HEATING
  TODAY           37                        36      1       22
  MONTH TO DATE  527                       599    -72      575
  SINCE DEC 1   2508                      2877   -369     2338
  SINCE JUL 1   3526                      4190   -664     3246

 COOLING
  TODAY            0                         0      0        0
  MONTH TO DATE    0                         0      0        0
  SINCE DEC 1      0                         0      0        0
  SINCE JAN 1      0                         0      0        0
..................................................................


WIND (MPH)
  HIGHEST WIND SPEED    22   HIGHEST WIND DIRECTION    NW (310)
  HIGHEST GUST SPEED    30   HIGHEST GUST DIRECTION    NW (320)
  AVERAGE WIND SPEED    13.8


SKY COVER
  AVERAGE SKY COVER 1.0


WEATHER CONDITIONS
 THE FOLLOWING WEATHER WAS RECORDED TODAY.
  LIGHT SNOW
  HAZE


RELATIVE HUMIDITY (PERCENT)
 HIGHEST    68           600 AM
 LOWEST     49          1200 PM
 AVERAGE    59

..........................................................


THE AVOCA PA CLIMATE NORMALS FOR TOMORROW
                         NORMAL    RECORD    YEAR
 MAXIMUM TEMPERATURE (F)   37        59      1976
 MINIMUM TEMPERATURE (F)   21        -9      1979


SUNRISE AND SUNSET
FEBRUARY 16 2017......SUNRISE   656 AM EST   SUNSET   538 PM EST
FEBRUARY 17 2017......SUNRISE   655 AM EST   SUNSET   540 PM EST


-  INDICATES NEGATIVE NUMBERS.
R  INDICATES RECORD WAS SET OR TIED.
MM INDICATES DATA IS MISSING.
T  INDICATES TRACE AMOUNT.




$$
