000
CDUS41 KBGM 162120
CLIAVP


CLIMATE REPORT
NATIONAL WEATHER SERVICE BINGHAMTON NY
520 PM EDT SAT APR 16 2016


...................................

...THE AVOCA PA CLIMATE SUMMARY FOR APRIL 16 2016...
VALID TODAY AS OF 0500 PM LOCAL TIME.

CLIMATE NORMAL PERIOD 1981 TO 2010
CLIMATE RECORD PERIOD 1901 TO 2016


WEATHER ITEM   OBSERVED TIME   RECORD YEAR NORMAL DEPARTURE LAST
                VALUE   (LST)  VALUE       VALUE  FROM      YEAR
                                                  NORMAL
..................................................................
TEMPERATURE (F)
 TODAY
  MAXIMUM         72    354 PM  88    2012  59     13       69
                                      2002
  MINIMUM         42    310 AM  20    1943  39      3       37
  AVERAGE         57                        49      8       53

PRECIPITATION (IN)
  TODAY            0.00          1.48 1993   0.11  -0.11      T
  MONTH TO DATE    2.13                      1.77   0.36     1.23
  SINCE MAR 1      3.91                      4.32  -0.41     3.19
  SINCE JAN 1      9.71                      8.72   0.99     6.19

SNOWFALL (IN)
  TODAY            0.0          10.0  2007   0.1   -0.1      0.0
  MONTH TO DATE    2.2                       2.0    0.2       T
  SINCE MAR 1      3.5                      11.0   -7.5      9.0
  SINCE JUL 1     15.5                      44.9  -29.4     51.4

DEGREE DAYS
 HEATING
  TODAY            8                        16     -8       12
  MONTH TO DATE  359                       307     52      263
  SINCE MAR 1    990                      1178   -188     1258
  SINCE JUL 1   4560                      5784  -1224     5955

 COOLING
  TODAY            0                         0      0        0
  MONTH TO DATE    0                         0      0        0
  SINCE MAR 1      0                         0      0        0
  SINCE JAN 1      0                         0      0        0
..................................................................


WIND (MPH)
  HIGHEST WIND SPEED    12   HIGHEST WIND DIRECTION     N (20)
  HIGHEST GUST SPEED    16   HIGHEST GUST DIRECTION    NE (40)
  AVERAGE WIND SPEED     7.5


SKY COVER
  AVERAGE SKY COVER 0.0


WEATHER CONDITIONS
 THE FOLLOWING WEATHER WAS RECORDED TODAY.
  NO SIGNIFICANT WEATHER WAS OBSERVED.


RELATIVE HUMIDITY (PERCENT)
 HIGHEST    45           200 AM
 LOWEST     17           400 PM
 AVERAGE    31

..........................................................


THE AVOCA PA CLIMATE NORMALS FOR TOMORROW
                         NORMAL    RECORD    YEAR
 MAXIMUM TEMPERATURE (F)   60        90      2002
 MINIMUM TEMPERATURE (F)   39        23      1908


SUNRISE AND SUNSET
APRIL 16 2016.........SUNRISE   621 AM EDT   SUNSET   745 PM EDT
APRIL 17 2016.........SUNRISE   620 AM EDT   SUNSET   746 PM EDT


-  INDICATES NEGATIVE NUMBERS.
R  INDICATES RECORD WAS SET OR TIED.
MM INDICATES DATA IS MISSING.
T  INDICATES TRACE AMOUNT.




$$
