000
CDUS41 KBGM 242234
CLIAVP


CLIMATE REPORT
NATIONAL WEATHER SERVICE BINGHAMTON NY
533 PM EST THU NOV 24 2016


...................................

...THE AVOCA PA CLIMATE SUMMARY FOR NOVEMBER 24 2016...
VALID TODAY AS OF 0500 PM LOCAL TIME.

CLIMATE NORMAL PERIOD 1981 TO 2010
CLIMATE RECORD PERIOD 1901 TO 2016


WEATHER ITEM   OBSERVED TIME   RECORD YEAR NORMAL DEPARTURE LAST
                VALUE   (LST)  VALUE       VALUE  FROM      YEAR
                                                  NORMAL
..................................................................
TEMPERATURE (F)
 TODAY
  MAXIMUM         41    308 PM  70    2014  46     -5       43
  MINIMUM         36    449 AM   9    2000  31      5       21
  AVERAGE         39                        38      1       32

PRECIPITATION (IN)
  TODAY            0.13          1.90 1912   0.10   0.03     0.00
  MONTH TO DATE    1.00                      2.50  -1.50     1.31
  SINCE SEP 1      6.60                      9.91  -3.31     7.45
  SINCE JAN 1     28.16                     34.94  -6.78    28.60

SNOWFALL (IN)
  TODAY           MM             2.0  1971   0.2   MM        0.0
  MONTH TO DATE    3.2                       2.2    1.0       T
  SINCE SEP 1      3.2                       2.3    0.9       T
  SINCE JUL 1      3.2                       2.3    0.9       T

DEGREE DAYS
 HEATING
  TODAY           26                        27     -1       33
  MONTH TO DATE  491                       542    -51      369
  SINCE SEP 1    890                      1119   -229      776
  SINCE JUL 1    891                      1145   -254      776

 COOLING
  TODAY            0                         0      0        0
  MONTH TO DATE    0                         0      0        2
  SINCE SEP 1    132                        56     76      153
  SINCE JAN 1    998                       580    418      929
..................................................................


WIND (MPH)
  HIGHEST WIND SPEED     8   HIGHEST WIND DIRECTION    NE (40)
  HIGHEST GUST SPEED    12   HIGHEST GUST DIRECTION     E (110)
  AVERAGE WIND SPEED     2.4


SKY COVER
  AVERAGE SKY COVER 0.9


WEATHER CONDITIONS
 THE FOLLOWING WEATHER WAS RECORDED TODAY.
  LIGHT RAIN
  FOG


RELATIVE HUMIDITY (PERCENT)
 HIGHEST    92           400 PM
 LOWEST     54           300 AM
 AVERAGE    73

..........................................................


THE AVOCA PA CLIMATE NORMALS FOR TOMORROW
                         NORMAL    RECORD    YEAR
 MAXIMUM TEMPERATURE (F)   45        70      1979
 MINIMUM TEMPERATURE (F)   31         7      1938


SUNRISE AND SUNSET
NOVEMBER 24 2016......SUNRISE   702 AM EST   SUNSET   437 PM EST
NOVEMBER 25 2016......SUNRISE   703 AM EST   SUNSET   436 PM EST


-  INDICATES NEGATIVE NUMBERS.
R  INDICATES RECORD WAS SET OR TIED.
MM INDICATES DATA IS MISSING.
T  INDICATES TRACE AMOUNT.




$$
