000
CDUS41 KBGM 120543
CLIAVP


CLIMATE REPORT
NATIONAL WEATHER SERVICE BINGHAMTON NY
142 AM EDT MON JUN 12 2017


...................................

...THE AVOCA PA CLIMATE SUMMARY FOR JUNE 11 2017...

CLIMATE NORMAL PERIOD 1981 TO 2010
CLIMATE RECORD PERIOD 1901 TO 2017


WEATHER ITEM   OBSERVED TIME   RECORD YEAR NORMAL DEPARTURE LAST
                VALUE   (LST)  VALUE       VALUE  FROM      YEAR
                                                  NORMAL
..................................................................
TEMPERATURE (F)
 YESTERDAY
  MAXIMUM         89    448 PM  95    1947  77     12       89
  MINIMUM         61    505 AM  34    1972  55      6       49
  AVERAGE         75                        66      9       69

PRECIPITATION (IN)
  YESTERDAY        0.00          1.52 1936   0.14  -0.14     0.00
  MONTH TO DATE    1.40                      1.53  -0.13     1.18
  SINCE JUN 1      1.40                      1.53  -0.13     1.18
  SINCE JAN 1     19.73                     15.33   4.40    14.00

SNOWFALL (IN)
  YESTERDAY        0.0           0.0  1995   0.0    0.0      0.0
  MONTH TO DATE    0.0                       0.0    0.0      0.0
  SINCE JUN 1      0.0                       0.0    0.0      0.0
  SINCE JUL 1     55.5                      46.2    9.3     15.5

DEGREE DAYS
 HEATING
  YESTERDAY        0                         2     -2        0
  MONTH TO DATE   41                        33      8       19
  SINCE JUN 1     41                        33      8       19
  SINCE JUL 1   5232                      6234  -1002     4961

 COOLING
  YESTERDAY       10                         3      7        4
  MONTH TO DATE   16                        29    -13       47
  SINCE JUN 1     16                        29    -13       47
  SINCE JAN 1     68                        66      2      119
..................................................................


WIND (MPH)
  HIGHEST WIND SPEED    17   HIGHEST WIND DIRECTION     W (250)
  HIGHEST GUST SPEED    24   HIGHEST GUST DIRECTION     W (250)
  AVERAGE WIND SPEED     7.2


SKY COVER
  AVERAGE SKY COVER 0.0



RELATIVE HUMIDITY (PERCENT)
 HIGHEST   100           500 AM
 LOWEST     36           600 PM
 AVERAGE    68

..........................................................


THE AVOCA PA CLIMATE NORMALS FOR TODAY
                         NORMAL    RECORD    YEAR
 MAXIMUM TEMPERATURE (F)   77        91      1949
 MINIMUM TEMPERATURE (F)   56        40      1980


SUNRISE AND SUNSET
JUNE 12 2017..........SUNRISE   529 AM EDT   SUNSET   837 PM EDT
JUNE 13 2017..........SUNRISE   529 AM EDT   SUNSET   837 PM EDT


-  INDICATES NEGATIVE NUMBERS.
R  INDICATES RECORD WAS SET OR TIED.
MM INDICATES DATA IS MISSING.
T  INDICATES TRACE AMOUNT.




$$
