000
CDUS41 KBGM 192216
CLIAVP


CLIMATE REPORT
NATIONAL WEATHER SERVICE BINGHAMTON NY
516 PM EST MON JAN 19 2015


...................................

...THE AVOCA PA CLIMATE SUMMARY FOR JANUARY 19 2015...
VALID TODAY AS OF 0500 PM LOCAL TIME.

CLIMATE NORMAL PERIOD 1981 TO 2010
CLIMATE RECORD PERIOD 1901 TO 2015


WEATHER ITEM   OBSERVED TIME   RECORD YEAR NORMAL DEPARTURE LAST
                VALUE   (LST)  VALUE       VALUE  FROM      YEAR
                                                  NORMAL
..................................................................
TEMPERATURE (F)
 TODAY
  MAXIMUM         37    118 PM  62    1996  33      4       31
                                      1929
  MINIMUM         32    457 AM -15    1904  18     14       15
  AVERAGE         35                        26      9       23

PRECIPITATION (IN)
  TODAY            T             2.06 1996   0.08  -0.08      T
  MONTH TO DATE    0.93                      1.41  -0.48     1.97
  SINCE DEC 1      3.71                      4.09  -0.38     5.31
  SINCE JAN 1      0.93                      1.41  -0.48     1.97

SNOWFALL (IN)
  TODAY           MM             4.8  1987   0.4   MM        0.2
                                      1961
  MONTH TO DATE    3.5                       8.9   -5.4     10.9
  SINCE DEC 1      7.9                      16.3   -8.4     21.7
  SINCE JUL 1     16.8                      19.3   -2.5     24.4

DEGREE DAYS
 HEATING
  TODAY           30                        39     -9       42
  MONTH TO DATE  772                       740     32      743
  SINCE DEC 1   1674                      1805   -131     1781
  SINCE JUL 1   2864                      3118   -254     3057

 COOLING
  TODAY            0                         0      0        0
  MONTH TO DATE    0                         0      0        0
  SINCE DEC 1      0                         0      0        0
  SINCE JAN 1      0                         0      0        0
..................................................................


WIND (MPH)
  HIGHEST WIND SPEED    20   HIGHEST WIND DIRECTION    NW (300)
  HIGHEST GUST SPEED    24   HIGHEST GUST DIRECTION     W (290)
  AVERAGE WIND SPEED     7.9


SKY COVER
  AVERAGE SKY COVER 1.0


WEATHER CONDITIONS
 THE FOLLOWING WEATHER WAS RECORDED TODAY.
  LIGHT SNOW
  FOG
  HAZE


RELATIVE HUMIDITY (PERCENT)
 HIGHEST    89           100 AM
 LOWEST     52          1200 PM
 AVERAGE    71

..........................................................


THE AVOCA PA CLIMATE NORMALS FOR TOMORROW
                         NORMAL    RECORD    YEAR
 MAXIMUM TEMPERATURE (F)   33        63      1951
 MINIMUM TEMPERATURE (F)   18       -11      1994


SUNRISE AND SUNSET
JANUARY 19 2015.......SUNRISE   725 AM EST   SUNSET   503 PM EST
JANUARY 20 2015.......SUNRISE   724 AM EST   SUNSET   504 PM EST


-  INDICATES NEGATIVE NUMBERS.
R  INDICATES RECORD WAS SET OR TIED.
MM INDICATES DATA IS MISSING.
T  INDICATES TRACE AMOUNT.




$$
