000
CDUS41 KBGM 100318
CLIAVP


CLIMATE REPORT
NATIONAL WEATHER SERVICE BINGHAMTON NY
1018 PM EST TUE JAN 9 2018


...................................

...THE AVOCA PA CLIMATE SUMMARY FOR JANUARY 9 2018...
VALID AS OF 1000 PM LOCAL TIME.

CLIMATE NORMAL PERIOD 1981 TO 2010
CLIMATE RECORD PERIOD 1901 TO 2018


WEATHER ITEM   OBSERVED TIME   RECORD YEAR NORMAL DEPARTURE LAST
                VALUE   (LST)  VALUE       VALUE  FROM      YEAR
                                                  NORMAL
..................................................................
TEMPERATURE (F)
 TODAY
  MAXIMUM         38    324 PM  62    1998  33      5       22
  MINIMUM         26    959 PM  -7    1968  19      7        8
  AVERAGE         32                        26      6       15

PRECIPITATION (IN)
  TODAY            0.00          1.11 1978   0.07  -0.07     0.00
  MONTH TO DATE    0.14                      0.64  -0.50     0.46
  SINCE DEC 1      1.82                      3.32  -1.50     2.52
  SINCE JAN 1      0.14                      0.64  -0.50     0.46

SNOWFALL (IN)
  TODAY            0.0           4.0  1974   0.5   -0.5      0.0
  MONTH TO DATE    2.2                       4.0   -1.8      0.2
  SINCE DEC 1      9.3                      11.4   -2.1      7.1
  SINCE JUL 1      9.4                      14.4   -5.0     12.8

DEGREE DAYS
 HEATING
  TODAY           33                        39     -6       50
  MONTH TO DATE  460                       350    110      342
  SINCE DEC 1   1571                      1415    156     1336
  SINCE JUL 1   2611                      2728   -117     2354

 COOLING
  TODAY            0                         0      0        0
  MONTH TO DATE    0                         0      0        0
  SINCE DEC 1      0                         0      0        0
  SINCE JAN 1      0                         0      0        0
..................................................................


WIND (MPH)
  HIGHEST WIND SPEED    16   HIGHEST WIND DIRECTION     N (360)
  HIGHEST GUST SPEED    21   HIGHEST GUST DIRECTION     N (350)
  AVERAGE WIND SPEED     8.9


SKY COVER
  AVERAGE SKY COVER 0.6


WEATHER CONDITIONS
 THE FOLLOWING WEATHER WAS RECORDED TODAY.
  FOG
  HAZE


RELATIVE HUMIDITY (PERCENT)
 HIGHEST    85           300 AM
 LOWEST     52           100 PM
 AVERAGE    69

..........................................................


THE AVOCA PA CLIMATE NORMALS FOR TOMORROW
                         NORMAL    RECORD    YEAR
 MAXIMUM TEMPERATURE (F)   33        59      2016
 MINIMUM TEMPERATURE (F)   18        -7      2004


SUNRISE AND SUNSET
JANUARY  9 2018.......SUNRISE   728 AM EST   SUNSET   452 PM EST
JANUARY 10 2018.......SUNRISE   728 AM EST   SUNSET   453 PM EST


-  INDICATES NEGATIVE NUMBERS.
R  INDICATES RECORD WAS SET OR TIED.
MM INDICATES DATA IS MISSING.
T  INDICATES TRACE AMOUNT.




$$
