000
CDUS41 KBGM 280542
CLIAVP


CLIMATE REPORT
NATIONAL WEATHER SERVICE BINGHAMTON NY
141 AM EDT TUE MAR 28 2017


...................................

...THE AVOCA PA CLIMATE SUMMARY FOR MARCH 27 2017...

CLIMATE NORMAL PERIOD 1981 TO 2010
CLIMATE RECORD PERIOD 1901 TO 2017


WEATHER ITEM   OBSERVED TIME   RECORD YEAR NORMAL DEPARTURE LAST
                VALUE   (LST)  VALUE       VALUE  FROM      YEAR
                                                  NORMAL
..................................................................
TEMPERATURE (F)
 YESTERDAY
  MAXIMUM         58    546 PM  80    1921  51      7       55
  MINIMUM         39    654 AM  11    2014  31      8       35
  AVERAGE         49                        41      8       45

PRECIPITATION (IN)
  YESTERDAY        0.16          1.39 1913   0.09   0.07     0.00
  MONTH TO DATE    4.07                      2.17   1.90     1.37
  SINCE MAR 1      4.07                      2.17   1.90     1.37
  SINCE JAN 1     10.30                      6.57   3.73     7.17

SNOWFALL (IN)
  YESTERDAY        0.0           1.7  1959   0.2   -0.2      0.0
  MONTH TO DATE   30.6                       8.4   22.2      1.3
  SINCE MAR 1     30.6                       8.4   22.2      1.3
  SINCE JUL 1     55.4                      42.3   13.1     13.3

DEGREE DAYS
 HEATING
  YESTERDAY       16                        24     -8       20
  MONTH TO DATE  847                       779     68      559
  SINCE MAR 1    847                       779     68      559
  SINCE JUL 1   4602                      5385   -783     4129

 COOLING
  YESTERDAY        0                         0      0        0
  MONTH TO DATE    0                         0      0        0
  SINCE MAR 1      0                         0      0        0
  SINCE JAN 1      0                         0      0        0
..................................................................


WIND (MPH)
  HIGHEST WIND SPEED    14   HIGHEST WIND DIRECTION     W (250)
  HIGHEST GUST SPEED    17   HIGHEST GUST DIRECTION    SW (230)
  AVERAGE WIND SPEED     4.8


SKY COVER
  AVERAGE SKY COVER 0.8



RELATIVE HUMIDITY (PERCENT)
 HIGHEST    92           200 AM
 LOWEST     72           400 PM
 AVERAGE    82

..........................................................


THE AVOCA PA CLIMATE NORMALS FOR TODAY
                         NORMAL    RECORD    YEAR
 MAXIMUM TEMPERATURE (F)   51        83      1945
 MINIMUM TEMPERATURE (F)   32         9      1923


SUNRISE AND SUNSET
MARCH 28 2017.........SUNRISE   652 AM EDT   SUNSET   724 PM EDT
MARCH 29 2017.........SUNRISE   651 AM EDT   SUNSET   725 PM EDT


-  INDICATES NEGATIVE NUMBERS.
R  INDICATES RECORD WAS SET OR TIED.
MM INDICATES DATA IS MISSING.
T  INDICATES TRACE AMOUNT.




$$
