000
CDUS41 KBGM 190513
CLIAVP


CLIMATE REPORT
NATIONAL WEATHER SERVICE BINGHAMTON NY
112 AM EDT SAT APR 19 2014


...................................

...THE AVOCA PA CLIMATE SUMMARY FOR APRIL 18 2014...

CLIMATE NORMAL PERIOD 1981 TO 2010
CLIMATE RECORD PERIOD 1901 TO 2014


WEATHER ITEM   OBSERVED TIME   RECORD YEAR NORMAL DEPARTURE LAST
                VALUE   (LST)  VALUE       VALUE  FROM      YEAR
                                                  NORMAL
..................................................................
TEMPERATURE (F)
 YESTERDAY
  MAXIMUM         54        MM  92    1976  60     -6       59
  MINIMUM         29        MM  28    2001  39    -10       47
                                      1948
  AVERAGE         42                        50     -8       53

PRECIPITATION (IN)
  YESTERDAY        0.00          0.80 1924   0.11  -0.11     0.00
  MONTH TO DATE    1.88                      1.99  -0.11     1.08
  SINCE MAR 1      3.95                      4.54  -0.59     2.70
  SINCE JAN 1      8.83                      8.94  -0.11     6.03

SNOWFALL (IN)
  YESTERDAY        0.0           5.5  1983   0.1   -0.1      0.0
  MONTH TO DATE    0.7                       2.2   -1.5       T
  SINCE MAR 1      3.1                      11.2   -8.1      6.5
  SINCE JUL 1     58.9                      45.1   13.8     33.9

DEGREE DAYS
 HEATING
  YESTERDAY       23                        15      8       12
  MONTH TO DATE  314                       338    -24      298
  SINCE MAR 1   1357                      1209    148     1224
  SINCE JUL 1   6180                      5815    365     5448

 COOLING
  YESTERDAY        0                         0      0        0
  MONTH TO DATE    7                         0      7        4
  SINCE MAR 1      7                         0      7        4
  SINCE JAN 1      7                         0      7        4
..................................................................


WIND (MPH)
  HIGHEST WIND SPEED    12   HIGHEST WIND DIRECTION    SW (210)
  HIGHEST GUST SPEED    20   HIGHEST GUST DIRECTION    SW (220)
  AVERAGE WIND SPEED     6.8


SKY COVER
  AVERAGE SKY COVER 0.1



RELATIVE HUMIDITY (PERCENT)
 HIGHEST    85           500 AM
 LOWEST     38           100 PM
 AVERAGE    62

..........................................................


THE AVOCA PA CLIMATE NORMALS FOR TODAY
                         NORMAL    RECORD    YEAR
 MAXIMUM TEMPERATURE (F)   61        91      1976
 MINIMUM TEMPERATURE (F)   40        24      1904


SUNRISE AND SUNSET
APRIL 19 2014.........SUNRISE   617 AM EDT   SUNSET   747 PM EDT
APRIL 20 2014.........SUNRISE   616 AM EDT   SUNSET   749 PM EDT


-  INDICATES NEGATIVE NUMBERS.
R  INDICATES RECORD WAS SET OR TIED.
MM INDICATES DATA IS MISSING.
T  INDICATES TRACE AMOUNT.




$$
