000
CDUS41 KBGM 210318
CLIAVP


CLIMATE REPORT
NATIONAL WEATHER SERVICE BINGHAMTON NY
1018 PM EST TUE JAN 20 2015


...................................

...THE AVOCA PA CLIMATE SUMMARY FOR JANUARY 20 2015...
VALID AS OF 1000 PM LOCAL TIME.

CLIMATE NORMAL PERIOD 1981 TO 2010
CLIMATE RECORD PERIOD 1901 TO 2015


WEATHER ITEM   OBSERVED TIME   RECORD YEAR NORMAL DEPARTURE LAST
                VALUE   (LST)  VALUE       VALUE  FROM      YEAR
                                                  NORMAL
..................................................................
TEMPERATURE (F)
 TODAY
  MAXIMUM         33    335 PM  63    1951  33      0       36
  MINIMUM         25    959 PM -11    1994  18      7       19
  AVERAGE         29                        26      3       28

PRECIPITATION (IN)
  TODAY            0.00          0.77 1995   0.08  -0.08      T
  MONTH TO DATE    0.93                      1.49  -0.56     1.97
  SINCE DEC 1      3.71                      4.17  -0.46     5.31
  SINCE JAN 1      0.93                      1.49  -0.56     1.97

SNOWFALL (IN)
  TODAY            0.0           9.1  1978   0.5   -0.5      0.1
  MONTH TO DATE    3.5                       9.4   -5.9     11.0
  SINCE DEC 1      7.9                      16.8   -8.9     21.8
  SINCE JUL 1     16.8                      19.8   -3.0     24.5

DEGREE DAYS
 HEATING
  TODAY           36                        39     -3       37
  MONTH TO DATE  809                       779     30      780
  SINCE DEC 1   1711                      1844   -133     1818
  SINCE JUL 1   2901                      3157   -256     3094

 COOLING
  TODAY            0                         0      0        0
  MONTH TO DATE    0                         0      0        0
  SINCE DEC 1      0                         0      0        0
  SINCE JAN 1      0                         0      0        0
..................................................................


WIND (MPH)
  HIGHEST WIND SPEED    14   HIGHEST WIND DIRECTION    NW (330)
  HIGHEST GUST SPEED    18   HIGHEST GUST DIRECTION    NW (320)
  AVERAGE WIND SPEED     5.1


SKY COVER
  AVERAGE SKY COVER 0.8


WEATHER CONDITIONS
 THE FOLLOWING WEATHER WAS RECORDED TODAY.
  NO SIGNIFICANT WEATHER WAS OBSERVED.


RELATIVE HUMIDITY (PERCENT)
 HIGHEST    69          1200 AM
 LOWEST     56           200 PM
 AVERAGE    63

..........................................................


THE AVOCA PA CLIMATE NORMALS FOR TOMORROW
                         NORMAL    RECORD    YEAR
 MAXIMUM TEMPERATURE (F)   33        67      1906
 MINIMUM TEMPERATURE (F)   18       -21      1994


SUNRISE AND SUNSET
JANUARY 20 2015.......SUNRISE   724 AM EST   SUNSET   504 PM EST
JANUARY 21 2015.......SUNRISE   723 AM EST   SUNSET   505 PM EST


-  INDICATES NEGATIVE NUMBERS.
R  INDICATES RECORD WAS SET OR TIED.
MM INDICATES DATA IS MISSING.
T  INDICATES TRACE AMOUNT.




$$
