000
CDUS41 KBGM 140553
CLIAVP


CLIMATE REPORT
NATIONAL WEATHER SERVICE BINGHAMTON NY
152 AM EDT FRI APR 14 2017


...................................

...THE AVOCA PA CLIMATE SUMMARY FOR APRIL 13 2017...

CLIMATE NORMAL PERIOD 1981 TO 2010
CLIMATE RECORD PERIOD 1901 TO 2017


WEATHER ITEM   OBSERVED TIME   RECORD YEAR NORMAL DEPARTURE LAST
                VALUE   (LST)  VALUE       VALUE  FROM      YEAR
                                                  NORMAL
..................................................................
TEMPERATURE (F)
 YESTERDAY
  MAXIMUM         59    208 PM  85    1945  58      1       54
  MINIMUM         40   1159 PM  22    1990  37      3       31
                                      1940
  AVERAGE         50                        48      2       43

PRECIPITATION (IN)
  YESTERDAY        0.00          0.97 2004   0.12  -0.12     0.00
  MONTH TO DATE    1.55                      1.43   0.12     2.13
  SINCE MAR 1      7.00                      3.98   3.02     3.91
  SINCE JAN 1     13.23                      8.38   4.85     9.71

SNOWFALL (IN)
  YESTERDAY        0.0           4.0  1961   0.1   -0.1      0.0
  MONTH TO DATE    0.1                       1.7   -1.6      2.2
  SINCE MAR 1     30.7                      10.7   20.0      3.5
  SINCE JUL 1     55.5                      44.6   10.9     15.5

DEGREE DAYS
 HEATING
  YESTERDAY       15                        17     -2       22
  MONTH TO DATE  174                       257    -83      323
  SINCE MAR 1   1109                      1128    -19      954
  SINCE JUL 1   4864                      5734   -870     4524

 COOLING
  YESTERDAY        0                         0      0        0
  MONTH TO DATE    5                         0      5        0
  SINCE MAR 1      5                         0      5        0
  SINCE JAN 1      5                         0      5        0
..................................................................


WIND (MPH)
  HIGHEST WIND SPEED    18   HIGHEST WIND DIRECTION     N (360)
  HIGHEST GUST SPEED    25   HIGHEST GUST DIRECTION     N (10)
  AVERAGE WIND SPEED     8.5


SKY COVER
  AVERAGE SKY COVER 0.2



RELATIVE HUMIDITY (PERCENT)
 HIGHEST    70           300 AM
 LOWEST     33           200 PM
 AVERAGE    52

..........................................................


THE AVOCA PA CLIMATE NORMALS FOR TODAY
                         NORMAL    RECORD    YEAR
 MAXIMUM TEMPERATURE (F)   59        84      1968
 MINIMUM TEMPERATURE (F)   38        22      1950


SUNRISE AND SUNSET
APRIL 14 2017.........SUNRISE   625 AM EDT   SUNSET   742 PM EDT
APRIL 15 2017.........SUNRISE   623 AM EDT   SUNSET   743 PM EDT


-  INDICATES NEGATIVE NUMBERS.
R  INDICATES RECORD WAS SET OR TIED.
MM INDICATES DATA IS MISSING.
T  INDICATES TRACE AMOUNT.




$$
