000
CDUS41 KBGM 140539
CLIAVP


CLIMATE REPORT
NATIONAL WEATHER SERVICE BINGHAMTON NY
138 AM EDT TUE OCT 14 2014


...................................

...THE AVOCA PA CLIMATE SUMMARY FOR OCTOBER 13 2014...

CLIMATE NORMAL PERIOD 1981 TO 2010
CLIMATE RECORD PERIOD 1901 TO 2014


WEATHER ITEM   OBSERVED TIME   RECORD YEAR NORMAL DEPARTURE LAST
                VALUE   (LST)  VALUE       VALUE  FROM      YEAR
                                                  NORMAL
..................................................................
TEMPERATURE (F)
 YESTERDAY
  MAXIMUM         64   1150 PM  81    1995  62      2       71
                                      1954
  MINIMUM         54    708 AM  27    2012  42     12       52
  AVERAGE         59                        52      7       62

PRECIPITATION (IN)
  YESTERDAY        0.00          0.98 1990   0.11  -0.11     0.00
  MONTH TO DATE    0.38                      1.51  -1.13     0.98
  SINCE SEP 1      1.07                      5.58  -4.51     2.55
  SINCE JAN 1     22.63                     30.61  -7.98    20.90

SNOWFALL (IN)
  YESTERDAY        0.0           0.0    MM   0.0    0.0      0.0
  MONTH TO DATE    0.0                       0.0    0.0      0.0
  SINCE SEP 1      0.0                       0.0    0.0      0.0
  SINCE JUL 1      0.0                       0.0    0.0      0.0

DEGREE DAYS
 HEATING
  YESTERDAY        6                        13     -7        3
  MONTH TO DATE  110                       147    -37       45
  SINCE SEP 1    212                       283    -71      198
  SINCE JUL 1    223                       309    -86      207

 COOLING
  YESTERDAY        0                         0      0        0
  MONTH TO DATE    1                         0      1       24
  SINCE SEP 1     90                        52     38       93
  SINCE JAN 1    676                       576    100      795
..................................................................


WIND (MPH)
  HIGHEST WIND SPEED    12   HIGHEST WIND DIRECTION     S (180)
  HIGHEST GUST SPEED    18   HIGHEST GUST DIRECTION    SE (140)
  AVERAGE WIND SPEED     4.4


SKY COVER
  AVERAGE SKY COVER 1.0



RELATIVE HUMIDITY (PERCENT)
 HIGHEST    90          1000 PM
 LOWEST     51          1200 AM
 AVERAGE    71

..........................................................


THE AVOCA PA CLIMATE NORMALS FOR TODAY
                         NORMAL    RECORD    YEAR
 MAXIMUM TEMPERATURE (F)   61        84      1954
 MINIMUM TEMPERATURE (F)   41        29      1991
                                             1987


SUNRISE AND SUNSET
OCTOBER 14 2014.......SUNRISE   714 AM EDT   SUNSET   624 PM EDT
OCTOBER 15 2014.......SUNRISE   715 AM EDT   SUNSET   622 PM EDT


-  INDICATES NEGATIVE NUMBERS.
R  INDICATES RECORD WAS SET OR TIED.
MM INDICATES DATA IS MISSING.
T  INDICATES TRACE AMOUNT.

$$
