057
CDUS41 KBGM 170216
CLIAVP


CLIMATE REPORT
NATIONAL WEATHER SERVICE BINGHAMTON NY
1015 PM EDT SAT JUL 16 2016


...................................

...THE AVOCA PA CLIMATE SUMMARY FOR JULY 16 2016...
VALID AS OF 1000 PM LOCAL TIME.

CLIMATE NORMAL PERIOD 1981 TO 2010
CLIMATE RECORD PERIOD 1901 TO 2016


WEATHER ITEM   OBSERVED TIME   RECORD YEAR NORMAL DEPARTURE LAST
                VALUE   (LST)  VALUE       VALUE  FROM      YEAR
                                                  NORMAL
..................................................................
TEMPERATURE (F)
 TODAY
  MAXIMUM         88    355 PM 101    1988  82      6       79
  MINIMUM         65    505 AM  48    1930  61      4       51
  AVERAGE         77                        72      5       65

PRECIPITATION (IN)
  TODAY            T             1.45 1979   0.12  -0.12     0.00
  MONTH TO DATE    0.80                      1.88  -1.08     1.93
  SINCE JUN 1      2.39                      5.91  -3.52     8.45
  SINCE JAN 1     15.21                     19.71  -4.50    18.01

SNOWFALL (IN)
  TODAY            0.0           0.0  1995   0.0    0.0      0.0
  MONTH TO DATE    0.0                       0.0    0.0      0.0
  SINCE JUN 1      0.0                       0.0    0.0      0.0
  SINCE JUL 1      0.0                       0.0    0.0      0.0

DEGREE DAYS
 HEATING
  TODAY            0                         0      0        0
  MONTH TO DATE    0                         0      0        0
  SINCE JUN 1     24                        54    -30       24
  SINCE JUL 1      0                         0      0        0

 COOLING
  TODAY           12                         7      5        0
  MONTH TO DATE  162                       107     55      105
  SINCE JUN 1    305                       224     81      260
  SINCE JAN 1    377                       261    116      408
..................................................................


WIND (MPH)
  HIGHEST WIND SPEED    15   HIGHEST WIND DIRECTION    SW (230)
  HIGHEST GUST SPEED    20   HIGHEST GUST DIRECTION    SW (230)
  AVERAGE WIND SPEED     5.2


SKY COVER
  AVERAGE SKY COVER 0.2


WEATHER CONDITIONS
 THE FOLLOWING WEATHER WAS RECORDED TODAY.
  LIGHT RAIN


RELATIVE HUMIDITY (PERCENT)
 HIGHEST    78           500 AM
 LOWEST     39           500 PM
 AVERAGE    59

..........................................................


THE AVOCA PA CLIMATE NORMALS FOR TOMORROW
                         NORMAL    RECORD    YEAR
 MAXIMUM TEMPERATURE (F)   82        97      2012
 MINIMUM TEMPERATURE (F)   61        47      1974


SUNRISE AND SUNSET
JULY 16 2016..........SUNRISE   544 AM EDT   SUNSET   834 PM EDT
JULY 17 2016..........SUNRISE   545 AM EDT   SUNSET   833 PM EDT


-  INDICATES NEGATIVE NUMBERS.
R  INDICATES RECORD WAS SET OR TIED.
MM INDICATES DATA IS MISSING.
T  INDICATES TRACE AMOUNT.

$$
