000
CDUS41 KBGM 250601
CLIAVP


CLIMATE REPORT
NATIONAL WEATHER SERVICE BINGHAMTON NY
200 AM EDT TUE AUG 25 2015


...................................

...THE AVOCA PA CLIMATE SUMMARY FOR AUGUST 24 2015...

CLIMATE NORMAL PERIOD 1981 TO 2010
CLIMATE RECORD PERIOD 1901 TO 2015


WEATHER ITEM   OBSERVED TIME   RECORD YEAR NORMAL DEPARTURE LAST
                VALUE   (LST)  VALUE       VALUE  FROM      YEAR
                                                  NORMAL
..................................................................
TEMPERATURE (F)
 YESTERDAY
  MAXIMUM         85    234 PM  92    1947  79      6       81
  MINIMUM         59    428 AM  44    1971  59      0       61
  AVERAGE         72                        69      3       71

PRECIPITATION (IN)
  YESTERDAY        0.10          2.97 1945   0.11  -0.01     0.00
  MONTH TO DATE    2.36                      2.69  -0.33     3.47
  SINCE JUN 1     11.21                     10.51   0.70     8.12
  SINCE JAN 1     20.77                     24.31  -3.54    20.83

SNOWFALL (IN)
  YESTERDAY        0.0           0.0  1995   0.0    0.0      0.0
  MONTH TO DATE    0.0                       0.0    0.0      0.0
  SINCE JUN 1      0.0                       0.0    0.0      0.0
  SINCE JUL 1      0.0                       0.0    0.0      0.0

DEGREE DAYS
 HEATING
  YESTERDAY        0                         1     -1        0
  MONTH TO DATE    0                         7     -7        7
  SINCE JUN 1     24                        69    -45       20
  SINCE JUL 1      0                        15    -15        9

 COOLING
  YESTERDAY        7                         5      2        6
  MONTH TO DATE  189                       135     54      121
  SINCE JUN 1    597                       458    139      515
  SINCE JAN 1    745                       495    250      556
..................................................................


WIND (MPH)
  HIGHEST WIND SPEED    21   HIGHEST WIND DIRECTION    NW (300)
  HIGHEST GUST SPEED    25   HIGHEST GUST DIRECTION     W (280)
  AVERAGE WIND SPEED     5.1


SKY COVER
  AVERAGE SKY COVER 0.2



RELATIVE HUMIDITY (PERCENT)
 HIGHEST    84           100 AM
 LOWEST     51          1100 AM
 AVERAGE    68

..........................................................


THE AVOCA PA CLIMATE NORMALS FOR TODAY
                         NORMAL    RECORD    YEAR
 MAXIMUM TEMPERATURE (F)   79        95      1948
                                             1909
 MINIMUM TEMPERATURE (F)   59        38      1940


SUNRISE AND SUNSET
AUGUST 25 2015........SUNRISE   622 AM EDT   SUNSET   747 PM EDT
AUGUST 26 2015........SUNRISE   623 AM EDT   SUNSET   746 PM EDT


-  INDICATES NEGATIVE NUMBERS.
R  INDICATES RECORD WAS SET OR TIED.
MM INDICATES DATA IS MISSING.
T  INDICATES TRACE AMOUNT.

$$
