000
CDUS41 KBGM 260218
CLIAVP


CLIMATE REPORT
NATIONAL WEATHER SERVICE BINGHAMTON NY
1017 PM EDT THU JUN 25 2015


...................................

...THE AVOCA PA CLIMATE SUMMARY FOR JUNE 25 2015...
VALID AS OF 1000 PM LOCAL TIME.

CLIMATE NORMAL PERIOD 1981 TO 2010
CLIMATE RECORD PERIOD 1901 TO 2015


WEATHER ITEM   OBSERVED TIME   RECORD YEAR NORMAL DEPARTURE LAST
                VALUE   (LST)  VALUE       VALUE  FROM      YEAR
                                                  NORMAL
..................................................................
TEMPERATURE (F)
 TODAY
  MAXIMUM         80    143 PM  95    1952  80      0       87
                                      1943
  MINIMUM         54    454 AM  41    1979  59     -5       69
  AVERAGE         67                        70     -3       78

PRECIPITATION (IN)
  TODAY            T             2.16 2006   0.13  -0.13     0.41
  MONTH TO DATE    4.52                      3.40   1.12     1.98
  SINCE JUN 1      4.52                      3.40   1.12     1.98
  SINCE JAN 1     14.08                     17.20  -3.12    14.69

SNOWFALL (IN)
  TODAY            0.0           0.0  1995   0.0    0.0      0.0
  MONTH TO DATE    0.0                       0.0    0.0      0.0
  SINCE JUN 1      0.0                       0.0    0.0      0.0
  SINCE JUL 1     51.4                      46.2    5.2     58.9

DEGREE DAYS
 HEATING
  TODAY            0                         1     -1        0
  MONTH TO DATE   21                        52    -31       11
  SINCE JUN 1     21                        52    -31       11
  SINCE JUL 1   6265                      6253     12     6522

 COOLING
  TODAY            2                         5     -3       13
  MONTH TO DATE  140                        89     51      110
  SINCE JUN 1    140                        89     51      110
  SINCE JAN 1    288                       126    162      151
..................................................................


WIND (MPH)
  HIGHEST WIND SPEED    13   HIGHEST WIND DIRECTION    SW (230)
  HIGHEST GUST SPEED    20   HIGHEST GUST DIRECTION    SW (230)
  AVERAGE WIND SPEED     5.5


SKY COVER
  AVERAGE SKY COVER 0.2


WEATHER CONDITIONS
 THE FOLLOWING WEATHER WAS RECORDED TODAY.
  NO SIGNIFICANT WEATHER WAS OBSERVED.


RELATIVE HUMIDITY (PERCENT)
 HIGHEST    89           500 AM
 LOWEST     33           100 PM
 AVERAGE    61

..........................................................


THE AVOCA PA CLIMATE NORMALS FOR TOMORROW
                         NORMAL    RECORD    YEAR
 MAXIMUM TEMPERATURE (F)   80        98      1952
 MINIMUM TEMPERATURE (F)   59        43      1979


SUNRISE AND SUNSET
JUNE 25 2015..........SUNRISE   531 AM EDT   SUNSET   840 PM EDT
JUNE 26 2015..........SUNRISE   531 AM EDT   SUNSET   840 PM EDT


-  INDICATES NEGATIVE NUMBERS.
R  INDICATES RECORD WAS SET OR TIED.
MM INDICATES DATA IS MISSING.
T  INDICATES TRACE AMOUNT.




$$
