000
CDUS41 KBGM 122217
CLIAVP


CLIMATE REPORT
NATIONAL WEATHER SERVICE BINGHAMTON NY
617 PM EDT SUN MAR 12 2017


...................................

...THE AVOCA PA CLIMATE SUMMARY FOR MARCH 12 2017...
VALID TODAY AS OF 0500 PM LOCAL TIME.

CLIMATE NORMAL PERIOD 1981 TO 2010
CLIMATE RECORD PERIOD 1901 TO 2017


WEATHER ITEM   OBSERVED TIME   RECORD YEAR NORMAL DEPARTURE LAST
                VALUE   (LST)  VALUE       VALUE  FROM      YEAR
                                                  NORMAL
..................................................................
TEMPERATURE (F)
 TODAY
  MAXIMUM         26    358 PM  72    1990  45    -19       63
  MINIMUM         13    629 AM   1    1960  26    -13       28
  AVERAGE         20                        35    -15       46

PRECIPITATION (IN)
  TODAY            T             0.96 1912   0.08  -0.08     0.00
  MONTH TO DATE    1.09                      0.88   0.21     0.57
  SINCE MAR 1      1.09                      0.88   0.21     0.57
  SINCE JAN 1      7.32                      5.28   2.04     6.37

SNOWFALL (IN)
  TODAY           MM             5.6  1959   0.3   MM        0.0
  MONTH TO DATE    6.5                       4.3    2.2      1.3
  SINCE MAR 1      6.5                       4.3    2.2      1.3
  SINCE JUL 1     31.3                      38.2   -6.9     13.3

DEGREE DAYS
 HEATING
  TODAY           45                        30     15       19
  MONTH TO DATE  374                       377     -3      273
  SINCE MAR 1    374                       377     -3      273
  SINCE JUL 1   4129                      4983   -854     3843

 COOLING
  TODAY            0                         0      0        0
  MONTH TO DATE    0                         0      0        0
  SINCE MAR 1      0                         0      0        0
  SINCE JAN 1      0                         0      0        0
..................................................................


WIND (MPH)
  HIGHEST WIND SPEED    20   HIGHEST WIND DIRECTION    NW (320)
  HIGHEST GUST SPEED    27   HIGHEST GUST DIRECTION    NW (320)
  AVERAGE WIND SPEED    10.4


SKY COVER
  AVERAGE SKY COVER 0.5


WEATHER CONDITIONS
 THE FOLLOWING WEATHER WAS RECORDED TODAY.
  LIGHT SNOW
  HAZE


RELATIVE HUMIDITY (PERCENT)
 HIGHEST    73           500 AM
 LOWEST     40           300 PM
 AVERAGE    57

..........................................................


THE AVOCA PA CLIMATE NORMALS FOR TOMORROW
                         NORMAL    RECORD    YEAR
 MAXIMUM TEMPERATURE (F)   45        80      1990
 MINIMUM TEMPERATURE (F)   27         8      1948


SUNRISE AND SUNSET
MARCH 12 2017.........SUNRISE   719 AM EDT   SUNSET   707 PM EDT
MARCH 13 2017.........SUNRISE   718 AM EDT   SUNSET   708 PM EDT


-  INDICATES NEGATIVE NUMBERS.
R  INDICATES RECORD WAS SET OR TIED.
MM INDICATES DATA IS MISSING.
T  INDICATES TRACE AMOUNT.




$$
