000
CDUS41 KBGM 230839
CLIAVP


CLIMATE REPORT
NATIONAL WEATHER SERVICE BINGHAMTON NY
438 AM EDT THU JUL 23 2015


...................................

...THE AVOCA PA CLIMATE SUMMARY FOR JULY 22 2015...

CLIMATE NORMAL PERIOD 1981 TO 2010
CLIMATE RECORD PERIOD 1901 TO 2015


WEATHER ITEM   OBSERVED TIME   RECORD YEAR NORMAL DEPARTURE LAST
                VALUE   (LST)  VALUE       VALUE  FROM      YEAR
                                                  NORMAL
..................................................................
TEMPERATURE (F)
 YESTERDAY
  MAXIMUM         80    312 PM  98    2011  82     -2       88
                                      1955
                                      1926
  MINIMUM         57   1136 PM  50    1950  61     -4       65
  AVERAGE         69                        72     -3       77

PRECIPITATION (IN)
  YESTERDAY        0.00          1.58 1994   0.13  -0.13     0.00
  MONTH TO DATE    2.17                      2.62  -0.45     2.25
  SINCE JUN 1      8.69                      6.65   2.04     4.41
  SINCE JAN 1     18.25                     20.45  -2.20    17.12

SNOWFALL (IN)
  YESTERDAY        0.0           0.0  1995   0.0    0.0      0.0
  MONTH TO DATE    0.0                       0.0    0.0      0.0
  SINCE JUN 1      0.0                       0.0    0.0      0.0
  SINCE JUL 1      0.0                       0.0    0.0      0.0

DEGREE DAYS
 HEATING
  YESTERDAY        0                         0      0        0
  MONTH TO DATE    0                         0      0        0
  SINCE JUN 1     24                        54    -30       11
  SINCE JUL 1      0                         0      0        0

 COOLING
  YESTERDAY        4                         7     -3       12
  MONTH TO DATE  166                       149     17      185
  SINCE JUN 1    321                       266     55      344
  SINCE JAN 1    469                       303    166      385
..................................................................


WIND (MPH)
  HIGHEST WIND SPEED    18   HIGHEST WIND DIRECTION    NW (320)
  HIGHEST GUST SPEED    22   HIGHEST GUST DIRECTION     N (350)
  AVERAGE WIND SPEED     6.2


SKY COVER
  AVERAGE SKY COVER 0.1



RELATIVE HUMIDITY (PERCENT)
 HIGHEST    93           200 AM
 LOWEST     32           500 PM
 AVERAGE    63

..........................................................


THE AVOCA PA CLIMATE NORMALS FOR TODAY
                         NORMAL    RECORD    YEAR
 MAXIMUM TEMPERATURE (F)   82        96      1933
 MINIMUM TEMPERATURE (F)   61        49      2000


SUNRISE AND SUNSET
JULY 23 2015..........SUNRISE   549 AM EDT   SUNSET   829 PM EDT
JULY 24 2015..........SUNRISE   550 AM EDT   SUNSET   828 PM EDT


-  INDICATES NEGATIVE NUMBERS.
R  INDICATES RECORD WAS SET OR TIED.
MM INDICATES DATA IS MISSING.
T  INDICATES TRACE AMOUNT.




$$
