000
CDUS41 KBGM 130218
CLIAVP


CLIMATE REPORT
NATIONAL WEATHER SERVICE BINGHAMTON NY
1017 PM EDT WED JUL 12 2017


...................................

...THE AVOCA PA CLIMATE SUMMARY FOR JULY 12 2017...
VALID AS OF 1000 PM LOCAL TIME.

CLIMATE NORMAL PERIOD 1981 TO 2010
CLIMATE RECORD PERIOD 1901 TO 2017


WEATHER ITEM   OBSERVED TIME   RECORD YEAR NORMAL DEPARTURE LAST
                VALUE   (LST)  VALUE       VALUE  FROM      YEAR
                                                  NORMAL
..................................................................
TEMPERATURE (F)
 TODAY
  MAXIMUM         85    302 PM  96    1936  82      3       90
  MINIMUM         70    115 AM  45    1945  61      9       62
  AVERAGE         78                        72      6       76

PRECIPITATION (IN)
  TODAY            0.00          2.44 1990   0.13  -0.13     0.00
  MONTH TO DATE    1.17                      1.39  -0.22     0.54
  SINCE JUN 1      5.05                      5.42  -0.37     2.13
  SINCE JAN 1     23.38                     19.22   4.16    14.95

SNOWFALL (IN)
  TODAY            0.0           0.0  1995   0.0    0.0      0.0
  MONTH TO DATE    0.0                       0.0    0.0      0.0
  SINCE JUN 1      0.0                       0.0    0.0      0.0
  SINCE JUL 1      0.0                       0.0    0.0      0.0

DEGREE DAYS
 HEATING
  TODAY            0                         0      0        0
  MONTH TO DATE    0                         0      0        0
  SINCE JUN 1     43                        54    -11       24
  SINCE JUL 1      0                         0      0        0

 COOLING
  TODAY           13                         7      6       11
  MONTH TO DATE  103                        79     24      103
  SINCE JUN 1    260                       196     64      246
  SINCE JAN 1    312                       233     79      318
..................................................................


WIND (MPH)
  HIGHEST WIND SPEED    18   HIGHEST WIND DIRECTION    SW (230)
  HIGHEST GUST SPEED    24   HIGHEST GUST DIRECTION    SW (240)
  AVERAGE WIND SPEED     7.1


SKY COVER
  AVERAGE SKY COVER 0.6


WEATHER CONDITIONS
 THE FOLLOWING WEATHER WAS RECORDED TODAY.
  FOG


RELATIVE HUMIDITY (PERCENT)
 HIGHEST    97          1200 AM
 LOWEST     61           300 PM
 AVERAGE    79

..........................................................


THE AVOCA PA CLIMATE NORMALS FOR TOMORROW
                         NORMAL    RECORD    YEAR
 MAXIMUM TEMPERATURE (F)   82        95      1966
 MINIMUM TEMPERATURE (F)   61        49      2001


SUNRISE AND SUNSET
JULY 12 2017..........SUNRISE   541 AM EDT   SUNSET   836 PM EDT
JULY 13 2017..........SUNRISE   541 AM EDT   SUNSET   836 PM EDT


-  INDICATES NEGATIVE NUMBERS.
R  INDICATES RECORD WAS SET OR TIED.
MM INDICATES DATA IS MISSING.
T  INDICATES TRACE AMOUNT.




$$
