507
CDUS41 KBGM 132229
CLIAVP


CLIMATE REPORT
NATIONAL WEATHER SERVICE BINGHAMTON NY
529 PM EST TUE FEB 13 2018


...................................

...THE AVOCA PA CLIMATE SUMMARY FOR FEBRUARY 13 2018...
VALID TODAY AS OF 0500 PM LOCAL TIME.

CLIMATE NORMAL PERIOD 1981 TO 2010
CLIMATE RECORD PERIOD 1901 TO 2018


WEATHER ITEM   OBSERVED TIME   RECORD YEAR NORMAL DEPARTURE LAST
                VALUE   (LST)  VALUE       VALUE  FROM      YEAR
                                                  NORMAL
..................................................................
TEMPERATURE (F)
 TODAY
  MAXIMUM         38    303 PM  59    1937  36      2       36
  MINIMUM         19    638 AM  -6    1914  20     -1       28
  AVERAGE         29                        28      1       32

PRECIPITATION (IN)
  TODAY            0.00          1.29 1971   0.07  -0.07     0.01
  MONTH TO DATE    1.92                      0.99   0.93     1.49
  SINCE DEC 1      6.28                      6.04   0.24     6.80
  SINCE JAN 1      4.60                      3.36   1.24     4.74

SNOWFALL (IN)
  TODAY            0.0           8.3  2014   0.3   -0.3       T
  MONTH TO DATE    6.6                       4.4    2.2      8.2
  SINCE DEC 1     24.0                      26.0   -2.0     19.0
  SINCE JUL 1     24.1                      29.0   -4.9     24.7

DEGREE DAYS
 HEATING
  TODAY           36                        37     -1       33
  MONTH TO DATE  476                       490    -14      430
  SINCE DEC 1   2811                      2768     43     2411
  SINCE JUL 1   3851                      4081   -230     3429

 COOLING
  TODAY            0                         0      0        0
  MONTH TO DATE    0                         0      0        0
  SINCE DEC 1      0                         0      0        0
  SINCE JAN 1      0                         0      0        0
..................................................................


WIND (MPH)
  HIGHEST WIND SPEED    12   HIGHEST WIND DIRECTION    NE (50)
  HIGHEST GUST SPEED    15   HIGHEST GUST DIRECTION    NE (50)
  AVERAGE WIND SPEED     4.6


SKY COVER
  AVERAGE SKY COVER 0.2


WEATHER CONDITIONS
 THE FOLLOWING WEATHER WAS RECORDED TODAY.
  NO SIGNIFICANT WEATHER WAS OBSERVED.


RELATIVE HUMIDITY (PERCENT)
 HIGHEST    77           700 AM
 LOWEST     40           300 PM
 AVERAGE    59

..........................................................


THE AVOCA PA CLIMATE NORMALS FOR TOMORROW
                         NORMAL    RECORD    YEAR
 MAXIMUM TEMPERATURE (F)   37        62      1946
 MINIMUM TEMPERATURE (F)   21        -6      2016
                                             1979


SUNRISE AND SUNSET
FEBRUARY 13 2018......SUNRISE   700 AM EST   SUNSET   534 PM EST
FEBRUARY 14 2018......SUNRISE   659 AM EST   SUNSET   536 PM EST


-  INDICATES NEGATIVE NUMBERS.
R  INDICATES RECORD WAS SET OR TIED.
MM INDICATES DATA IS MISSING.
T  INDICATES TRACE AMOUNT.




$$
