000
CDUS41 KBGM 160220
CLIAVP


CLIMATE REPORT
NATIONAL WEATHER SERVICE BINGHAMTON NY
1020 PM EDT TUE JUL 15 2014


...................................

...THE AVOCA PA CLIMATE SUMMARY FOR JULY 15 2014...
VALID AS OF 1000 PM LOCAL TIME.

CLIMATE NORMAL PERIOD 1981 TO 2010
CLIMATE RECORD PERIOD 1901 TO 2014


WEATHER ITEM   OBSERVED TIME   RECORD YEAR NORMAL DEPARTURE LAST
                VALUE   (LST)  VALUE       VALUE  FROM      YEAR
                                                  NORMAL
..................................................................
TEMPERATURE (F)
 TODAY
  MAXIMUM         83    217 PM 100    1995  82      1       92
  MINIMUM         68   1247 AM  49    1924  61      7       68
  AVERAGE         76                        72      4       80

PRECIPITATION (IN)
  TODAY            0.01          3.48 1945   0.12  -0.11     0.00
  MONTH TO DATE    2.25                      1.76   0.49     0.71
  SINCE JUN 1      4.41                      5.79  -1.38     6.12
  SINCE JAN 1     17.12                     19.59  -2.47    15.89

SNOWFALL (IN)
  TODAY            0.0           0.0  1995   0.0    0.0      0.0
  MONTH TO DATE    0.0                       0.0    0.0      0.0
  SINCE JUN 1      0.0                       0.0    0.0      0.0
  SINCE JUL 1      0.0                       0.0    0.0      0.0

DEGREE DAYS
 HEATING
  TODAY            0                         0      0        0
  MONTH TO DATE    0                         0      0        0
  SINCE JUN 1     11                        54    -43       21
  SINCE JUL 1      0                         0      0        0

 COOLING
  TODAY           11                         7      4       15
  MONTH TO DATE  143                       100     43      179
  SINCE JUN 1    302                       217     85      315
  SINCE JAN 1    343                       254     89      379
..................................................................


WIND (MPH)
  HIGHEST WIND SPEED    14   HIGHEST WIND DIRECTION    NW (310)
  HIGHEST GUST SPEED    17   HIGHEST GUST DIRECTION    NW (330)
  AVERAGE WIND SPEED     2.2


SKY COVER
  AVERAGE SKY COVER 0.5


WEATHER CONDITIONS
 THE FOLLOWING WEATHER WAS RECORDED TODAY.
  LIGHT RAIN
  FOG


RELATIVE HUMIDITY (PERCENT)
 HIGHEST    97           300 AM
 LOWEST     58           500 PM
 AVERAGE    78

..........................................................


THE AVOCA PA CLIMATE NORMALS FOR TOMORROW
                         NORMAL    RECORD    YEAR
 MAXIMUM TEMPERATURE (F)   82       101      1988
 MINIMUM TEMPERATURE (F)   61        48      1930


SUNRISE AND SUNSET
JULY 15 2014..........SUNRISE   543 AM EDT   SUNSET   835 PM EDT
JULY 16 2014..........SUNRISE   544 AM EDT   SUNSET   834 PM EDT


-  INDICATES NEGATIVE NUMBERS.
R  INDICATES RECORD WAS SET OR TIED.
MM INDICATES DATA IS MISSING.
T  INDICATES TRACE AMOUNT.




$$
