000
CDUS41 KBGM 240235
CLIAVP


CLIMATE REPORT
NATIONAL WEATHER SERVICE BINGHAMTON NY
1034 PM EDT THU JUL 23 2015


...................................

...THE AVOCA PA CLIMATE SUMMARY FOR JULY 23 2015...
VALID AS OF 1000 PM LOCAL TIME.

CLIMATE NORMAL PERIOD 1981 TO 2010
CLIMATE RECORD PERIOD 1901 TO 2015


WEATHER ITEM   OBSERVED TIME   RECORD YEAR NORMAL DEPARTURE LAST
                VALUE   (LST)  VALUE       VALUE  FROM      YEAR
                                                  NORMAL
..................................................................
TEMPERATURE (F)
 TODAY
  MAXIMUM         80    428 PM  96    1933  82     -2       92
  MINIMUM         54    521 AM  49    2000  61     -7       70
  AVERAGE         67                        72     -5       81

PRECIPITATION (IN)
  TODAY            0.00          1.50 2008   0.13  -0.13     0.01
  MONTH TO DATE    2.17                      2.75  -0.58     2.26
  SINCE JUN 1      8.69                      6.78   1.91     4.42
  SINCE JAN 1     18.25                     20.58  -2.33    17.13

SNOWFALL (IN)
  TODAY            0.0           0.0  1995   0.0    0.0      0.0
  MONTH TO DATE    0.0                       0.0    0.0      0.0
  SINCE JUN 1      0.0                       0.0    0.0      0.0
  SINCE JUL 1      0.0                       0.0    0.0      0.0

DEGREE DAYS
 HEATING
  TODAY            0                         0      0        0
  MONTH TO DATE    0                         0      0        0
  SINCE JUN 1     24                        54    -30       11
  SINCE JUL 1      0                         0      0        0

 COOLING
  TODAY            2                         7     -5       16
  MONTH TO DATE  168                       156     12      201
  SINCE JUN 1    323                       273     50      360
  SINCE JAN 1    471                       310    161      401
..................................................................


WIND (MPH)
  HIGHEST WIND SPEED    16   HIGHEST WIND DIRECTION     N (340)
  HIGHEST GUST SPEED    23   HIGHEST GUST DIRECTION     N (350)
  AVERAGE WIND SPEED     6.2


SKY COVER
  AVERAGE SKY COVER 0.0


WEATHER CONDITIONS
 THE FOLLOWING WEATHER WAS RECORDED TODAY.
  NO SIGNIFICANT WEATHER WAS OBSERVED.


RELATIVE HUMIDITY (PERCENT)
 HIGHEST    86           100 AM
 LOWEST     32           200 PM
 AVERAGE    59

..........................................................


THE AVOCA PA CLIMATE NORMALS FOR TOMORROW
                         NORMAL    RECORD    YEAR
 MAXIMUM TEMPERATURE (F)   82        95      1933
 MINIMUM TEMPERATURE (F)   61        49      1985


SUNRISE AND SUNSET
JULY 23 2015..........SUNRISE   549 AM EDT   SUNSET   829 PM EDT
JULY 24 2015..........SUNRISE   550 AM EDT   SUNSET   828 PM EDT


-  INDICATES NEGATIVE NUMBERS.
R  INDICATES RECORD WAS SET OR TIED.
MM INDICATES DATA IS MISSING.
T  INDICATES TRACE AMOUNT.




$$
