000
CDUS41 KBGM 240602
CLIAVP


CLIMATE REPORT
NATIONAL WEATHER SERVICE BINGHAMTON NY
201 AM EDT SUN APR 24 2016


...................................

...THE AVOCA PA CLIMATE SUMMARY FOR APRIL 23 2016...

CLIMATE NORMAL PERIOD 1981 TO 2010
CLIMATE RECORD PERIOD 1901 TO 2016


WEATHER ITEM   OBSERVED TIME   RECORD YEAR NORMAL DEPARTURE LAST
                VALUE   (LST)  VALUE       VALUE  FROM      YEAR
                                                  NORMAL
..................................................................
TEMPERATURE (F)
 YESTERDAY
  MAXIMUM         62   1201 AM  86    2001  62      0       45
  MINIMUM         41   1159 PM  24    1930  41      0       35
  AVERAGE         52                        52      0       40

PRECIPITATION (IN)
  YESTERDAY        0.10          1.20 1906   0.11  -0.01      T
  MONTH TO DATE    2.23                      2.54  -0.31     2.88
  SINCE MAR 1      4.01                      5.09  -1.08     4.84
  SINCE JAN 1      9.81                      9.49   0.32     7.84

SNOWFALL (IN)
  YESTERDAY        0.0           5.2  1986   0.1   -0.1       T
  MONTH TO DATE    2.2                       2.7   -0.5       T
  SINCE MAR 1      3.5                      11.7   -8.2      9.0
  SINCE JUL 1     15.5                      45.6  -30.1     51.4

DEGREE DAYS
 HEATING
  YESTERDAY       13                        14     -1       25
  MONTH TO DATE  416                       410      6      347
  SINCE MAR 1   1047                      1281   -234     1342
  SINCE JUL 1   4617                      5887  -1270     6039

 COOLING
  YESTERDAY        0                         0      0        0
  MONTH TO DATE    1                         0      1        0
  SINCE MAR 1      1                         0      1        0
  SINCE JAN 1      1                         0      1        0
..................................................................


WIND (MPH)
  HIGHEST WIND SPEED    22   HIGHEST WIND DIRECTION     N (340)
  HIGHEST GUST SPEED    29   HIGHEST GUST DIRECTION    NW (330)
  AVERAGE WIND SPEED    11.9


SKY COVER
  AVERAGE SKY COVER 0.6



RELATIVE HUMIDITY (PERCENT)
 HIGHEST    93           200 AM
 LOWEST     34           800 PM
 AVERAGE    64

..........................................................


THE AVOCA PA CLIMATE NORMALS FOR TODAY
                         NORMAL    RECORD    YEAR
 MAXIMUM TEMPERATURE (F)   63        87      1960
 MINIMUM TEMPERATURE (F)   41        25      1930


SUNRISE AND SUNSET
APRIL 24 2016.........SUNRISE   609 AM EDT   SUNSET   753 PM EDT
APRIL 25 2016.........SUNRISE   608 AM EDT   SUNSET   754 PM EDT


-  INDICATES NEGATIVE NUMBERS.
R  INDICATES RECORD WAS SET OR TIED.
MM INDICATES DATA IS MISSING.
T  INDICATES TRACE AMOUNT.




$$
