000
CDUS41 KBGM 110556
CLIAVP


CLIMATE REPORT
NATIONAL WEATHER SERVICE BINGHAMTON NY
155 AM EDT THU AUG 11 2016


...................................

...THE AVOCA PA CLIMATE SUMMARY FOR AUGUST 10 2016...

CLIMATE NORMAL PERIOD 1981 TO 2010
CLIMATE RECORD PERIOD 1901 TO 2016


WEATHER ITEM   OBSERVED TIME   RECORD YEAR NORMAL DEPARTURE LAST
                VALUE   (LST)  VALUE       VALUE  FROM      YEAR
                                                  NORMAL
..................................................................
TEMPERATURE (F)
 YESTERDAY
  MAXIMUM         83    442 PM  93    1911  81      2       72
  MINIMUM         73   1114 PM  48    1964  60     13       65
                                      1919
  AVERAGE         78                        70      8       69

PRECIPITATION (IN)
  YESTERDAY        0.22          1.10 1904   0.11   0.11     0.03
  MONTH TO DATE    0.78                      1.18  -0.40     0.20
  SINCE JUN 1      6.45                      9.00  -2.55     9.05
  SINCE JAN 1     19.27                     22.80  -3.53    18.61

SNOWFALL (IN)
  YESTERDAY        0.0           0.0  1995   0.0    0.0      0.0
  MONTH TO DATE    0.0                       0.0    0.0      0.0
  SINCE JUN 1      0.0                       0.0    0.0      0.0
  SINCE JUL 1      0.0                       0.0    0.0      0.0

DEGREE DAYS
 HEATING
  YESTERDAY        0                         0      0        0
  MONTH TO DATE    0                         0      0        0
  SINCE JUN 1     24                        62    -38       24
  SINCE JUL 1      0                         8     -8        0

 COOLING
  YESTERDAY       13                         6      7        4
  MONTH TO DATE   87                        60     27       66
  SINCE JUN 1    580                       383    197      474
  SINCE JAN 1    652                       420    232      622
..................................................................


WIND (MPH)
  HIGHEST WIND SPEED    18   HIGHEST WIND DIRECTION    SW (230)
  HIGHEST GUST SPEED    26   HIGHEST GUST DIRECTION    SW (220)
  AVERAGE WIND SPEED     4.7


SKY COVER
  AVERAGE SKY COVER 0.8



RELATIVE HUMIDITY (PERCENT)
 HIGHEST    94           800 AM
 LOWEST     69           800 PM
 AVERAGE    82

..........................................................


THE AVOCA PA CLIMATE NORMALS FOR TODAY
                         NORMAL    RECORD    YEAR
 MAXIMUM TEMPERATURE (F)   81        96      1944
 MINIMUM TEMPERATURE (F)   60        46      1972


SUNRISE AND SUNSET
AUGUST 11 2016........SUNRISE   609 AM EDT   SUNSET   807 PM EDT
AUGUST 12 2016........SUNRISE   610 AM EDT   SUNSET   805 PM EDT


-  INDICATES NEGATIVE NUMBERS.
R  INDICATES RECORD WAS SET OR TIED.
MM INDICATES DATA IS MISSING.
T  INDICATES TRACE AMOUNT.




$$
