000
CDUS41 KBGM 120531
CLIAVP


CLIMATE REPORT
NATIONAL WEATHER SERVICE BINGHAMTON NY
130 AM EDT FRI MAY 12 2017


...................................

...THE AVOCA PA CLIMATE SUMMARY FOR MAY 11 2017...

CLIMATE NORMAL PERIOD 1981 TO 2010
CLIMATE RECORD PERIOD 1901 TO 2017


WEATHER ITEM   OBSERVED TIME   RECORD YEAR NORMAL DEPARTURE LAST
                VALUE   (LST)  VALUE       VALUE  FROM      YEAR
                                                  NORMAL
..................................................................
TEMPERATURE (F)
 YESTERDAY
  MAXIMUM         64    338 PM  91    1948  68     -4       77
                                      1936
  MINIMUM         43    454 AM  31    2010  46     -3       42
  AVERAGE         54                        57     -3       60

PRECIPITATION (IN)
  YESTERDAY        0.00          1.20 1996   0.10  -0.10     0.00
  MONTH TO DATE    1.66                      1.18   0.48     1.58
  SINCE MAR 1     10.10                      7.06   3.04     6.05
  SINCE JAN 1     16.33                     11.46   4.87    11.85

SNOWFALL (IN)
  YESTERDAY        0.0           0.0    MM   0.0    0.0      0.0
  MONTH TO DATE    0.0                       0.3   -0.3      0.0
  SINCE MAR 1     30.7                      12.6   18.1      3.5
  SINCE JUL 1     55.5                      46.5    9.0     15.5

DEGREE DAYS
 HEATING
  YESTERDAY       11                         8      3        5
  MONTH TO DATE  132                       106     26      135
  SINCE MAR 1   1356                      1473   -117     1276
  SINCE JUL 1   5111                      6079   -968     4846

 COOLING
  YESTERDAY        0                         1     -1        0
  MONTH TO DATE    1                         4     -3        0
  SINCE MAR 1     23                        10     13        1
  SINCE JAN 1     23                        10     13        1
..................................................................


WIND (MPH)
  HIGHEST WIND SPEED    15   HIGHEST WIND DIRECTION     N (10)
  HIGHEST GUST SPEED    19   HIGHEST GUST DIRECTION     N (360)
  AVERAGE WIND SPEED     5.6


SKY COVER
  AVERAGE SKY COVER 0.0



RELATIVE HUMIDITY (PERCENT)
 HIGHEST    83          1100 PM
 LOWEST     36           500 PM
 AVERAGE    60

..........................................................


THE AVOCA PA CLIMATE NORMALS FOR TODAY
                         NORMAL    RECORD    YEAR
 MAXIMUM TEMPERATURE (F)   69        87      1953
                                             1936
 MINIMUM TEMPERATURE (F)   46        29      1907


SUNRISE AND SUNSET
MAY 12 2017...........SUNRISE   547 AM EDT   SUNSET   812 PM EDT
MAY 13 2017...........SUNRISE   546 AM EDT   SUNSET   813 PM EDT


-  INDICATES NEGATIVE NUMBERS.
R  INDICATES RECORD WAS SET OR TIED.
MM INDICATES DATA IS MISSING.
T  INDICATES TRACE AMOUNT.




$$
