000
CDUS41 KBGM 160540
CLIAVP


CLIMATE REPORT
NATIONAL WEATHER SERVICE BINGHAMTON NY
140 AM EDT THU OCT 16 2014


...................................

...THE AVOCA PA CLIMATE SUMMARY FOR OCTOBER 15 2014...

CLIMATE NORMAL PERIOD 1981 TO 2010
CLIMATE RECORD PERIOD 1901 TO 2014


WEATHER ITEM   OBSERVED TIME   RECORD YEAR NORMAL DEPARTURE LAST
                VALUE   (LST)  VALUE       VALUE  FROM      YEAR
                                                  NORMAL
..................................................................
TEMPERATURE (F)
 YESTERDAY
  MAXIMUM         75   1118 AM  81    1947  61     14       73
  MINIMUM         64    445 PM  29    2006  41     23       50
  AVERAGE         70                        51     19       62

PRECIPITATION (IN)
  YESTERDAY        2.62R         1.88 1955   0.11   2.51     0.00
  MONTH TO DATE    3.00                      1.73   1.27     0.98
  SINCE SEP 1      3.69                      5.80  -2.11     2.55
  SINCE JAN 1     25.25                     30.83  -5.58    20.90

SNOWFALL (IN)
  YESTERDAY        0.0           T    2009   0.0    0.0      0.0
  MONTH TO DATE    0.0                       0.0    0.0      0.0
  SINCE SEP 1      0.0                       0.0    0.0      0.0
  SINCE JUL 1      0.0                       0.0    0.0      0.0

DEGREE DAYS
 HEATING
  YESTERDAY        0                        14    -14        3
  MONTH TO DATE  110                       175    -65       54
  SINCE SEP 1    212                       311    -99      207
  SINCE JUL 1    223                       337   -114      216

 COOLING
  YESTERDAY        5                         0      5        0
  MONTH TO DATE   11                         0     11       24
  SINCE SEP 1    100                        52     48       93
  SINCE JAN 1    686                       576    110      795
..................................................................


WIND (MPH)
  HIGHEST WIND SPEED    17   HIGHEST WIND DIRECTION    SW (230)
  HIGHEST GUST SPEED    26   HIGHEST GUST DIRECTION     S (180)
  AVERAGE WIND SPEED     6.1


SKY COVER
  AVERAGE SKY COVER 0.9



RELATIVE HUMIDITY (PERCENT)
 HIGHEST    93           300 PM
 LOWEST     68           700 AM
 AVERAGE    81

..........................................................


THE AVOCA PA CLIMATE NORMALS FOR TODAY
                         NORMAL    RECORD    YEAR
 MAXIMUM TEMPERATURE (F)   61        84      1947
 MINIMUM TEMPERATURE (F)   41        28      1944


SUNRISE AND SUNSET
OCTOBER 16 2014.......SUNRISE   716 AM EDT   SUNSET   620 PM EDT
OCTOBER 17 2014.......SUNRISE   717 AM EDT   SUNSET   619 PM EDT


-  INDICATES NEGATIVE NUMBERS.
R  INDICATES RECORD WAS SET OR TIED.
MM INDICATES DATA IS MISSING.
T  INDICATES TRACE AMOUNT.




$$
