000
CDUS41 KBGM 022153
CLIAVP


CLIMATE REPORT
NATIONAL WEATHER SERVICE BINGHAMTON NY
551 PM EDT WED JUL 2 2014


...................................

...THE AVOCA PA CLIMATE SUMMARY FOR JULY 2 2014...
VALID TODAY AS OF 0500 PM LOCAL TIME.

CLIMATE NORMAL PERIOD 1981 TO 2010
CLIMATE RECORD PERIOD 1901 TO 2014


WEATHER ITEM   OBSERVED TIME   RECORD YEAR NORMAL DEPARTURE LAST
                VALUE   (LST)  VALUE       VALUE  FROM      YEAR
                                                  NORMAL
..................................................................
TEMPERATURE (F)
 TODAY
  MAXIMUM         91   1118 AM  98    1966  81     10       81
                                      1901
  MINIMUM         71    144 PM  44    2007  60     11       70
  AVERAGE         81                        71     10       76

PRECIPITATION (IN)
  TODAY            0.30          1.83 1933   0.11   0.19     0.07
  MONTH TO DATE    0.30                      0.22   0.08     0.38
  SINCE JUN 1      2.46                      4.25  -1.79     5.79
  SINCE JAN 1     15.17                     18.05  -2.88    15.56

SNOWFALL (IN)
  TODAY           MM             0.0  1995   0.0   MM        0.0
  MONTH TO DATE    0.0                       0.0    0.0      0.0
  SINCE JUN 1      0.0                       0.0    0.0      0.0
  SINCE JUL 1      0.0                       0.0    0.0      0.0

DEGREE DAYS
 HEATING
  TODAY            0                         0      0        0
  MONTH TO DATE    0                         0      0        0
  SINCE JUN 1     11                        54    -43       21
  SINCE JUL 1      0                         0      0        0

 COOLING
  TODAY           16                         6     10       11
  MONTH TO DATE   30                        12     18       20
  SINCE JUN 1    189                       129     60      156
  SINCE JAN 1    230                       166     64      220
..................................................................


WIND (MPH)
  HIGHEST WIND SPEED    28   HIGHEST WIND DIRECTION    NW (310)
  HIGHEST GUST SPEED    38   HIGHEST GUST DIRECTION    NW (320)
  AVERAGE WIND SPEED     2.7


SKY COVER
  AVERAGE SKY COVER 0.3


WEATHER CONDITIONS
 THE FOLLOWING WEATHER WAS RECORDED TODAY.
  HEAVY RAIN
  LIGHT RAIN
  FOG
  HAZE


RELATIVE HUMIDITY (PERCENT)
 HIGHEST    87           200 AM
 LOWEST     56          1100 AM
 AVERAGE    72

..........................................................


THE AVOCA PA CLIMATE NORMALS FOR TOMORROW
                         NORMAL    RECORD    YEAR
 MAXIMUM TEMPERATURE (F)   81       101      1966
 MINIMUM TEMPERATURE (F)   60        45      1957


SUNRISE AND SUNSET
JULY  2 2014..........SUNRISE   534 AM EDT   SUNSET   840 PM EDT
JULY  3 2014..........SUNRISE   534 AM EDT   SUNSET   840 PM EDT


-  INDICATES NEGATIVE NUMBERS.
R  INDICATES RECORD WAS SET OR TIED.
MM INDICATES DATA IS MISSING.
T  INDICATES TRACE AMOUNT.




$$

JSY
