000
CDUS41 KBGM 150217
CLIAVP


CLIMATE REPORT
NATIONAL WEATHER SERVICE BINGHAMTON NY
1016 PM EDT SAT MAY 14 2016


...................................

...THE AVOCA PA CLIMATE SUMMARY FOR MAY 14 2016...
VALID AS OF 1000 PM LOCAL TIME.

CLIMATE NORMAL PERIOD 1981 TO 2010
CLIMATE RECORD PERIOD 1901 TO 2016


WEATHER ITEM   OBSERVED TIME   RECORD YEAR NORMAL DEPARTURE LAST
                VALUE   (LST)  VALUE       VALUE  FROM      YEAR
                                                  NORMAL
..................................................................
TEMPERATURE (F)
 TODAY
  MAXIMUM         71    136 PM  87    1907  69      2       70
  MINIMUM         47    517 AM  29    2013  47      0       37
                                      1996
  AVERAGE         59                        58      1       54

PRECIPITATION (IN)
  TODAY            0.09          1.15 1978   0.11  -0.02     0.00
  MONTH TO DATE    2.22                      1.50   0.72     0.14
  SINCE MAR 1      6.69                      7.38  -0.69     4.98
  SINCE JAN 1     12.49                     11.78   0.71     7.98

SNOWFALL (IN)
  TODAY            0.0           0.0    MM   0.0    0.0      0.0
  MONTH TO DATE    0.0                       0.3   -0.3      0.0
  SINCE MAR 1      3.5                      12.6   -9.1      9.0
  SINCE JUL 1     15.5                      46.5  -31.0     51.4

DEGREE DAYS
 HEATING
  TODAY            6                         8     -2       11
  MONTH TO DATE  146                       130     16       47
  SINCE MAR 1   1287                      1497   -210     1494
  SINCE JUL 1   4857                      6103  -1246     6191

 COOLING
  TODAY            0                         1     -1        0
  MONTH TO DATE    0                         7     -7       53
  SINCE MAR 1      1                        13    -12       53
  SINCE JAN 1      1                        13    -12       53
..................................................................


WIND (MPH)
  HIGHEST WIND SPEED    25   HIGHEST WIND DIRECTION    SW (230)
  HIGHEST GUST SPEED    34   HIGHEST GUST DIRECTION    SW (230)
  AVERAGE WIND SPEED     6.7


SKY COVER
  AVERAGE SKY COVER 0.3


WEATHER CONDITIONS
 THE FOLLOWING WEATHER WAS RECORDED TODAY.
  THUNDERSTORM
  HEAVY RAIN
  RAIN
  LIGHT RAIN
  FOG
  HAZE


RELATIVE HUMIDITY (PERCENT)
 HIGHEST   100           200 AM
 LOWEST     39           200 PM
 AVERAGE    70

..........................................................


THE AVOCA PA CLIMATE NORMALS FOR TOMORROW
                         NORMAL    RECORD    YEAR
 MAXIMUM TEMPERATURE (F)   70        87      2007
                                             1962
                                             1940
 MINIMUM TEMPERATURE (F)   47        32      1936


SUNRISE AND SUNSET
MAY 14 2016...........SUNRISE   545 AM EDT   SUNSET   814 PM EDT
MAY 15 2016...........SUNRISE   544 AM EDT   SUNSET   815 PM EDT


-  INDICATES NEGATIVE NUMBERS.
R  INDICATES RECORD WAS SET OR TIED.
MM INDICATES DATA IS MISSING.
T  INDICATES TRACE AMOUNT.

$$
