000
CDUS41 KBGM 200322
CLIAVP


CLIMATE REPORT
NATIONAL WEATHER SERVICE BINGHAMTON NY
1022 PM EST WED NOV 19 2014


...................................

...THE AVOCA PA CLIMATE SUMMARY FOR NOVEMBER 19 2014...
VALID AS OF 1000 PM LOCAL TIME.

CLIMATE NORMAL PERIOD 1981 TO 2010
CLIMATE RECORD PERIOD 1901 TO 2014


WEATHER ITEM   OBSERVED TIME   RECORD YEAR NORMAL DEPARTURE LAST
                VALUE   (LST)  VALUE       VALUE  FROM      YEAR
                                                  NORMAL
..................................................................
TEMPERATURE (F)
 TODAY
  MAXIMUM         28    306 PM  71    1921  48    -20       41
  MINIMUM         16    731 AM  14    1924  33    -17       30
  AVERAGE         22                        40    -18       36

PRECIPITATION (IN)
  TODAY            0.00          1.56 2003   0.11  -0.11     0.00
  MONTH TO DATE    0.74                      1.97  -1.23     1.21
  SINCE SEP 1      5.65                      9.38  -3.73     4.35
  SINCE JAN 1     27.21                     34.41  -7.20    22.70

SNOWFALL (IN)
  TODAY            0.0           2.1  1955   0.2   -0.2      0.0
  MONTH TO DATE    T                         1.6   -1.6      1.3
  SINCE SEP 1      T                         1.7   -1.7      1.3
  SINCE JUL 1      T                         1.7   -1.7      1.3

DEGREE DAYS
 HEATING
  TODAY           43                        25     18       29
  MONTH TO DATE  449                       413     36      412
  SINCE SEP 1    860                       990   -130      887
  SINCE JUL 1    871                      1016   -145      896

 COOLING
  TODAY            0                         0      0        0
  MONTH TO DATE    0                         0      0        0
  SINCE SEP 1    100                        56     44       93
  SINCE JAN 1    686                       580    106      795
..................................................................


WIND (MPH)
  HIGHEST WIND SPEED    18   HIGHEST WIND DIRECTION     W (250)
  HIGHEST GUST SPEED    24   HIGHEST GUST DIRECTION     S (200)
  AVERAGE WIND SPEED     9.6


SKY COVER
  AVERAGE SKY COVER 0.1


WEATHER CONDITIONS
 THE FOLLOWING WEATHER WAS RECORDED TODAY.
  NO SIGNIFICANT WEATHER WAS OBSERVED.


RELATIVE HUMIDITY (PERCENT)
 HIGHEST    59           600 AM
 LOWEST     38           100 PM
 AVERAGE    49

..........................................................


THE AVOCA PA CLIMATE NORMALS FOR TOMORROW
                         NORMAL    RECORD    YEAR
 MAXIMUM TEMPERATURE (F)   48        75      1934
 MINIMUM TEMPERATURE (F)   32        16      1986


SUNRISE AND SUNSET
NOVEMBER 19 2014......SUNRISE   656 AM EST   SUNSET   440 PM EST
NOVEMBER 20 2014......SUNRISE   657 AM EST   SUNSET   440 PM EST


-  INDICATES NEGATIVE NUMBERS.
R  INDICATES RECORD WAS SET OR TIED.
MM INDICATES DATA IS MISSING.
T  INDICATES TRACE AMOUNT.




$$
