000
CDUS41 KBGM 130216
CLIAVP


CLIMATE REPORT
NATIONAL WEATHER SERVICE BINGHAMTON NY
1016 PM EDT TUE SEP 12 2017


...................................

...THE AVOCA PA CLIMATE SUMMARY FOR SEPTEMBER 12 2017...
VALID TODAY AS OF 0500 PM LOCAL TIME.

CLIMATE NORMAL PERIOD 1981 TO 2010
CLIMATE RECORD PERIOD 1901 TO 2017


WEATHER ITEM   OBSERVED TIME   RECORD YEAR NORMAL DEPARTURE LAST
                VALUE   (LST)  VALUE       VALUE  FROM      YEAR
                                                  NORMAL
..................................................................
TEMPERATURE (F)
 TODAY
  MAXIMUM         77        MM  97    1931  74      3       78
  MINIMUM         50        MM  36    1917  54     -4       49
  AVERAGE         64                        64      0       64

PRECIPITATION (IN)
  TODAY            0.00          2.54 1960   0.13  -0.13     0.00
  MONTH TO DATE    1.65                      1.53   0.12     0.28
  SINCE SEP 1      1.65                      1.53   0.12     0.28
  SINCE JAN 1     31.77                     26.56   5.21    21.84

SNOWFALL (IN)
  TODAY            0.0           0.0    MM   0.0    0.0      0.0
  MONTH TO DATE    0.0                       0.0    0.0      0.0
  SINCE SEP 1      0.0                       0.0    0.0      0.0
  SINCE JUL 1      0.0                       0.0    0.0      0.0

DEGREE DAYS
 HEATING
  TODAY            1                         3     -2        1
  MONTH TO DATE   63                        27     36        1
  SINCE SEP 1     63                        27     36        1
  SINCE JUL 1     80                        53     27        2

 COOLING
  TODAY            0                         2     -2        0
  MONTH TO DATE   10                        33    -23       76
  SINCE SEP 1     10                        33    -23       76
  SINCE JAN 1    649                       557     92      942
..................................................................


WIND (MPH)
  HIGHEST WIND SPEED     7   HIGHEST WIND DIRECTION     W (250)
  HIGHEST GUST SPEED    MM   HIGHEST GUST DIRECTION    MM
  AVERAGE WIND SPEED     3.0


SKY COVER
  AVERAGE SKY COVER 0.0


WEATHER CONDITIONS
 THE FOLLOWING WEATHER WAS RECORDED TODAY.
  NO SIGNIFICANT WEATHER WAS OBSERVED.


RELATIVE HUMIDITY (PERCENT)
 HIGHEST    96           700 AM
 LOWEST     38           100 PM
 AVERAGE    67

..........................................................


THE AVOCA PA CLIMATE NORMALS FOR TOMORROW
                         NORMAL    RECORD    YEAR
 MAXIMUM TEMPERATURE (F)   74        92      2005
                                             1931
 MINIMUM TEMPERATURE (F)   53        37      1985


SUNRISE AND SUNSET
SEPTEMBER 12 2017.....SUNRISE   641 AM EDT   SUNSET   717 PM EDT
SEPTEMBER 13 2017.....SUNRISE   642 AM EDT   SUNSET   715 PM EDT


-  INDICATES NEGATIVE NUMBERS.
R  INDICATES RECORD WAS SET OR TIED.
MM INDICATES DATA IS MISSING.
T  INDICATES TRACE AMOUNT.




$$
