000
CDUS41 KBGM 092135
CLIAVP


CLIMATE REPORT
NATIONAL WEATHER SERVICE BINGHAMTON NY
534 PM EDT TUE SEP 9 2014


...................................

...THE AVOCA PA CLIMATE SUMMARY FOR SEPTEMBER 9 2014...
VALID TODAY AS OF 0500 PM LOCAL TIME.

CLIMATE NORMAL PERIOD 1981 TO 2010
CLIMATE RECORD PERIOD 1901 TO 2014


WEATHER ITEM   OBSERVED TIME   RECORD YEAR NORMAL DEPARTURE LAST
                VALUE   (LST)  VALUE       VALUE  FROM      YEAR
                                                  NORMAL
..................................................................
TEMPERATURE (F)
 TODAY
  MAXIMUM         72    200 PM  95    1959  75     -3       75
  MINIMUM         53        MM  39    1956  55     -2       44
  AVERAGE         63                        65     -2       60

PRECIPITATION (IN)
  TODAY            0.00          1.58 2008   0.13  -0.13      T
  MONTH TO DATE    0.18                      1.14  -0.96     0.10
  SINCE SEP 1      0.18                      1.14  -0.96     0.10
  SINCE JAN 1     21.74                     26.17  -4.43    18.45

SNOWFALL (IN)
  TODAY            0.0           0.0    MM   0.0    0.0      0.0
  MONTH TO DATE    0.0                       0.0    0.0      0.0
  SINCE SEP 1      0.0                       0.0    0.0      0.0
  SINCE JUL 1      0.0                       0.0    0.0      0.0

DEGREE DAYS
 HEATING
  TODAY            2                         3     -1        5
  MONTH TO DATE    3                        18    -15       24
  SINCE SEP 1      3                        18    -15       24
  SINCE JUL 1     14                        44    -30       33

 COOLING
  TODAY            0                         2     -2        0
  MONTH TO DATE   67                        27     40       29
  SINCE SEP 1     67                        27     40       29
  SINCE JAN 1    653                       551    102      731
..................................................................


WIND (MPH)
  HIGHEST WIND SPEED    10   HIGHEST WIND DIRECTION    NE (50)
  HIGHEST GUST SPEED    MM   HIGHEST GUST DIRECTION    MM
  AVERAGE WIND SPEED     5.9


SKY COVER
  AVERAGE SKY COVER 0.7


WEATHER CONDITIONS
 THE FOLLOWING WEATHER WAS RECORDED TODAY.
  NO SIGNIFICANT WEATHER WAS OBSERVED.


RELATIVE HUMIDITY (PERCENT)
 HIGHEST    93          1200 AM
 LOWEST     57           100 PM
 AVERAGE    75

..........................................................


THE AVOCA PA CLIMATE NORMALS FOR TOMORROW
                         NORMAL    RECORD    YEAR
 MAXIMUM TEMPERATURE (F)   75        96      1931
 MINIMUM TEMPERATURE (F)   54        34      1956


SUNRISE AND SUNSET
SEPTEMBER  9 2014.....SUNRISE   637 AM EDT   SUNSET   722 PM EDT
SEPTEMBER 10 2014.....SUNRISE   638 AM EDT   SUNSET   721 PM EDT


-  INDICATES NEGATIVE NUMBERS.
R  INDICATES RECORD WAS SET OR TIED.
MM INDICATES DATA IS MISSING.
T  INDICATES TRACE AMOUNT.




$$
