000
CDUS41 KBGM 220538
CLIAVP


CLIMATE REPORT
NATIONAL WEATHER SERVICE BINGHAMTON NY
1236 AM EST THU JAN 22 2015


...................................

...THE AVOCA PA CLIMATE SUMMARY FOR JANUARY 21 2015...

CLIMATE NORMAL PERIOD 1981 TO 2010
CLIMATE RECORD PERIOD 1901 TO 2015


WEATHER ITEM   OBSERVED TIME   RECORD YEAR NORMAL DEPARTURE LAST
                VALUE   (LST)  VALUE       VALUE  FROM      YEAR
                                                  NORMAL
..................................................................
TEMPERATURE (F)
 YESTERDAY
  MAXIMUM         31    329 PM  67    1906  33     -2       19
  MINIMUM         13    501 AM -21    1994  18     -5        1
  AVERAGE         22                        26     -4       10

PRECIPITATION (IN)
  YESTERDAY        0.03          1.39 1959   0.08  -0.05     0.08
  MONTH TO DATE    0.96                      1.57  -0.61     2.05
  SINCE DEC 1      3.74                      4.25  -0.51     5.39
  SINCE JAN 1      0.96                      1.57  -0.61     2.05

SNOWFALL (IN)
  YESTERDAY        0.2           4.2  2001   0.5   -0.3      0.9
  MONTH TO DATE    3.7                       9.9   -6.2     11.9
  SINCE DEC 1      8.1                      17.3   -9.2     22.7
  SINCE JUL 1     17.0                      20.3   -3.3     25.4

DEGREE DAYS
 HEATING
  YESTERDAY       43                        39      4       55
  MONTH TO DATE  853                       818     35      835
  SINCE DEC 1   1755                      1883   -128     1873
  SINCE JUL 1   2945                      3196   -251     3149

 COOLING
  YESTERDAY        0                         0      0        0
  MONTH TO DATE    0                         0      0        0
  SINCE DEC 1      0                         0      0        0
  SINCE JAN 1      0                         0      0        0
..................................................................


WIND (MPH)
  HIGHEST WIND SPEED     8   HIGHEST WIND DIRECTION    NW (300)
  HIGHEST GUST SPEED    11   HIGHEST GUST DIRECTION     W (270)
  AVERAGE WIND SPEED     1.9


SKY COVER
  AVERAGE SKY COVER 0.5



RELATIVE HUMIDITY (PERCENT)
 HIGHEST    84          1000 PM
 LOWEST     43           300 PM
 AVERAGE    64

..........................................................


THE AVOCA PA CLIMATE NORMALS FOR TODAY
                         NORMAL    RECORD    YEAR
 MAXIMUM TEMPERATURE (F)   33        66      1906
 MINIMUM TEMPERATURE (F)   18       -11      1984


SUNRISE AND SUNSET
JANUARY 22 2015.......SUNRISE   723 AM EST   SUNSET   507 PM EST
JANUARY 23 2015.......SUNRISE   722 AM EST   SUNSET   508 PM EST


-  INDICATES NEGATIVE NUMBERS.
R  INDICATES RECORD WAS SET OR TIED.
MM INDICATES DATA IS MISSING.
T  INDICATES TRACE AMOUNT.

$$
