000
CDUS41 KBGM 150819
CLIAVP


CLIMATE REPORT
NATIONAL WEATHER SERVICE BINGHAMTON NY
318 AM EST SAT NOV 15 2014


...................................

...THE AVOCA PA CLIMATE SUMMARY FOR NOVEMBER 14 2014...

CLIMATE NORMAL PERIOD 1981 TO 2010
CLIMATE RECORD PERIOD 1901 TO 2014


WEATHER ITEM   OBSERVED TIME   RECORD YEAR NORMAL DEPARTURE LAST
                VALUE   (LST)  VALUE       VALUE  FROM      YEAR
                                                  NORMAL
..................................................................
TEMPERATURE (F)
 YESTERDAY
  MAXIMUM         39    243 PM  71    1989  50    -11       49
  MINIMUM         28    736 AM  14    1986  34     -6       29
                                      1905
  AVERAGE         34                        42     -8       39

PRECIPITATION (IN)
  YESTERDAY        T             1.75 1972   0.10  -0.10     0.00
  MONTH TO DATE    0.24                      1.42  -1.18     1.00
  SINCE SEP 1      5.15                      8.83  -3.68     4.14
  SINCE JAN 1     26.71                     33.86  -7.15    22.49

SNOWFALL (IN)
  YESTERDAY        T             7.7  1995   0.1   -0.1      0.0
  MONTH TO DATE    T                         1.0   -1.0      1.3
  SINCE SEP 1      T                         1.1   -1.1      1.3
  SINCE JUL 1      T                         1.1   -1.1      1.3

DEGREE DAYS
 HEATING
  YESTERDAY       31                        23      8       26
  MONTH TO DATE  281                       293    -12      321
  SINCE SEP 1    692                       870   -178      796
  SINCE JUL 1    703                       896   -193      805

 COOLING
  YESTERDAY        0                         0      0        0
  MONTH TO DATE    0                         0      0        0
  SINCE SEP 1    100                        56     44       93
  SINCE JAN 1    686                       580    106      795
..................................................................


WIND (MPH)
  HIGHEST WIND SPEED    20   HIGHEST WIND DIRECTION    NW (320)
  HIGHEST GUST SPEED    26   HIGHEST GUST DIRECTION    NW (300)
  AVERAGE WIND SPEED     8.3


SKY COVER
  AVERAGE SKY COVER 0.6



RELATIVE HUMIDITY (PERCENT)
 HIGHEST    78          1200 AM
 LOWEST     37           200 PM
 AVERAGE    58

..........................................................


THE AVOCA PA CLIMATE NORMALS FOR TODAY
                         NORMAL    RECORD    YEAR
 MAXIMUM TEMPERATURE (F)   50        72      1993
 MINIMUM TEMPERATURE (F)   34        14      1933


SUNRISE AND SUNSET
NOVEMBER 15 2014......SUNRISE   651 AM EST   SUNSET   443 PM EST
NOVEMBER 16 2014......SUNRISE   652 AM EST   SUNSET   443 PM EST


-  INDICATES NEGATIVE NUMBERS.
R  INDICATES RECORD WAS SET OR TIED.
MM INDICATES DATA IS MISSING.
T  INDICATES TRACE AMOUNT.




$$
