000
CDUS41 KBGM 250254
CLIAVP


CLIMATE REPORT
NATIONAL WEATHER SERVICE BINGHAMTON NY
1054 PM EDT WED SEP 24 2014


...................................

...THE AVOCA PA CLIMATE SUMMARY FOR SEPTEMBER 24 2014...
VALID AS OF 1000 PM LOCAL TIME.

CLIMATE NORMAL PERIOD 1981 TO 2010
CLIMATE RECORD PERIOD 1901 TO 2014


WEATHER ITEM   OBSERVED TIME   RECORD YEAR NORMAL DEPARTURE LAST
                VALUE   (LST)  VALUE       VALUE  FROM      YEAR
                                                  NORMAL
..................................................................
TEMPERATURE (F)
 TODAY
  MAXIMUM         72    223 PM  90    2010  69      3       69
  MINIMUM         50    617 AM  30    1974  49      1       37
  AVERAGE         61                        59      2       53

PRECIPITATION (IN)
  TODAY            0.00          1.72 2001   0.13  -0.13     0.00
  MONTH TO DATE    0.68                      3.22  -2.54     1.57
  SINCE SEP 1      0.68                      3.22  -2.54     1.57
  SINCE JAN 1     22.24                     28.25  -6.01    19.92

SNOWFALL (IN)
  TODAY            0.0           0.0    MM   0.0    0.0      0.0
  MONTH TO DATE    0.0                       0.0    0.0      0.0
  SINCE SEP 1      0.0                       0.0    0.0      0.0
  SINCE JUL 1      0.0                       0.0    0.0      0.0

DEGREE DAYS
 HEATING
  TODAY            4                         7     -3       12
  MONTH TO DATE   93                        88      5      122
  SINCE SEP 1     93                        88      5      122
  SINCE JUL 1    104                       114    -10      131

 COOLING
  TODAY            0                         1     -1        0
  MONTH TO DATE   83                        48     35       69
  SINCE SEP 1     83                        48     35       69
  SINCE JAN 1    669                       572     97      771
..................................................................


WIND (MPH)
  HIGHEST WIND SPEED    10   HIGHEST WIND DIRECTION    SE (130)
  HIGHEST GUST SPEED    16   HIGHEST GUST DIRECTION    SE (130)
  AVERAGE WIND SPEED     4.8


SKY COVER
  AVERAGE SKY COVER 0.1


WEATHER CONDITIONS
 THE FOLLOWING WEATHER WAS RECORDED TODAY.
  NO SIGNIFICANT WEATHER WAS OBSERVED.


RELATIVE HUMIDITY (PERCENT)
 HIGHEST    86           400 AM
 LOWEST     44           200 PM
 AVERAGE    65

..........................................................


THE AVOCA PA CLIMATE NORMALS FOR TOMORROW
                         NORMAL    RECORD    YEAR
 MAXIMUM TEMPERATURE (F)   69        89      1908
 MINIMUM TEMPERATURE (F)   49        34      1928


SUNRISE AND SUNSET
SEPTEMBER 24 2014.....SUNRISE   652 AM EDT   SUNSET   657 PM EDT
SEPTEMBER 25 2014.....SUNRISE   653 AM EDT   SUNSET   655 PM EDT


-  INDICATES NEGATIVE NUMBERS.
R  INDICATES RECORD WAS SET OR TIED.
MM INDICATES DATA IS MISSING.
T  INDICATES TRACE AMOUNT.




$$
