000
CDUS41 KBGM 052121
CLIAVP


CLIMATE REPORT
NATIONAL WEATHER SERVICE BINGHAMTON NY
520 PM EDT SAT APR 5 2014


...................................

...THE AVOCA PA CLIMATE SUMMARY FOR APRIL 5 2014...
VALID TODAY AS OF 0500 PM LOCAL TIME.

CLIMATE NORMAL PERIOD 1981 TO 2010
CLIMATE RECORD PERIOD 1901 TO 2014


WEATHER ITEM   OBSERVED TIME   RECORD YEAR NORMAL DEPARTURE LAST
                VALUE   (LST)  VALUE       VALUE  FROM      YEAR
                                                  NORMAL
..................................................................
TEMPERATURE (F)
 TODAY
  MAXIMUM         47    221 PM  83    1910  55     -8       55
  MINIMUM         39    636 AM  17    1995  35      4       30
  AVERAGE         43                        44     -1       43

PRECIPITATION (IN)
  TODAY            T             2.35 1947   0.11  -0.11     0.00
  MONTH TO DATE    0.21                      0.53  -0.32      T
  SINCE MAR 1      2.28                      3.08  -0.80     1.62
  SINCE JAN 1      7.16                      7.48  -0.32     4.95

SNOWFALL (IN)
  TODAY            0.0           7.2  1957   0.2   -0.2      0.0
  MONTH TO DATE    0.0                       0.6   -0.6       T
  SINCE MAR 1      2.4                       9.6   -7.2      6.5
  SINCE JUL 1     58.2                      43.5   14.7     33.9

DEGREE DAYS
 HEATING
  TODAY           22                        21      1       22
  MONTH TO DATE   96                       107    -11      135
  SINCE MAR 1   1139                       978    161     1061
  SINCE JUL 1   5962                      5584    378     5285

 COOLING
  TODAY            0                         0      0        0
  MONTH TO DATE    0                         0      0        0
  SINCE MAR 1      0                         0      0        0
  SINCE JAN 1      0                         0      0        0
..................................................................


WIND (MPH)
  HIGHEST WIND SPEED    28   HIGHEST WIND DIRECTION     W (290)
  HIGHEST GUST SPEED    37   HIGHEST GUST DIRECTION     W (290)
  AVERAGE WIND SPEED    12.2


SKY COVER
  AVERAGE SKY COVER 1.0


WEATHER CONDITIONS
 THE FOLLOWING WEATHER WAS RECORDED TODAY.
  FOG


RELATIVE HUMIDITY (PERCENT)
 HIGHEST    93           500 AM
 LOWEST     49           200 PM
 AVERAGE    71

..........................................................


THE AVOCA PA CLIMATE NORMALS FOR TOMORROW
                         NORMAL    RECORD    YEAR
 MAXIMUM TEMPERATURE (F)   55        83      1929
 MINIMUM TEMPERATURE (F)   35        18      1982
                                             1943


SUNRISE AND SUNSET
APRIL  5 2014.........SUNRISE   640 AM EDT   SUNSET   732 PM EDT
APRIL  6 2014.........SUNRISE   638 AM EDT   SUNSET   733 PM EDT


-  INDICATES NEGATIVE NUMBERS.
R  INDICATES RECORD WAS SET OR TIED.
MM INDICATES DATA IS MISSING.
T  INDICATES TRACE AMOUNT.




$$
