000
CDUS41 KBGM 170603
CLIAVP


CLIMATE REPORT
NATIONAL WEATHER SERVICE BINGHAMTON NY
203 AM EDT TUE MAY 17 2016


...................................

...THE AVOCA PA CLIMATE SUMMARY FOR MAY 16 2016...

CLIMATE NORMAL PERIOD 1981 TO 2010
CLIMATE RECORD PERIOD 1901 TO 2016


WEATHER ITEM   OBSERVED TIME   RECORD YEAR NORMAL DEPARTURE LAST
                VALUE   (LST)  VALUE       VALUE  FROM      YEAR
                                                  NORMAL
..................................................................
TEMPERATURE (F)
 YESTERDAY
  MAXIMUM         63    619 PM  90    1998  70     -7       80
  MINIMUM         35    542 AM  34    1973  48    -13       60
  AVERAGE         49                        59    -10       70

PRECIPITATION (IN)
  YESTERDAY        0.00          1.82 2014   0.10  -0.10     0.16
  MONTH TO DATE    2.22                      1.71   0.51     0.30
  SINCE MAR 1      6.69                      7.59  -0.90     5.14
  SINCE JAN 1     12.49                     11.99   0.50     8.14

SNOWFALL (IN)
  YESTERDAY        0.0           0.0    MM   0.0    0.0      0.0
  MONTH TO DATE    0.0                       0.3   -0.3      0.0
  SINCE MAR 1      3.5                      12.6   -9.1      9.0
  SINCE JUL 1     15.5                      46.5  -31.0     51.4

DEGREE DAYS
 HEATING
  YESTERDAY       16                         7      9        0
  MONTH TO DATE  183                       145     38       51
  SINCE MAR 1   1324                      1512   -188     1498
  SINCE JUL 1   4894                      6118  -1224     6195

 COOLING
  YESTERDAY        0                         1     -1        5
  MONTH TO DATE    0                         9     -9       58
  SINCE MAR 1      1                        15    -14       58
  SINCE JAN 1      1                        15    -14       58
..................................................................


WIND (MPH)
  HIGHEST WIND SPEED    25   HIGHEST WIND DIRECTION    NW (300)
  HIGHEST GUST SPEED    37   HIGHEST GUST DIRECTION    NW (300)
  AVERAGE WIND SPEED    12.3


SKY COVER
  AVERAGE SKY COVER 0.3



RELATIVE HUMIDITY (PERCENT)
 HIGHEST    75           500 AM
 LOWEST     29           100 PM
 AVERAGE    52

..........................................................


THE AVOCA PA CLIMATE NORMALS FOR TODAY
                         NORMAL    RECORD    YEAR
 MAXIMUM TEMPERATURE (F)   70        90      1962
 MINIMUM TEMPERATURE (F)   48        30      1956


SUNRISE AND SUNSET
MAY 17 2016...........SUNRISE   542 AM EDT   SUNSET   817 PM EDT
MAY 18 2016...........SUNRISE   541 AM EDT   SUNSET   818 PM EDT


-  INDICATES NEGATIVE NUMBERS.
R  INDICATES RECORD WAS SET OR TIED.
MM INDICATES DATA IS MISSING.
T  INDICATES TRACE AMOUNT.




$$
