000
CDUS41 KBGM 182121
CLIAVP


CLIMATE REPORT
NATIONAL WEATHER SERVICE BINGHAMTON NY
520 PM EDT MON APR 18 2016


...................................

...THE AVOCA PA CLIMATE SUMMARY FOR APRIL 18 2016...
VALID TODAY AS OF 0500 PM LOCAL TIME.

CLIMATE NORMAL PERIOD 1981 TO 2010
CLIMATE RECORD PERIOD 1901 TO 2016


WEATHER ITEM   OBSERVED TIME   RECORD YEAR NORMAL DEPARTURE LAST
                VALUE   (LST)  VALUE       VALUE  FROM      YEAR
                                                  NORMAL
..................................................................
TEMPERATURE (F)
 TODAY
  MAXIMUM         78    357 PM  92    1976  60     18       80
  MINIMUM         42    539 AM  28    2001  39      3       43
                                      1948
  AVERAGE         60                        50     10       62

PRECIPITATION (IN)
  TODAY            0.00          0.80 1924   0.11  -0.11     0.00
  MONTH TO DATE    2.13                      1.99   0.14     1.28
  SINCE MAR 1      3.91                      4.54  -0.63     3.24
  SINCE JAN 1      9.71                      8.94   0.77     6.24

SNOWFALL (IN)
  TODAY            0.0           5.5  1983   0.1   -0.1      0.0
  MONTH TO DATE    2.2                       2.2    0.0       T
  SINCE MAR 1      3.5                      11.2   -7.7      9.0
  SINCE JUL 1     15.5                      45.1  -29.6     51.4

DEGREE DAYS
 HEATING
  TODAY            5                        15    -10        3
  MONTH TO DATE  370                       338     32      270
  SINCE MAR 1   1001                      1209   -208     1265
  SINCE JUL 1   4571                      5815  -1244     5962

 COOLING
  TODAY            0                         0      0        0
  MONTH TO DATE    0                         0      0        0
  SINCE MAR 1      0                         0      0        0
  SINCE JAN 1      0                         0      0        0
..................................................................


WIND (MPH)
  HIGHEST WIND SPEED    17   HIGHEST WIND DIRECTION     N (340)
  HIGHEST GUST SPEED    21   HIGHEST GUST DIRECTION     N (350)
  AVERAGE WIND SPEED     4.9


SKY COVER
  AVERAGE SKY COVER 0.0


WEATHER CONDITIONS
 THE FOLLOWING WEATHER WAS RECORDED TODAY.
  NO SIGNIFICANT WEATHER WAS OBSERVED.


RELATIVE HUMIDITY (PERCENT)
 HIGHEST    70           300 AM
 LOWEST     16           300 PM
 AVERAGE    43

..........................................................


THE AVOCA PA CLIMATE NORMALS FOR TOMORROW
                         NORMAL    RECORD    YEAR
 MAXIMUM TEMPERATURE (F)   61        91      1976
 MINIMUM TEMPERATURE (F)   40        24      1904


SUNRISE AND SUNSET
APRIL 18 2016.........SUNRISE   618 AM EDT   SUNSET   747 PM EDT
APRIL 19 2016.........SUNRISE   617 AM EDT   SUNSET   748 PM EDT


-  INDICATES NEGATIVE NUMBERS.
R  INDICATES RECORD WAS SET OR TIED.
MM INDICATES DATA IS MISSING.
T  INDICATES TRACE AMOUNT.




$$
