108
CDUS41 KBGM 170653
CLIAVP


CLIMATE REPORT
NATIONAL WEATHER SERVICE BINGHAMTON NY
253 AM EDT SAT JUN 17 2017


...................................

...THE AVOCA PA CLIMATE SUMMARY FOR JUNE 16 2017...

CLIMATE NORMAL PERIOD 1981 TO 2010
CLIMATE RECORD PERIOD 1901 TO 2017


WEATHER ITEM   OBSERVED TIME   RECORD YEAR NORMAL DEPARTURE LAST
                VALUE   (LST)  VALUE       VALUE  FROM      YEAR
                                                  NORMAL
..................................................................
TEMPERATURE (F)
 YESTERDAY
  MAXIMUM         74    424 PM  92    1967  78     -4       69
  MINIMUM         63    834 AM  40    1961  57      6       59
  AVERAGE         69                        67      2       64

PRECIPITATION (IN)
  YESTERDAY        0.04          2.29 1967   0.13  -0.09     0.08
  MONTH TO DATE    1.70                      2.22  -0.52     1.26
  SINCE JUN 1      1.70                      2.22  -0.52     1.26
  SINCE JAN 1     20.03                     16.02   4.01    14.08

SNOWFALL (IN)
  YESTERDAY        0.0           0.0  1995   0.0    0.0      0.0
  MONTH TO DATE    0.0                       0.0    0.0      0.0
  SINCE JUN 1      0.0                       0.0    0.0      0.0
  SINCE JUL 1     55.5                      46.2    9.3     15.5

DEGREE DAYS
 HEATING
  YESTERDAY        0                         2     -2        1
  MONTH TO DATE   41                        43     -2       24
  SINCE JUN 1     41                        43     -2       24
  SINCE JUL 1   5232                      6244  -1012     4966

 COOLING
  YESTERDAY        4                         4      0        0
  MONTH TO DATE   58                        48     10       51
  SINCE JUN 1     58                        48     10       51
  SINCE JAN 1    110                        85     25      123
..................................................................


WIND (MPH)
  HIGHEST WIND SPEED     8   HIGHEST WIND DIRECTION     S (160)
  HIGHEST GUST SPEED    13   HIGHEST GUST DIRECTION     S (160)
  AVERAGE WIND SPEED     2.6


SKY COVER
  AVERAGE SKY COVER 0.9



RELATIVE HUMIDITY (PERCENT)
 HIGHEST    93          1000 AM
 LOWEST     42          1200 AM
 AVERAGE    68

..........................................................


THE AVOCA PA CLIMATE NORMALS FOR TODAY
                         NORMAL    RECORD    YEAR
 MAXIMUM TEMPERATURE (F)   78        96      1952
 MINIMUM TEMPERATURE (F)   57        42      1980


SUNRISE AND SUNSET
JUNE 17 2017..........SUNRISE   529 AM EDT   SUNSET   839 PM EDT
JUNE 18 2017..........SUNRISE   529 AM EDT   SUNSET   839 PM EDT


-  INDICATES NEGATIVE NUMBERS.
R  INDICATES RECORD WAS SET OR TIED.
MM INDICATES DATA IS MISSING.
T  INDICATES TRACE AMOUNT.




$$
