047
CDUS41 KBGM 150638
CLIAVP


CLIMATE REPORT
NATIONAL WEATHER SERVICE BINGHAMTON NY
237 AM EDT SUN OCT 15 2017


...................................

...THE AVOCA PA CLIMATE SUMMARY FOR OCTOBER 14 2017...

CLIMATE NORMAL PERIOD 1981 TO 2010
CLIMATE RECORD PERIOD 1901 TO 2017


WEATHER ITEM   OBSERVED TIME   RECORD YEAR NORMAL DEPARTURE LAST
                VALUE   (LST)  VALUE       VALUE  FROM      YEAR
                                                  NORMAL
..................................................................
TEMPERATURE (F)
 YESTERDAY
  MAXIMUM         65    407 PM  84    1954  61      4       60
  MINIMUM         59    626 AM  29    1991  41     18       36
                                      1987
  AVERAGE         62                        51     11       48

PRECIPITATION (IN)
  YESTERDAY        0.00          1.31 2011   0.11  -0.11     0.00
  MONTH TO DATE    1.28                      1.62  -0.34     0.73
  SINCE SEP 1      3.00                      5.69  -2.69     3.73
  SINCE JAN 1     33.12                     30.72   2.40    25.29

SNOWFALL (IN)
  YESTERDAY        0.0           0.0    MM   0.0    0.0      0.0
  MONTH TO DATE    0.0                       0.0    0.0      0.0
  SINCE SEP 1      0.0                       0.0    0.0      0.0
  SINCE JUL 1      0.0                       0.0    0.0      0.0

DEGREE DAYS
 HEATING
  YESTERDAY        3                        14    -11       17
  MONTH TO DATE   51                       161   -110      116
  SINCE SEP 1    143                       297   -154      175
  SINCE JUL 1    160                       323   -163      176

 COOLING
  YESTERDAY        0                         0      0        0
  MONTH TO DATE   35                         0     35        0
  SINCE SEP 1    163                        52    111      127
  SINCE JAN 1    802                       576    226      993
..................................................................


WIND (MPH)
  HIGHEST WIND SPEED     9   HIGHEST WIND DIRECTION     W (260)
  HIGHEST GUST SPEED    13   HIGHEST GUST DIRECTION    SE (140)
  AVERAGE WIND SPEED     2.7


SKY COVER
  AVERAGE SKY COVER 1.0



RELATIVE HUMIDITY (PERCENT)
 HIGHEST    93           600 AM
 LOWEST     78           200 PM
 AVERAGE    86

..........................................................


THE AVOCA PA CLIMATE NORMALS FOR TODAY
                         NORMAL    RECORD    YEAR
 MAXIMUM TEMPERATURE (F)   61        81      1947
 MINIMUM TEMPERATURE (F)   41        29      2006


SUNRISE AND SUNSET
OCTOBER 15 2017.......SUNRISE   715 AM EDT   SUNSET   622 PM EDT
OCTOBER 16 2017.......SUNRISE   716 AM EDT   SUNSET   620 PM EDT


-  INDICATES NEGATIVE NUMBERS.
R  INDICATES RECORD WAS SET OR TIED.
MM INDICATES DATA IS MISSING.
T  INDICATES TRACE AMOUNT.




$$
