000
CDUS41 KBGM 070609
CLIAVP


CLIMATE REPORT
NATIONAL WEATHER SERVICE BINGHAMTON NY
108 AM EST TUE FEB 7 2017


...................................

...THE AVOCA PA CLIMATE SUMMARY FOR FEBRUARY 6 2017...

CLIMATE NORMAL PERIOD 1981 TO 2010
CLIMATE RECORD PERIOD 1901 TO 2017


WEATHER ITEM   OBSERVED TIME   RECORD YEAR NORMAL DEPARTURE LAST
                VALUE   (LST)  VALUE       VALUE  FROM      YEAR
                                                  NORMAL
..................................................................
TEMPERATURE (F)
 YESTERDAY
  MAXIMUM         46    316 PM  57    1938  35     11       42
  MINIMUM         29    728 AM  -9    1906  19     10       20
  AVERAGE         38                        27     11       31

PRECIPITATION (IN)
  YESTERDAY        0.00          1.03 2008   0.08  -0.08     0.00
  MONTH TO DATE    0.04                      0.47  -0.43     0.49
  SINCE DEC 1      5.35                      5.52  -0.17     4.83
  SINCE JAN 1      3.29                      2.84   0.45     2.28

SNOWFALL (IN)
  YESTERDAY        0.0           9.6  1978   0.3   -0.3      0.0
  MONTH TO DATE    0.6                       2.1   -1.5       T
  SINCE DEC 1     11.4                      23.7  -12.3      5.3
  SINCE JUL 1     17.1                      26.7   -9.6      5.3

DEGREE DAYS
 HEATING
  YESTERDAY       27                        38    -11       34
  MONTH TO DATE  209                       229    -20      157
  SINCE DEC 1   2190                      2507   -317     1920
  SINCE JUL 1   3208                      3820   -612     2828

 COOLING
  YESTERDAY        0                         0      0        0
  MONTH TO DATE    0                         0      0        0
  SINCE DEC 1      0                         0      0        0
  SINCE JAN 1      0                         0      0        0
..................................................................


WIND (MPH)
  HIGHEST WIND SPEED    18   HIGHEST WIND DIRECTION     W (250)
  HIGHEST GUST SPEED    26   HIGHEST GUST DIRECTION    NW (320)
  AVERAGE WIND SPEED     7.3


SKY COVER
  AVERAGE SKY COVER 0.4



RELATIVE HUMIDITY (PERCENT)
 HIGHEST    70          1000 PM
 LOWEST     40           200 PM
 AVERAGE    55

..........................................................


THE AVOCA PA CLIMATE NORMALS FOR TODAY
                         NORMAL    RECORD    YEAR
 MAXIMUM TEMPERATURE (F)   35        55      1925
                                             1904
 MINIMUM TEMPERATURE (F)   20        -4      1966
                                             1910
                                             1907


SUNRISE AND SUNSET
FEBRUARY  7 2017......SUNRISE   707 AM EST   SUNSET   527 PM EST
FEBRUARY  8 2017......SUNRISE   706 AM EST   SUNSET   528 PM EST


-  INDICATES NEGATIVE NUMBERS.
R  INDICATES RECORD WAS SET OR TIED.
MM INDICATES DATA IS MISSING.
T  INDICATES TRACE AMOUNT.




$$
