000
CDUS41 KBGM 150539
CLIAVP


CLIMATE REPORT
NATIONAL WEATHER SERVICE BINGHAMTON NY
138 AM EDT SAT JUL 15 2017


...................................

...THE AVOCA PA CLIMATE SUMMARY FOR JULY 14 2017...

CLIMATE NORMAL PERIOD 1981 TO 2010
CLIMATE RECORD PERIOD 1901 TO 2017


WEATHER ITEM   OBSERVED TIME   RECORD YEAR NORMAL DEPARTURE LAST
                VALUE   (LST)  VALUE       VALUE  FROM      YEAR
                                                  NORMAL
..................................................................
TEMPERATURE (F)
 YESTERDAY
  MAXIMUM         78    546 PM 100    1936  82     -4       91
  MINIMUM         69   1155 PM  48    1904  61      8       71
  AVERAGE         74                        72      2       81

PRECIPITATION (IN)
  YESTERDAY        1.69R         0.84 1960   0.12   1.57     0.01
  MONTH TO DATE    2.98                      1.64   1.34     0.80
  SINCE JUN 1      6.86                      5.67   1.19     2.39
  SINCE JAN 1     25.19                     19.47   5.72    15.21

SNOWFALL (IN)
  YESTERDAY        0.0           0.0  1995   0.0    0.0      0.0
  MONTH TO DATE    0.0                       0.0    0.0      0.0
  SINCE JUN 1      0.0                       0.0    0.0      0.0
  SINCE JUL 1      0.0                       0.0    0.0      0.0

DEGREE DAYS
 HEATING
  YESTERDAY        0                         0      0        0
  MONTH TO DATE    0                         0      0        0
  SINCE JUN 1     43                        54    -11       24
  SINCE JUL 1      0                         0      0        0

 COOLING
  YESTERDAY        9                         7      2       16
  MONTH TO DATE  123                        93     30      134
  SINCE JUN 1    280                       210     70      277
  SINCE JAN 1    332                       247     85      349
..................................................................


WIND (MPH)
  HIGHEST WIND SPEED    10   HIGHEST WIND DIRECTION     N (360)
  HIGHEST GUST SPEED    17   HIGHEST GUST DIRECTION     S (170)
  AVERAGE WIND SPEED     4.5


SKY COVER
  AVERAGE SKY COVER 0.8



RELATIVE HUMIDITY (PERCENT)
 HIGHEST   100           500 AM
 LOWEST     76           300 PM
 AVERAGE    88

..........................................................


THE AVOCA PA CLIMATE NORMALS FOR TODAY
                         NORMAL    RECORD    YEAR
 MAXIMUM TEMPERATURE (F)   82       100      1995
 MINIMUM TEMPERATURE (F)   61        49      1924


SUNRISE AND SUNSET
JULY 15 2017..........SUNRISE   543 AM EDT   SUNSET   835 PM EDT
JULY 16 2017..........SUNRISE   544 AM EDT   SUNSET   834 PM EDT


-  INDICATES NEGATIVE NUMBERS.
R  INDICATES RECORD WAS SET OR TIED.
MM INDICATES DATA IS MISSING.
T  INDICATES TRACE AMOUNT.




$$
