000
CDUS41 KBGM 130556
CLIAVP


CLIMATE REPORT
NATIONAL WEATHER SERVICE BINGHAMTON NY
155 AM EDT WED JUL 13 2016


...................................

...THE AVOCA PA CLIMATE SUMMARY FOR JULY 12 2016...

CLIMATE NORMAL PERIOD 1981 TO 2010
CLIMATE RECORD PERIOD 1901 TO 2016


WEATHER ITEM   OBSERVED TIME   RECORD YEAR NORMAL DEPARTURE LAST
                VALUE   (LST)  VALUE       VALUE  FROM      YEAR
                                                  NORMAL
..................................................................
TEMPERATURE (F)
 YESTERDAY
  MAXIMUM         90    233 PM  96    1936  82      8       86
  MINIMUM         62    523 AM  45    1945  61      1       59
  AVERAGE         76                        72      4       73

PRECIPITATION (IN)
  YESTERDAY        0.00          2.44 1990   0.13  -0.13     0.00
  MONTH TO DATE    0.54                      1.39  -0.85     1.84
  SINCE JUN 1      2.13                      5.42  -3.29     8.36
  SINCE JAN 1     14.95                     19.22  -4.27    17.92

SNOWFALL (IN)
  YESTERDAY        0.0           0.0  1995   0.0    0.0      0.0
  MONTH TO DATE    0.0                       0.0    0.0      0.0
  SINCE JUN 1      0.0                       0.0    0.0      0.0
  SINCE JUL 1      0.0                       0.0    0.0      0.0

DEGREE DAYS
 HEATING
  YESTERDAY        0                         0      0        0
  MONTH TO DATE    0                         0      0        0
  SINCE JUN 1     24                        54    -30       24
  SINCE JUL 1      0                         0      0        0

 COOLING
  YESTERDAY       11                         7      4        8
  MONTH TO DATE  103                        79     24       83
  SINCE JUN 1    246                       196     50      238
  SINCE JAN 1    318                       233     85      386
..................................................................


WIND (MPH)
  HIGHEST WIND SPEED    17   HIGHEST WIND DIRECTION    SW (240)
  HIGHEST GUST SPEED    23   HIGHEST GUST DIRECTION     W (250)
  AVERAGE WIND SPEED     7.3


SKY COVER
  AVERAGE SKY COVER 0.1



RELATIVE HUMIDITY (PERCENT)
 HIGHEST    84           400 AM
 LOWEST     39          1200 PM
 AVERAGE    62

..........................................................


THE AVOCA PA CLIMATE NORMALS FOR TODAY
                         NORMAL    RECORD    YEAR
 MAXIMUM TEMPERATURE (F)   82        95      1966
 MINIMUM TEMPERATURE (F)   61        49      2001


SUNRISE AND SUNSET
JULY 13 2016..........SUNRISE   542 AM EDT   SUNSET   836 PM EDT
JULY 14 2016..........SUNRISE   542 AM EDT   SUNSET   835 PM EDT


-  INDICATES NEGATIVE NUMBERS.
R  INDICATES RECORD WAS SET OR TIED.
MM INDICATES DATA IS MISSING.
T  INDICATES TRACE AMOUNT.




$$
