000
CDUS41 KBGM 070608
CLIAVP


CLIMATE REPORT
NATIONAL WEATHER SERVICE BINGHAMTON NY
104 AM EST SUN JAN 7 2018


...................................

...THE AVOCA PA CLIMATE SUMMARY FOR JANUARY 6 2018...

CLIMATE NORMAL PERIOD 1981 TO 2010
CLIMATE RECORD PERIOD 1901 TO 2018


WEATHER ITEM   OBSERVED TIME   RECORD YEAR NORMAL DEPARTURE LAST
                VALUE   (LST)  VALUE       VALUE  FROM      YEAR
                                                  NORMAL
..................................................................
TEMPERATURE (F)
 YESTERDAY
  MAXIMUM          9    344 PM  64    2007  33    -24       26
  MINIMUM          1   1159 PM  -8    1904  19    -18       17
  AVERAGE          5                        26    -21       22

PRECIPITATION (IN)
  YESTERDAY        T             1.09 1962   0.08  -0.08     0.01
  MONTH TO DATE    0.10                      0.43  -0.33     0.46
  SINCE DEC 1      1.78                      3.11  -1.33     2.52
  SINCE JAN 1      0.10                      0.43  -0.33     0.46

SNOWFALL (IN)
  YESTERDAY        T            15.0  2002   0.4   -0.4      0.2
  MONTH TO DATE    2.1                       2.6   -0.5      0.2
  SINCE DEC 1      9.2                      10.0   -0.8      7.1
  SINCE JUL 1      9.3                      13.0   -3.7     12.8

DEGREE DAYS
 HEATING
  YESTERDAY       60                        39     21       43
  MONTH TO DATE  327                       233     94      198
  SINCE DEC 1   1438                      1298    140     1192
  SINCE JUL 1   2478                      2611   -133     2210

 COOLING
  YESTERDAY        0                         0      0        0
  MONTH TO DATE    0                         0      0        0
  SINCE DEC 1      0                         0      0        0
  SINCE JAN 1      0                         0      0        0
..................................................................


WIND (MPH)
  HIGHEST WIND SPEED    23   HIGHEST WIND DIRECTION    NW (330)
  HIGHEST GUST SPEED    28   HIGHEST GUST DIRECTION     W (290)
  AVERAGE WIND SPEED    12.8


SKY COVER
  AVERAGE SKY COVER 0.3



RELATIVE HUMIDITY (PERCENT)
 HIGHEST    79           500 AM
 LOWEST     41           400 PM
 AVERAGE    60

..........................................................


THE AVOCA PA CLIMATE NORMALS FOR TODAY
                         NORMAL    RECORD    YEAR
 MAXIMUM TEMPERATURE (F)   33        63      1998
 MINIMUM TEMPERATURE (F)   19        -4      2014


SUNRISE AND SUNSET
JANUARY  7 2018.......SUNRISE   729 AM EST   SUNSET   450 PM EST
JANUARY  8 2018.......SUNRISE   729 AM EST   SUNSET   451 PM EST


-  INDICATES NEGATIVE NUMBERS.
R  INDICATES RECORD WAS SET OR TIED.
MM INDICATES DATA IS MISSING.
T  INDICATES TRACE AMOUNT.




$$
