000
CDUS41 KBGM 240552
CLIAVP


CLIMATE REPORT
NATIONAL WEATHER SERVICE BINGHAMTON NY
152 AM EDT MON AUG 24 2015


...................................

...THE AVOCA PA CLIMATE SUMMARY FOR AUGUST 23 2015...

CLIMATE NORMAL PERIOD 1981 TO 2010
CLIMATE RECORD PERIOD 1901 TO 2015


WEATHER ITEM   OBSERVED TIME   RECORD YEAR NORMAL DEPARTURE LAST
                VALUE   (LST)  VALUE       VALUE  FROM      YEAR
                                                  NORMAL
..................................................................
TEMPERATURE (F)
 YESTERDAY
  MAXIMUM         81    418 PM  95    1936  79      2       69
  MINIMUM         55    604 AM  44    1973  59     -4       62
  AVERAGE         68                        69     -1       66

PRECIPITATION (IN)
  YESTERDAY        0.00          2.46 1933   0.10  -0.10     0.34
  MONTH TO DATE    2.26                      2.58  -0.32     3.47
  SINCE JUN 1     11.11                     10.40   0.71     8.12
  SINCE JAN 1     20.67                     24.20  -3.53    20.83

SNOWFALL (IN)
  YESTERDAY        0.0           0.0  1995   0.0    0.0      0.0
  MONTH TO DATE    0.0                       0.0    0.0      0.0
  SINCE JUN 1      0.0                       0.0    0.0      0.0
  SINCE JUL 1      0.0                       0.0    0.0      0.0

DEGREE DAYS
 HEATING
  YESTERDAY        0                         1     -1        0
  MONTH TO DATE    0                         6     -6        7
  SINCE JUN 1     24                        68    -44       20
  SINCE JUL 1      0                        14    -14        9

 COOLING
  YESTERDAY        3                         5     -2        1
  MONTH TO DATE  169                       130     39      115
  SINCE JUN 1    577                       453    124      509
  SINCE JAN 1    725                       490    235      550
..................................................................


WIND (MPH)
  HIGHEST WIND SPEED     9   HIGHEST WIND DIRECTION     W (290)
  HIGHEST GUST SPEED    12   HIGHEST GUST DIRECTION     S (190)
  AVERAGE WIND SPEED     4.6


SKY COVER
  AVERAGE SKY COVER 0.2



RELATIVE HUMIDITY (PERCENT)
 HIGHEST    86           200 AM
 LOWEST     43           600 PM
 AVERAGE    65

..........................................................


THE AVOCA PA CLIMATE NORMALS FOR TODAY
                         NORMAL    RECORD    YEAR
 MAXIMUM TEMPERATURE (F)   79        92      1947
 MINIMUM TEMPERATURE (F)   59        44      1971


SUNRISE AND SUNSET
AUGUST 24 2015........SUNRISE   621 AM EDT   SUNSET   749 PM EDT
AUGUST 25 2015........SUNRISE   622 AM EDT   SUNSET   747 PM EDT


-  INDICATES NEGATIVE NUMBERS.
R  INDICATES RECORD WAS SET OR TIED.
MM INDICATES DATA IS MISSING.
T  INDICATES TRACE AMOUNT.




$$
