000
CDUS41 KBGM 210550
CLIAVP


CLIMATE REPORT
NATIONAL WEATHER SERVICE BINGHAMTON NY
148 AM EDT TUE JUL 21 2015


...................................

...THE AVOCA PA CLIMATE SUMMARY FOR JULY 20 2015...

CLIMATE NORMAL PERIOD 1981 TO 2010
CLIMATE RECORD PERIOD 1901 TO 2015


WEATHER ITEM   OBSERVED TIME   RECORD YEAR NORMAL DEPARTURE LAST
                VALUE   (LST)  VALUE       VALUE  FROM      YEAR
                                                  NORMAL
..................................................................
TEMPERATURE (F)
 YESTERDAY
  MAXIMUM         89    416 PM  96    1991  82      7       81
  MINIMUM         70    405 AM  46    1965  61      9       63
                                      1929
                                      1912
  AVERAGE         80                        72      8       72

PRECIPITATION (IN)
  YESTERDAY        0.01          1.49 1982   0.12  -0.11      T
  MONTH TO DATE    2.02                      2.37  -0.35     2.25
  SINCE JUN 1      8.54                      6.40   2.14     4.41
  SINCE JAN 1     18.10                     20.20  -2.10    17.12

SNOWFALL (IN)
  YESTERDAY        0.0           0.0  1995   0.0    0.0      0.0
  MONTH TO DATE    0.0                       0.0    0.0      0.0
  SINCE JUN 1      0.0                       0.0    0.0      0.0
  SINCE JUL 1      0.0                       0.0    0.0      0.0

DEGREE DAYS
 HEATING
  YESTERDAY        0                         0      0        0
  MONTH TO DATE    0                         0      0        0
  SINCE JUN 1     24                        54    -30       11
  SINCE JUL 1      0                         0      0        0

 COOLING
  YESTERDAY       15                         7      8        7
  MONTH TO DATE  152                       135     17      164
  SINCE JUN 1    307                       252     55      323
  SINCE JAN 1    455                       289    166      364
..................................................................


WIND (MPH)
  HIGHEST WIND SPEED    15   HIGHEST WIND DIRECTION     W (270)
  HIGHEST GUST SPEED    21   HIGHEST GUST DIRECTION     W (250)
  AVERAGE WIND SPEED     5.8


SKY COVER
  AVERAGE SKY COVER 0.3



RELATIVE HUMIDITY (PERCENT)
 HIGHEST    90           400 AM
 LOWEST     45           500 PM
 AVERAGE    68

..........................................................


THE AVOCA PA CLIMATE NORMALS FOR TODAY
                         NORMAL    RECORD    YEAR
 MAXIMUM TEMPERATURE (F)   82        99      1930
 MINIMUM TEMPERATURE (F)   61        47      1965


SUNRISE AND SUNSET
JULY 21 2015..........SUNRISE   548 AM EDT   SUNSET   831 PM EDT
JULY 22 2015..........SUNRISE   548 AM EDT   SUNSET   830 PM EDT


-  INDICATES NEGATIVE NUMBERS.
R  INDICATES RECORD WAS SET OR TIED.
MM INDICATES DATA IS MISSING.
T  INDICATES TRACE AMOUNT.

$$
