000
CDUS41 KBGM 130614
CLIAVP


CLIMATE REPORT
NATIONAL WEATHER SERVICE BINGHAMTON NY
112 AM EST THU NOV 13 2014


...................................

...THE AVOCA PA CLIMATE SUMMARY FOR NOVEMBER 12 2014...

CLIMATE NORMAL PERIOD 1981 TO 2010
CLIMATE RECORD PERIOD 1901 TO 2014


WEATHER ITEM   OBSERVED TIME   RECORD YEAR NORMAL DEPARTURE LAST
                VALUE   (LST)  VALUE       VALUE  FROM      YEAR
                                                  NORMAL
..................................................................
TEMPERATURE (F)
 YESTERDAY
  MAXIMUM         61    214 AM  71    1909  51     10       46
  MINIMUM         37   1159 PM  21    1926  34      3       26
  AVERAGE         49                        43      6       36

PRECIPITATION (IN)
  YESTERDAY        T             1.09 1975   0.10  -0.10     0.05
  MONTH TO DATE    0.15                      1.22  -1.07     1.00
  SINCE SEP 1      5.06                      8.63  -3.57     4.14
  SINCE JAN 1     26.62                     33.66  -7.04    22.49

SNOWFALL (IN)
  YESTERDAY        0.0           8.0  1968   0.1   -0.1      1.3
  MONTH TO DATE    T                         0.9   -0.9      1.3
  SINCE SEP 1      T                         1.0   -1.0      1.3
  SINCE JUL 1      T                         1.0   -1.0      1.3

DEGREE DAYS
 HEATING
  YESTERDAY       16                        22     -6       29
  MONTH TO DATE  220                       247    -27      259
  SINCE SEP 1    631                       824   -193      734
  SINCE JUL 1    642                       850   -208      743

 COOLING
  YESTERDAY        0                         0      0        0
  MONTH TO DATE    0                         0      0        0
  SINCE SEP 1    100                        56     44       93
  SINCE JAN 1    686                       580    106      795
..................................................................


WIND (MPH)
  HIGHEST WIND SPEED    20   HIGHEST WIND DIRECTION    NW (330)
  HIGHEST GUST SPEED    25   HIGHEST GUST DIRECTION    NW (330)
  AVERAGE WIND SPEED     8.1


SKY COVER
  AVERAGE SKY COVER 0.3



RELATIVE HUMIDITY (PERCENT)
 HIGHEST    86           600 AM
 LOWEST     32           400 PM
 AVERAGE    59

..........................................................


THE AVOCA PA CLIMATE NORMALS FOR TODAY
                         NORMAL    RECORD    YEAR
 MAXIMUM TEMPERATURE (F)   51        72      1902
 MINIMUM TEMPERATURE (F)   34        19      1986


SUNRISE AND SUNSET
NOVEMBER 13 2014......SUNRISE   649 AM EST   SUNSET   445 PM EST
NOVEMBER 14 2014......SUNRISE   650 AM EST   SUNSET   444 PM EST


-  INDICATES NEGATIVE NUMBERS.
R  INDICATES RECORD WAS SET OR TIED.
MM INDICATES DATA IS MISSING.
T  INDICATES TRACE AMOUNT.

$$
