770
CDUS41 KBGM 110705
CLIAVP


CLIMATE REPORT
NATIONAL WEATHER SERVICE BINGHAMTON NY
204 AM EST WED JAN 11 2017


...................................

...THE AVOCA PA CLIMATE SUMMARY FOR JANUARY 10 2017...

CLIMATE NORMAL PERIOD 1981 TO 2010
CLIMATE RECORD PERIOD 1901 TO 2017


WEATHER ITEM   OBSERVED TIME   RECORD YEAR NORMAL DEPARTURE LAST
                VALUE   (LST)  VALUE       VALUE  FROM      YEAR
                                                  NORMAL
..................................................................
TEMPERATURE (F)
 YESTERDAY
  MAXIMUM         33   1039 PM  59    2016  33      0       59
  MINIMUM         12    107 AM  -7    2004  18     -6       33
  AVERAGE         23                        26     -3       46

PRECIPITATION (IN)
  YESTERDAY        0.09          1.25 2016   0.08   0.01     1.25
  MONTH TO DATE    0.55                      0.72  -0.17     1.26
  SINCE DEC 1      2.61                      3.40  -0.79     3.81
  SINCE JAN 1      0.55                      0.72  -0.17     1.26

SNOWFALL (IN)
  YESTERDAY        0.2           4.0  1974   0.5   -0.3       T
  MONTH TO DATE    0.4                       4.5   -4.1       T
  SINCE DEC 1      7.3                      11.9   -4.6      0.8
  SINCE JUL 1     13.0                      14.9   -1.9      0.8

DEGREE DAYS
 HEATING
  YESTERDAY       42                        39      3       19
  MONTH TO DATE  384                       389     -5      350
  SINCE DEC 1   1378                      1454    -76      978
  SINCE JUL 1   2396                      2767   -371     1886

 COOLING
  YESTERDAY        0                         0      0        0
  MONTH TO DATE    0                         0      0        0
  SINCE DEC 1      0                         0      0        0
  SINCE JAN 1      0                         0      0        0
..................................................................


WIND (MPH)
  HIGHEST WIND SPEED    15   HIGHEST WIND DIRECTION    SW (220)
  HIGHEST GUST SPEED    25   HIGHEST GUST DIRECTION     S (200)
  AVERAGE WIND SPEED     5.1


SKY COVER
  AVERAGE SKY COVER 0.7



RELATIVE HUMIDITY (PERCENT)
 HIGHEST    81           200 PM
 LOWEST     38           900 PM
 AVERAGE    60

..........................................................


THE AVOCA PA CLIMATE NORMALS FOR TODAY
                         NORMAL    RECORD    YEAR
 MAXIMUM TEMPERATURE (F)   33        66      1975
 MINIMUM TEMPERATURE (F)   18        -7      1968


SUNRISE AND SUNSET
JANUARY 11 2017.......SUNRISE   728 AM EST   SUNSET   454 PM EST
JANUARY 12 2017.......SUNRISE   728 AM EST   SUNSET   456 PM EST


-  INDICATES NEGATIVE NUMBERS.
R  INDICATES RECORD WAS SET OR TIED.
MM INDICATES DATA IS MISSING.
T  INDICATES TRACE AMOUNT.




$$
