000
CDUS41 KBGM 222137
CLIAVP


CLIMATE REPORT
NATIONAL WEATHER SERVICE BINGHAMTON NY
537 PM EDT FRI APR 22 2016


...................................

...THE AVOCA PA CLIMATE SUMMARY FOR APRIL 22 2016...
VALID TODAY AS OF 0500 PM LOCAL TIME.

CLIMATE NORMAL PERIOD 1981 TO 2010
CLIMATE RECORD PERIOD 1901 TO 2016


WEATHER ITEM   OBSERVED TIME   RECORD YEAR NORMAL DEPARTURE LAST
                VALUE   (LST)  VALUE       VALUE  FROM      YEAR
                                                  NORMAL
..................................................................
TEMPERATURE (F)
 TODAY
  MAXIMUM         75    128 PM  87    1902  62     13       59
  MINIMUM         57    519 AM  25    1904  41     16       37
  AVERAGE         66                        51     15       48

PRECIPITATION (IN)
  TODAY            0.00          1.27 2012   0.11  -0.11     0.07
  MONTH TO DATE    2.13                      2.43  -0.30     2.88
  SINCE MAR 1      3.91                      4.98  -1.07     4.84
  SINCE JAN 1      9.71                      9.38   0.33     7.84

SNOWFALL (IN)
  TODAY            0.0           2.4  1986   0.0    0.0       T
  MONTH TO DATE    2.2                       2.6   -0.4       T
  SINCE MAR 1      3.5                      11.6   -8.1      9.0
  SINCE JUL 1     15.5                      45.5  -30.0     51.4

DEGREE DAYS
 HEATING
  TODAY            0                        14    -14       17
  MONTH TO DATE  403                       396      7      322
  SINCE MAR 1   1034                      1267   -233     1317
  SINCE JUL 1   4604                      5873  -1269     6014

 COOLING
  TODAY            1                         0      1        0
  MONTH TO DATE    1                         0      1        0
  SINCE MAR 1      1                         0      1        0
  SINCE JAN 1      1                         0      1        0
..................................................................


WIND (MPH)
  HIGHEST WIND SPEED    17   HIGHEST WIND DIRECTION     W (260)
  HIGHEST GUST SPEED    22   HIGHEST GUST DIRECTION     W (260)
  AVERAGE WIND SPEED     5.8


SKY COVER
  AVERAGE SKY COVER 0.4


WEATHER CONDITIONS
 THE FOLLOWING WEATHER WAS RECORDED TODAY.
  HAZE


RELATIVE HUMIDITY (PERCENT)
 HIGHEST    72           500 AM
 LOWEST     38           200 PM
 AVERAGE    55

..........................................................


THE AVOCA PA CLIMATE NORMALS FOR TOMORROW
                         NORMAL    RECORD    YEAR
 MAXIMUM TEMPERATURE (F)   62        86      2001
 MINIMUM TEMPERATURE (F)   41        24      1930


SUNRISE AND SUNSET
APRIL 22 2016.........SUNRISE   612 AM EDT   SUNSET   751 PM EDT
APRIL 23 2016.........SUNRISE   611 AM EDT   SUNSET   752 PM EDT


-  INDICATES NEGATIVE NUMBERS.
R  INDICATES RECORD WAS SET OR TIED.
MM INDICATES DATA IS MISSING.
T  INDICATES TRACE AMOUNT.




$$
