945
CDUS41 KBGM 170601
CLIAVP


CLIMATE REPORT
NATIONAL WEATHER SERVICE BINGHAMTON NY
201 AM EDT FRI MAR 17 2017


...................................

...THE AVOCA PA CLIMATE SUMMARY FOR MARCH 16 2017...

CLIMATE NORMAL PERIOD 1981 TO 2010
CLIMATE RECORD PERIOD 1901 TO 2017


WEATHER ITEM   OBSERVED TIME   RECORD YEAR NORMAL DEPARTURE LAST
                VALUE   (LST)  VALUE       VALUE  FROM      YEAR
                                                  NORMAL
..................................................................
TEMPERATURE (F)
 YESTERDAY
  MAXIMUM         36    352 PM  76    1990  46    -10       67
                                      1945
  MINIMUM         17    547 AM   7    1916  27    -10       49
  AVERAGE         27                        37    -10       58

PRECIPITATION (IN)
  YESTERDAY        0.00          0.80 2007   0.08  -0.08     0.46
  MONTH TO DATE    3.65                      1.19   2.46     1.31
  SINCE MAR 1      3.65                      1.19   2.46     1.31
  SINCE JAN 1      9.88                      5.59   4.29     7.11

SNOWFALL (IN)
  YESTERDAY        0.0           9.0  2007   0.3   -0.3      0.0
  MONTH TO DATE   30.4                       5.6   24.8      1.3
  SINCE MAR 1     30.4                       5.6   24.8      1.3
  SINCE JUL 1     55.2                      39.5   15.7     13.3

DEGREE DAYS
 HEATING
  YESTERDAY       38                        28     10        7
  MONTH TO DATE  543                       492     51      331
  SINCE MAR 1    543                       492     51      331
  SINCE JUL 1   4298                      5098   -800     3901

 COOLING
  YESTERDAY        0                         0      0        0
  MONTH TO DATE    0                         0      0        0
  SINCE MAR 1      0                         0      0        0
  SINCE JAN 1      0                         0      0        0
..................................................................


WIND (MPH)
  HIGHEST WIND SPEED    24   HIGHEST WIND DIRECTION     W (290)
  HIGHEST GUST SPEED    33   HIGHEST GUST DIRECTION     W (290)
  AVERAGE WIND SPEED    13.7


SKY COVER
  AVERAGE SKY COVER 0.5



RELATIVE HUMIDITY (PERCENT)
 HIGHEST    73           800 AM
 LOWEST     35           300 PM
 AVERAGE    54

..........................................................


THE AVOCA PA CLIMATE NORMALS FOR TODAY
                         NORMAL    RECORD    YEAR
 MAXIMUM TEMPERATURE (F)   46        81      1945
 MINIMUM TEMPERATURE (F)   28         4      1916


SUNRISE AND SUNSET
MARCH 17 2017.........SUNRISE   711 AM EDT   SUNSET   712 PM EDT
MARCH 18 2017.........SUNRISE   709 AM EDT   SUNSET   713 PM EDT


-  INDICATES NEGATIVE NUMBERS.
R  INDICATES RECORD WAS SET OR TIED.
MM INDICATES DATA IS MISSING.
T  INDICATES TRACE AMOUNT.




$$
