000
CDUS41 KBGM 092121
CLIAVP


CLIMATE REPORT
NATIONAL WEATHER SERVICE BINGHAMTON NY
520 PM EDT FRI JUN 9 2017


...................................

...THE AVOCA PA CLIMATE SUMMARY FOR JUNE 9 2017...
VALID TODAY AS OF 0500 PM LOCAL TIME.

CLIMATE NORMAL PERIOD 1981 TO 2010
CLIMATE RECORD PERIOD 1901 TO 2017


WEATHER ITEM   OBSERVED TIME   RECORD YEAR NORMAL DEPARTURE LAST
                VALUE   (LST)  VALUE       VALUE  FROM      YEAR
                                                  NORMAL
..................................................................
TEMPERATURE (F)
 TODAY
  MAXIMUM         79    337 PM  96    1933  76      3       69
  MINIMUM         46    450 AM  39    1983  55     -9       46
                                      1957
                                      1913
  AVERAGE         63                        66     -3       58

PRECIPITATION (IN)
  TODAY            0.00          0.94 1977   0.14  -0.14     0.00
  MONTH TO DATE    1.36                      1.24   0.12     1.18
  SINCE JUN 1      1.36                      1.24   0.12     1.18
  SINCE JAN 1     19.69                     15.04   4.65    14.00

SNOWFALL (IN)
  TODAY           MM             0.0  1995   0.0   MM        0.0
  MONTH TO DATE    0.0                       0.0    0.0      0.0
  SINCE JUN 1      0.0                       0.0    0.0      0.0
  SINCE JUL 1     55.5                      46.2    9.3     15.5

DEGREE DAYS
 HEATING
  TODAY            2                         2      0        7
  MONTH TO DATE   41                        29     12       15
  SINCE JUN 1     41                        29     12       15
  SINCE JUL 1   5232                      6230   -998     4957

 COOLING
  TODAY            0                         3     -3        0
  MONTH TO DATE    1                        23    -22       43
  SINCE JUN 1      1                        23    -22       43
  SINCE JAN 1     53                        60     -7      115
..................................................................


WIND (MPH)
  HIGHEST WIND SPEED    16   HIGHEST WIND DIRECTION     W (260)
  HIGHEST GUST SPEED    21   HIGHEST GUST DIRECTION     W (260)
  AVERAGE WIND SPEED     5.8


SKY COVER
  AVERAGE SKY COVER 0.1


WEATHER CONDITIONS
 THE FOLLOWING WEATHER WAS RECORDED TODAY.
  NO SIGNIFICANT WEATHER WAS OBSERVED.


RELATIVE HUMIDITY (PERCENT)
 HIGHEST    93           400 AM
 LOWEST     39           200 PM
 AVERAGE    66

..........................................................


THE AVOCA PA CLIMATE NORMALS FOR TOMORROW
                         NORMAL    RECORD    YEAR
 MAXIMUM TEMPERATURE (F)   76        93      1984
 MINIMUM TEMPERATURE (F)   55        37      1988


SUNRISE AND SUNSET
JUNE  9 2017..........SUNRISE   529 AM EDT   SUNSET   835 PM EDT
JUNE 10 2017..........SUNRISE   529 AM EDT   SUNSET   836 PM EDT


-  INDICATES NEGATIVE NUMBERS.
R  INDICATES RECORD WAS SET OR TIED.
MM INDICATES DATA IS MISSING.
T  INDICATES TRACE AMOUNT.




$$
