000
CDUS41 KBGM 180549
CLIAVP


CLIMATE REPORT
NATIONAL WEATHER SERVICE BINGHAMTON NY
1249 AM EST SUN JAN 18 2015


...................................

...THE AVOCA PA CLIMATE SUMMARY FOR JANUARY 17 2015...

CLIMATE NORMAL PERIOD 1981 TO 2010
CLIMATE RECORD PERIOD 1901 TO 2015


WEATHER ITEM   OBSERVED TIME   RECORD YEAR NORMAL DEPARTURE LAST
                VALUE   (LST)  VALUE       VALUE  FROM      YEAR
                                                  NORMAL
..................................................................
TEMPERATURE (F)
 YESTERDAY
  MAXIMUM         31    356 PM  60    1990  33     -2       39
  MINIMUM          7    754 AM -10    1977  18    -11       21
  AVERAGE         19                        26     -7       30

PRECIPITATION (IN)
  YESTERDAY        0.00          1.05 1994   0.08  -0.08     0.00
  MONTH TO DATE    0.90                      1.26  -0.36     1.84
  SINCE DEC 1      3.68                      3.94  -0.26     5.18
  SINCE JAN 1      0.90                      1.26  -0.36     1.84

SNOWFALL (IN)
  YESTERDAY        0.0          16.4  1994   0.5   -0.5      0.0
  MONTH TO DATE    3.5                       8.0   -4.5      7.3
  SINCE DEC 1      7.9                      15.4   -7.5     18.1
  SINCE JUL 1     16.8                      18.4   -1.6     20.8

DEGREE DAYS
 HEATING
  YESTERDAY       46                        39      7       35
  MONTH TO DATE  710                       662     48      663
  SINCE DEC 1   1612                      1727   -115     1701
  SINCE JUL 1   2802                      3040   -238     2977

 COOLING
  YESTERDAY        0                         0      0        0
  MONTH TO DATE    0                         0      0        0
  SINCE DEC 1      0                         0      0        0
  SINCE JAN 1      0                         0      0        0
..................................................................


WIND (MPH)
  HIGHEST WIND SPEED    13   HIGHEST WIND DIRECTION    SW (220)
  HIGHEST GUST SPEED    20   HIGHEST GUST DIRECTION     S (180)
  AVERAGE WIND SPEED     5.1


SKY COVER
  AVERAGE SKY COVER 0.0



RELATIVE HUMIDITY (PERCENT)
 HIGHEST    80           700 AM
 LOWEST     32           300 PM
 AVERAGE    56

..........................................................


THE AVOCA PA CLIMATE NORMALS FOR TODAY
                         NORMAL    RECORD    YEAR
 MAXIMUM TEMPERATURE (F)   33        60      2006
                                             1990
                                             1929
 MINIMUM TEMPERATURE (F)   18        -7      1982


SUNRISE AND SUNSET
JANUARY 18 2015.......SUNRISE   725 AM EST   SUNSET   502 PM EST
JANUARY 19 2015.......SUNRISE   725 AM EST   SUNSET   503 PM EST


-  INDICATES NEGATIVE NUMBERS.
R  INDICATES RECORD WAS SET OR TIED.
MM INDICATES DATA IS MISSING.
T  INDICATES TRACE AMOUNT.




$$
