813
CDUS41 KBGM 150323
CLIAVP


CLIMATE REPORT
NATIONAL WEATHER SERVICE BINGHAMTON NY
1023 PM EST TUE FEB 14 2017


...................................

...THE AVOCA PA CLIMATE SUMMARY FOR FEBRUARY 14 2017...
VALID AS OF 1000 PM LOCAL TIME.

CLIMATE NORMAL PERIOD 1981 TO 2010
CLIMATE RECORD PERIOD 1901 TO 2017


WEATHER ITEM   OBSERVED TIME   RECORD YEAR NORMAL DEPARTURE LAST
                VALUE   (LST)  VALUE       VALUE  FROM      YEAR
                                                  NORMAL
..................................................................
TEMPERATURE (F)
 TODAY
  MAXIMUM         43    504 PM  62    1946  37      6       12
  MINIMUM         23    648 AM  -6    2016  21      2       -6
                                      1979
  AVERAGE         33                        28      5        3

PRECIPITATION (IN)
  TODAY            0.00          2.50 1914   0.07  -0.07      T
  MONTH TO DATE    1.49                      1.06   0.43     0.78
  SINCE DEC 1      6.80                      6.11   0.69     5.12
  SINCE JAN 1      4.74                      3.43   1.31     2.57

SNOWFALL (IN)
  TODAY            0.0          13.0  2007   0.3   -0.3       T
  MONTH TO DATE    8.2                       4.7    3.5      5.1
  SINCE DEC 1     19.0                      26.3   -7.3     10.4
  SINCE JUL 1     24.7                      29.3   -4.6     10.4

DEGREE DAYS
 HEATING
  TODAY           32                        37     -5       62
  MONTH TO DATE  462                       527    -65      505
  SINCE DEC 1   2443                      2805   -362     2268
  SINCE JUL 1   3461                      4118   -657     3176

 COOLING
  TODAY            0                         0      0        0
  MONTH TO DATE    0                         0      0        0
  SINCE DEC 1      0                         0      0        0
  SINCE JAN 1      0                         0      0        0
..................................................................


WIND (MPH)
  HIGHEST WIND SPEED    18   HIGHEST WIND DIRECTION    SW (240)
  HIGHEST GUST SPEED    22   HIGHEST GUST DIRECTION     W (250)
  AVERAGE WIND SPEED     6.4


SKY COVER
  AVERAGE SKY COVER 0.3


WEATHER CONDITIONS
 THE FOLLOWING WEATHER WAS RECORDED TODAY.
  NO SIGNIFICANT WEATHER WAS OBSERVED.


RELATIVE HUMIDITY (PERCENT)
 HIGHEST    74           700 AM
 LOWEST     43           400 PM
 AVERAGE    59

..........................................................


THE AVOCA PA CLIMATE NORMALS FOR TOMORROW
                         NORMAL    RECORD    YEAR
 MAXIMUM TEMPERATURE (F)   37        68      1954
 MINIMUM TEMPERATURE (F)   21       -13      1943


SUNRISE AND SUNSET
FEBRUARY 14 2017......SUNRISE   659 AM EST   SUNSET   536 PM EST
FEBRUARY 15 2017......SUNRISE   657 AM EST   SUNSET   537 PM EST


-  INDICATES NEGATIVE NUMBERS.
R  INDICATES RECORD WAS SET OR TIED.
MM INDICATES DATA IS MISSING.
T  INDICATES TRACE AMOUNT.




$$
