007
CDUS41 KBGM 100603
CLIAVP


CLIMATE REPORT
NATIONAL WEATHER SERVICE BINGHAMTON NY
101 AM EST TUE JAN 10 2017


...................................

...THE AVOCA PA CLIMATE SUMMARY FOR JANUARY 9 2017...

CLIMATE NORMAL PERIOD 1981 TO 2010
CLIMATE RECORD PERIOD 1901 TO 2017


WEATHER ITEM   OBSERVED TIME   RECORD YEAR NORMAL DEPARTURE LAST
                VALUE   (LST)  VALUE       VALUE  FROM      YEAR
                                                  NORMAL
..................................................................
TEMPERATURE (F)
 YESTERDAY
  MAXIMUM         22    355 PM  62    1998  33    -11       45
  MINIMUM          8    253 AM  -7    1968  19    -11       38
  AVERAGE         15                        26    -11       42

PRECIPITATION (IN)
  YESTERDAY        0.00          1.11 1978   0.07  -0.07     0.01
  MONTH TO DATE    0.46                      0.64  -0.18     0.01
  SINCE DEC 1      2.52                      3.32  -0.80     2.56
  SINCE JAN 1      0.46                      0.64  -0.18     0.01

SNOWFALL (IN)
  YESTERDAY        0.0           4.0  1974   0.5   -0.5      0.0
  MONTH TO DATE    0.2                       4.0   -3.8       T
  SINCE DEC 1      7.1                      11.4   -4.3      0.8
  SINCE JUL 1     12.8                      14.4   -1.6      0.8

DEGREE DAYS
 HEATING
  YESTERDAY       50                        39     11       23
  MONTH TO DATE  342                       350     -8      331
  SINCE DEC 1   1336                      1415    -79      959
  SINCE JUL 1   2354                      2728   -374     1867

 COOLING
  YESTERDAY        0                         0      0        0
  MONTH TO DATE    0                         0      0        0
  SINCE DEC 1      0                         0      0        0
  SINCE JAN 1      0                         0      0        0
..................................................................


WIND (MPH)
  HIGHEST WIND SPEED    13   HIGHEST WIND DIRECTION    SW (210)
  HIGHEST GUST SPEED    19   HIGHEST GUST DIRECTION     S (200)
  AVERAGE WIND SPEED     5.6


SKY COVER
  AVERAGE SKY COVER 0.4



RELATIVE HUMIDITY (PERCENT)
 HIGHEST    73           600 AM
 LOWEST     47           200 PM
 AVERAGE    60

..........................................................


THE AVOCA PA CLIMATE NORMALS FOR TODAY
                         NORMAL    RECORD    YEAR
 MAXIMUM TEMPERATURE (F)   33        59      2016
 MINIMUM TEMPERATURE (F)   18        -7      2004


SUNRISE AND SUNSET
JANUARY 10 2017.......SUNRISE   728 AM EST   SUNSET   453 PM EST
JANUARY 11 2017.......SUNRISE   728 AM EST   SUNSET   454 PM EST


-  INDICATES NEGATIVE NUMBERS.
R  INDICATES RECORD WAS SET OR TIED.
MM INDICATES DATA IS MISSING.
T  INDICATES TRACE AMOUNT.




$$
