509
CDUS41 KBGM 161850
CLIAVP


CLIMATE REPORT
NATIONAL WEATHER SERVICE BINGHAMTON NY
249 PM EDT TUE MAY 16 2017


...................................

...THE AVOCA PA CLIMATE SUMMARY FOR MAY 15 2017...

CLIMATE NORMAL PERIOD 1981 TO 2010
CLIMATE RECORD PERIOD 1901 TO 2017


WEATHER ITEM   OBSERVED TIME   RECORD YEAR NORMAL DEPARTURE LAST
                VALUE   (LST)  VALUE       VALUE  FROM      YEAR
                                                  NORMAL
..................................................................
TEMPERATURE (F)
 YESTERDAY
  MAXIMUM         67    356 PM  87    2007  70     -3       52
                                      1962
                                      1940
  MINIMUM         48   1159 PM  32    1936  47      1       38
  AVERAGE         58                        58      0       45

PRECIPITATION (IN)
  YESTERDAY        T             2.29 2012   0.11  -0.11      T
  MONTH TO DATE    2.59                      1.61   0.98     2.22
  SINCE MAR 1     11.03                      7.49   3.54     6.69
  SINCE JAN 1     17.26                     11.89   5.37    12.49

SNOWFALL (IN)
  YESTERDAY       MM             0.0    MM   0.0   MM        0.0
  MONTH TO DATE    0.0                       0.3   -0.3      0.0
  SINCE MAR 1     30.7                      12.6   18.1      3.5
  SINCE JUL 1     55.5                      46.5    9.0     15.5

DEGREE DAYS
 HEATING
  YESTERDAY        7                         8     -1       20
  MONTH TO DATE  170                       138     32      167
  SINCE MAR 1   1394                      1505   -111     1308
  SINCE JUL 1   5149                      6111   -962     4878

 COOLING
  YESTERDAY        0                         1     -1        0
  MONTH TO DATE    1                         8     -7        0
  SINCE MAR 1     23                        14      9        1
  SINCE JAN 1     23                        14      9        1
..................................................................


WIND (MPH)
  HIGHEST WIND SPEED    24   HIGHEST WIND DIRECTION     N (350)
  HIGHEST GUST SPEED    32   HIGHEST GUST DIRECTION    NW (330)
  AVERAGE WIND SPEED    12.7


SKY COVER
  AVERAGE SKY COVER 0.6



RELATIVE HUMIDITY (PERCENT)
 HIGHEST    86          1100 PM
 LOWEST     42           500 PM
 AVERAGE    64

..........................................................


THE AVOCA PA CLIMATE NORMALS FOR TODAY
                         NORMAL    RECORD    YEAR
 MAXIMUM TEMPERATURE (F)   70        90      1998
 MINIMUM TEMPERATURE (F)   48        34      1973


SUNRISE AND SUNSET
MAY 16 2017...........SUNRISE   543 AM EDT   SUNSET   816 PM EDT
MAY 17 2017...........SUNRISE   542 AM EDT   SUNSET   817 PM EDT


-  INDICATES NEGATIVE NUMBERS.
R  INDICATES RECORD WAS SET OR TIED.
MM INDICATES DATA IS MISSING.
T  INDICATES TRACE AMOUNT.




$$
