900
CDUS41 KBGM 130554
CLIAVP


CLIMATE REPORT
NATIONAL WEATHER SERVICE BINGHAMTON NY
154 AM EDT FRI OCT 13 2017


...................................

...THE AVOCA PA CLIMATE SUMMARY FOR OCTOBER 12 2017...

CLIMATE NORMAL PERIOD 1981 TO 2010
CLIMATE RECORD PERIOD 1901 TO 2017


WEATHER ITEM   OBSERVED TIME   RECORD YEAR NORMAL DEPARTURE LAST
                VALUE   (LST)  VALUE       VALUE  FROM      YEAR
                                                  NORMAL
..................................................................
TEMPERATURE (F)
 YESTERDAY
  MAXIMUM         62    130 PM  86    1954  62      0       67
  MINIMUM         49   1147 PM  26    1996  42      7       44
  AVERAGE         56                        52      4       56

PRECIPITATION (IN)
  YESTERDAY        T             1.58 1927   0.11  -0.11     0.00
  MONTH TO DATE    1.28                      1.40  -0.12     0.67
  SINCE SEP 1      3.00                      5.47  -2.47     3.67
  SINCE JAN 1     33.12                     30.50   2.62    25.23

SNOWFALL (IN)
  YESTERDAY        0.0           T    1988   0.0    0.0      0.0
  MONTH TO DATE    0.0                       0.0    0.0      0.0
  SINCE SEP 1      0.0                       0.0    0.0      0.0
  SINCE JUL 1      0.0                       0.0    0.0      0.0

DEGREE DAYS
 HEATING
  YESTERDAY        9                        13     -4        9
  MONTH TO DATE   38                       134    -96       86
  SINCE SEP 1    130                       270   -140      145
  SINCE JUL 1    147                       296   -149      146

 COOLING
  YESTERDAY        0                         0      0        0
  MONTH TO DATE   35                         0     35        0
  SINCE SEP 1    163                        52    111      127
  SINCE JAN 1    802                       576    226      993
..................................................................


WIND (MPH)
  HIGHEST WIND SPEED    13   HIGHEST WIND DIRECTION    NE (60)
  HIGHEST GUST SPEED    21   HIGHEST GUST DIRECTION     E (70)
  AVERAGE WIND SPEED     4.8


SKY COVER
  AVERAGE SKY COVER 0.9



RELATIVE HUMIDITY (PERCENT)
 HIGHEST    86           500 AM
 LOWEST     60          1100 AM
 AVERAGE    73

..........................................................


THE AVOCA PA CLIMATE NORMALS FOR TODAY
                         NORMAL    RECORD    YEAR
 MAXIMUM TEMPERATURE (F)   62        81      1995
                                             1954
 MINIMUM TEMPERATURE (F)   42        27      2012


SUNRISE AND SUNSET
OCTOBER 13 2017.......SUNRISE   713 AM EDT   SUNSET   625 PM EDT
OCTOBER 14 2017.......SUNRISE   714 AM EDT   SUNSET   623 PM EDT


-  INDICATES NEGATIVE NUMBERS.
R  INDICATES RECORD WAS SET OR TIED.
MM INDICATES DATA IS MISSING.
T  INDICATES TRACE AMOUNT.




$$
