000
CDUS41 KBGM 200635
CLIAVP


CLIMATE REPORT
NATIONAL WEATHER SERVICE BINGHAMTON NY
235 AM EDT MON JUL 20 2015


...................................

...THE AVOCA PA CLIMATE SUMMARY FOR JULY 19 2015...

CLIMATE NORMAL PERIOD 1981 TO 2010
CLIMATE RECORD PERIOD 1901 TO 2015


WEATHER ITEM   OBSERVED TIME   RECORD YEAR NORMAL DEPARTURE LAST
                VALUE   (LST)  VALUE       VALUE  FROM      YEAR
                                                  NORMAL
..................................................................
TEMPERATURE (F)
 YESTERDAY
  MAXIMUM         93    301 PM  95    1991  82     11       80
                                      1964
  MINIMUM         67    512 AM  50    1925  61      6       61
                                      1924
  AVERAGE         80                        72      8       71

PRECIPITATION (IN)
  YESTERDAY        0.00          1.81 1945   0.13  -0.13      T
  MONTH TO DATE    2.01                      2.25  -0.24     2.25
  SINCE JUN 1      8.53                      6.28   2.25     4.41
  SINCE JAN 1     18.09                     20.08  -1.99    17.12

SNOWFALL (IN)
  YESTERDAY        0.0           0.0  1995   0.0    0.0      0.0
  MONTH TO DATE    0.0                       0.0    0.0      0.0
  SINCE JUN 1      0.0                       0.0    0.0      0.0
  SINCE JUL 1      0.0                       0.0    0.0      0.0

DEGREE DAYS
 HEATING
  YESTERDAY        0                         0      0        0
  MONTH TO DATE    0                         0      0        0
  SINCE JUN 1     24                        54    -30       11
  SINCE JUL 1      0                         0      0        0

 COOLING
  YESTERDAY       15                         7      8        6
  MONTH TO DATE  137                       128      9      157
  SINCE JUN 1    292                       245     47      316
  SINCE JAN 1    440                       282    158      357
..................................................................


WIND (MPH)
  HIGHEST WIND SPEED    18   HIGHEST WIND DIRECTION     W (250)
  HIGHEST GUST SPEED    23   HIGHEST GUST DIRECTION     W (250)
  AVERAGE WIND SPEED     5.9


SKY COVER
  AVERAGE SKY COVER 0.1



RELATIVE HUMIDITY (PERCENT)
 HIGHEST    93          1200 AM
 LOWEST     49           100 PM
 AVERAGE    71

..........................................................


THE AVOCA PA CLIMATE NORMALS FOR TODAY
                         NORMAL    RECORD    YEAR
 MAXIMUM TEMPERATURE (F)   82        96      1991
 MINIMUM TEMPERATURE (F)   61        46      1965
                                             1929
                                             1912


SUNRISE AND SUNSET
JULY 20 2015..........SUNRISE   547 AM EDT   SUNSET   831 PM EDT
JULY 21 2015..........SUNRISE   548 AM EDT   SUNSET   831 PM EDT


-  INDICATES NEGATIVE NUMBERS.
R  INDICATES RECORD WAS SET OR TIED.
MM INDICATES DATA IS MISSING.
T  INDICATES TRACE AMOUNT.




$$

HEDEN
