000
CDUS41 KBGM 200321
CLIAVP


CLIMATE REPORT
NATIONAL WEATHER SERVICE BINGHAMTON NY
1021 PM EST THU FEB 19 2015


...................................

...THE AVOCA PA CLIMATE SUMMARY FOR FEBRUARY 19 2015...
VALID AS OF 1000 PM LOCAL TIME.

CLIMATE NORMAL PERIOD 1981 TO 2010
CLIMATE RECORD PERIOD 1901 TO 2015


WEATHER ITEM   OBSERVED TIME   RECORD YEAR NORMAL DEPARTURE LAST
                VALUE   (LST)  VALUE       VALUE  FROM      YEAR
                                                  NORMAL
..................................................................
TEMPERATURE (F)
 TODAY
  MAXIMUM         16   1242 AM  60    1997  38    -22       43
                                      1981
  MINIMUM          2    959 PM  -3    1936  21    -19       20
                                      1903
  AVERAGE          9                        30    -21       32

PRECIPITATION (IN)
  TODAY            T             0.96 1914   0.07  -0.07     0.11
  MONTH TO DATE    0.91                      1.40  -0.49     2.54
  SINCE DEC 1      5.56                      6.45  -0.89     7.99
  SINCE JAN 1      2.78                      3.77  -0.99     4.65

SNOWFALL (IN)
  TODAY           MM            12.3  1964   0.4   MM        1.2
  MONTH TO DATE   10.7                       6.3    4.4     27.6
  SINCE DEC 1     30.3                      27.9    2.4     51.4
  SINCE JUL 1     39.2                      30.9    8.3     54.1

DEGREE DAYS
 HEATING
  TODAY           56                        35     21       33
  MONTH TO DATE  877                       706    171      814
  SINCE DEC 1   3060                      2984     76     3209
  SINCE JUL 1   4250                      4297    -47     4485

 COOLING
  TODAY            0                         0      0        0
  MONTH TO DATE    0                         0      0        0
  SINCE DEC 1      0                         0      0        0
  SINCE JAN 1      0                         0      0        0
..................................................................


WIND (MPH)
  HIGHEST WIND SPEED    24   HIGHEST WIND DIRECTION    NW (320)
  HIGHEST GUST SPEED    33   HIGHEST GUST DIRECTION    NW (320)
  AVERAGE WIND SPEED    13.6


SKY COVER
  AVERAGE SKY COVER 0.6


WEATHER CONDITIONS
 THE FOLLOWING WEATHER WAS RECORDED TODAY.
  LIGHT SNOW
  HAZE
  BLOWING SNOW


RELATIVE HUMIDITY (PERCENT)
 HIGHEST    69           600 AM
 LOWEST     38          1200 PM
 AVERAGE    54

..........................................................


THE AVOCA PA CLIMATE NORMALS FOR TOMORROW
                         NORMAL    RECORD    YEAR
 MAXIMUM TEMPERATURE (F)   38        65      1930
 MINIMUM TEMPERATURE (F)   22        -2      1978
                                             1936
                                             1903


SUNRISE AND SUNSET
FEBRUARY 19 2015......SUNRISE   653 AM EST   SUNSET   541 PM EST
FEBRUARY 20 2015......SUNRISE   651 AM EST   SUNSET   543 PM EST


-  INDICATES NEGATIVE NUMBERS.
R  INDICATES RECORD WAS SET OR TIED.
MM INDICATES DATA IS MISSING.
T  INDICATES TRACE AMOUNT.




$$
