000
CDUS41 KBGM 252123
CLIAVP


CLIMATE REPORT
NATIONAL WEATHER SERVICE BINGHAMTON NY
523 PM EDT MON AUG 25 2014


...................................

...THE AVOCA PA CLIMATE SUMMARY FOR AUGUST 25 2014...
VALID TODAY AS OF 0500 PM LOCAL TIME.

CLIMATE NORMAL PERIOD 1981 TO 2010
CLIMATE RECORD PERIOD 1901 TO 2014


WEATHER ITEM   OBSERVED TIME   RECORD YEAR NORMAL DEPARTURE LAST
                VALUE   (LST)  VALUE       VALUE  FROM      YEAR
                                                  NORMAL
..................................................................
TEMPERATURE (F)
 TODAY
  MAXIMUM         85    255 PM  95    1948  79      6       83
                                      1909
  MINIMUM         56    554 AM  38    1940  59     -3       52
  AVERAGE         71                        69      2       68

PRECIPITATION (IN)
  TODAY            0.00          1.82 1941   0.10  -0.10     0.00
  MONTH TO DATE    3.47                      2.79   0.68     1.06
  SINCE JUN 1      8.12                     10.61  -2.49     8.21
  SINCE JAN 1     20.83                     24.41  -3.58    17.98

SNOWFALL (IN)
  TODAY            0.0           0.0  1995   0.0    0.0      0.0
  MONTH TO DATE    0.0                       0.0    0.0      0.0
  SINCE JUN 1      0.0                       0.0    0.0      0.0
  SINCE JUL 1      0.0                       0.0    0.0      0.0

DEGREE DAYS
 HEATING
  TODAY            0                         1     -1        0
  MONTH TO DATE    7                         8     -1        8
  SINCE JUN 1     20                        70    -50       30
  SINCE JUL 1      9                        16     -7        9

 COOLING
  TODAY            6                         4      2        3
  MONTH TO DATE  127                       139    -12      106
  SINCE JUN 1    521                       462     59      571
  SINCE JAN 1    562                       499     63      635
..................................................................


WIND (MPH)
  HIGHEST WIND SPEED     9   HIGHEST WIND DIRECTION    NW (310)
  HIGHEST GUST SPEED    13   HIGHEST GUST DIRECTION    NW (300)
  AVERAGE WIND SPEED     3.5


SKY COVER
  AVERAGE SKY COVER 0.1


WEATHER CONDITIONS
 THE FOLLOWING WEATHER WAS RECORDED TODAY.
  NO SIGNIFICANT WEATHER WAS OBSERVED.


RELATIVE HUMIDITY (PERCENT)
 HIGHEST    93           300 AM
 LOWEST     37           300 PM
 AVERAGE    65

..........................................................


THE AVOCA PA CLIMATE NORMALS FOR TOMORROW
                         NORMAL    RECORD    YEAR
 MAXIMUM TEMPERATURE (F)   79        98      1948
 MINIMUM TEMPERATURE (F)   58        45      1944


SUNRISE AND SUNSET
AUGUST 25 2014........SUNRISE   622 AM EDT   SUNSET   747 PM EDT
AUGUST 26 2014........SUNRISE   623 AM EDT   SUNSET   745 PM EDT


-  INDICATES NEGATIVE NUMBERS.
R  INDICATES RECORD WAS SET OR TIED.
MM INDICATES DATA IS MISSING.
T  INDICATES TRACE AMOUNT.




$$
