000
CDUS41 KBGM 120222
CLIAVP


CLIMATE REPORT
NATIONAL WEATHER SERVICE BINGHAMTON NY
1021 PM EDT WED MAY 11 2016


...................................

...THE AVOCA PA CLIMATE SUMMARY FOR MAY 11 2016...
VALID AS OF 1000 PM LOCAL TIME.

CLIMATE NORMAL PERIOD 1981 TO 2010
CLIMATE RECORD PERIOD 1901 TO 2016


WEATHER ITEM   OBSERVED TIME   RECORD YEAR NORMAL DEPARTURE LAST
                VALUE   (LST)  VALUE       VALUE  FROM      YEAR
                                                  NORMAL
..................................................................
TEMPERATURE (F)
 TODAY
  MAXIMUM         77    223 PM  91    1948  68      9       87
                                      1936
  MINIMUM         42    526 AM  31    2010  46     -4       63
  AVERAGE         60                        57      3       75

PRECIPITATION (IN)
  TODAY            0.00          1.20 1996   0.10  -0.10     0.00
  MONTH TO DATE    1.58                      1.18   0.40     0.14
  SINCE MAR 1      6.05                      7.06  -1.01     4.98
  SINCE JAN 1     11.85                     11.46   0.39     7.98

SNOWFALL (IN)
  TODAY            0.0           0.0    MM   0.0    0.0      0.0
  MONTH TO DATE    0.0                       0.3   -0.3      0.0
  SINCE MAR 1      3.5                      12.6   -9.1      9.0
  SINCE JUL 1     15.5                      46.5  -31.0     51.4

DEGREE DAYS
 HEATING
  TODAY            5                         8     -3        0
  MONTH TO DATE  135                       106     29       23
  SINCE MAR 1   1276                      1473   -197     1470
  SINCE JUL 1   4846                      6079  -1233     6167

 COOLING
  TODAY            0                         1     -1       10
  MONTH TO DATE    0                         4     -4       49
  SINCE MAR 1      1                        10     -9       49
  SINCE JAN 1      1                        10     -9       49
..................................................................


WIND (MPH)
  HIGHEST WIND SPEED    15   HIGHEST WIND DIRECTION    SW (240)
  HIGHEST GUST SPEED    20   HIGHEST GUST DIRECTION    SW (210)
  AVERAGE WIND SPEED     5.9


SKY COVER
  AVERAGE SKY COVER 0.0


WEATHER CONDITIONS
 THE FOLLOWING WEATHER WAS RECORDED TODAY.
  NO SIGNIFICANT WEATHER WAS OBSERVED.


RELATIVE HUMIDITY (PERCENT)
 HIGHEST    83           300 AM
 LOWEST     25          1100 AM
 AVERAGE    54

..........................................................


THE AVOCA PA CLIMATE NORMALS FOR TOMORROW
                         NORMAL    RECORD    YEAR
 MAXIMUM TEMPERATURE (F)   69        87      1953
                                             1936
 MINIMUM TEMPERATURE (F)   46        29      1907


SUNRISE AND SUNSET
MAY 11 2016...........SUNRISE   548 AM EDT   SUNSET   811 PM EDT
MAY 12 2016...........SUNRISE   547 AM EDT   SUNSET   812 PM EDT


-  INDICATES NEGATIVE NUMBERS.
R  INDICATES RECORD WAS SET OR TIED.
MM INDICATES DATA IS MISSING.
T  INDICATES TRACE AMOUNT.




$$
