000
CDUS41 KBGM 200319
CLIAVP


CLIMATE REPORT
NATIONAL WEATHER SERVICE BINGHAMTON NY
1018 PM EST SAT NOV 19 2016


...................................

...THE AVOCA PA CLIMATE SUMMARY FOR NOVEMBER 19 2016...
VALID AS OF 1000 PM LOCAL TIME.

CLIMATE NORMAL PERIOD 1981 TO 2010
CLIMATE RECORD PERIOD 1901 TO 2016


WEATHER ITEM   OBSERVED TIME   RECORD YEAR NORMAL DEPARTURE LAST
                VALUE   (LST)  VALUE       VALUE  FROM      YEAR
                                                  NORMAL
..................................................................
TEMPERATURE (F)
 TODAY
  MAXIMUM         70   1249 PM  71    1921  48     22       64
  MINIMUM         33    959 PM  14    1924  33      0       56
  AVERAGE         52                        40     12       60

PRECIPITATION (IN)
  TODAY            0.14          1.56 2003   0.11   0.03     0.04
  MONTH TO DATE    0.45                      1.97  -1.52     1.31
  SINCE SEP 1      6.05                      9.38  -3.33     7.45
  SINCE JAN 1     27.61                     34.41  -6.80    28.60

SNOWFALL (IN)
  TODAY           MM             2.1  1955   0.2   MM        0.0
  MONTH TO DATE    0.0                       1.6   -1.6      0.0
  SINCE SEP 1      T                         1.7   -1.7       T
  SINCE JUL 1      T                         1.7   -1.7       T

DEGREE DAYS
 HEATING
  TODAY           13                        25    -12        5
  MONTH TO DATE  340                       413    -73      231
  SINCE SEP 1    739                       990   -251      638
  SINCE JUL 1    740                      1016   -276      638

 COOLING
  TODAY            0                         0      0        0
  MONTH TO DATE    0                         0      0        2
  SINCE SEP 1    132                        56     76      153
  SINCE JAN 1    998                       580    418      929
..................................................................


WIND (MPH)
  HIGHEST WIND SPEED    25   HIGHEST WIND DIRECTION    SW (230)
  HIGHEST GUST SPEED    37   HIGHEST GUST DIRECTION    SW (230)
  AVERAGE WIND SPEED     7.1


SKY COVER
  AVERAGE SKY COVER 0.3


WEATHER CONDITIONS
 THE FOLLOWING WEATHER WAS RECORDED TODAY.
  LIGHT RAIN
  LIGHT SNOW
  FOG


RELATIVE HUMIDITY (PERCENT)
 HIGHEST   100           400 AM
 LOWEST     39          1200 PM
 AVERAGE    70

..........................................................


THE AVOCA PA CLIMATE NORMALS FOR TOMORROW
                         NORMAL    RECORD    YEAR
 MAXIMUM TEMPERATURE (F)   48        75      1934
 MINIMUM TEMPERATURE (F)   32        16      1986


SUNRISE AND SUNSET
NOVEMBER 19 2016......SUNRISE   657 AM EST   SUNSET   440 PM EST
NOVEMBER 20 2016......SUNRISE   658 AM EST   SUNSET   439 PM EST


-  INDICATES NEGATIVE NUMBERS.
R  INDICATES RECORD WAS SET OR TIED.
MM INDICATES DATA IS MISSING.
T  INDICATES TRACE AMOUNT.

$$
