000
CDUS41 KBGM 112117
CLIAVP


CLIMATE REPORT
NATIONAL WEATHER SERVICE BINGHAMTON NY
517 PM EDT MON JUL 11 2016


...................................

...THE AVOCA PA CLIMATE SUMMARY FOR JULY 11 2016...
VALID TODAY AS OF 0500 PM LOCAL TIME.

CLIMATE NORMAL PERIOD 1981 TO 2010
CLIMATE RECORD PERIOD 1901 TO 2016


WEATHER ITEM   OBSERVED TIME   RECORD YEAR NORMAL DEPARTURE LAST
                VALUE   (LST)  VALUE       VALUE  FROM      YEAR
                                                  NORMAL
..................................................................
TEMPERATURE (F)
 TODAY
  MAXIMUM         83    351 PM  99    1936  82      1       85
  MINIMUM         54    513 AM  47    1983  61     -7       57
  AVERAGE         69                        72     -3       71

PRECIPITATION (IN)
  TODAY            0.00          1.18 1950   0.12  -0.12     0.00
  MONTH TO DATE    0.54                      1.26  -0.72     1.84
  SINCE JUN 1      2.13                      5.29  -3.16     8.36
  SINCE JAN 1     14.95                     19.09  -4.14    17.92

SNOWFALL (IN)
  TODAY            0.0           T    1995   0.0    0.0      0.0
  MONTH TO DATE    0.0                       0.0    0.0      0.0
  SINCE JUN 1      0.0                       0.0    0.0      0.0
  SINCE JUL 1      0.0                       0.0    0.0      0.0

DEGREE DAYS
 HEATING
  TODAY            0                         0      0        0
  MONTH TO DATE    0                         0      0        0
  SINCE JUN 1     24                        54    -30       24
  SINCE JUL 1      0                         0      0        0

 COOLING
  TODAY            4                         7     -3        6
  MONTH TO DATE   92                        72     20       75
  SINCE JUN 1    235                       189     46      230
  SINCE JAN 1    307                       226     81      378
..................................................................


WIND (MPH)
  HIGHEST WIND SPEED    15   HIGHEST WIND DIRECTION    NW (300)
  HIGHEST GUST SPEED    19   HIGHEST GUST DIRECTION    NW (310)
  AVERAGE WIND SPEED     4.6


SKY COVER
  AVERAGE SKY COVER 0.2


WEATHER CONDITIONS
 THE FOLLOWING WEATHER WAS RECORDED TODAY.
  NO SIGNIFICANT WEATHER WAS OBSERVED.


RELATIVE HUMIDITY (PERCENT)
 HIGHEST    93           200 AM
 LOWEST     37           400 PM
 AVERAGE    65

..........................................................


THE AVOCA PA CLIMATE NORMALS FOR TOMORROW
                         NORMAL    RECORD    YEAR
 MAXIMUM TEMPERATURE (F)   82        96      1936
 MINIMUM TEMPERATURE (F)   61        45      1945


SUNRISE AND SUNSET
JULY 11 2016..........SUNRISE   540 AM EDT   SUNSET   837 PM EDT
JULY 12 2016..........SUNRISE   541 AM EDT   SUNSET   836 PM EDT


-  INDICATES NEGATIVE NUMBERS.
R  INDICATES RECORD WAS SET OR TIED.
MM INDICATES DATA IS MISSING.
T  INDICATES TRACE AMOUNT.

$$
