000
CDUS41 KBGM 130216
CLIAVP


CLIMATE REPORT
NATIONAL WEATHER SERVICE BINGHAMTON NY
1015 PM EDT THU MAY 12 2016


...................................

...THE AVOCA PA CLIMATE SUMMARY FOR MAY 12 2016...
VALID AS OF 1000 PM LOCAL TIME.

CLIMATE NORMAL PERIOD 1981 TO 2010
CLIMATE RECORD PERIOD 1901 TO 2016


WEATHER ITEM   OBSERVED TIME   RECORD YEAR NORMAL DEPARTURE LAST
                VALUE   (LST)  VALUE       VALUE  FROM      YEAR
                                                  NORMAL
..................................................................
TEMPERATURE (F)
 TODAY
  MAXIMUM         81    239 PM  87    1953  69     12       82
                                      1936
  MINIMUM         49    439 AM  29    1907  46      3       56
  AVERAGE         65                        58      7       69

PRECIPITATION (IN)
  TODAY            0.00          1.19 1952   0.10  -0.10      T
  MONTH TO DATE    1.58                      1.28   0.30     0.14
  SINCE MAR 1      6.05                      7.16  -1.11     4.98
  SINCE JAN 1     11.85                     11.56   0.29     7.98

SNOWFALL (IN)
  TODAY            0.0           0.0    MM   0.0    0.0      0.0
  MONTH TO DATE    0.0                       0.3   -0.3      0.0
  SINCE MAR 1      3.5                      12.6   -9.1      9.0
  SINCE JUL 1     15.5                      46.5  -31.0     51.4

DEGREE DAYS
 HEATING
  TODAY            0                         8     -8        0
  MONTH TO DATE  135                       114     21       23
  SINCE MAR 1   1276                      1481   -205     1470
  SINCE JUL 1   4846                      6087  -1241     6167

 COOLING
  TODAY            0                         1     -1        4
  MONTH TO DATE    0                         5     -5       53
  SINCE MAR 1      1                        11    -10       53
  SINCE JAN 1      1                        11    -10       53
..................................................................


WIND (MPH)
  HIGHEST WIND SPEED    15   HIGHEST WIND DIRECTION    SW (230)
  HIGHEST GUST SPEED    24   HIGHEST GUST DIRECTION    SW (240)
  AVERAGE WIND SPEED     6.9


SKY COVER
  AVERAGE SKY COVER 0.1


WEATHER CONDITIONS
 THE FOLLOWING WEATHER WAS RECORDED TODAY.
  FOG
  HAZE


RELATIVE HUMIDITY (PERCENT)
 HIGHEST    89           600 AM
 LOWEST     21          1200 PM
 AVERAGE    55

..........................................................


THE AVOCA PA CLIMATE NORMALS FOR TOMORROW
                         NORMAL    RECORD    YEAR
 MAXIMUM TEMPERATURE (F)   69        88      2004
 MINIMUM TEMPERATURE (F)   47        32      2013
                                             2005


SUNRISE AND SUNSET
MAY 12 2016...........SUNRISE   547 AM EDT   SUNSET   812 PM EDT
MAY 13 2016...........SUNRISE   546 AM EDT   SUNSET   813 PM EDT


-  INDICATES NEGATIVE NUMBERS.
R  INDICATES RECORD WAS SET OR TIED.
MM INDICATES DATA IS MISSING.
T  INDICATES TRACE AMOUNT.

$$
