000
CDUS41 KBGM 040528
CLIAVP


CLIMATE REPORT
NATIONAL WEATHER SERVICE BINGHAMTON NY
1228 AM EST THU JAN 4 2018


...................................

...THE AVOCA PA CLIMATE SUMMARY FOR JANUARY 3 2018...

CLIMATE NORMAL PERIOD 1981 TO 2010
CLIMATE RECORD PERIOD 1901 TO 2018


WEATHER ITEM   OBSERVED TIME   RECORD YEAR NORMAL DEPARTURE LAST
                VALUE   (LST)  VALUE       VALUE  FROM      YEAR
                                                  NORMAL
..................................................................
TEMPERATURE (F)
 YESTERDAY
  MAXIMUM         24    357 PM  60    2000  33     -9       41
  MINIMUM          2    715 AM  -5    1918  19    -17       37
  AVERAGE         13                        26    -13       39

PRECIPITATION (IN)
  YESTERDAY        0.00          1.31 1960   0.07  -0.07     0.32
  MONTH TO DATE    T                         0.21  -0.21     0.35
  SINCE DEC 1      1.68                      2.89  -1.21     2.41
  SINCE JAN 1      T                         0.21  -0.21     0.35

SNOWFALL (IN)
  YESTERDAY        0.0           4.8  2003   0.5   -0.5      0.0
  MONTH TO DATE    T                         1.3   -1.3       T
  SINCE DEC 1      7.1                       8.7   -1.6      6.9
  SINCE JUL 1      7.2                      11.7   -4.5     12.6

DEGREE DAYS
 HEATING
  YESTERDAY       52                        39     13       26
  MONTH TO DATE  161                       116     45       85
  SINCE DEC 1   1272                      1181     91     1079
  SINCE JUL 1   2312                      2494   -182     2097

 COOLING
  YESTERDAY        0                         0      0        0
  MONTH TO DATE    0                         0      0        0
  SINCE DEC 1      0                         0      0        0
  SINCE JAN 1      0                         0      0        0
..................................................................


WIND (MPH)
  HIGHEST WIND SPEED    12   HIGHEST WIND DIRECTION    SW (230)
  HIGHEST GUST SPEED    15   HIGHEST GUST DIRECTION    SW (230)
  AVERAGE WIND SPEED     3.2


SKY COVER
  AVERAGE SKY COVER 0.1



RELATIVE HUMIDITY (PERCENT)
 HIGHEST    76           600 AM
 LOWEST     36           300 PM
 AVERAGE    56

..........................................................


THE AVOCA PA CLIMATE NORMALS FOR TODAY
                         NORMAL    RECORD    YEAR
 MAXIMUM TEMPERATURE (F)   33        67      1950
 MINIMUM TEMPERATURE (F)   19        -9      1981
                                             1904


SUNRISE AND SUNSET
JANUARY  4 2018.......SUNRISE   729 AM EST   SUNSET   447 PM EST
JANUARY  5 2018.......SUNRISE   729 AM EST   SUNSET   448 PM EST


-  INDICATES NEGATIVE NUMBERS.
R  INDICATES RECORD WAS SET OR TIED.
MM INDICATES DATA IS MISSING.
T  INDICATES TRACE AMOUNT.




$$
