000
CDUS41 KBGM 050228
CLIAVP


CLIMATE REPORT
NATIONAL WEATHER SERVICE BINGHAMTON NY
1028 PM EDT FRI APR 4 2014


...................................

...THE AVOCA PA CLIMATE SUMMARY FOR APRIL 4 2014...
VALID AS OF 1000 PM LOCAL TIME.

CLIMATE NORMAL PERIOD 1981 TO 2010
CLIMATE RECORD PERIOD 1901 TO 2014


WEATHER ITEM   OBSERVED TIME   RECORD YEAR NORMAL DEPARTURE LAST
                VALUE   (LST)  VALUE       VALUE  FROM      YEAR
                                                  NORMAL
..................................................................
TEMPERATURE (F)
 TODAY
  MAXIMUM         44    202 PM  80    1921  54    -10       54
  MINIMUM         41    859 PM  19    1995  34      7       23
                                      1954
  AVERAGE         43                        44     -1       39

PRECIPITATION (IN)
  TODAY            0.16          2.07 1987   0.10   0.06     0.00
  MONTH TO DATE    0.20                      0.42  -0.22      T
  SINCE MAR 1      2.27                      2.97  -0.70     1.62
  SINCE JAN 1      7.15                      7.37  -0.22     4.95

SNOWFALL (IN)
  TODAY            0.0           6.9  1957   0.1   -0.1      0.0
  MONTH TO DATE    0.0                       0.4   -0.4       T
  SINCE MAR 1      2.4                       9.4   -7.0      6.5
  SINCE JUL 1     58.2                      43.3   14.9     33.9

DEGREE DAYS
 HEATING
  TODAY           22                        21      1       26
  MONTH TO DATE   74                        86    -12      113
  SINCE MAR 1   1117                       957    160     1039
  SINCE JUL 1   5940                      5563    377     5263

 COOLING
  TODAY            0                         0      0        0
  MONTH TO DATE    0                         0      0        0
  SINCE MAR 1      0                         0      0        0
  SINCE JAN 1      0                         0      0        0
..................................................................


WIND (MPH)
  HIGHEST WIND SPEED    16   HIGHEST WIND DIRECTION     W (280)
  HIGHEST GUST SPEED    24   HIGHEST GUST DIRECTION     S (180)
  AVERAGE WIND SPEED     4.7


SKY COVER
  AVERAGE SKY COVER 0.9


WEATHER CONDITIONS
 THE FOLLOWING WEATHER WAS RECORDED TODAY.
  LIGHT RAIN
  FOG


RELATIVE HUMIDITY (PERCENT)
 HIGHEST    89           300 AM
 LOWEST     76           800 PM
 AVERAGE    83

..........................................................


THE AVOCA PA CLIMATE NORMALS FOR TOMORROW
                         NORMAL    RECORD    YEAR
 MAXIMUM TEMPERATURE (F)   55        83      1910
 MINIMUM TEMPERATURE (F)   35        17      1995


SUNRISE AND SUNSET
APRIL  4 2014.........SUNRISE   641 AM EDT   SUNSET   731 PM EDT
APRIL  5 2014.........SUNRISE   640 AM EDT   SUNSET   732 PM EDT


-  INDICATES NEGATIVE NUMBERS.
R  INDICATES RECORD WAS SET OR TIED.
MM INDICATES DATA IS MISSING.
T  INDICATES TRACE AMOUNT.




$$
