000
CDUS41 KBGM 190317
CLIAVP


CLIMATE REPORT
NATIONAL WEATHER SERVICE BINGHAMTON NY
1016 PM EST FRI NOV 18 2016


...................................

...THE AVOCA PA CLIMATE SUMMARY FOR NOVEMBER 18 2016...
VALID AS OF 1000 PM LOCAL TIME.

CLIMATE NORMAL PERIOD 1981 TO 2010
CLIMATE RECORD PERIOD 1901 TO 2016


WEATHER ITEM   OBSERVED TIME   RECORD YEAR NORMAL DEPARTURE LAST
                VALUE   (LST)  VALUE       VALUE  FROM      YEAR
                                                  NORMAL
..................................................................
TEMPERATURE (F)
 TODAY
  MAXIMUM         63    401 PM  74    1921  49     14       56
  MINIMUM         31    727 AM  11    1959  33     -2       38
  AVERAGE         47                        41      6       47

PRECIPITATION (IN)
  TODAY            0.00          0.80 1926   0.11  -0.11      T
  MONTH TO DATE    0.31                      1.86  -1.55     1.27
  SINCE SEP 1      5.91                      9.27  -3.36     7.41
  SINCE JAN 1     27.47                     34.30  -6.83    28.56

SNOWFALL (IN)
  TODAY            0.0           3.8  2007   0.1   -0.1      0.0
  MONTH TO DATE    0.0                       1.4   -1.4      0.0
  SINCE SEP 1      T                         1.5   -1.5       T
  SINCE JUL 1      T                         1.5   -1.5       T

DEGREE DAYS
 HEATING
  TODAY           18                        24     -6       18
  MONTH TO DATE  327                       388    -61      226
  SINCE SEP 1    726                       965   -239      633
  SINCE JUL 1    727                       991   -264      633

 COOLING
  TODAY            0                         0      0        0
  MONTH TO DATE    0                         0      0        2
  SINCE SEP 1    132                        56     76      153
  SINCE JAN 1    998                       580    418      929
..................................................................


WIND (MPH)
  HIGHEST WIND SPEED     8   HIGHEST WIND DIRECTION     E (100)
  HIGHEST GUST SPEED    11   HIGHEST GUST DIRECTION     E (100)
  AVERAGE WIND SPEED     2.2


SKY COVER
  AVERAGE SKY COVER 0.0


WEATHER CONDITIONS
 THE FOLLOWING WEATHER WAS RECORDED TODAY.
  FOG
  HAZE


RELATIVE HUMIDITY (PERCENT)
 HIGHEST    92          1200 AM
 LOWEST     43           300 PM
 AVERAGE    68

..........................................................


THE AVOCA PA CLIMATE NORMALS FOR TOMORROW
                         NORMAL    RECORD    YEAR
 MAXIMUM TEMPERATURE (F)   48        71      1921
 MINIMUM TEMPERATURE (F)   33        14      1924


SUNRISE AND SUNSET
NOVEMBER 18 2016......SUNRISE   655 AM EST   SUNSET   441 PM EST
NOVEMBER 19 2016......SUNRISE   657 AM EST   SUNSET   440 PM EST


-  INDICATES NEGATIVE NUMBERS.
R  INDICATES RECORD WAS SET OR TIED.
MM INDICATES DATA IS MISSING.
T  INDICATES TRACE AMOUNT.

$$
