472
CDUS41 KBGM 140225
CLIAVP


CLIMATE REPORT
NATIONAL WEATHER SERVICE BINGHAMTON NY
1025 PM EDT WED SEP 13 2017


...................................

...THE AVOCA PA CLIMATE SUMMARY FOR SEPTEMBER 13 2017...
VALID AS OF 1000 PM LOCAL TIME.

CLIMATE NORMAL PERIOD 1981 TO 2010
CLIMATE RECORD PERIOD 1901 TO 2017


WEATHER ITEM   OBSERVED TIME   RECORD YEAR NORMAL DEPARTURE LAST
                VALUE   (LST)  VALUE       VALUE  FROM      YEAR
                                                  NORMAL
..................................................................
TEMPERATURE (F)
 TODAY
  MAXIMUM         75   1150 AM  92    2005  74      1       83
                                      1931
  MINIMUM         53    440 AM  37    1985  53      0       53
  AVERAGE         64                        63      1       68

PRECIPITATION (IN)
  TODAY            T             1.42 1944   0.14  -0.14     0.00
  MONTH TO DATE    1.65                      1.67  -0.02     0.28
  SINCE SEP 1      1.65                      1.67  -0.02     0.28
  SINCE JAN 1     31.77                     26.70   5.07    21.84

SNOWFALL (IN)
  TODAY            0.0           T    1990   0.0    0.0      0.0
  MONTH TO DATE    0.0                       0.0    0.0      0.0
  SINCE SEP 1      0.0                       0.0    0.0      0.0
  SINCE JUL 1      0.0                       0.0    0.0      0.0

DEGREE DAYS
 HEATING
  TODAY            1                         3     -2        0
  MONTH TO DATE   64                        30     34        1
  SINCE SEP 1     64                        30     34        1
  SINCE JUL 1     81                        56     25        2

 COOLING
  TODAY            0                         2     -2        3
  MONTH TO DATE   10                        35    -25       79
  SINCE SEP 1     10                        35    -25       79
  SINCE JAN 1    649                       559     90      945
..................................................................


WIND (MPH)
  HIGHEST WIND SPEED    12   HIGHEST WIND DIRECTION     W (250)
  HIGHEST GUST SPEED    14   HIGHEST GUST DIRECTION     W (270)
  AVERAGE WIND SPEED     4.2


SKY COVER
  AVERAGE SKY COVER 0.6


WEATHER CONDITIONS
 THE FOLLOWING WEATHER WAS RECORDED TODAY.
  LIGHT RAIN
  FOG


RELATIVE HUMIDITY (PERCENT)
 HIGHEST    93          1200 AM
 LOWEST     68          1000 AM
 AVERAGE    81

..........................................................


THE AVOCA PA CLIMATE NORMALS FOR TOMORROW
                         NORMAL    RECORD    YEAR
 MAXIMUM TEMPERATURE (F)   73        92      1952
 MINIMUM TEMPERATURE (F)   53        34      1911


SUNRISE AND SUNSET
SEPTEMBER 13 2017.....SUNRISE   642 AM EDT   SUNSET   715 PM EDT
SEPTEMBER 14 2017.....SUNRISE   643 AM EDT   SUNSET   713 PM EDT


-  INDICATES NEGATIVE NUMBERS.
R  INDICATES RECORD WAS SET OR TIED.
MM INDICATES DATA IS MISSING.
T  INDICATES TRACE AMOUNT.




$$
