000
CDUS41 KBGM 140541
CLIAVP


CLIMATE REPORT
NATIONAL WEATHER SERVICE BINGHAMTON NY
140 AM EDT MON JUL 14 2014


...................................

...THE AVOCA PA CLIMATE SUMMARY FOR JULY 13 2014...

CLIMATE NORMAL PERIOD 1981 TO 2010
CLIMATE RECORD PERIOD 1901 TO 2014


WEATHER ITEM   OBSERVED TIME   RECORD YEAR NORMAL DEPARTURE LAST
                VALUE   (LST)  VALUE       VALUE  FROM      YEAR
                                                  NORMAL
..................................................................
TEMPERATURE (F)
 YESTERDAY
  MAXIMUM         85    426 PM  95    1966  82      3       83
  MINIMUM         71   1159 PM  49    2001  61     10       66
  AVERAGE         78                        72      6       75

PRECIPITATION (IN)
  YESTERDAY        0.32          3.12 1948   0.13   0.19     0.01
  MONTH TO DATE    2.24                      1.52   0.72     0.71
  SINCE JUN 1      4.40                      5.55  -1.15     6.12
  SINCE JAN 1     17.11                     19.35  -2.24    15.89

SNOWFALL (IN)
  YESTERDAY        0.0           0.0  1995   0.0    0.0      0.0
  MONTH TO DATE    0.0                       0.0    0.0      0.0
  SINCE JUN 1      0.0                       0.0    0.0      0.0
  SINCE JUL 1      0.0                       0.0    0.0      0.0

DEGREE DAYS
 HEATING
  YESTERDAY        0                         0      0        0
  MONTH TO DATE    0                         0      0        0
  SINCE JUN 1     11                        54    -43       21
  SINCE JUL 1      0                         0      0        0

 COOLING
  YESTERDAY       13                         7      6       10
  MONTH TO DATE  123                        86     37      150
  SINCE JUN 1    282                       203     79      286
  SINCE JAN 1    323                       240     83      350
..................................................................


WIND (MPH)
  HIGHEST WIND SPEED    17   HIGHEST WIND DIRECTION    SW (210)
  HIGHEST GUST SPEED    29   HIGHEST GUST DIRECTION    SW (210)
  AVERAGE WIND SPEED     6.9


SKY COVER
  AVERAGE SKY COVER 0.6



RELATIVE HUMIDITY (PERCENT)
 HIGHEST    90           900 PM
 LOWEST     58          1100 AM
 AVERAGE    74

..........................................................


THE AVOCA PA CLIMATE NORMALS FOR TODAY
                         NORMAL    RECORD    YEAR
 MAXIMUM TEMPERATURE (F)   82       100      1936
 MINIMUM TEMPERATURE (F)   61        48      1904


SUNRISE AND SUNSET
JULY 14 2014..........SUNRISE   542 AM EDT   SUNSET   835 PM EDT
JULY 15 2014..........SUNRISE   543 AM EDT   SUNSET   835 PM EDT


-  INDICATES NEGATIVE NUMBERS.
R  INDICATES RECORD WAS SET OR TIED.
MM INDICATES DATA IS MISSING.
T  INDICATES TRACE AMOUNT.




$$
