000
CDUS41 KBGM 050648
CLIAVP


CLIMATE REPORT
NATIONAL WEATHER SERVICE BINGHAMTON NY
147 AM EST FRI FEB 5 2016


...................................

...THE AVOCA PA CLIMATE SUMMARY FOR FEBRUARY 4 2016...

CLIMATE NORMAL PERIOD 1981 TO 2010
CLIMATE RECORD PERIOD 1901 TO 2016


WEATHER ITEM   OBSERVED TIME   RECORD YEAR NORMAL DEPARTURE LAST
                VALUE   (LST)  VALUE       VALUE  FROM      YEAR
                                                  NORMAL
..................................................................
TEMPERATURE (F)
 YESTERDAY
  MAXIMUM         53   1226 AM  58    1991  35     18       38
  MINIMUM         36    901 PM  -6    1985  19     17       15
  AVERAGE         45                        27     18       27

PRECIPITATION (IN)
  YESTERDAY        0.01          1.02 1961   0.08  -0.07      T
  MONTH TO DATE    0.49                      0.32   0.17     0.50
  SINCE DEC 1      4.83                      5.37  -0.54     5.15
  SINCE JAN 1      2.28                      2.69  -0.41     2.37

SNOWFALL (IN)
  YESTERDAY        0.0          12.5  1961   0.4   -0.4       T
  MONTH TO DATE    0.0                       1.5   -1.5      4.7
  SINCE DEC 1      5.3                      23.1  -17.8     24.6
  SINCE JUL 1      5.3                      26.1  -20.8     33.5

DEGREE DAYS
 HEATING
  YESTERDAY       20                        38    -18       38
  MONTH TO DATE   88                       153    -65      175
  SINCE DEC 1   1851                      2431   -580     2358
  SINCE JUL 1   2759                      3744   -985     3548

 COOLING
  YESTERDAY        0                         0      0        0
  MONTH TO DATE    0                         0      0        0
  SINCE DEC 1      0                         0      0        0
  SINCE JAN 1      0                         0      0        0
..................................................................


WIND (MPH)
  HIGHEST WIND SPEED    17   HIGHEST WIND DIRECTION    NW (330)
  HIGHEST GUST SPEED    22   HIGHEST GUST DIRECTION    NW (320)
  AVERAGE WIND SPEED     6.4


SKY COVER
  AVERAGE SKY COVER 0.7



RELATIVE HUMIDITY (PERCENT)
 HIGHEST    96           100 AM
 LOWEST     49           100 PM
 AVERAGE    73

..........................................................


THE AVOCA PA CLIMATE NORMALS FOR TODAY
                         NORMAL    RECORD    YEAR
 MAXIMUM TEMPERATURE (F)   35        59      1991
 MINIMUM TEMPERATURE (F)   19       -10      1918


SUNRISE AND SUNSET
FEBRUARY  5 2016......SUNRISE   711 AM EST   SUNSET   524 PM EST
FEBRUARY  6 2016......SUNRISE   709 AM EST   SUNSET   525 PM EST


-  INDICATES NEGATIVE NUMBERS.
R  INDICATES RECORD WAS SET OR TIED.
MM INDICATES DATA IS MISSING.
T  INDICATES TRACE AMOUNT.




$$
