000
CDUS41 KBGM 230218
CLIAVP


CLIMATE REPORT
NATIONAL WEATHER SERVICE BINGHAMTON NY
1018 PM EDT MON JUN 22 2015


...................................

...THE AVOCA PA CLIMATE SUMMARY FOR JUNE 22 2015...
VALID AS OF 1000 PM LOCAL TIME.

CLIMATE NORMAL PERIOD 1981 TO 2010
CLIMATE RECORD PERIOD 1901 TO 2015


WEATHER ITEM   OBSERVED TIME   RECORD YEAR NORMAL DEPARTURE LAST
                VALUE   (LST)  VALUE       VALUE  FROM      YEAR
                                                  NORMAL
..................................................................
TEMPERATURE (F)
 TODAY
  MAXIMUM         86    245 PM  93    1988  79      7       82
                                      1954
                                      1921
  MINIMUM         62    442 AM  41    1940  58      4       54
  AVERAGE         74                        69      5       68

PRECIPITATION (IN)
  TODAY            0.00          2.28 1987   0.13  -0.13     0.00
  MONTH TO DATE    4.48                      3.02   1.46     1.53
  SINCE JUN 1      4.48                      3.02   1.46     1.53
  SINCE JAN 1     14.04                     16.82  -2.78    14.24

SNOWFALL (IN)
  TODAY            0.0           0.0  1995   0.0    0.0      0.0
  MONTH TO DATE    0.0                       0.0    0.0      0.0
  SINCE JUN 1      0.0                       0.0    0.0      0.0
  SINCE JUL 1     51.4                      46.2    5.2     58.9

DEGREE DAYS
 HEATING
  TODAY            0                         1     -1        0
  MONTH TO DATE   21                        49    -28       11
  SINCE JUN 1     21                        49    -28       11
  SINCE JUL 1   6265                      6250     15     6522

 COOLING
  TODAY            9                         5      4        3
  MONTH TO DATE  121                        74     47       82
  SINCE JUN 1    121                        74     47       82
  SINCE JAN 1    269                       111    158      123
..................................................................


WIND (MPH)
  HIGHEST WIND SPEED    13   HIGHEST WIND DIRECTION     W (260)
  HIGHEST GUST SPEED    19   HIGHEST GUST DIRECTION     W (280)
  AVERAGE WIND SPEED     4.4


SKY COVER
  AVERAGE SKY COVER 0.2


WEATHER CONDITIONS
 THE FOLLOWING WEATHER WAS RECORDED TODAY.
  FOG
  HAZE


RELATIVE HUMIDITY (PERCENT)
 HIGHEST    93           400 AM
 LOWEST     40           500 PM
 AVERAGE    67

..........................................................


THE AVOCA PA CLIMATE NORMALS FOR TOMORROW
                         NORMAL    RECORD    YEAR
 MAXIMUM TEMPERATURE (F)   80        94      1965
 MINIMUM TEMPERATURE (F)   59        41      1918


SUNRISE AND SUNSET
JUNE 22 2015..........SUNRISE   530 AM EDT   SUNSET   840 PM EDT
JUNE 23 2015..........SUNRISE   530 AM EDT   SUNSET   840 PM EDT


-  INDICATES NEGATIVE NUMBERS.
R  INDICATES RECORD WAS SET OR TIED.
MM INDICATES DATA IS MISSING.
T  INDICATES TRACE AMOUNT.




$$
