852
CDUS41 KBGM 220618
CLIAVP


CLIMATE REPORT
NATIONAL WEATHER SERVICE BINGHAMTON NY
217 AM EDT FRI APR 22 2016


...................................

...THE AVOCA PA CLIMATE SUMMARY FOR APRIL 21 2016...

CLIMATE NORMAL PERIOD 1981 TO 2010
CLIMATE RECORD PERIOD 1901 TO 2016


WEATHER ITEM   OBSERVED TIME   RECORD YEAR NORMAL DEPARTURE LAST
                VALUE   (LST)  VALUE       VALUE  FROM      YEAR
                                                  NORMAL
..................................................................
TEMPERATURE (F)
 YESTERDAY
  MAXIMUM         75    410 PM  85    1985  62     13       59
                                      1976
  MINIMUM         38    559 AM  26    1925  40     -2       43
  AVERAGE         57                        51      6       51

PRECIPITATION (IN)
  YESTERDAY        T             1.04 1991   0.11  -0.11     0.29
  MONTH TO DATE    2.13                      2.32  -0.19     2.81
  SINCE MAR 1      3.91                      4.87  -0.96     4.77
  SINCE JAN 1      9.71                      9.27   0.44     7.77

SNOWFALL (IN)
  YESTERDAY        0.0           0.1  1991   0.1   -0.1      0.0
  MONTH TO DATE    2.2                       2.6   -0.4       T
  SINCE MAR 1      3.5                      11.6   -8.1      9.0
  SINCE JUL 1     15.5                      45.5  -30.0     51.4

DEGREE DAYS
 HEATING
  YESTERDAY        8                        14     -6       14
  MONTH TO DATE  403                       382     21      305
  SINCE MAR 1   1034                      1253   -219     1300
  SINCE JUL 1   4604                      5859  -1255     5997

 COOLING
  YESTERDAY        0                         0      0        0
  MONTH TO DATE    0                         0      0        0
  SINCE MAR 1      0                         0      0        0
  SINCE JAN 1      0                         0      0        0
..................................................................


WIND (MPH)
  HIGHEST WIND SPEED    20   HIGHEST WIND DIRECTION     W (250)
  HIGHEST GUST SPEED    23   HIGHEST GUST DIRECTION     W (250)
  AVERAGE WIND SPEED     6.7


SKY COVER
  AVERAGE SKY COVER 0.2



RELATIVE HUMIDITY (PERCENT)
 HIGHEST    59           600 AM
 LOWEST     23           200 PM
 AVERAGE    41

..........................................................


THE AVOCA PA CLIMATE NORMALS FOR TODAY
                         NORMAL    RECORD    YEAR
 MAXIMUM TEMPERATURE (F)   62        87      1902
 MINIMUM TEMPERATURE (F)   41        25      1904


SUNRISE AND SUNSET
APRIL 22 2016.........SUNRISE   612 AM EDT   SUNSET   751 PM EDT
APRIL 23 2016.........SUNRISE   611 AM EDT   SUNSET   752 PM EDT


-  INDICATES NEGATIVE NUMBERS.
R  INDICATES RECORD WAS SET OR TIED.
MM INDICATES DATA IS MISSING.
T  INDICATES TRACE AMOUNT.




$$
