000
CDUS41 KBGM 012218
CLIAVP


CLIMATE REPORT
NATIONAL WEATHER SERVICE BINGHAMTON NY
518 PM EST MON FEB 1 2016


...................................

...THE AVOCA PA CLIMATE SUMMARY FOR FEBRUARY 1 2016...
VALID TODAY AS OF 0500 PM LOCAL TIME.

CLIMATE NORMAL PERIOD 1981 TO 2010
CLIMATE RECORD PERIOD 1901 TO 2016


WEATHER ITEM   OBSERVED TIME   RECORD YEAR NORMAL DEPARTURE LAST
                VALUE   (LST)  VALUE       VALUE  FROM      YEAR
                                                  NORMAL
..................................................................
TEMPERATURE (F)
 TODAY
  MAXIMUM         52   1156 AM  63    1989  34     18       31
  MINIMUM         39    551 AM  -5    1961  19     20        9
                                      1948
                                      1920
  AVERAGE         46                        26     20       20

PRECIPITATION (IN)
  TODAY            T             1.18 1981   0.08  -0.08     0.04
  MONTH TO DATE    T                         0.08  -0.08     0.04
  SINCE DEC 1      4.34                      5.13  -0.79     4.69
  SINCE JAN 1      1.79                      2.45  -0.66     1.91

SNOWFALL (IN)
  TODAY            0.0           3.0  2011   0.4   -0.4      0.5
  MONTH TO DATE    0.0                       0.4   -0.4      0.5
  SINCE DEC 1      5.3                      22.0  -16.7     20.4
  SINCE JUL 1      5.3                      25.0  -19.7     29.3

DEGREE DAYS
 HEATING
  TODAY           19                        39    -20       45
  MONTH TO DATE   19                        39    -20       45
  SINCE DEC 1   1782                      2317   -535     2228
  SINCE JUL 1   2690                      3630   -940     3418

 COOLING
  TODAY            0                         0      0        0
  MONTH TO DATE    0                         0      0        0
  SINCE DEC 1      0                         0      0        0
  SINCE JAN 1      0                         0      0        0
..................................................................


WIND (MPH)
  HIGHEST WIND SPEED    20   HIGHEST WIND DIRECTION    NW (330)
  HIGHEST GUST SPEED    24   HIGHEST GUST DIRECTION    NW (330)
  AVERAGE WIND SPEED     6.0


SKY COVER
  AVERAGE SKY COVER 0.3


WEATHER CONDITIONS
 THE FOLLOWING WEATHER WAS RECORDED TODAY.
  NO SIGNIFICANT WEATHER WAS OBSERVED.


RELATIVE HUMIDITY (PERCENT)
 HIGHEST    76           600 AM
 LOWEST     42           400 PM
 AVERAGE    59

..........................................................


THE AVOCA PA CLIMATE NORMALS FOR TOMORROW
                         NORMAL    RECORD    YEAR
 MAXIMUM TEMPERATURE (F)   34        55      1983
                                             1973
 MINIMUM TEMPERATURE (F)   19       -11      1961


SUNRISE AND SUNSET
FEBRUARY  1 2016......SUNRISE   715 AM EST   SUNSET   519 PM EST
FEBRUARY  2 2016......SUNRISE   714 AM EST   SUNSET   520 PM EST


-  INDICATES NEGATIVE NUMBERS.
R  INDICATES RECORD WAS SET OR TIED.
MM INDICATES DATA IS MISSING.
T  INDICATES TRACE AMOUNT.




$$
