000
CDUS41 KBGM 210219
CLIAVP


CLIMATE REPORT
NATIONAL WEATHER SERVICE BINGHAMTON NY
1019 PM EDT FRI MAR 20 2015


...................................

...THE AVOCA PA CLIMATE SUMMARY FOR MARCH 20 2015...
VALID AS OF 1000 PM LOCAL TIME.

CLIMATE NORMAL PERIOD 1981 TO 2010
CLIMATE RECORD PERIOD 1901 TO 2015


WEATHER ITEM   OBSERVED TIME   RECORD YEAR NORMAL DEPARTURE LAST
                VALUE   (LST)  VALUE       VALUE  FROM      YEAR
                                                  NORMAL
..................................................................
TEMPERATURE (F)
 TODAY
  MAXIMUM         33    712 AM  76    1918  48    -15       48
  MINIMUM         29   1202 PM   8    1949  29      0       35
  AVERAGE         31                        38     -7       42

PRECIPITATION (IN)
  TODAY            0.27          0.72 1958   0.09   0.18      T
  MONTH TO DATE    1.49                      1.54  -0.05     0.35
  SINCE MAR 1      1.49                      1.54  -0.05     0.35
  SINCE JAN 1      4.49                      5.94  -1.45     5.23

SNOWFALL (IN)
  TODAY            3.0           7.1  1958   0.2    2.8       T
  MONTH TO DATE    6.4                       6.8   -0.4      0.1
  SINCE MAR 1      6.4                       6.8   -0.4      0.1
  SINCE JUL 1     48.5                      40.7    7.8     55.9

DEGREE DAYS
 HEATING
  TODAY           34                        27      7       23
  MONTH TO DATE  654                       602     52      707
  SINCE MAR 1    654                       602     52      707
  SINCE JUL 1   5351                      5208    143     5530

 COOLING
  TODAY            0                         0      0        0
  MONTH TO DATE    0                         0      0        0
  SINCE MAR 1      0                         0      0        0
  SINCE JAN 1      0                         0      0        0
..................................................................


WIND (MPH)
  HIGHEST WIND SPEED    10   HIGHEST WIND DIRECTION    NE (60)
  HIGHEST GUST SPEED    14   HIGHEST GUST DIRECTION    SE (140)
  AVERAGE WIND SPEED     4.5


SKY COVER
  AVERAGE SKY COVER 0.8


WEATHER CONDITIONS
 THE FOLLOWING WEATHER WAS RECORDED TODAY.
  HEAVY SNOW
  SNOW
  LIGHT SNOW
  FOG
  FOG W/VISIBILITY <= 1/4 MILE
  HAZE


RELATIVE HUMIDITY (PERCENT)
 HIGHEST    92           500 PM
 LOWEST     25           700 AM
 AVERAGE    59

..........................................................


THE AVOCA PA CLIMATE NORMALS FOR TOMORROW
                         NORMAL    RECORD    YEAR
 MAXIMUM TEMPERATURE (F)   48        78      1921
 MINIMUM TEMPERATURE (F)   29        10      1986


SUNRISE AND SUNSET
MARCH 20 2015.........SUNRISE   707 AM EDT   SUNSET   715 PM EDT
MARCH 21 2015.........SUNRISE   705 AM EDT   SUNSET   716 PM EDT


-  INDICATES NEGATIVE NUMBERS.
R  INDICATES RECORD WAS SET OR TIED.
MM INDICATES DATA IS MISSING.
T  INDICATES TRACE AMOUNT.




$$
