000
CDUS41 KBGM 150636
CLIAVP


CLIMATE REPORT
NATIONAL WEATHER SERVICE BINGHAMTON NY
235 AM EDT TUE JUL 15 2014


...................................

...THE AVOCA PA CLIMATE SUMMARY FOR JULY 14 2014...

CLIMATE NORMAL PERIOD 1981 TO 2010
CLIMATE RECORD PERIOD 1901 TO 2014


WEATHER ITEM   OBSERVED TIME   RECORD YEAR NORMAL DEPARTURE LAST
                VALUE   (LST)  VALUE       VALUE  FROM      YEAR
                                                  NORMAL
..................................................................
TEMPERATURE (F)
 YESTERDAY
  MAXIMUM         79    242 PM 100    1936  82     -3       89
  MINIMUM         69   1158 PM  48    1904  61      8       69
  AVERAGE         74                        72      2       79

PRECIPITATION (IN)
  YESTERDAY        T             0.84 1960   0.12  -0.12     0.00
  MONTH TO DATE    2.24                      1.64   0.60     0.71
  SINCE JUN 1      4.40                      5.67  -1.27     6.12
  SINCE JAN 1     17.11                     19.47  -2.36    15.89

SNOWFALL (IN)
  YESTERDAY        0.0           0.0  1995   0.0    0.0      0.0
  MONTH TO DATE    0.0                       0.0    0.0      0.0
  SINCE JUN 1      0.0                       0.0    0.0      0.0
  SINCE JUL 1      0.0                       0.0    0.0      0.0

DEGREE DAYS
 HEATING
  YESTERDAY        0                         0      0        0
  MONTH TO DATE    0                         0      0        0
  SINCE JUN 1     11                        54    -43       21
  SINCE JUL 1      0                         0      0        0

 COOLING
  YESTERDAY        9                         7      2       14
  MONTH TO DATE  132                        93     39      164
  SINCE JUN 1    291                       210     81      300
  SINCE JAN 1    332                       247     85      364
..................................................................


WIND (MPH)
  HIGHEST WIND SPEED     8   HIGHEST WIND DIRECTION     W (260)
  HIGHEST GUST SPEED    10   HIGHEST GUST DIRECTION    SW (230)
  AVERAGE WIND SPEED     1.7


SKY COVER
  AVERAGE SKY COVER 0.8



RELATIVE HUMIDITY (PERCENT)
 HIGHEST    90           600 AM
 LOWEST     62           900 AM
 AVERAGE    76

..........................................................


THE AVOCA PA CLIMATE NORMALS FOR TODAY
                         NORMAL    RECORD    YEAR
 MAXIMUM TEMPERATURE (F)   82       100      1995
 MINIMUM TEMPERATURE (F)   61        49      1924


SUNRISE AND SUNSET
JULY 15 2014..........SUNRISE   543 AM EDT   SUNSET   835 PM EDT
JULY 16 2014..........SUNRISE   544 AM EDT   SUNSET   834 PM EDT


-  INDICATES NEGATIVE NUMBERS.
R  INDICATES RECORD WAS SET OR TIED.
MM INDICATES DATA IS MISSING.
T  INDICATES TRACE AMOUNT.




$$
