000
CDUS41 KBGM 250223
CLIAVP


CLIMATE REPORT
NATIONAL WEATHER SERVICE BINGHAMTON NY
1022 PM EDT FRI JUL 24 2015


...................................

...THE AVOCA PA CLIMATE SUMMARY FOR JULY 24 2015...
VALID AS OF 1000 PM LOCAL TIME.

CLIMATE NORMAL PERIOD 1981 TO 2010
CLIMATE RECORD PERIOD 1901 TO 2015


WEATHER ITEM   OBSERVED TIME   RECORD YEAR NORMAL DEPARTURE LAST
                VALUE   (LST)  VALUE       VALUE  FROM      YEAR
                                                  NORMAL
..................................................................
TEMPERATURE (F)
 TODAY
  MAXIMUM         83    340 PM  95    1933  82      1       79
  MINIMUM         55    512 AM  49    1985  61     -6       56
  AVERAGE         69                        72     -3       68

PRECIPITATION (IN)
  TODAY            0.00          3.28 1933   0.13  -0.13     0.00
  MONTH TO DATE    2.17                      2.88  -0.71     2.26
  SINCE JUN 1      8.69                      6.91   1.78     4.42
  SINCE JAN 1     18.25                     20.71  -2.46    17.13

SNOWFALL (IN)
  TODAY            0.0           0.0  1995   0.0    0.0      0.0
  MONTH TO DATE    0.0                       0.0    0.0      0.0
  SINCE JUN 1      0.0                       0.0    0.0      0.0
  SINCE JUL 1      0.0                       0.0    0.0      0.0

DEGREE DAYS
 HEATING
  TODAY            0                         0      0        0
  MONTH TO DATE    0                         0      0        0
  SINCE JUN 1     24                        54    -30       11
  SINCE JUL 1      0                         0      0        0

 COOLING
  TODAY            4                         7     -3        3
  MONTH TO DATE  172                       163      9      204
  SINCE JUN 1    327                       280     47      363
  SINCE JAN 1    475                       317    158      404
..................................................................


WIND (MPH)
  HIGHEST WIND SPEED    14   HIGHEST WIND DIRECTION    NW (320)
  HIGHEST GUST SPEED    18   HIGHEST GUST DIRECTION    NW (320)
  AVERAGE WIND SPEED     5.1


SKY COVER
  AVERAGE SKY COVER 0.1


WEATHER CONDITIONS
 THE FOLLOWING WEATHER WAS RECORDED TODAY.
  NO SIGNIFICANT WEATHER WAS OBSERVED.


RELATIVE HUMIDITY (PERCENT)
 HIGHEST    86           500 AM
 LOWEST     31           400 PM
 AVERAGE    59

..........................................................


THE AVOCA PA CLIMATE NORMALS FOR TOMORROW
                         NORMAL    RECORD    YEAR
 MAXIMUM TEMPERATURE (F)   82        96      1941
 MINIMUM TEMPERATURE (F)   61        48      1903


SUNRISE AND SUNSET
JULY 24 2015..........SUNRISE   550 AM EDT   SUNSET   828 PM EDT
JULY 25 2015..........SUNRISE   551 AM EDT   SUNSET   827 PM EDT


-  INDICATES NEGATIVE NUMBERS.
R  INDICATES RECORD WAS SET OR TIED.
MM INDICATES DATA IS MISSING.
T  INDICATES TRACE AMOUNT.

$$
