493
CDUS41 KBGM 152116
CLIAVP


CLIMATE REPORT
NATIONAL WEATHER SERVICE BINGHAMTON NY
515 PM EDT FRI JUL 15 2016


...................................

...THE AVOCA PA CLIMATE SUMMARY FOR JULY 15 2016...
VALID TODAY AS OF 0500 PM LOCAL TIME.

CLIMATE NORMAL PERIOD 1981 TO 2010
CLIMATE RECORD PERIOD 1901 TO 2016


WEATHER ITEM   OBSERVED TIME   RECORD YEAR NORMAL DEPARTURE LAST
                VALUE   (LST)  VALUE       VALUE  FROM      YEAR
                                                  NORMAL
..................................................................
TEMPERATURE (F)
 TODAY
  MAXIMUM         91    359 PM 100    1995  82      9       73
  MINIMUM         69    429 AM  49    1924  61      8       56
  AVERAGE         80                        72      8       65

PRECIPITATION (IN)
  TODAY            T             3.48 1945   0.12  -0.12     0.09
  MONTH TO DATE    0.80                      1.76  -0.96     1.93
  SINCE JUN 1      2.39                      5.79  -3.40     8.45
  SINCE JAN 1     15.21                     19.59  -4.38    18.01

SNOWFALL (IN)
  TODAY            0.0           0.0  1995   0.0    0.0      0.0
  MONTH TO DATE    0.0                       0.0    0.0      0.0
  SINCE JUN 1      0.0                       0.0    0.0      0.0
  SINCE JUL 1      0.0                       0.0    0.0      0.0

DEGREE DAYS
 HEATING
  TODAY            0                         0      0        0
  MONTH TO DATE    0                         0      0        0
  SINCE JUN 1     24                        54    -30       24
  SINCE JUL 1      0                         0      0        0

 COOLING
  TODAY           15                         7      8        0
  MONTH TO DATE  150                       100     50      105
  SINCE JUN 1    293                       217     76      260
  SINCE JAN 1    365                       254    111      408
..................................................................


WIND (MPH)
  HIGHEST WIND SPEED    20   HIGHEST WIND DIRECTION     W (250)
  HIGHEST GUST SPEED    26   HIGHEST GUST DIRECTION     W (250)
  AVERAGE WIND SPEED     9.1


SKY COVER
  AVERAGE SKY COVER 0.2


WEATHER CONDITIONS
 THE FOLLOWING WEATHER WAS RECORDED TODAY.
  LIGHT RAIN


RELATIVE HUMIDITY (PERCENT)
 HIGHEST    84           200 AM
 LOWEST     34           300 PM
 AVERAGE    59

..........................................................


THE AVOCA PA CLIMATE NORMALS FOR TOMORROW
                         NORMAL    RECORD    YEAR
 MAXIMUM TEMPERATURE (F)   82       101      1988
 MINIMUM TEMPERATURE (F)   61        48      1930


SUNRISE AND SUNSET
JULY 15 2016..........SUNRISE   543 AM EDT   SUNSET   834 PM EDT
JULY 16 2016..........SUNRISE   544 AM EDT   SUNSET   834 PM EDT


-  INDICATES NEGATIVE NUMBERS.
R  INDICATES RECORD WAS SET OR TIED.
MM INDICATES DATA IS MISSING.
T  INDICATES TRACE AMOUNT.

$$
