000
CDUS41 KBGM 152117
CLIAVP


CLIMATE REPORT
NATIONAL WEATHER SERVICE BINGHAMTON NY
517 PM EDT FRI MAY 15 2015


...................................

...THE AVOCA PA CLIMATE SUMMARY FOR MAY 15 2015...
VALID TODAY AS OF 0500 PM LOCAL TIME.

CLIMATE NORMAL PERIOD 1981 TO 2010
CLIMATE RECORD PERIOD 1901 TO 2015


WEATHER ITEM   OBSERVED TIME   RECORD YEAR NORMAL DEPARTURE LAST
                VALUE   (LST)  VALUE       VALUE  FROM      YEAR
                                                  NORMAL
..................................................................
TEMPERATURE (F)
 TODAY
  MAXIMUM         77    155 PM  87    2007  70      7       80
                                      1962
                                      1940
  MINIMUM         45    434 AM  32    1936  47     -2       65
  AVERAGE         61                        58      3       73

PRECIPITATION (IN)
  TODAY            0.00          2.29 2012   0.11  -0.11     0.00
  MONTH TO DATE    0.14                      1.61  -1.47     0.23
  SINCE MAR 1      4.98                      7.49  -2.51     5.31
  SINCE JAN 1      7.98                     11.89  -3.91    10.19

SNOWFALL (IN)
  TODAY            0.0           0.0    MM   0.0    0.0      0.0
  MONTH TO DATE    0.0                       0.3   -0.3      0.0
  SINCE MAR 1      9.0                      12.6   -3.6      3.1
  SINCE JUL 1     51.4                      46.5    4.9     58.9

DEGREE DAYS
 HEATING
  TODAY            4                         8     -4        0
  MONTH TO DATE   51                       138    -87       72
  SINCE MAR 1   1498                      1505     -7     1613
  SINCE JUL 1   6195                      6111     84     6436

 COOLING
  TODAY            0                         1     -1        8
  MONTH TO DATE   53                         8     45       24
  SINCE MAR 1     53                        14     39       31
  SINCE JAN 1     53                        14     39       31
..................................................................


WIND (MPH)
  HIGHEST WIND SPEED    20   HIGHEST WIND DIRECTION    SW (240)
  HIGHEST GUST SPEED    25   HIGHEST GUST DIRECTION     W (250)
  AVERAGE WIND SPEED     6.4


SKY COVER
  AVERAGE SKY COVER 0.0


WEATHER CONDITIONS
 THE FOLLOWING WEATHER WAS RECORDED TODAY.
  HAZE


RELATIVE HUMIDITY (PERCENT)
 HIGHEST    71           600 AM
 LOWEST     31          1100 AM
 AVERAGE    51

..........................................................


THE AVOCA PA CLIMATE NORMALS FOR TOMORROW
                         NORMAL    RECORD    YEAR
 MAXIMUM TEMPERATURE (F)   70        90      1998
 MINIMUM TEMPERATURE (F)   48        34      1973


SUNRISE AND SUNSET
MAY 15 2015...........SUNRISE   545 AM EDT   SUNSET   815 PM EDT
MAY 16 2015...........SUNRISE   544 AM EDT   SUNSET   816 PM EDT


-  INDICATES NEGATIVE NUMBERS.
R  INDICATES RECORD WAS SET OR TIED.
MM INDICATES DATA IS MISSING.
T  INDICATES TRACE AMOUNT.




$$
