000
CDUS41 KBGM 230319
CLIAVP


CLIMATE REPORT
NATIONAL WEATHER SERVICE BINGHAMTON NY
1018 PM EST TUE NOV 22 2016


...................................

...THE AVOCA PA CLIMATE SUMMARY FOR NOVEMBER 22 2016...
VALID AS OF 1000 PM LOCAL TIME.

CLIMATE NORMAL PERIOD 1981 TO 2010
CLIMATE RECORD PERIOD 1901 TO 2016


WEATHER ITEM   OBSERVED TIME   RECORD YEAR NORMAL DEPARTURE LAST
                VALUE   (LST)  VALUE       VALUE  FROM      YEAR
                                                  NORMAL
..................................................................
TEMPERATURE (F)
 TODAY
  MAXIMUM         34    846 PM  72    1931  47    -13       49
                                      1913
  MINIMUM         31    945 PM  15    2014  32     -1       31
                                      1987
                                      1969
  AVERAGE         33                        39     -6       40

PRECIPITATION (IN)
  TODAY            T             2.12 1991   0.11  -0.11     0.00
  MONTH TO DATE    0.87                      2.30  -1.43     1.31
  SINCE SEP 1      6.47                      9.71  -3.24     7.45
  SINCE JAN 1     28.03                     34.74  -6.71    28.60

SNOWFALL (IN)
  TODAY           MM             0.3  1989   0.1   MM        0.0
                                      1972
                                      1967
  MONTH TO DATE    3.2                       1.9    1.3      0.0
  SINCE SEP 1      3.2                       2.0    1.2       T
  SINCE JUL 1      3.2                       2.0    1.2       T

DEGREE DAYS
 HEATING
  TODAY           32                        26      6       25
  MONTH TO DATE  435                       489    -54      301
  SINCE SEP 1    834                      1066   -232      708
  SINCE JUL 1    835                      1092   -257      708

 COOLING
  TODAY            0                         0      0        0
  MONTH TO DATE    0                         0      0        2
  SINCE SEP 1    132                        56     76      153
  SINCE JAN 1    998                       580    418      929
..................................................................


WIND (MPH)
  HIGHEST WIND SPEED    25   HIGHEST WIND DIRECTION    NW (330)
  HIGHEST GUST SPEED    37   HIGHEST GUST DIRECTION     W (290)
  AVERAGE WIND SPEED    13.0


SKY COVER
  AVERAGE SKY COVER 1.0


WEATHER CONDITIONS
 THE FOLLOWING WEATHER WAS RECORDED TODAY.
  NO SIGNIFICANT WEATHER WAS OBSERVED.


RELATIVE HUMIDITY (PERCENT)
 HIGHEST    64           300 PM
 LOWEST     56          1200 AM
 AVERAGE    60

..........................................................


THE AVOCA PA CLIMATE NORMALS FOR TOMORROW
                         NORMAL    RECORD    YEAR
 MAXIMUM TEMPERATURE (F)   46        72      1931
 MINIMUM TEMPERATURE (F)   31        13      1972


SUNRISE AND SUNSET
NOVEMBER 22 2016......SUNRISE   700 AM EST   SUNSET   438 PM EST
NOVEMBER 23 2016......SUNRISE   701 AM EST   SUNSET   438 PM EST


-  INDICATES NEGATIVE NUMBERS.
R  INDICATES RECORD WAS SET OR TIED.
MM INDICATES DATA IS MISSING.
T  INDICATES TRACE AMOUNT.

$$
