000
CDUS41 KBGM 132116
CLIAVP


CLIMATE REPORT
NATIONAL WEATHER SERVICE BINGHAMTON NY
516 PM EDT TUE JUN 13 2017


...................................

...THE AVOCA PA CLIMATE SUMMARY FOR JUNE 13 2017...
VALID TODAY AS OF 0500 PM LOCAL TIME.

CLIMATE NORMAL PERIOD 1981 TO 2010
CLIMATE RECORD PERIOD 1901 TO 2017


WEATHER ITEM   OBSERVED TIME   RECORD YEAR NORMAL DEPARTURE LAST
                VALUE   (LST)  VALUE       VALUE  FROM      YEAR
                                                  NORMAL
..................................................................
TEMPERATURE (F)
 TODAY
  MAXIMUM         90    356 PM  92    1984  77     13       69
                                      1967
  MINIMUM         65    514 AM  40    1979  56      9       52
  AVERAGE         78                        67     11       61

PRECIPITATION (IN)
  TODAY            0.12          1.33 1982   0.14  -0.02     0.00
                                      1954
  MONTH TO DATE    1.52                      1.81  -0.29     1.18
  SINCE JUN 1      1.52                      1.81  -0.29     1.18
  SINCE JAN 1     19.85                     15.61   4.24    14.00

SNOWFALL (IN)
  TODAY            0.0           0.0  1995   0.0    0.0      0.0
  MONTH TO DATE    0.0                       0.0    0.0      0.0
  SINCE JUN 1      0.0                       0.0    0.0      0.0
  SINCE JUL 1     55.5                      46.2    9.3     15.5

DEGREE DAYS
 HEATING
  TODAY            0                         2     -2        4
  MONTH TO DATE   41                        37      4       23
  SINCE JUN 1     41                        37      4       23
  SINCE JUL 1   5232                      6238  -1006     4965

 COOLING
  TODAY           13                         4      9        0
  MONTH TO DATE   40                        36      4       49
  SINCE JUN 1     40                        36      4       49
  SINCE JAN 1     92                        73     19      121
..................................................................


WIND (MPH)
  HIGHEST WIND SPEED    20   HIGHEST WIND DIRECTION    NW (330)
  HIGHEST GUST SPEED    23   HIGHEST GUST DIRECTION    NW (330)
  AVERAGE WIND SPEED     4.1


SKY COVER
  AVERAGE SKY COVER 0.1


WEATHER CONDITIONS
 THE FOLLOWING WEATHER WAS RECORDED TODAY.
  THUNDERSTORM
  HEAVY RAIN
  RAIN
  LIGHT RAIN
  FOG
  HAZE


RELATIVE HUMIDITY (PERCENT)
 HIGHEST    93           200 AM
 LOWEST     47           400 PM
 AVERAGE    70

..........................................................


THE AVOCA PA CLIMATE NORMALS FOR TOMORROW
                         NORMAL    RECORD    YEAR
 MAXIMUM TEMPERATURE (F)   77        92      2005
                                             1956
 MINIMUM TEMPERATURE (F)   56        40      1912


SUNRISE AND SUNSET
JUNE 13 2017..........SUNRISE   529 AM EDT   SUNSET   837 PM EDT
JUNE 14 2017..........SUNRISE   529 AM EDT   SUNSET   838 PM EDT


-  INDICATES NEGATIVE NUMBERS.
R  INDICATES RECORD WAS SET OR TIED.
MM INDICATES DATA IS MISSING.
T  INDICATES TRACE AMOUNT.




$$
