000
CDUS41 KBGM 220224
CLIAVP


CLIMATE REPORT
NATIONAL WEATHER SERVICE BINGHAMTON NY
1023 PM EDT FRI AUG 21 2015


...................................

...THE AVOCA PA CLIMATE SUMMARY FOR AUGUST 21 2015...
VALID AS OF 1000 PM LOCAL TIME.

CLIMATE NORMAL PERIOD 1981 TO 2010
CLIMATE RECORD PERIOD 1901 TO 2015


WEATHER ITEM   OBSERVED TIME   RECORD YEAR NORMAL DEPARTURE LAST
                VALUE   (LST)  VALUE       VALUE  FROM      YEAR
                                                  NORMAL
..................................................................
TEMPERATURE (F)
 TODAY
  MAXIMUM         80    421 PM  95    1916  79      1       86
  MINIMUM         65    617 AM  43    2000  59      6       68
                                      1908
  AVERAGE         73                        69      4       77

PRECIPITATION (IN)
  TODAY            0.00          1.07 1991   0.11  -0.11      T
  MONTH TO DATE    2.26                      2.37  -0.11     2.31
  SINCE JUN 1     11.11                     10.19   0.92     6.96
  SINCE JAN 1     20.67                     23.99  -3.32    19.67

SNOWFALL (IN)
  TODAY            0.0           0.0  1995   0.0    0.0      0.0
  MONTH TO DATE    0.0                       0.0    0.0      0.0
  SINCE JUN 1      0.0                       0.0    0.0      0.0
  SINCE JUL 1      0.0                       0.0    0.0      0.0

DEGREE DAYS
 HEATING
  TODAY            0                         1     -1        0
  MONTH TO DATE    0                         4     -4        7
  SINCE JUN 1     24                        66    -42       20
  SINCE JUL 1      0                        12    -12        9

 COOLING
  TODAY            8                         5      3       12
  MONTH TO DATE  167                       120     47      109
  SINCE JUN 1    575                       443    132      503
  SINCE JAN 1    723                       480    243      544
..................................................................


WIND (MPH)
  HIGHEST WIND SPEED    13   HIGHEST WIND DIRECTION     N (350)
  HIGHEST GUST SPEED    17   HIGHEST GUST DIRECTION     N (340)
  AVERAGE WIND SPEED     6.0


SKY COVER
  AVERAGE SKY COVER 0.3


WEATHER CONDITIONS
 THE FOLLOWING WEATHER WAS RECORDED TODAY.
  FOG


RELATIVE HUMIDITY (PERCENT)
 HIGHEST    93          1200 AM
 LOWEST     40           600 PM
 AVERAGE    67

..........................................................


THE AVOCA PA CLIMATE NORMALS FOR TOMORROW
                         NORMAL    RECORD    YEAR
 MAXIMUM TEMPERATURE (F)   79        98      1916
 MINIMUM TEMPERATURE (F)   59        42      1982


SUNRISE AND SUNSET
AUGUST 21 2015........SUNRISE   618 AM EDT   SUNSET   754 PM EDT
AUGUST 22 2015........SUNRISE   619 AM EDT   SUNSET   752 PM EDT


-  INDICATES NEGATIVE NUMBERS.
R  INDICATES RECORD WAS SET OR TIED.
MM INDICATES DATA IS MISSING.
T  INDICATES TRACE AMOUNT.




$$
