000
CDUS41 KBGM 191324
CLIAVP


CLIMATE REPORT
NATIONAL WEATHER SERVICE BINGHAMTON NY
824 AM EST THU FEB 19 2015


...................................

...THE AVOCA PA CLIMATE SUMMARY FOR FEBRUARY 18 2015...

CLIMATE NORMAL PERIOD 1981 TO 2010
CLIMATE RECORD PERIOD 1901 TO 2015


WEATHER ITEM   OBSERVED TIME   RECORD YEAR NORMAL DEPARTURE LAST
                VALUE   (LST)  VALUE       VALUE  FROM      YEAR
                                                  NORMAL
..................................................................
TEMPERATURE (F)
 YESTERDAY
  MAXIMUM         29    300 PM  64    1981  37     -8       34
  MINIMUM          0    549 AM -16    1979  21    -21       21
  AVERAGE         15                        29    -14       28

PRECIPITATION (IN)
  YESTERDAY        0.01          0.62 1956   0.06  -0.05     0.09
  MONTH TO DATE    0.91                      1.33  -0.42     2.43
  SINCE DEC 1      5.56                      6.38  -0.82     7.88
  SINCE JAN 1      2.78                      3.70  -0.92     4.54

SNOWFALL (IN)
  YESTERDAY        0.3           4.3  1960   0.3    0.0      1.5
  MONTH TO DATE   10.7                       5.9    4.8     26.4
  SINCE DEC 1     30.3                      27.5    2.8     50.2
  SINCE JUL 1     39.2                      30.5    8.7     52.9

DEGREE DAYS
 HEATING
  YESTERDAY       50                        36     14       37
  MONTH TO DATE  821                       671    150      781
  SINCE DEC 1   3004                      2949     55     3176
  SINCE JUL 1   4194                      4262    -68     4452

 COOLING
  YESTERDAY        0                         0      0        0
  MONTH TO DATE    0                         0      0        0
  SINCE DEC 1      0                         0      0        0
  SINCE JAN 1      0                         0      0        0
..................................................................


WIND (MPH)
  HIGHEST WIND SPEED    20   HIGHEST WIND DIRECTION    NW (310)
  HIGHEST GUST SPEED    28   HIGHEST GUST DIRECTION     W (290)
  AVERAGE WIND SPEED     5.0


SKY COVER
  AVERAGE SKY COVER 0.3



RELATIVE HUMIDITY (PERCENT)
 HIGHEST    79           400 AM
 LOWEST     34           400 PM
 AVERAGE    57

..........................................................


THE AVOCA PA CLIMATE NORMALS FOR TODAY
                         NORMAL    RECORD    YEAR
 MAXIMUM TEMPERATURE (F)   38        60      1997
                                             1981
 MINIMUM TEMPERATURE (F)   21        -3      1936
                                             1903


SUNRISE AND SUNSET
FEBRUARY 19 2015......SUNRISE   653 AM EST   SUNSET   541 PM EST
FEBRUARY 20 2015......SUNRISE   651 AM EST   SUNSET   543 PM EST


-  INDICATES NEGATIVE NUMBERS.
R  INDICATES RECORD WAS SET OR TIED.
MM INDICATES DATA IS MISSING.
T  INDICATES TRACE AMOUNT.




$$
