000
CDUS41 KBGM 230606
CLIAVP


CLIMATE REPORT
NATIONAL WEATHER SERVICE BINGHAMTON NY
105 AM EST FRI JAN 23 2015


...................................

...THE AVOCA PA CLIMATE SUMMARY FOR JANUARY 22 2015...

CLIMATE NORMAL PERIOD 1981 TO 2010
CLIMATE RECORD PERIOD 1901 TO 2015


WEATHER ITEM   OBSERVED TIME   RECORD YEAR NORMAL DEPARTURE LAST
                VALUE   (LST)  VALUE       VALUE  FROM      YEAR
                                                  NORMAL
..................................................................
TEMPERATURE (F)
 YESTERDAY
  MAXIMUM         34    403 PM  66    1906  33      1        9
  MINIMUM         19   1159 PM -11    1984  18      1       -5
  AVERAGE         27                        26      1        2

PRECIPITATION (IN)
  YESTERDAY        0.03          0.90 1904   0.08  -0.05     0.00
  MONTH TO DATE    0.99                      1.65  -0.66     2.05
  SINCE DEC 1      3.77                      4.33  -0.56     5.39
  SINCE JAN 1      0.99                      1.65  -0.66     2.05

SNOWFALL (IN)
  YESTERDAY        0.5           9.3  1987   0.4    0.1      0.0
  MONTH TO DATE    4.2                      10.3   -6.1     11.9
  SINCE DEC 1      8.6                      17.7   -9.1     22.7
  SINCE JUL 1     17.5                      20.7   -3.2     25.4

DEGREE DAYS
 HEATING
  YESTERDAY       38                        39     -1       63
  MONTH TO DATE  891                       857     34      898
  SINCE DEC 1   1793                      1922   -129     1936
  SINCE JUL 1   2983                      3235   -252     3212

 COOLING
  YESTERDAY        0                         0      0        0
  MONTH TO DATE    0                         0      0        0
  SINCE DEC 1      0                         0      0        0
  SINCE JAN 1      0                         0      0        0
..................................................................


WIND (MPH)
  HIGHEST WIND SPEED    16   HIGHEST WIND DIRECTION    NW (330)
  HIGHEST GUST SPEED    19   HIGHEST GUST DIRECTION    NW (330)
  AVERAGE WIND SPEED     3.3


SKY COVER
  AVERAGE SKY COVER 0.6



RELATIVE HUMIDITY (PERCENT)
 HIGHEST    84           600 AM
 LOWEST     54           500 PM
 AVERAGE    69

..........................................................


THE AVOCA PA CLIMATE NORMALS FOR TODAY
                         NORMAL    RECORD    YEAR
 MAXIMUM TEMPERATURE (F)   33        68      1906
 MINIMUM TEMPERATURE (F)   18        -8      1936


SUNRISE AND SUNSET
JANUARY 23 2015.......SUNRISE   722 AM EST   SUNSET   508 PM EST
JANUARY 24 2015.......SUNRISE   721 AM EST   SUNSET   509 PM EST


-  INDICATES NEGATIVE NUMBERS.
R  INDICATES RECORD WAS SET OR TIED.
MM INDICATES DATA IS MISSING.
T  INDICATES TRACE AMOUNT.

$$
