000
CDUS41 KBGM 270217
CLIAVP


CLIMATE REPORT
NATIONAL WEATHER SERVICE BINGHAMTON NY
1017 PM EDT WED AUG 26 2015


...................................

...THE AVOCA PA CLIMATE SUMMARY FOR AUGUST 26 2015...
VALID AS OF 1000 PM LOCAL TIME.

CLIMATE NORMAL PERIOD 1981 TO 2010
CLIMATE RECORD PERIOD 1901 TO 2015


WEATHER ITEM   OBSERVED TIME   RECORD YEAR NORMAL DEPARTURE LAST
                VALUE   (LST)  VALUE       VALUE  FROM      YEAR
                                                  NORMAL
..................................................................
TEMPERATURE (F)
 TODAY
  MAXIMUM         75   1233 PM  98    1948  79     -4       85
  MINIMUM         56    606 AM  45    1944  58     -2       59
  AVERAGE         66                        68     -2       72

PRECIPITATION (IN)
  TODAY            T             0.90 1961   0.11  -0.11     0.00
  MONTH TO DATE    2.36                      2.90  -0.54     3.47
  SINCE JUN 1     11.21                     10.72   0.49     8.12
  SINCE JAN 1     20.77                     24.52  -3.75    20.83

SNOWFALL (IN)
  TODAY            0.0           0.0  1995   0.0    0.0      0.0
  MONTH TO DATE    0.0                       0.0    0.0      0.0
  SINCE JUN 1      0.0                       0.0    0.0      0.0
  SINCE JUL 1      0.0                       0.0    0.0      0.0

DEGREE DAYS
 HEATING
  TODAY            0                         1     -1        0
  MONTH TO DATE    0                         9     -9        7
  SINCE JUN 1     24                        71    -47       20
  SINCE JUL 1      0                        17    -17        9

 COOLING
  TODAY            1                         4     -3        7
  MONTH TO DATE  194                       143     51      134
  SINCE JUN 1    602                       466    136      528
  SINCE JAN 1    750                       503    247      569
..................................................................


WIND (MPH)
  HIGHEST WIND SPEED    10   HIGHEST WIND DIRECTION    NW (320)
  HIGHEST GUST SPEED    14   HIGHEST GUST DIRECTION    SW (240)
  AVERAGE WIND SPEED     3.3


SKY COVER
  AVERAGE SKY COVER 0.6


WEATHER CONDITIONS
 THE FOLLOWING WEATHER WAS RECORDED TODAY.
  NO SIGNIFICANT WEATHER WAS OBSERVED.


RELATIVE HUMIDITY (PERCENT)
 HIGHEST    86          1200 AM
 LOWEST     46          1200 PM
 AVERAGE    66

..........................................................


THE AVOCA PA CLIMATE NORMALS FOR TOMORROW
                         NORMAL    RECORD    YEAR
 MAXIMUM TEMPERATURE (F)   78        96      1948
 MINIMUM TEMPERATURE (F)   58        44      1910
                                             1904


SUNRISE AND SUNSET
AUGUST 26 2015........SUNRISE   623 AM EDT   SUNSET   746 PM EDT
AUGUST 27 2015........SUNRISE   624 AM EDT   SUNSET   744 PM EDT


-  INDICATES NEGATIVE NUMBERS.
R  INDICATES RECORD WAS SET OR TIED.
MM INDICATES DATA IS MISSING.
T  INDICATES TRACE AMOUNT.




$$
