000
CDUS41 KBGM 042217
CLIAVP


CLIMATE REPORT
NATIONAL WEATHER SERVICE BINGHAMTON NY
517 PM EST SAT FEB 4 2017


...................................

...THE AVOCA PA CLIMATE SUMMARY FOR FEBRUARY 4 2017...
VALID TODAY AS OF 0500 PM LOCAL TIME.

CLIMATE NORMAL PERIOD 1981 TO 2010
CLIMATE RECORD PERIOD 1901 TO 2017


WEATHER ITEM   OBSERVED TIME   RECORD YEAR NORMAL DEPARTURE LAST
                VALUE   (LST)  VALUE       VALUE  FROM      YEAR
                                                  NORMAL
..................................................................
TEMPERATURE (F)
 TODAY
  MAXIMUM         30    344 PM  58    1991  35     -5       53
  MINIMUM         15    724 AM  -6    1985  19     -4       36
  AVERAGE         23                        27     -4       45

PRECIPITATION (IN)
  TODAY            0.00          1.02 1961   0.08  -0.08     0.01
  MONTH TO DATE    0.04                      0.32  -0.28     0.49
  SINCE DEC 1      5.35                      5.37  -0.02     4.83
  SINCE JAN 1      3.29                      2.69   0.60     2.28

SNOWFALL (IN)
  TODAY            0.0          12.5  1961   0.4   -0.4      0.0
  MONTH TO DATE    0.6                       1.5   -0.9      0.0
  SINCE DEC 1     11.4                      23.1  -11.7      5.3
  SINCE JUL 1     17.1                      26.1   -9.0      5.3

DEGREE DAYS
 HEATING
  TODAY           42                        38      4       20
  MONTH TO DATE  149                       153     -4       88
  SINCE DEC 1   2130                      2431   -301     1851
  SINCE JUL 1   3148                      3744   -596     2759

 COOLING
  TODAY            0                         0      0        0
  MONTH TO DATE    0                         0      0        0
  SINCE DEC 1      0                         0      0        0
  SINCE JAN 1      0                         0      0        0
..................................................................


WIND (MPH)
  HIGHEST WIND SPEED    17   HIGHEST WIND DIRECTION    SW (220)
  HIGHEST GUST SPEED    23   HIGHEST GUST DIRECTION    SW (230)
  AVERAGE WIND SPEED     9.6


SKY COVER
  AVERAGE SKY COVER 0.1


WEATHER CONDITIONS
 THE FOLLOWING WEATHER WAS RECORDED TODAY.
  NO SIGNIFICANT WEATHER WAS OBSERVED.


RELATIVE HUMIDITY (PERCENT)
 HIGHEST    59           500 AM
 LOWEST     39           100 PM
 AVERAGE    49

..........................................................


THE AVOCA PA CLIMATE NORMALS FOR TOMORROW
                         NORMAL    RECORD    YEAR
 MAXIMUM TEMPERATURE (F)   35        59      1991
 MINIMUM TEMPERATURE (F)   19       -10      1918


SUNRISE AND SUNSET
FEBRUARY  4 2017......SUNRISE   711 AM EST   SUNSET   523 PM EST
FEBRUARY  5 2017......SUNRISE   710 AM EST   SUNSET   525 PM EST


-  INDICATES NEGATIVE NUMBERS.
R  INDICATES RECORD WAS SET OR TIED.
MM INDICATES DATA IS MISSING.
T  INDICATES TRACE AMOUNT.

$$
