000
CDUS41 KBGM 030219
CLIAVP


CLIMATE REPORT
NATIONAL WEATHER SERVICE BINGHAMTON NY
1019 PM EDT MON OCT 2 2017


...................................

...THE AVOCA PA CLIMATE SUMMARY FOR OCTOBER 2 2017...
VALID AS OF 1000 PM LOCAL TIME.

CLIMATE NORMAL PERIOD 1981 TO 2010
CLIMATE RECORD PERIOD 1901 TO 2017


WEATHER ITEM   OBSERVED TIME   RECORD YEAR NORMAL DEPARTURE LAST
                VALUE   (LST)  VALUE       VALUE  FROM      YEAR
                                                  NORMAL
..................................................................
TEMPERATURE (F)
 TODAY
  MAXIMUM         74    254 PM  91    1927  66      8       65
  MINIMUM         39    633 AM  30    1997  46     -7       56
  AVERAGE         57                        56      1       61

PRECIPITATION (IN)
  TODAY            0.00          2.97 1929   0.11  -0.11     0.04
  MONTH TO DATE    0.00                      0.23  -0.23     0.67
  SINCE SEP 1      1.72                      4.30  -2.58     3.67
  SINCE JAN 1     31.84                     29.33   2.51    25.23

SNOWFALL (IN)
  TODAY            0.0           0.0    MM   0.0    0.0      0.0
  MONTH TO DATE    0.0                       0.0    0.0      0.0
  SINCE SEP 1      0.0                       0.0    0.0      0.0
  SINCE JUL 1      0.0                       0.0    0.0      0.0

DEGREE DAYS
 HEATING
  TODAY            8                        10     -2        4
  MONTH TO DATE   21                        19      2        9
  SINCE SEP 1    113                       155    -42       68
  SINCE JUL 1    130                       181    -51       69

 COOLING
  TODAY            0                         0      0        0
  MONTH TO DATE    0                         0      0        0
  SINCE SEP 1    128                        52     76      127
  SINCE JAN 1    767                       576    191      993
..................................................................


WIND (MPH)
  HIGHEST WIND SPEED     9   HIGHEST WIND DIRECTION     E (110)
  HIGHEST GUST SPEED    13   HIGHEST GUST DIRECTION    SE (130)
  AVERAGE WIND SPEED     4.2


SKY COVER
  AVERAGE SKY COVER 0.0


WEATHER CONDITIONS
 THE FOLLOWING WEATHER WAS RECORDED TODAY.
  HAZE


RELATIVE HUMIDITY (PERCENT)
 HIGHEST    93           300 AM
 LOWEST     19           300 PM
 AVERAGE    56

..........................................................


THE AVOCA PA CLIMATE NORMALS FOR TOMORROW
                         NORMAL    RECORD    YEAR
 MAXIMUM TEMPERATURE (F)   65        84      1919
 MINIMUM TEMPERATURE (F)   45        30      2003


SUNRISE AND SUNSET
OCTOBER  2 2017.......SUNRISE   701 AM EDT   SUNSET   643 PM EDT
OCTOBER  3 2017.......SUNRISE   702 AM EDT   SUNSET   641 PM EDT


-  INDICATES NEGATIVE NUMBERS.
R  INDICATES RECORD WAS SET OR TIED.
MM INDICATES DATA IS MISSING.
T  INDICATES TRACE AMOUNT.




$$
