000
CDUS41 KBGM 170339
CLIAVP


CLIMATE REPORT
NATIONAL WEATHER SERVICE BINGHAMTON NY
1039 PM EST FRI JAN 16 2015


...................................

...THE AVOCA PA CLIMATE SUMMARY FOR JANUARY 16 2015...
VALID AS OF 1000 PM LOCAL TIME.

CLIMATE NORMAL PERIOD 1981 TO 2010
CLIMATE RECORD PERIOD 1901 TO 2015


WEATHER ITEM   OBSERVED TIME   RECORD YEAR NORMAL DEPARTURE LAST
                VALUE   (LST)  VALUE       VALUE  FROM      YEAR
                                                  NORMAL
..................................................................
TEMPERATURE (F)
 TODAY
  MAXIMUM         34    137 PM  62    1995  33      1       34
  MINIMUM         15    959 PM  -4    2004  18     -3       23
                                      1994
  AVERAGE         25                        26     -1       29

PRECIPITATION (IN)
  TODAY            T             1.74 1924   0.08  -0.08     0.02
  MONTH TO DATE    0.90                      1.18  -0.28     1.84
  SINCE DEC 1      3.68                      3.86  -0.18     5.18
  SINCE JAN 1      0.90                      1.18  -0.28     1.84

SNOWFALL (IN)
  TODAY           MM             3.3  2013   0.5   MM        0.5
                                      1959
  MONTH TO DATE    3.5                       7.5   -4.0      7.3
  SINCE DEC 1      7.9                      14.9   -7.0     18.1
  SINCE JUL 1     16.8                      17.9   -1.1     20.8

DEGREE DAYS
 HEATING
  TODAY           40                        39      1       36
  MONTH TO DATE  663                       623     40      628
  SINCE DEC 1   1565                      1688   -123     1666
  SINCE JUL 1   2755                      3001   -246     2942

 COOLING
  TODAY            0                         0      0        0
  MONTH TO DATE    0                         0      0        0
  SINCE DEC 1      0                         0      0        0
  SINCE JAN 1      0                         0      0        0
..................................................................


WIND (MPH)
  HIGHEST WIND SPEED    25   HIGHEST WIND DIRECTION    NW (320)
  HIGHEST GUST SPEED    35   HIGHEST GUST DIRECTION    NW (310)
  AVERAGE WIND SPEED    10.2


SKY COVER
  AVERAGE SKY COVER 0.7


WEATHER CONDITIONS
 THE FOLLOWING WEATHER WAS RECORDED TODAY.
  LIGHT SNOW
  HAZE


RELATIVE HUMIDITY (PERCENT)
 HIGHEST    68           500 AM
 LOWEST     49           200 PM
 AVERAGE    59

..........................................................


THE AVOCA PA CLIMATE NORMALS FOR TOMORROW
                         NORMAL    RECORD    YEAR
 MAXIMUM TEMPERATURE (F)   33        60      1990
 MINIMUM TEMPERATURE (F)   18       -10      1977


SUNRISE AND SUNSET
JANUARY 16 2015.......SUNRISE   726 AM EST   SUNSET   459 PM EST
JANUARY 17 2015.......SUNRISE   726 AM EST   SUNSET   501 PM EST


-  INDICATES NEGATIVE NUMBERS.
R  INDICATES RECORD WAS SET OR TIED.
MM INDICATES DATA IS MISSING.
T  INDICATES TRACE AMOUNT.




$$
