000
CDUS41 KBGM 190543
CLIAVP


CLIMATE REPORT
NATIONAL WEATHER SERVICE BINGHAMTON NY
1242 AM EST WED NOV 19 2014


...................................

...THE AVOCA PA CLIMATE SUMMARY FOR NOVEMBER 18 2014...

CLIMATE NORMAL PERIOD 1981 TO 2010
CLIMATE RECORD PERIOD 1901 TO 2014


WEATHER ITEM   OBSERVED TIME   RECORD YEAR NORMAL DEPARTURE LAST
                VALUE   (LST)  VALUE       VALUE  FROM      YEAR
                                                  NORMAL
..................................................................
TEMPERATURE (F)
 YESTERDAY
  MAXIMUM         35   1214 AM  74    1921  49    -14       61
  MINIMUM         19   1159 PM  11    1959  33    -14       42
  AVERAGE         27                        41    -14       52

PRECIPITATION (IN)
  YESTERDAY        T             0.80 1926   0.11  -0.11     0.21
  MONTH TO DATE    0.74                      1.86  -1.12     1.21
  SINCE SEP 1      5.65                      9.27  -3.62     4.35
  SINCE JAN 1     27.21                     34.30  -7.09    22.70

SNOWFALL (IN)
  YESTERDAY        T             3.8  2007   0.1   -0.1      0.0
  MONTH TO DATE    T                         1.4   -1.4      1.3
  SINCE SEP 1      T                         1.5   -1.5      1.3
  SINCE JUL 1      T                         1.5   -1.5      1.3

DEGREE DAYS
 HEATING
  YESTERDAY       38                        24     14       13
  MONTH TO DATE  406                       388     18      383
  SINCE SEP 1    817                       965   -148      858
  SINCE JUL 1    828                       991   -163      867

 COOLING
  YESTERDAY        0                         0      0        0
  MONTH TO DATE    0                         0      0        0
  SINCE SEP 1    100                        56     44       93
  SINCE JAN 1    686                       580    106      795
..................................................................


WIND (MPH)
  HIGHEST WIND SPEED    29   HIGHEST WIND DIRECTION     W (270)
  HIGHEST GUST SPEED    45   HIGHEST GUST DIRECTION     W (270)
  AVERAGE WIND SPEED    16.7


SKY COVER
  AVERAGE SKY COVER 0.2



RELATIVE HUMIDITY (PERCENT)
 HIGHEST    64          1200 AM
 LOWEST     36           300 PM
 AVERAGE    50

..........................................................


THE AVOCA PA CLIMATE NORMALS FOR TODAY
                         NORMAL    RECORD    YEAR
 MAXIMUM TEMPERATURE (F)   48        71      1921
 MINIMUM TEMPERATURE (F)   33        14      1924


SUNRISE AND SUNSET
NOVEMBER 19 2014......SUNRISE   656 AM EST   SUNSET   440 PM EST
NOVEMBER 20 2014......SUNRISE   657 AM EST   SUNSET   440 PM EST


-  INDICATES NEGATIVE NUMBERS.
R  INDICATES RECORD WAS SET OR TIED.
MM INDICATES DATA IS MISSING.
T  INDICATES TRACE AMOUNT.

$$
