000
CDUS41 KBGM 130547
CLIAVP


CLIMATE REPORT
NATIONAL WEATHER SERVICE BINGHAMTON NY
146 AM EDT MON OCT 13 2014


...................................

...THE AVOCA PA CLIMATE SUMMARY FOR OCTOBER 12 2014...

CLIMATE NORMAL PERIOD 1981 TO 2010
CLIMATE RECORD PERIOD 1901 TO 2014


WEATHER ITEM   OBSERVED TIME   RECORD YEAR NORMAL DEPARTURE LAST
                VALUE   (LST)  VALUE       VALUE  FROM      YEAR
                                                  NORMAL
..................................................................
TEMPERATURE (F)
 YESTERDAY
  MAXIMUM         64    345 PM  86    1954  62      2       76
  MINIMUM         36    703 AM  26    1996  42     -6       58
  AVERAGE         50                        52     -2       67

PRECIPITATION (IN)
  YESTERDAY        0.00          1.58 1927   0.11  -0.11     0.00
  MONTH TO DATE    0.38                      1.40  -1.02     0.98
  SINCE SEP 1      1.07                      5.47  -4.40     2.55
  SINCE JAN 1     22.63                     30.50  -7.87    20.90

SNOWFALL (IN)
  YESTERDAY        0.0           T    1988   0.0    0.0      0.0
  MONTH TO DATE    0.0                       0.0    0.0      0.0
  SINCE SEP 1      0.0                       0.0    0.0      0.0
  SINCE JUL 1      0.0                       0.0    0.0      0.0

DEGREE DAYS
 HEATING
  YESTERDAY       15                        13      2        0
  MONTH TO DATE  104                       134    -30       42
  SINCE SEP 1    206                       270    -64      195
  SINCE JUL 1    217                       296    -79      204

 COOLING
  YESTERDAY        0                         0      0        2
  MONTH TO DATE    1                         0      1       24
  SINCE SEP 1     90                        52     38       93
  SINCE JAN 1    676                       576    100      795
..................................................................


WIND (MPH)
  HIGHEST WIND SPEED    10   HIGHEST WIND DIRECTION    NW (300)
  HIGHEST GUST SPEED    14   HIGHEST GUST DIRECTION     S (180)
  AVERAGE WIND SPEED     3.1


SKY COVER
  AVERAGE SKY COVER 0.1



RELATIVE HUMIDITY (PERCENT)
 HIGHEST    92           400 AM
 LOWEST     34           200 PM
 AVERAGE    63

..........................................................


THE AVOCA PA CLIMATE NORMALS FOR TODAY
                         NORMAL    RECORD    YEAR
 MAXIMUM TEMPERATURE (F)   62        81      1995
                                             1954
 MINIMUM TEMPERATURE (F)   42        27      2012


SUNRISE AND SUNSET
OCTOBER 13 2014.......SUNRISE   712 AM EDT   SUNSET   625 PM EDT
OCTOBER 14 2014.......SUNRISE   714 AM EDT   SUNSET   624 PM EDT


-  INDICATES NEGATIVE NUMBERS.
R  INDICATES RECORD WAS SET OR TIED.
MM INDICATES DATA IS MISSING.
T  INDICATES TRACE AMOUNT.




$$

JSY
