000
CDUS41 KBGM 160253
CLIAVP


CLIMATE REPORT
NATIONAL WEATHER SERVICE BINGHAMTON NY
1053 PM EDT THU SEP 15 2016


...................................

...THE AVOCA PA CLIMATE SUMMARY FOR SEPTEMBER 15 2016...
VALID AS OF 1000 PM LOCAL TIME.

CLIMATE NORMAL PERIOD 1981 TO 2010
CLIMATE RECORD PERIOD 1901 TO 2016


WEATHER ITEM   OBSERVED TIME   RECORD YEAR NORMAL DEPARTURE LAST
                VALUE   (LST)  VALUE       VALUE  FROM      YEAR
                                                  NORMAL
..................................................................
TEMPERATURE (F)
 TODAY
  MAXIMUM         72    432 PM  92    1915  73     -1       82
  MINIMUM         49    628 AM  35    1902  53     -4       48
  AVERAGE         61                        63     -2       65

PRECIPITATION (IN)
  TODAY            0.00          2.46 2002   0.14  -0.14     0.00
  MONTH TO DATE    0.86                      1.95  -1.09     0.61
  SINCE SEP 1      0.86                      1.95  -1.09     0.61
  SINCE JAN 1     22.42                     26.98  -4.56    21.76

SNOWFALL (IN)
  TODAY            0.0           0.0    MM   0.0    0.0      0.0
  MONTH TO DATE    0.0                       0.0    0.0      0.0
  SINCE SEP 1      0.0                       0.0    0.0      0.0
  SINCE JUL 1      0.0                       0.0    0.0      0.0

DEGREE DAYS
 HEATING
  TODAY            4                         4      0        0
  MONTH TO DATE    5                        38    -33        7
  SINCE SEP 1      5                        38    -33        7
  SINCE JUL 1      6                        64    -58        7

 COOLING
  TODAY            0                         2     -2        0
  MONTH TO DATE   86                        39     47      119
  SINCE SEP 1     86                        39     47      119
  SINCE JAN 1    952                       563    389      895
..................................................................


WIND (MPH)
  HIGHEST WIND SPEED    12   HIGHEST WIND DIRECTION    NE (60)
  HIGHEST GUST SPEED    15   HIGHEST GUST DIRECTION    NE (30)
  AVERAGE WIND SPEED     3.7


SKY COVER
  AVERAGE SKY COVER 0.0


WEATHER CONDITIONS
 THE FOLLOWING WEATHER WAS RECORDED TODAY.
  NO SIGNIFICANT WEATHER WAS OBSERVED.


RELATIVE HUMIDITY (PERCENT)
 HIGHEST   100           600 AM
 LOWEST     38           400 PM
 AVERAGE    69

..........................................................


THE AVOCA PA CLIMATE NORMALS FOR TOMORROW
                         NORMAL    RECORD    YEAR
 MAXIMUM TEMPERATURE (F)   72        90      1991
                                             1939
                                             1915
 MINIMUM TEMPERATURE (F)   52        37      1964


SUNRISE AND SUNSET
SEPTEMBER 15 2016.....SUNRISE   644 AM EDT   SUNSET   711 PM EDT
SEPTEMBER 16 2016.....SUNRISE   645 AM EDT   SUNSET   710 PM EDT


-  INDICATES NEGATIVE NUMBERS.
R  INDICATES RECORD WAS SET OR TIED.
MM INDICATES DATA IS MISSING.
T  INDICATES TRACE AMOUNT.




$$
