000
CDUS41 KBGM 110222
CLIAVP


CLIMATE REPORT
NATIONAL WEATHER SERVICE BINGHAMTON NY
1021 PM EDT SAT JUN 10 2017


...................................

...THE AVOCA PA CLIMATE SUMMARY FOR JUNE 10 2017...
VALID AS OF 1000 PM LOCAL TIME.

CLIMATE NORMAL PERIOD 1981 TO 2010
CLIMATE RECORD PERIOD 1901 TO 2017


WEATHER ITEM   OBSERVED TIME   RECORD YEAR NORMAL DEPARTURE LAST
                VALUE   (LST)  VALUE       VALUE  FROM      YEAR
                                                  NORMAL
..................................................................
TEMPERATURE (F)
 TODAY
  MAXIMUM         84    428 PM  93    1984  76      8       74
  MINIMUM         56    357 AM  37    1988  55      1       48
  AVERAGE         70                        66      4       61

PRECIPITATION (IN)
  TODAY            0.04          1.06 2013   0.15  -0.11     0.00
  MONTH TO DATE    1.40                      1.39   0.01     1.18
  SINCE JUN 1      1.40                      1.39   0.01     1.18
  SINCE JAN 1     19.73                     15.19   4.54    14.00

SNOWFALL (IN)
  TODAY            0.0           0.0  1995   0.0    0.0      0.0
  MONTH TO DATE    0.0                       0.0    0.0      0.0
  SINCE JUN 1      0.0                       0.0    0.0      0.0
  SINCE JUL 1     55.5                      46.2    9.3     15.5

DEGREE DAYS
 HEATING
  TODAY            0                         2     -2        4
  MONTH TO DATE   41                        31     10       19
  SINCE JUN 1     41                        31     10       19
  SINCE JUL 1   5232                      6232  -1000     4961

 COOLING
  TODAY            5                         3      2        0
  MONTH TO DATE    6                        26    -20       43
  SINCE JUN 1      6                        26    -20       43
  SINCE JAN 1     58                        63     -5      115
..................................................................


WIND (MPH)
  HIGHEST WIND SPEED    20   HIGHEST WIND DIRECTION     W (250)
  HIGHEST GUST SPEED    27   HIGHEST GUST DIRECTION     W (260)
  AVERAGE WIND SPEED     7.9


SKY COVER
  AVERAGE SKY COVER 0.3


WEATHER CONDITIONS
 THE FOLLOWING WEATHER WAS RECORDED TODAY.
  LIGHT RAIN
  FOG


RELATIVE HUMIDITY (PERCENT)
 HIGHEST    84           700 AM
 LOWEST     43           400 PM
 AVERAGE    64

..........................................................


THE AVOCA PA CLIMATE NORMALS FOR TOMORROW
                         NORMAL    RECORD    YEAR
 MAXIMUM TEMPERATURE (F)   77        95      1947
 MINIMUM TEMPERATURE (F)   55        34      1972


SUNRISE AND SUNSET
JUNE 10 2017..........SUNRISE   529 AM EDT   SUNSET   836 PM EDT
JUNE 11 2017..........SUNRISE   529 AM EDT   SUNSET   836 PM EDT


-  INDICATES NEGATIVE NUMBERS.
R  INDICATES RECORD WAS SET OR TIED.
MM INDICATES DATA IS MISSING.
T  INDICATES TRACE AMOUNT.




$$
