000
CDUS41 KBGM 010551
CLIAVP


CLIMATE REPORT
NATIONAL WEATHER SERVICE BINGHAMTON NY
150 AM EDT TUE APR 1 2014


...................................

...THE AVOCA PA CLIMATE SUMMARY FOR MARCH 31 2014...

CLIMATE NORMAL PERIOD 1981 TO 2010
CLIMATE RECORD PERIOD 1901 TO 2014


WEATHER ITEM   OBSERVED TIME   RECORD YEAR NORMAL DEPARTURE LAST
                VALUE   (LST)  VALUE       VALUE  FROM      YEAR
                                                  NORMAL
..................................................................
TEMPERATURE (F)
 YESTERDAY
  MAXIMUM         49    439 PM  85    1998  52     -3       53
  MINIMUM         31    733 AM  12    1923  33     -2       30
  AVERAGE         40                        42     -2       42

PRECIPITATION (IN)
  YESTERDAY        0.04          0.99 1962   0.09  -0.05     0.09
  MONTH TO DATE    2.07                      2.55  -0.48     1.62
  SINCE MAR 1      2.07                      2.55  -0.48     1.62
  SINCE JAN 1      6.95                      6.95   0.00     4.95

SNOWFALL (IN)
  YESTERDAY        0.7           9.8  1997   0.1    0.6      0.0
  MONTH TO DATE    2.4                       9.0   -6.6      6.5
  SINCE MAR 1      2.4                       9.0   -6.6      6.5
  SINCE JUL 1     58.2                      42.9   15.3     33.9

DEGREE DAYS
 HEATING
  YESTERDAY       25                        23      2       23
  MONTH TO DATE 1043                       872    171      926
  SINCE MAR 1   1043                       871    172      926
  SINCE JUL 1   5866                      5477    389     5150

 COOLING
  YESTERDAY        0                         0      0        0
  MONTH TO DATE    0                         0      0        0
  SINCE MAR 1      0                         0      0        0
  SINCE JAN 1      0                         0      0        0
..................................................................


WIND (MPH)
  HIGHEST WIND SPEED    30   HIGHEST WIND DIRECTION     N (350)
  HIGHEST GUST SPEED    43   HIGHEST GUST DIRECTION     N (350)
  AVERAGE WIND SPEED    12.2


SKY COVER
  AVERAGE SKY COVER 0.6



RELATIVE HUMIDITY (PERCENT)
 HIGHEST    85          1200 AM
 LOWEST     53           600 PM
 AVERAGE    69

..........................................................


THE AVOCA PA CLIMATE NORMALS FOR TODAY
                         NORMAL    RECORD    YEAR
 MAXIMUM TEMPERATURE (F)   53        79      1917
 MINIMUM TEMPERATURE (F)   33         8      1923


SUNRISE AND SUNSET
APRIL  1 2014.........SUNRISE   646 AM EDT   SUNSET   728 PM EDT
APRIL  2 2014.........SUNRISE   644 AM EDT   SUNSET   729 PM EDT


-  INDICATES NEGATIVE NUMBERS.
R  INDICATES RECORD WAS SET OR TIED.
MM INDICATES DATA IS MISSING.
T  INDICATES TRACE AMOUNT.




$$
