000
CDUS41 KBGM 200549
CLIAVP


CLIMATE REPORT
NATIONAL WEATHER SERVICE BINGHAMTON NY
148 AM EDT FRI MAR 20 2015


...................................

...THE AVOCA PA CLIMATE SUMMARY FOR MARCH 19 2015...

CLIMATE NORMAL PERIOD 1981 TO 2010
CLIMATE RECORD PERIOD 1901 TO 2015


WEATHER ITEM   OBSERVED TIME   RECORD YEAR NORMAL DEPARTURE LAST
                VALUE   (LST)  VALUE       VALUE  FROM      YEAR
                                                  NORMAL
..................................................................
TEMPERATURE (F)
 YESTERDAY
  MAXIMUM         40    431 PM  74    2012  47     -7       41
                                      1918
  MINIMUM         23    637 AM  -4    1967  28     -5       31
  AVERAGE         32                        38     -6       36

PRECIPITATION (IN)
  YESTERDAY        T             1.35 2012   0.09  -0.09     0.14
  MONTH TO DATE    1.22                      1.45  -0.23     0.35
  SINCE MAR 1      1.22                      1.45  -0.23     0.35
  SINCE JAN 1      4.22                      5.85  -1.63     5.23

SNOWFALL (IN)
  YESTERDAY        T             3.0  1971   0.3   -0.3      0.0
  MONTH TO DATE    3.4                       6.6   -3.2      0.1
  SINCE MAR 1      3.4                       6.6   -3.2      0.1
  SINCE JUL 1     45.5                      40.5    5.0     55.9

DEGREE DAYS
 HEATING
  YESTERDAY       33                        27      6       29
  MONTH TO DATE  620                       575     45      684
  SINCE MAR 1    620                       575     45      684
  SINCE JUL 1   5317                      5181    136     5507

 COOLING
  YESTERDAY        0                         0      0        0
  MONTH TO DATE    0                         0      0        0
  SINCE MAR 1      0                         0      0        0
  SINCE JAN 1      0                         0      0        0
..................................................................


WIND (MPH)
  HIGHEST WIND SPEED    17   HIGHEST WIND DIRECTION     N (340)
  HIGHEST GUST SPEED    23   HIGHEST GUST DIRECTION     N (360)
  AVERAGE WIND SPEED     6.5


SKY COVER
  AVERAGE SKY COVER 0.0



RELATIVE HUMIDITY (PERCENT)
 HIGHEST    74           200 AM
 LOWEST     25           400 PM
 AVERAGE    50

..........................................................


THE AVOCA PA CLIMATE NORMALS FOR TODAY
                         NORMAL    RECORD    YEAR
 MAXIMUM TEMPERATURE (F)   48        76      1918
 MINIMUM TEMPERATURE (F)   29         8      1949


SUNRISE AND SUNSET
MARCH 20 2015.........SUNRISE   707 AM EDT   SUNSET   715 PM EDT
MARCH 21 2015.........SUNRISE   705 AM EDT   SUNSET   716 PM EDT


-  INDICATES NEGATIVE NUMBERS.
R  INDICATES RECORD WAS SET OR TIED.
MM INDICATES DATA IS MISSING.
T  INDICATES TRACE AMOUNT.




$$
