000
CDUS41 KBGM 210328
CLIAVP


CLIMATE REPORT
NATIONAL WEATHER SERVICE BINGHAMTON NY
1027 PM EST SUN NOV 20 2016


...................................

...THE AVOCA PA CLIMATE SUMMARY FOR NOVEMBER 20 2016...
VALID AS OF 1000 PM LOCAL TIME.

CLIMATE NORMAL PERIOD 1981 TO 2010
CLIMATE RECORD PERIOD 1901 TO 2016


WEATHER ITEM   OBSERVED TIME   RECORD YEAR NORMAL DEPARTURE LAST
                VALUE   (LST)  VALUE       VALUE  FROM      YEAR
                                                  NORMAL
..................................................................
TEMPERATURE (F)
 TODAY
  MAXIMUM         35    646 PM  75    1934  48    -13       56
  MINIMUM         32    836 PM  16    1986  32      0       31
  AVERAGE         34                        40     -6       44

PRECIPITATION (IN)
  TODAY            0.20          1.42 1988   0.11   0.09     0.00
  MONTH TO DATE    0.86                      2.08  -1.22     1.31
  SINCE SEP 1      6.46                      9.49  -3.03     7.45
  SINCE JAN 1     28.02                     34.52  -6.50    28.60

SNOWFALL (IN)
  TODAY            2.5 R         1.8  1961   0.1    2.4      0.0
  MONTH TO DATE    5.7                       1.7    4.0      0.0
  SINCE SEP 1      5.7                       1.8    3.9       T
  SINCE JUL 1      5.7                       1.8    3.9       T

DEGREE DAYS
 HEATING
  TODAY           31                        25      6       21
  MONTH TO DATE  371                       438    -67      252
  SINCE SEP 1    770                      1015   -245      659
  SINCE JUL 1    771                      1041   -270      659

 COOLING
  TODAY            0                         0      0        0
  MONTH TO DATE    0                         0      0        2
  SINCE SEP 1    132                        56     76      153
  SINCE JAN 1    998                       580    418      929
..................................................................


WIND (MPH)
  HIGHEST WIND SPEED    28   HIGHEST WIND DIRECTION     W (280)
  HIGHEST GUST SPEED    37   HIGHEST GUST DIRECTION    NW (310)
  AVERAGE WIND SPEED    13.3


SKY COVER
  AVERAGE SKY COVER 1.0


WEATHER CONDITIONS
 THE FOLLOWING WEATHER WAS RECORDED TODAY.
  SNOW
  LIGHT SNOW
  FOG


RELATIVE HUMIDITY (PERCENT)
 HIGHEST    96          1200 AM
 LOWEST     56           400 PM
 AVERAGE    76

..........................................................


THE AVOCA PA CLIMATE NORMALS FOR TOMORROW
                         NORMAL    RECORD    YEAR
 MAXIMUM TEMPERATURE (F)   47        72      1931
 MINIMUM TEMPERATURE (F)   32        14      1987
                                             1905


SUNRISE AND SUNSET
NOVEMBER 20 2016......SUNRISE   658 AM EST   SUNSET   439 PM EST
NOVEMBER 21 2016......SUNRISE   659 AM EST   SUNSET   439 PM EST


-  INDICATES NEGATIVE NUMBERS.
R  INDICATES RECORD WAS SET OR TIED.
MM INDICATES DATA IS MISSING.
T  INDICATES TRACE AMOUNT.

$$
