771
CDUS41 KBGM 210554
CLIAVP


CLIMATE REPORT
NATIONAL WEATHER SERVICE BINGHAMTON NY
153 AM EDT THU JUL 21 2016


...................................

...THE AVOCA PA CLIMATE SUMMARY FOR JULY 20 2016...

CLIMATE NORMAL PERIOD 1981 TO 2010
CLIMATE RECORD PERIOD 1901 TO 2016


WEATHER ITEM   OBSERVED TIME   RECORD YEAR NORMAL DEPARTURE LAST
                VALUE   (LST)  VALUE       VALUE  FROM      YEAR
                                                  NORMAL
..................................................................
TEMPERATURE (F)
 YESTERDAY
  MAXIMUM         84    511 PM  96    1991  82      2       89
  MINIMUM         55    524 AM  46    1965  61     -6       70
                                      1929
                                      1912
  AVERAGE         70                        72     -2       80

PRECIPITATION (IN)
  YESTERDAY        0.00          1.49 1982   0.12  -0.12     0.01
  MONTH TO DATE    0.91                      2.37  -1.46     2.02
  SINCE JUN 1      2.50                      6.40  -3.90     8.54
  SINCE JAN 1     15.32                     20.20  -4.88    18.10

SNOWFALL (IN)
  YESTERDAY        0.0           0.0  1995   0.0    0.0      0.0
  MONTH TO DATE    0.0                       0.0    0.0      0.0
  SINCE JUN 1      0.0                       0.0    0.0      0.0
  SINCE JUL 1      0.0                       0.0    0.0      0.0

DEGREE DAYS
 HEATING
  YESTERDAY        0                         0      0        0
  MONTH TO DATE    0                         0      0        0
  SINCE JUN 1     24                        54    -30       24
  SINCE JUL 1      0                         0      0        0

 COOLING
  YESTERDAY        5                         7     -2       15
  MONTH TO DATE  197                       135     62      152
  SINCE JUN 1    340                       252     88      307
  SINCE JAN 1    412                       289    123      455
..................................................................


WIND (MPH)
  HIGHEST WIND SPEED    15   HIGHEST WIND DIRECTION    NW (320)
  HIGHEST GUST SPEED    18   HIGHEST GUST DIRECTION    NW (330)
  AVERAGE WIND SPEED     5.5


SKY COVER
  AVERAGE SKY COVER 0.1



RELATIVE HUMIDITY (PERCENT)
 HIGHEST    86           500 AM
 LOWEST     26           300 PM
 AVERAGE    56

..........................................................


THE AVOCA PA CLIMATE NORMALS FOR TODAY
                         NORMAL    RECORD    YEAR
 MAXIMUM TEMPERATURE (F)   82        99      1930
 MINIMUM TEMPERATURE (F)   61        47      1965


SUNRISE AND SUNSET
JULY 21 2016..........SUNRISE   548 AM EDT   SUNSET   830 PM EDT
JULY 22 2016..........SUNRISE   549 AM EDT   SUNSET   829 PM EDT


-  INDICATES NEGATIVE NUMBERS.
R  INDICATES RECORD WAS SET OR TIED.
MM INDICATES DATA IS MISSING.
T  INDICATES TRACE AMOUNT.




$$
