000
CDUS41 KBGM 070220
CLIAVP


CLIMATE REPORT
NATIONAL WEATHER SERVICE BINGHAMTON NY
1019 PM EDT SAT AUG 6 2016


...................................

...THE AVOCA PA CLIMATE SUMMARY FOR AUGUST 6 2016...
VALID AS OF 1000 PM LOCAL TIME.

CLIMATE NORMAL PERIOD 1981 TO 2010
CLIMATE RECORD PERIOD 1901 TO 2016


WEATHER ITEM   OBSERVED TIME   RECORD YEAR NORMAL DEPARTURE LAST
                VALUE   (LST)  VALUE       VALUE  FROM      YEAR
                                                  NORMAL
..................................................................
TEMPERATURE (F)
 TODAY
  MAXIMUM         88    427 PM 100    1918  81      7       77
  MINIMUM         70    859 PM  43    1957  61      9       55
  AVERAGE         79                        71      8       66

PRECIPITATION (IN)
  TODAY            0.21          2.83 2011   0.12   0.09     0.00
  MONTH TO DATE    0.56                      0.73  -0.17     0.17
  SINCE JUN 1      6.23                      8.55  -2.32     9.02
  SINCE JAN 1     19.05                     22.35  -3.30    18.58

SNOWFALL (IN)
  TODAY            0.0           0.0  1995   0.0    0.0      0.0
  MONTH TO DATE    0.0                       0.0    0.0      0.0
  SINCE JUN 1      0.0                       0.0    0.0      0.0
  SINCE JUL 1      0.0                       0.0    0.0      0.0

DEGREE DAYS
 HEATING
  TODAY            0                         0      0        0
  MONTH TO DATE    0                         0      0        0
  SINCE JUN 1     24                        62    -38       24
  SINCE JUL 1      0                         8     -8        0

 COOLING
  TODAY           14                         6      8        1
  MONTH TO DATE   54                        36     18       42
  SINCE JUN 1    547                       359    188      450
  SINCE JAN 1    619                       396    223      598
..................................................................


WIND (MPH)
  HIGHEST WIND SPEED    18   HIGHEST WIND DIRECTION     N (350)
  HIGHEST GUST SPEED    23   HIGHEST GUST DIRECTION     S (200)
  AVERAGE WIND SPEED     7.1


SKY COVER
  AVERAGE SKY COVER 0.7


WEATHER CONDITIONS
 THE FOLLOWING WEATHER WAS RECORDED TODAY.
  THUNDERSTORM
  HEAVY RAIN
  LIGHT RAIN
  FOG


RELATIVE HUMIDITY (PERCENT)
 HIGHEST    90           300 AM
 LOWEST     40           400 PM
 AVERAGE    65

..........................................................


THE AVOCA PA CLIMATE NORMALS FOR TOMORROW
                         NORMAL    RECORD    YEAR
 MAXIMUM TEMPERATURE (F)   81       102      1918
 MINIMUM TEMPERATURE (F)   61        48      1994


SUNRISE AND SUNSET
AUGUST  6 2016........SUNRISE   604 AM EDT   SUNSET   813 PM EDT
AUGUST  7 2016........SUNRISE   605 AM EDT   SUNSET   812 PM EDT


-  INDICATES NEGATIVE NUMBERS.
R  INDICATES RECORD WAS SET OR TIED.
MM INDICATES DATA IS MISSING.
T  INDICATES TRACE AMOUNT.




$$
