000
CDUS41 KBGM 012221
CLIAVP


CLIMATE REPORT
NATIONAL WEATHER SERVICE BINGHAMTON NY
520 PM EST FRI DEC 1 2017


...................................

...THE AVOCA PA CLIMATE SUMMARY FOR DECEMBER 1 2017...
VALID TODAY AS OF 0500 PM LOCAL TIME.

CLIMATE NORMAL PERIOD 1981 TO 2010
CLIMATE RECORD PERIOD 1901 TO 2017


WEATHER ITEM   OBSERVED TIME   RECORD YEAR NORMAL DEPARTURE LAST
                VALUE   (LST)  VALUE       VALUE  FROM      YEAR
                                                  NORMAL
..................................................................
TEMPERATURE (F)
 TODAY
  MAXIMUM         47    257 PM  71    2006  43      4       54
  MINIMUM         41    459 PM   5    1936  29     12       37
  AVERAGE         44                        36      8       46

PRECIPITATION (IN)
  TODAY            0.00          1.58 2010   0.10  -0.10     0.21
  MONTH TO DATE    0.00                      0.10  -0.10     0.21
  SINCE DEC 1      0.00                      0.10  -0.10     0.21
  SINCE JAN 1     35.83                     35.68   0.15    29.45

SNOWFALL (IN)
  TODAY            0.0           0.6  1969   0.1   -0.1      0.0
  MONTH TO DATE    0.0                       0.1   -0.1      0.0
  SINCE DEC 1      0.0                       0.1   -0.1      0.0
  SINCE JUL 1      0.1                       3.1   -3.0      5.7

DEGREE DAYS
 HEATING
  TODAY           21                        29     -8       19
  MONTH TO DATE   21                        29     -8       19
  SINCE DEC 1     21                        29     -8       19
  SINCE JUL 1   1061                      1342   -281     1037

 COOLING
  TODAY            0                         0      0        0
  MONTH TO DATE    0                         0      0        0
  SINCE DEC 1      0                         0      0        0
  SINCE JAN 1    804                       580    224      998
..................................................................


WIND (MPH)
  HIGHEST WIND SPEED    14   HIGHEST WIND DIRECTION     N (340)
  HIGHEST GUST SPEED    20   HIGHEST GUST DIRECTION     N (340)
  AVERAGE WIND SPEED     6.8


SKY COVER
  AVERAGE SKY COVER 0.8


WEATHER CONDITIONS
 THE FOLLOWING WEATHER WAS RECORDED TODAY.
  FOG


RELATIVE HUMIDITY (PERCENT)
 HIGHEST    96           100 AM
 LOWEST     49           300 PM
 AVERAGE    73

..........................................................


THE AVOCA PA CLIMATE NORMALS FOR TOMORROW
                         NORMAL    RECORD    YEAR
 MAXIMUM TEMPERATURE (F)   42        69      1914
 MINIMUM TEMPERATURE (F)   28         6      1976


SUNRISE AND SUNSET
DECEMBER  1 2017......SUNRISE   710 AM EST   SUNSET   434 PM EST
DECEMBER  2 2017......SUNRISE   711 AM EST   SUNSET   434 PM EST


-  INDICATES NEGATIVE NUMBERS.
R  INDICATES RECORD WAS SET OR TIED.
MM INDICATES DATA IS MISSING.
T  INDICATES TRACE AMOUNT.

$$
