000
CDUS41 KBGM 160537
CLIAVP


CLIMATE REPORT
NATIONAL WEATHER SERVICE BINGHAMTON NY
136 AM EDT MON MAY 16 2016


...................................

...THE AVOCA PA CLIMATE SUMMARY FOR MAY 15 2016...

CLIMATE NORMAL PERIOD 1981 TO 2010
CLIMATE RECORD PERIOD 1901 TO 2016


WEATHER ITEM   OBSERVED TIME   RECORD YEAR NORMAL DEPARTURE LAST
                VALUE   (LST)  VALUE       VALUE  FROM      YEAR
                                                  NORMAL
..................................................................
TEMPERATURE (F)
 YESTERDAY
  MAXIMUM         52    204 PM  87    2007  70    -18       77
                                      1962
                                      1940
  MINIMUM         38   1159 PM  32    1936  47     -9       45
  AVERAGE         45                        58    -13       61

PRECIPITATION (IN)
  YESTERDAY        T             2.29 2012   0.11  -0.11      T
  MONTH TO DATE    2.22                      1.61   0.61     0.14
  SINCE MAR 1      6.69                      7.49  -0.80     4.98
  SINCE JAN 1     12.49                     11.89   0.60     7.98

SNOWFALL (IN)
  YESTERDAY        0.0           0.0    MM   0.0    0.0      0.0
  MONTH TO DATE    0.0                       0.3   -0.3      0.0
  SINCE MAR 1      3.5                      12.6   -9.1      9.0
  SINCE JUL 1     15.5                      46.5  -31.0     51.4

DEGREE DAYS
 HEATING
  YESTERDAY       20                         8     12        4
  MONTH TO DATE  167                       138     29       51
  SINCE MAR 1   1308                      1505   -197     1498
  SINCE JUL 1   4878                      6111  -1233     6195

 COOLING
  YESTERDAY        0                         1     -1        0
  MONTH TO DATE    0                         8     -8       53
  SINCE MAR 1      1                        14    -13       53
  SINCE JAN 1      1                        14    -13       53
..................................................................


WIND (MPH)
  HIGHEST WIND SPEED    30   HIGHEST WIND DIRECTION    NW (320)
  HIGHEST GUST SPEED    40   HIGHEST GUST DIRECTION     W (290)
  AVERAGE WIND SPEED    12.5


SKY COVER
  AVERAGE SKY COVER 0.7



RELATIVE HUMIDITY (PERCENT)
 HIGHEST    76           500 AM
 LOWEST     38           200 PM
 AVERAGE    57

..........................................................


THE AVOCA PA CLIMATE NORMALS FOR TODAY
                         NORMAL    RECORD    YEAR
 MAXIMUM TEMPERATURE (F)   70        90      1998
 MINIMUM TEMPERATURE (F)   48        34      1973


SUNRISE AND SUNSET
MAY 16 2016...........SUNRISE   543 AM EDT   SUNSET   816 PM EDT
MAY 17 2016...........SUNRISE   542 AM EDT   SUNSET   817 PM EDT


-  INDICATES NEGATIVE NUMBERS.
R  INDICATES RECORD WAS SET OR TIED.
MM INDICATES DATA IS MISSING.
T  INDICATES TRACE AMOUNT.




$$
