000
CDUS41 KBGM 130556
CLIAVP


CLIMATE REPORT
NATIONAL WEATHER SERVICE BINGHAMTON NY
1256 AM EST SAT DEC 13 2014


...................................

...THE AVOCA PA CLIMATE SUMMARY FOR DECEMBER 12 2014...

CLIMATE NORMAL PERIOD 1981 TO 2010
CLIMATE RECORD PERIOD 1901 TO 2014


WEATHER ITEM   OBSERVED TIME   RECORD YEAR NORMAL DEPARTURE LAST
                VALUE   (LST)  VALUE       VALUE  FROM      YEAR
                                                  NORMAL
..................................................................
TEMPERATURE (F)
 YESTERDAY
  MAXIMUM         33   1159 PM  65    1911  38     -5       23
  MINIMUM         28    433 AM  -5    1988  25      3       15
  AVERAGE         31                        32     -1       19

PRECIPITATION (IN)
  YESTERDAY        T             1.71 1983   0.09  -0.09     0.00
  MONTH TO DATE    1.91                      1.17   0.74     1.25
  SINCE DEC 1      1.91                      1.17   0.74     1.25
  SINCE JAN 1     30.18                     36.75  -6.57    25.48

SNOWFALL (IN)
  YESTERDAY        T             6.7  1960   0.2   -0.2      0.0
  MONTH TO DATE    4.4                       2.1    2.3      2.7
  SINCE DEC 1      4.4                       2.1    2.3      2.7
  SINCE JUL 1     13.3                       5.1    8.2      5.4

DEGREE DAYS
 HEATING
  YESTERDAY       34                        33      1       46
  MONTH TO DATE  376                       376      0      377
  SINCE DEC 1    376                       376      0      377
  SINCE JUL 1   1566                      1689   -123     1653

 COOLING
  YESTERDAY        0                         0      0        0
  MONTH TO DATE    0                         0      0        0
  SINCE DEC 1      0                         0      0        0
  SINCE JAN 1    686                       580    106      795
..................................................................


WIND (MPH)
  HIGHEST WIND SPEED    16   HIGHEST WIND DIRECTION     W (290)
  HIGHEST GUST SPEED    26   HIGHEST GUST DIRECTION    NW (300)
  AVERAGE WIND SPEED     7.6


SKY COVER
  AVERAGE SKY COVER 1.0



RELATIVE HUMIDITY (PERCENT)
 HIGHEST    85           700 PM
 LOWEST     63          1200 AM
 AVERAGE    74

..........................................................


THE AVOCA PA CLIMATE NORMALS FOR TODAY
                         NORMAL    RECORD    YEAR
 MAXIMUM TEMPERATURE (F)   38        60      1923
 MINIMUM TEMPERATURE (F)   25         2      1960


SUNRISE AND SUNSET
DECEMBER 13 2014......SUNRISE   720 AM EST   SUNSET   434 PM EST
DECEMBER 14 2014......SUNRISE   721 AM EST   SUNSET   434 PM EST


-  INDICATES NEGATIVE NUMBERS.
R  INDICATES RECORD WAS SET OR TIED.
MM INDICATES DATA IS MISSING.
T  INDICATES TRACE AMOUNT.




$$
