000
CDUS41 KBGM 172223
CLIAVP


CLIMATE REPORT
NATIONAL WEATHER SERVICE BINGHAMTON NY
522 PM EST THU NOV 17 2016


...................................

...THE AVOCA PA CLIMATE SUMMARY FOR NOVEMBER 17 2016...
VALID TODAY AS OF 0500 PM LOCAL TIME.

CLIMATE NORMAL PERIOD 1981 TO 2010
CLIMATE RECORD PERIOD 1901 TO 2016


WEATHER ITEM   OBSERVED TIME   RECORD YEAR NORMAL DEPARTURE LAST
                VALUE   (LST)  VALUE       VALUE  FROM      YEAR
                                                  NORMAL
..................................................................
TEMPERATURE (F)
 TODAY
  MAXIMUM         56    201 PM  68    1928  49      7       55
                                      1927
  MINIMUM         46    711 AM  15    1933  33     13       36
                                      1924
  AVERAGE         51                        41     10       46

PRECIPITATION (IN)
  TODAY            0.00          2.18 1935   0.11  -0.11     0.00
  MONTH TO DATE    0.31                      1.75  -1.44     1.27
  SINCE SEP 1      5.91                      9.16  -3.25     7.41
  SINCE JAN 1     27.47                     34.19  -6.72    28.56

SNOWFALL (IN)
  TODAY            0.0           7.4  1980   0.1   -0.1      0.0
  MONTH TO DATE    0.0                       1.3   -1.3      0.0
  SINCE SEP 1      T                         1.4   -1.4       T
  SINCE JUL 1      T                         1.4   -1.4       T

DEGREE DAYS
 HEATING
  TODAY           14                        24    -10       19
  MONTH TO DATE  304                       364    -60      208
  SINCE SEP 1    703                       941   -238      615
  SINCE JUL 1    704                       967   -263      615

 COOLING
  TODAY            0                         0      0        0
  MONTH TO DATE    0                         0      0        2
  SINCE SEP 1    132                        56     76      153
  SINCE JAN 1    998                       580    418      929
..................................................................


WIND (MPH)
  HIGHEST WIND SPEED    15   HIGHEST WIND DIRECTION    NW (310)
  HIGHEST GUST SPEED    18   HIGHEST GUST DIRECTION    NW (310)
  AVERAGE WIND SPEED     6.9


SKY COVER
  AVERAGE SKY COVER 0.9


WEATHER CONDITIONS
 THE FOLLOWING WEATHER WAS RECORDED TODAY.
  NO SIGNIFICANT WEATHER WAS OBSERVED.


RELATIVE HUMIDITY (PERCENT)
 HIGHEST    86          1200 AM
 LOWEST     59          1200 PM
 AVERAGE    73

..........................................................


THE AVOCA PA CLIMATE NORMALS FOR TOMORROW
                         NORMAL    RECORD    YEAR
 MAXIMUM TEMPERATURE (F)   49        74      1921
 MINIMUM TEMPERATURE (F)   33        11      1959


SUNRISE AND SUNSET
NOVEMBER 17 2016......SUNRISE   654 AM EST   SUNSET   441 PM EST
NOVEMBER 18 2016......SUNRISE   655 AM EST   SUNSET   441 PM EST


-  INDICATES NEGATIVE NUMBERS.
R  INDICATES RECORD WAS SET OR TIED.
MM INDICATES DATA IS MISSING.
T  INDICATES TRACE AMOUNT.

$$
