000
CDUS41 KBGM 012230
CLIAVP


CLIMATE REPORT
NATIONAL WEATHER SERVICE BINGHAMTON NY
524 PM EST MON JAN 1 2018


...................................

...THE AVOCA PA CLIMATE SUMMARY FOR JANUARY 1 2018...
VALID TODAY AS OF 0500 PM LOCAL TIME.

CLIMATE NORMAL PERIOD 1981 TO 2010
CLIMATE RECORD PERIOD 1901 TO 2017


WEATHER ITEM   OBSERVED TIME   RECORD YEAR NORMAL DEPARTURE LAST
                VALUE   (LST)  VALUE       VALUE  FROM      YEAR
                                                  NORMAL
..................................................................
TEMPERATURE (F)
 TODAY
  MAXIMUM         15    332 PM  61    1973  34    -19       44
  MINIMUM         -1    813 AM  -3    1918  20    -21       30
  AVERAGE          7                        27    -20       37

PRECIPITATION (IN)
  TODAY            T             0.93 1961   0.07  -0.07      T
  MONTH TO DATE    T                         0.07  -0.07      T
  SINCE DEC 1      1.68                      2.75  -1.07     2.06
  SINCE JAN 1      T                         0.07  -0.07      T

SNOWFALL (IN)
  TODAY           MM             7.8  1971   0.4   MM         T
  MONTH TO DATE   MM                         0.4   MM         T
  SINCE DEC 1      7.3                       7.8   -0.5      6.9
  SINCE JUL 1      7.4                      10.8   -3.4     12.6

DEGREE DAYS
 HEATING
  TODAY           58                        38     20       28
  MONTH TO DATE   58                        38     20       28
  SINCE DEC 1   1169                      1103     66     1022
  SINCE JUL 1   2209                      2416   -207     2040

 COOLING
  TODAY            0                         0      0        0
  MONTH TO DATE    0                         0      0        0
  SINCE DEC 1      0                         0      0        0
  SINCE JAN 1      0                         0      0        0
..................................................................


WIND (MPH)
  HIGHEST WIND SPEED    14   HIGHEST WIND DIRECTION     N (340)
  HIGHEST GUST SPEED    19   HIGHEST GUST DIRECTION    NW (320)
  AVERAGE WIND SPEED     6.1


SKY COVER
  AVERAGE SKY COVER 0.2


WEATHER CONDITIONS
 THE FOLLOWING WEATHER WAS RECORDED TODAY.
  NO SIGNIFICANT WEATHER WAS OBSERVED.


RELATIVE HUMIDITY (PERCENT)
 HIGHEST    79           600 AM
 LOWEST     44           100 PM
 AVERAGE    62

..........................................................


THE AVOCA PA CLIMATE NORMALS FOR TOMORROW
                         NORMAL    RECORD    YEAR
 MAXIMUM TEMPERATURE (F)   34        58      1930
 MINIMUM TEMPERATURE (F)   19        -6      1968


SUNRISE AND SUNSET
JANUARY  1 2018.......SUNRISE   729 AM EST   SUNSET   444 PM EST
JANUARY  2 2018.......SUNRISE   729 AM EST   SUNSET   445 PM EST


-  INDICATES NEGATIVE NUMBERS.
R  INDICATES RECORD WAS SET OR TIED.
MM INDICATES DATA IS MISSING.
T  INDICATES TRACE AMOUNT.




$$
