000
CDUS41 KBGM 142124
CLIAVP


CLIMATE REPORT
NATIONAL WEATHER SERVICE BINGHAMTON NY
523 PM EDT THU MAY 14 2015


...................................

...THE AVOCA PA CLIMATE SUMMARY FOR MAY 14 2015...
VALID TODAY AS OF 0500 PM LOCAL TIME.

CLIMATE NORMAL PERIOD 1981 TO 2010
CLIMATE RECORD PERIOD 1901 TO 2015


WEATHER ITEM   OBSERVED TIME   RECORD YEAR NORMAL DEPARTURE LAST
                VALUE   (LST)  VALUE       VALUE  FROM      YEAR
                                                  NORMAL
..................................................................
TEMPERATURE (F)
 TODAY
  MAXIMUM         70    336 PM  87    1907  69      1       76
  MINIMUM         37    528 AM  29    2013  47    -10       53
                                      1996
  AVERAGE         54                        58     -4       65

PRECIPITATION (IN)
  TODAY            0.00          1.15 1978   0.11  -0.11     0.00
  MONTH TO DATE    0.14                      1.50  -1.36     0.23
  SINCE MAR 1      4.98                      7.38  -2.40     5.31
  SINCE JAN 1      7.98                     11.78  -3.80    10.19

SNOWFALL (IN)
  TODAY            0.0           0.0    MM   0.0    0.0      0.0
  MONTH TO DATE    0.0                       0.3   -0.3      0.0
  SINCE MAR 1      9.0                      12.6   -3.6      3.1
  SINCE JUL 1     51.4                      46.5    4.9     58.9

DEGREE DAYS
 HEATING
  TODAY           11                         8      3        0
  MONTH TO DATE   47                       130    -83       72
  SINCE MAR 1   1494                      1497     -3     1613
  SINCE JUL 1   6191                      6103     88     6436

 COOLING
  TODAY            0                         1     -1        0
  MONTH TO DATE   53                         7     46       16
  SINCE MAR 1     53                        13     40       23
  SINCE JAN 1     53                        13     40       23
..................................................................


WIND (MPH)
  HIGHEST WIND SPEED    14   HIGHEST WIND DIRECTION     W (270)
  HIGHEST GUST SPEED    19   HIGHEST GUST DIRECTION     W (270)
  AVERAGE WIND SPEED     3.3


SKY COVER
  AVERAGE SKY COVER 0.0


WEATHER CONDITIONS
 THE FOLLOWING WEATHER WAS RECORDED TODAY.
  NO SIGNIFICANT WEATHER WAS OBSERVED.


RELATIVE HUMIDITY (PERCENT)
 HIGHEST    86           600 AM
 LOWEST     19           400 PM
 AVERAGE    53

..........................................................


THE AVOCA PA CLIMATE NORMALS FOR TOMORROW
                         NORMAL    RECORD    YEAR
 MAXIMUM TEMPERATURE (F)   70        87      2007
                                             1962
                                             1940
 MINIMUM TEMPERATURE (F)   47        32      1936


SUNRISE AND SUNSET
MAY 14 2015...........SUNRISE   546 AM EDT   SUNSET   814 PM EDT
MAY 15 2015...........SUNRISE   545 AM EDT   SUNSET   815 PM EDT


-  INDICATES NEGATIVE NUMBERS.
R  INDICATES RECORD WAS SET OR TIED.
MM INDICATES DATA IS MISSING.
T  INDICATES TRACE AMOUNT.




$$
