000
CDUS41 KBGM 232130
CLIAVP


CLIMATE REPORT
NATIONAL WEATHER SERVICE BINGHAMTON NY
527 PM EDT TUE JUN 23 2015


...................................

...THE AVOCA PA CLIMATE SUMMARY FOR JUNE 23 2015...
VALID TODAY AS OF 0500 PM LOCAL TIME.

CLIMATE NORMAL PERIOD 1981 TO 2010
CLIMATE RECORD PERIOD 1901 TO 2015


WEATHER ITEM   OBSERVED TIME   RECORD YEAR NORMAL DEPARTURE LAST
                VALUE   (LST)  VALUE       VALUE  FROM      YEAR
                                                  NORMAL
..................................................................
TEMPERATURE (F)
 TODAY
  MAXIMUM         84    301 PM  94    1965  80      4       80
  MINIMUM         68    438 AM  41    1918  59      9       59
  AVERAGE         76                        69      7       70

PRECIPITATION (IN)
  TODAY            0.04          1.58 2011   0.12  -0.08     0.00
  MONTH TO DATE    4.52                      3.14   1.38     1.53
  SINCE JUN 1      4.52                      3.14   1.38     1.53
  SINCE JAN 1     14.08                     16.94  -2.86    14.24

SNOWFALL (IN)
  TODAY            0.0           0.0  1995   0.0    0.0      0.0
  MONTH TO DATE    0.0                       0.0    0.0      0.0
  SINCE JUN 1      0.0                       0.0    0.0      0.0
  SINCE JUL 1     51.4                      46.2    5.2     58.9

DEGREE DAYS
 HEATING
  TODAY            0                         1     -1        0
  MONTH TO DATE   21                        50    -29       11
  SINCE JUN 1     21                        50    -29       11
  SINCE JUL 1   6265                      6251     14     6522

 COOLING
  TODAY           11                         5      6        5
  MONTH TO DATE  132                        79     53       87
  SINCE JUN 1    132                        79     53       87
  SINCE JAN 1    280                       116    164      128
..................................................................


WIND (MPH)
  HIGHEST WIND SPEED    21   HIGHEST WIND DIRECTION     W (250)
  HIGHEST GUST SPEED    28   HIGHEST GUST DIRECTION    SW (240)
  AVERAGE WIND SPEED     7.2


SKY COVER
  AVERAGE SKY COVER 0.3


WEATHER CONDITIONS
 THE FOLLOWING WEATHER WAS RECORDED TODAY.
  THUNDERSTORM
  RAIN
  LIGHT RAIN


RELATIVE HUMIDITY (PERCENT)
 HIGHEST    78           500 AM
 LOWEST     58          1200 PM
 AVERAGE    68

..........................................................


THE AVOCA PA CLIMATE NORMALS FOR TOMORROW
                         NORMAL    RECORD    YEAR
 MAXIMUM TEMPERATURE (F)   80        94      1923
                                             1908
 MINIMUM TEMPERATURE (F)   59        46      1925
                                             1902


SUNRISE AND SUNSET
JUNE 23 2015..........SUNRISE   530 AM EDT   SUNSET   840 PM EDT
JUNE 24 2015..........SUNRISE   531 AM EDT   SUNSET   840 PM EDT


-  INDICATES NEGATIVE NUMBERS.
R  INDICATES RECORD WAS SET OR TIED.
MM INDICATES DATA IS MISSING.
T  INDICATES TRACE AMOUNT.




$$

HEDEN/JRB
