000
CDUS41 KBGM 300541
CLIAVP


CLIMATE REPORT
NATIONAL WEATHER SERVICE BINGHAMTON NY
140 AM EDT SUN MAR 30 2014


...................................

...THE AVOCA PA CLIMATE SUMMARY FOR MARCH 29 2014...

CLIMATE NORMAL PERIOD 1981 TO 2010
CLIMATE RECORD PERIOD 1901 TO 2014


WEATHER ITEM   OBSERVED TIME   RECORD YEAR NORMAL DEPARTURE LAST
                VALUE   (LST)  VALUE       VALUE  FROM      YEAR
                                                  NORMAL
..................................................................
TEMPERATURE (F)
 YESTERDAY
  MAXIMUM         48   1216 PM  84    1905  52     -4       48
  MINIMUM         37    558 AM   7    1923  32      5       33
  AVERAGE         43                        42      1       41

PRECIPITATION (IN)
  YESTERDAY        0.49          0.82 1984   0.09   0.40     0.00
  MONTH TO DATE    1.09                      2.36  -1.27     1.53
  SINCE MAR 1      1.09                      2.36  -1.27     1.53
  SINCE JAN 1      5.97                      6.76  -0.79     4.86

SNOWFALL (IN)
  YESTERDAY        0.0          11.1  1970   0.1   -0.1      0.0
  MONTH TO DATE    0.2                       8.7   -8.5      6.5
  SINCE MAR 1      0.2                       8.7   -8.5      6.5
  SINCE JUL 1     56.0                      42.6   13.4     33.9

DEGREE DAYS
 HEATING
  YESTERDAY       22                        23     -1       24
  MONTH TO DATE  991                       826    165      880
  SINCE MAR 1    991                       826    165      880
  SINCE JUL 1   5814                      5432    382     5104

 COOLING
  YESTERDAY        0                         0      0        0
  MONTH TO DATE    0                         0      0        0
  SINCE MAR 1      0                         0      0        0
  SINCE JAN 1      0                         0      0        0
..................................................................


WIND (MPH)
  HIGHEST WIND SPEED    20   HIGHEST WIND DIRECTION    NW (310)
  HIGHEST GUST SPEED    25   HIGHEST GUST DIRECTION    NE (60)
  AVERAGE WIND SPEED     7.7


SKY COVER
  AVERAGE SKY COVER 0.9



RELATIVE HUMIDITY (PERCENT)
 HIGHEST    89           200 PM
 LOWEST     70          1000 AM
 AVERAGE    80

..........................................................


THE AVOCA PA CLIMATE NORMALS FOR TODAY
                         NORMAL    RECORD    YEAR
 MAXIMUM TEMPERATURE (F)   52        84      1998
 MINIMUM TEMPERATURE (F)   32         6      1970


SUNRISE AND SUNSET
MARCH 30 2014.........SUNRISE   649 AM EDT   SUNSET   726 PM EDT
MARCH 31 2014.........SUNRISE   648 AM EDT   SUNSET   727 PM EDT


-  INDICATES NEGATIVE NUMBERS.
R  INDICATES RECORD WAS SET OR TIED.
MM INDICATES DATA IS MISSING.
T  INDICATES TRACE AMOUNT.




$$
