532
CDUS41 KBGM 200551
CLIAVP


CLIMATE REPORT
NATIONAL WEATHER SERVICE BINGHAMTON NY
151 AM EDT FRI MAY 20 2016


...................................

...THE AVOCA PA CLIMATE SUMMARY FOR MAY 19 2016...

CLIMATE NORMAL PERIOD 1981 TO 2010
CLIMATE RECORD PERIOD 1901 TO 2016


WEATHER ITEM   OBSERVED TIME   RECORD YEAR NORMAL DEPARTURE LAST
                VALUE   (LST)  VALUE       VALUE  FROM      YEAR
                                                  NORMAL
..................................................................
TEMPERATURE (F)
 YESTERDAY
  MAXIMUM         69    436 PM  92    1962  71     -2       86
  MINIMUM         46    539 AM  30    2009  48     -2       56
  AVERAGE         58                        60     -2       71

PRECIPITATION (IN)
  YESTERDAY        0.00          1.84 1988   0.12  -0.12     0.03
  MONTH TO DATE    2.22                      2.07   0.15     0.39
  SINCE MAR 1      6.69                      7.95  -1.26     5.23
  SINCE JAN 1     12.49                     12.35   0.14     8.23

SNOWFALL (IN)
  YESTERDAY        0.0           T    1976   0.0    0.0      0.0
  MONTH TO DATE    0.0                       0.3   -0.3      0.0
  SINCE MAR 1      3.5                      12.6   -9.1      9.0
  SINCE JUL 1     15.5                      46.5  -31.0     51.4

DEGREE DAYS
 HEATING
  YESTERDAY        7                         7      0        0
  MONTH TO DATE  206                       166     40       51
  SINCE MAR 1   1347                      1533   -186     1498
  SINCE JUL 1   4917                      6139  -1222     6195

 COOLING
  YESTERDAY        0                         1     -1        6
  MONTH TO DATE    0                        12    -12       82
  SINCE MAR 1      1                        18    -17       82
  SINCE JAN 1      1                        18    -17       82
..................................................................


WIND (MPH)
  HIGHEST WIND SPEED    18   HIGHEST WIND DIRECTION    NW (310)
  HIGHEST GUST SPEED    23   HIGHEST GUST DIRECTION    NW (320)
  AVERAGE WIND SPEED     6.1


SKY COVER
  AVERAGE SKY COVER 0.4



RELATIVE HUMIDITY (PERCENT)
 HIGHEST    76           500 AM
 LOWEST     29           300 PM
 AVERAGE    53

..........................................................


THE AVOCA PA CLIMATE NORMALS FOR TODAY
                         NORMAL    RECORD    YEAR
 MAXIMUM TEMPERATURE (F)   71        91      1996
                                             1959
 MINIMUM TEMPERATURE (F)   49        33      2002


SUNRISE AND SUNSET
MAY 20 2016...........SUNRISE   539 AM EDT   SUNSET   820 PM EDT
MAY 21 2016...........SUNRISE   539 AM EDT   SUNSET   821 PM EDT


-  INDICATES NEGATIVE NUMBERS.
R  INDICATES RECORD WAS SET OR TIED.
MM INDICATES DATA IS MISSING.
T  INDICATES TRACE AMOUNT.




$$
