000
CDUS41 KBGM 020556
CLIAVP


CLIMATE REPORT
NATIONAL WEATHER SERVICE BINGHAMTON NY
1255 AM EST MON JAN 2 2017


...................................

...THE AVOCA PA CLIMATE SUMMARY FOR JANUARY 1 2017...

CLIMATE NORMAL PERIOD 1981 TO 2010
CLIMATE RECORD PERIOD 1901 TO 2017


WEATHER ITEM   OBSERVED TIME   RECORD YEAR NORMAL DEPARTURE LAST
                VALUE   (LST)  VALUE       VALUE  FROM      YEAR
                                                  NORMAL
..................................................................
TEMPERATURE (F)
 YESTERDAY
  MAXIMUM         44    320 PM  61    1973  34     10       36
  MINIMUM         30   1036 PM  -3    1918  20     10       30
  AVERAGE         37                        27     10       33

PRECIPITATION (IN)
  YESTERDAY        T             0.93 1961   0.07  -0.07      T
  MONTH TO DATE    T                         0.07  -0.07      T
  SINCE DEC 1      2.06                      2.75  -0.69     2.55
  SINCE JAN 1      T                         0.07  -0.07      T

SNOWFALL (IN)
  YESTERDAY       MM             7.8  1971   0.4   MM         T
  MONTH TO DATE   MM                         0.4   MM         T
  SINCE DEC 1      6.2                       7.8   -1.6      0.8
  SINCE JUL 1     11.9                      10.8    1.1      0.8

DEGREE DAYS
 HEATING
  YESTERDAY       28                        38    -10       32
  MONTH TO DATE   28                        38    -10       32
  SINCE DEC 1   1022                      1103    -81      660
  SINCE JUL 1   2040                      2416   -376     1568

 COOLING
  YESTERDAY        0                         0      0        0
  MONTH TO DATE    0                         0      0        0
  SINCE DEC 1      0                         0      0        0
  SINCE JAN 1      0                         0      0        0
..................................................................


WIND (MPH)
  HIGHEST WIND SPEED    17   HIGHEST WIND DIRECTION     W (250)
  HIGHEST GUST SPEED    23   HIGHEST GUST DIRECTION     W (260)
  AVERAGE WIND SPEED     6.9


SKY COVER
  AVERAGE SKY COVER 0.3



RELATIVE HUMIDITY (PERCENT)
 HIGHEST    85           600 AM
 LOWEST     36           400 PM
 AVERAGE    61

..........................................................


THE AVOCA PA CLIMATE NORMALS FOR TODAY
                         NORMAL    RECORD    YEAR
 MAXIMUM TEMPERATURE (F)   34        58      1930
 MINIMUM TEMPERATURE (F)   19        -6      1968


SUNRISE AND SUNSET
JANUARY  2 2017.......SUNRISE   729 AM EST   SUNSET   445 PM EST
JANUARY  3 2017.......SUNRISE   729 AM EST   SUNSET   446 PM EST


-  INDICATES NEGATIVE NUMBERS.
R  INDICATES RECORD WAS SET OR TIED.
MM INDICATES DATA IS MISSING.
T  INDICATES TRACE AMOUNT.

$$
