000
CDUS41 KBGM 020547
CLIAVP


CLIMATE REPORT
NATIONAL WEATHER SERVICE BINGHAMTON NY
147 AM EDT THU NOV 2 2017


...................................

...THE AVOCA PA CLIMATE SUMMARY FOR NOVEMBER 1 2017...

CLIMATE NORMAL PERIOD 1981 TO 2010
CLIMATE RECORD PERIOD 1901 TO 2017


WEATHER ITEM   OBSERVED TIME   RECORD YEAR NORMAL DEPARTURE LAST
                VALUE   (LST)  VALUE       VALUE  FROM      YEAR
                                                  NORMAL
..................................................................
TEMPERATURE (F)
 YESTERDAY
  MAXIMUM         58   1159 PM  81    1950  55      3       53
  MINIMUM         34    245 AM  22    1925  37     -3       29
  AVERAGE         46                        46      0       41

PRECIPITATION (IN)
  YESTERDAY        0.10          1.29 1932   0.11  -0.01     0.00
  MONTH TO DATE    0.10                      0.11  -0.01     0.00
  SINCE SEP 1      4.74                      7.52  -2.78     5.60
  SINCE JAN 1     34.86                     32.55   2.31    27.16

SNOWFALL (IN)
  YESTERDAY        0.0           0.7  1993   0.1   -0.1      0.0
  MONTH TO DATE    0.0                       0.1   -0.1      0.0
  SINCE SEP 1      0.0                       0.2   -0.2       T
  SINCE JUL 1      0.0                       0.2   -0.2       T

DEGREE DAYS
 HEATING
  YESTERDAY       19                        19      0       24
  MONTH TO DATE   19                        19      0       24
  SINCE SEP 1    340                       596   -256      423
  SINCE JUL 1    357                       622   -265      424

 COOLING
  YESTERDAY        0                         0      0        0
  MONTH TO DATE    0                         0      0        0
  SINCE SEP 1    165                        56    109      132
  SINCE JAN 1    804                       580    224      998
..................................................................


WIND (MPH)
  HIGHEST WIND SPEED    13   HIGHEST WIND DIRECTION     S (160)
  HIGHEST GUST SPEED    22   HIGHEST GUST DIRECTION    SE (140)
  AVERAGE WIND SPEED     4.0


SKY COVER
  AVERAGE SKY COVER 0.8



RELATIVE HUMIDITY (PERCENT)
 HIGHEST    89          1000 PM
 LOWEST     62           900 AM
 AVERAGE    76

..........................................................


THE AVOCA PA CLIMATE NORMALS FOR TODAY
                         NORMAL    RECORD    YEAR
 MAXIMUM TEMPERATURE (F)   55        80      1982
 MINIMUM TEMPERATURE (F)   37        25      1965
                                             1961
                                             1930


SUNRISE AND SUNSET
NOVEMBER  2 2017......SUNRISE   736 AM EDT   SUNSET   557 PM EDT
NOVEMBER  3 2017......SUNRISE   737 AM EDT   SUNSET   555 PM EDT


-  INDICATES NEGATIVE NUMBERS.
R  INDICATES RECORD WAS SET OR TIED.
MM INDICATES DATA IS MISSING.
T  INDICATES TRACE AMOUNT.




$$
