000
CDUS41 KBGM 070527
CLIAVP


CLIMATE REPORT
NATIONAL WEATHER SERVICE BINGHAMTON NY
125 AM EDT SUN SEP 7 2014


...................................

...THE AVOCA PA CLIMATE SUMMARY FOR SEPTEMBER 6 2014...

CLIMATE NORMAL PERIOD 1981 TO 2010
CLIMATE RECORD PERIOD 1901 TO 2014


WEATHER ITEM   OBSERVED TIME   RECORD YEAR NORMAL DEPARTURE LAST
                VALUE   (LST)  VALUE       VALUE  FROM      YEAR
                                                  NORMAL
..................................................................
TEMPERATURE (F)
 YESTERDAY
  MAXIMUM         88    320 PM  93    1922  76     12       70
  MINIMUM         61   1103 PM  40    1938  56      5       42
                                      1902
  AVERAGE         75                        66      9       56

PRECIPITATION (IN)
  YESTERDAY        0.15          2.81 2011   0.13   0.02     0.00
  MONTH TO DATE    0.18                      0.76  -0.58     0.10
  SINCE SEP 1      0.18                      0.76  -0.58     0.10
  SINCE JAN 1     21.74                     25.79  -4.05    18.45

SNOWFALL (IN)
  YESTERDAY        0.0           0.0    MM   0.0    0.0      0.0
  MONTH TO DATE    0.0                       0.0    0.0      0.0
  SINCE SEP 1      0.0                       0.0    0.0      0.0
  SINCE JUL 1      0.0                       0.0    0.0      0.0

DEGREE DAYS
 HEATING
  YESTERDAY        0                         2     -2        9
  MONTH TO DATE    0                        11    -11       13
  SINCE SEP 1      0                        11    -11       13
  SINCE JUL 1     11                        37    -26       22

 COOLING
  YESTERDAY       10                         3      7        0
  MONTH TO DATE   66                        19     47       29
  SINCE SEP 1     66                        19     47       29
  SINCE JAN 1    652                       543    109      731
..................................................................


WIND (MPH)
  HIGHEST WIND SPEED    18   HIGHEST WIND DIRECTION     N (350)
  HIGHEST GUST SPEED    25   HIGHEST GUST DIRECTION     N (350)
  AVERAGE WIND SPEED     6.3


SKY COVER
  AVERAGE SKY COVER 0.5



RELATIVE HUMIDITY (PERCENT)
 HIGHEST    97           900 PM
 LOWEST     43           300 PM
 AVERAGE    70

..........................................................


THE AVOCA PA CLIMATE NORMALS FOR TODAY
                         NORMAL    RECORD    YEAR
 MAXIMUM TEMPERATURE (F)   76        90      1954
                                             1945
 MINIMUM TEMPERATURE (F)   55        38      1962


SUNRISE AND SUNSET
SEPTEMBER  7 2014.....SUNRISE   635 AM EDT   SUNSET   726 PM EDT
SEPTEMBER  8 2014.....SUNRISE   636 AM EDT   SUNSET   724 PM EDT


-  INDICATES NEGATIVE NUMBERS.
R  INDICATES RECORD WAS SET OR TIED.
MM INDICATES DATA IS MISSING.
T  INDICATES TRACE AMOUNT.




$$
