000
CDUS41 KBGM 162118
CLIAVP


CLIMATE REPORT
NATIONAL WEATHER SERVICE BINGHAMTON NY
517 PM EDT WED AUG 16 2017


...................................

...THE AVOCA PA CLIMATE SUMMARY FOR AUGUST 16 2017...
VALID TODAY AS OF 0500 PM LOCAL TIME.

CLIMATE NORMAL PERIOD 1981 TO 2010
CLIMATE RECORD PERIOD 1901 TO 2017


WEATHER ITEM   OBSERVED TIME   RECORD YEAR NORMAL DEPARTURE LAST
                VALUE   (LST)  VALUE       VALUE  FROM      YEAR
                                                  NORMAL
..................................................................
TEMPERATURE (F)
 TODAY
  MAXIMUM         82    338 PM  93    1938  80      2       88
  MINIMUM         63    642 AM  49    1979  60      3       69
                                      1945
                                      1927
  AVERAGE         73                        70      3       79

PRECIPITATION (IN)
  TODAY            0.00          3.18 1966   0.11  -0.11     0.08
  MONTH TO DATE    1.00                      1.83  -0.83     2.01
  SINCE JUN 1     10.69                      9.65   1.04     7.68
  SINCE JAN 1     29.02                     23.45   5.57    20.50

SNOWFALL (IN)
  TODAY            0.0           0.0  1995   0.0    0.0      0.0
  MONTH TO DATE    0.0                       0.0    0.0      0.0
  SINCE JUN 1      0.0                       0.0    0.0      0.0
  SINCE JUL 1      0.0                       0.0    0.0      0.0

DEGREE DAYS
 HEATING
  TODAY            0                         0      0        0
  MONTH TO DATE    2                         0      2        0
  SINCE JUN 1     45                        62    -17       24
  SINCE JUL 1      2                         8     -6        0

 COOLING
  TODAY            8                         5      3       14
  MONTH TO DATE   98                        95      3      184
  SINCE JUN 1    525                       418    107      677
  SINCE JAN 1    577                       455    122      749
..................................................................


WIND (MPH)
  HIGHEST WIND SPEED    13   HIGHEST WIND DIRECTION    NW (330)
  HIGHEST GUST SPEED    16   HIGHEST GUST DIRECTION    NW (320)
  AVERAGE WIND SPEED     4.1


SKY COVER
  AVERAGE SKY COVER 0.7


WEATHER CONDITIONS
 THE FOLLOWING WEATHER WAS RECORDED TODAY.
  FOG
  FOG W/VISIBILITY <= 1/4 MILE
  HAZE


RELATIVE HUMIDITY (PERCENT)
 HIGHEST   100           100 AM
 LOWEST     51           200 PM
 AVERAGE    76

..........................................................


THE AVOCA PA CLIMATE NORMALS FOR TOMORROW
                         NORMAL    RECORD    YEAR
 MAXIMUM TEMPERATURE (F)   80        95      1913
 MINIMUM TEMPERATURE (F)   60        43      1979


SUNRISE AND SUNSET
AUGUST 16 2017........SUNRISE   613 AM EDT   SUNSET   800 PM EDT
AUGUST 17 2017........SUNRISE   614 AM EDT   SUNSET   759 PM EDT


-  INDICATES NEGATIVE NUMBERS.
R  INDICATES RECORD WAS SET OR TIED.
MM INDICATES DATA IS MISSING.
T  INDICATES TRACE AMOUNT.




$$
