000
CDUS41 KBGM 150219
CLIAVP


CLIMATE REPORT
NATIONAL WEATHER SERVICE BINGHAMTON NY
1019 PM EDT MON APR 14 2014


...................................

...THE AVOCA PA CLIMATE SUMMARY FOR APRIL 14 2014...
VALID AS OF 1000 PM LOCAL TIME.

CLIMATE NORMAL PERIOD 1981 TO 2010
CLIMATE RECORD PERIOD 1901 TO 2014


WEATHER ITEM   OBSERVED TIME   RECORD YEAR NORMAL DEPARTURE LAST
                VALUE   (LST)  VALUE       VALUE  FROM      YEAR
                                                  NORMAL
..................................................................
TEMPERATURE (F)
 TODAY
  MAXIMUM         76    123 PM  84    1968  59     17       54
  MINIMUM         62    611 AM  22    1950  38     24       39
  AVERAGE         69                        48     21       47

PRECIPITATION (IN)
  TODAY            0.00          1.06 1909   0.11  -0.11     0.00
  MONTH TO DATE    0.77                      1.54  -0.77     0.73
  SINCE MAR 1      2.84                      4.09  -1.25     2.35
  SINCE JAN 1      7.72                      8.49  -0.77     5.68

SNOWFALL (IN)
  TODAY            0.0           T    1995   0.1   -0.1      0.0
                                      1980
                                      1962
  MONTH TO DATE    0.0                       1.8   -1.8       T
  SINCE MAR 1      2.4                      10.8   -8.4      6.5
  SINCE JUL 1     58.2                      44.7   13.5     33.9

DEGREE DAYS
 HEATING
  TODAY            0                        17    -17       18
  MONTH TO DATE  217                       274    -57      257
  SINCE MAR 1   1260                      1145    115     1183
  SINCE JUL 1   6083                      5751    332     5407

 COOLING
  TODAY            4                         0      4        0
  MONTH TO DATE    7                         0      7        4
  SINCE MAR 1      7                         0      7        4
  SINCE JAN 1      7                         0      7        4
..................................................................


WIND (MPH)
  HIGHEST WIND SPEED    26   HIGHEST WIND DIRECTION     S (200)
  HIGHEST GUST SPEED    40   HIGHEST GUST DIRECTION     S (190)
  AVERAGE WIND SPEED    12.2


SKY COVER
  AVERAGE SKY COVER 0.2


WEATHER CONDITIONS
 THE FOLLOWING WEATHER WAS RECORDED TODAY.
  NO SIGNIFICANT WEATHER WAS OBSERVED.


RELATIVE HUMIDITY (PERCENT)
 HIGHEST    72           400 AM
 LOWEST     43           100 PM
 AVERAGE    58

..........................................................


THE AVOCA PA CLIMATE NORMALS FOR TOMORROW
                         NORMAL    RECORD    YEAR
 MAXIMUM TEMPERATURE (F)   59        85      1994
 MINIMUM TEMPERATURE (F)   38        22      1926


SUNRISE AND SUNSET
APRIL 14 2014.........SUNRISE   625 AM EDT   SUNSET   742 PM EDT
APRIL 15 2014.........SUNRISE   623 AM EDT   SUNSET   743 PM EDT


-  INDICATES NEGATIVE NUMBERS.
R  INDICATES RECORD WAS SET OR TIED.
MM INDICATES DATA IS MISSING.
T  INDICATES TRACE AMOUNT.




$$
