000
CDUS41 KBGM 200616
CLIAVP


CLIMATE REPORT
NATIONAL WEATHER SERVICE BINGHAMTON NY
116 AM EST MON FEB 20 2017


...................................

...THE AVOCA PA CLIMATE SUMMARY FOR FEBRUARY 19 2017...

CLIMATE NORMAL PERIOD 1981 TO 2010
CLIMATE RECORD PERIOD 1901 TO 2017


WEATHER ITEM   OBSERVED TIME   RECORD YEAR NORMAL DEPARTURE LAST
                VALUE   (LST)  VALUE       VALUE  FROM      YEAR
                                                  NORMAL
..................................................................
TEMPERATURE (F)
 YESTERDAY
  MAXIMUM         65R   339 PM  60    1997  38     27       36
                                      1981
  MINIMUM         45   1159 PM  -3    1936  21     24       12
                                      1903
  AVERAGE         55                        30     25       24

PRECIPITATION (IN)
  YESTERDAY        0.00          0.96 1914   0.07  -0.07     0.00
  MONTH TO DATE    1.49                      1.40   0.09     2.38
  SINCE DEC 1      6.80                      6.45   0.35     6.72
  SINCE JAN 1      4.74                      3.77   0.97     4.17

SNOWFALL (IN)
  YESTERDAY        0.0          12.3  1964   0.4   -0.4      0.0
  MONTH TO DATE    8.2                       6.3    1.9      6.6
  SINCE DEC 1     19.0                      27.9   -8.9     11.9
  SINCE JUL 1     24.7                      30.9   -6.2     11.9

DEGREE DAYS
 HEATING
  YESTERDAY       10                        35    -25       41
  MONTH TO DATE  591                       706   -115      658
  SINCE DEC 1   2572                      2984   -412     2421
  SINCE JUL 1   3590                      4297   -707     3329

 COOLING
  YESTERDAY        0                         0      0        0
  MONTH TO DATE    0                         0      0        0
  SINCE DEC 1      0                         0      0        0
  SINCE JAN 1      0                         0      0        0
..................................................................


WIND (MPH)
  HIGHEST WIND SPEED    16   HIGHEST WIND DIRECTION    NW (320)
  HIGHEST GUST SPEED    21   HIGHEST GUST DIRECTION    NW (310)
  AVERAGE WIND SPEED     7.4


SKY COVER
  AVERAGE SKY COVER 0.0



RELATIVE HUMIDITY (PERCENT)
 HIGHEST    65           700 AM
 LOWEST     30           500 PM
 AVERAGE    48

..........................................................


THE AVOCA PA CLIMATE NORMALS FOR TODAY
                         NORMAL    RECORD    YEAR
 MAXIMUM TEMPERATURE (F)   38        65      1930
 MINIMUM TEMPERATURE (F)   22        -6      2015


SUNRISE AND SUNSET
FEBRUARY 20 2017......SUNRISE   650 AM EST   SUNSET   543 PM EST
FEBRUARY 21 2017......SUNRISE   649 AM EST   SUNSET   545 PM EST


-  INDICATES NEGATIVE NUMBERS.
R  INDICATES RECORD WAS SET OR TIED.
MM INDICATES DATA IS MISSING.
T  INDICATES TRACE AMOUNT.




$$
