000
CDUS41 KBGM 030620
CLIAVP


CLIMATE REPORT
NATIONAL WEATHER SERVICE BINGHAMTON NY
219 AM EDT FRI JUL 3 2015


...................................

...THE AVOCA PA CLIMATE SUMMARY FOR JULY 2 2015...

CLIMATE NORMAL PERIOD 1981 TO 2010
CLIMATE RECORD PERIOD 1901 TO 2015


WEATHER ITEM   OBSERVED TIME   RECORD YEAR NORMAL DEPARTURE LAST
                VALUE   (LST)  VALUE       VALUE  FROM      YEAR
                                                  NORMAL
..................................................................
TEMPERATURE (F)
 YESTERDAY
  MAXIMUM         78    129 PM  98    1966  81     -3       91
                                      1901
  MINIMUM         58    344 AM  44    2007  60     -2       71
  AVERAGE         68                        71     -3       81

PRECIPITATION (IN)
  YESTERDAY        0.00          1.83 1933   0.11  -0.11     0.30
  MONTH TO DATE    0.10                      0.22  -0.12     0.30
  SINCE JUN 1      6.62                      4.25   2.37     2.46
  SINCE JAN 1     16.18                     18.05  -1.87    15.17

SNOWFALL (IN)
  YESTERDAY        0.0           0.0  1995   0.0    0.0      0.0
  MONTH TO DATE    0.0                       0.0    0.0      0.0
  SINCE JUN 1      0.0                       0.0    0.0      0.0
  SINCE JUL 1      0.0                       0.0    0.0      0.0

DEGREE DAYS
 HEATING
  YESTERDAY        0                         0      0        0
  MONTH TO DATE    0                         0      0        0
  SINCE JUN 1     24                        54    -30       11
  SINCE JUL 1      0                         0      0        0

 COOLING
  YESTERDAY        3                         6     -3       16
  MONTH TO DATE    8                        12     -4       30
  SINCE JUN 1    163                       129     34      189
  SINCE JAN 1    311                       166    145      230
..................................................................


WIND (MPH)
  HIGHEST WIND SPEED     9   HIGHEST WIND DIRECTION    NW (320)
  HIGHEST GUST SPEED    12   HIGHEST GUST DIRECTION    NW (320)
  AVERAGE WIND SPEED     3.4


SKY COVER
  AVERAGE SKY COVER 0.2



RELATIVE HUMIDITY (PERCENT)
 HIGHEST    90          1200 AM
 LOWEST     47           200 PM
 AVERAGE    69

..........................................................


THE AVOCA PA CLIMATE NORMALS FOR TODAY
                         NORMAL    RECORD    YEAR
 MAXIMUM TEMPERATURE (F)   81       101      1966
 MINIMUM TEMPERATURE (F)   60        45      1957


SUNRISE AND SUNSET
JULY  3 2015..........SUNRISE   534 AM EDT   SUNSET   840 PM EDT
JULY  4 2015..........SUNRISE   535 AM EDT   SUNSET   839 PM EDT


-  INDICATES NEGATIVE NUMBERS.
R  INDICATES RECORD WAS SET OR TIED.
MM INDICATES DATA IS MISSING.
T  INDICATES TRACE AMOUNT.




$$
