000
CDUS41 KBGM 230228
CLIAVP


CLIMATE REPORT
NATIONAL WEATHER SERVICE BINGHAMTON NY
1027 PM EDT THU JUN 22 2017


...................................

...THE AVOCA PA CLIMATE SUMMARY FOR JUNE 22 2017...
VALID AS OF 1000 PM LOCAL TIME.

CLIMATE NORMAL PERIOD 1981 TO 2010
CLIMATE RECORD PERIOD 1901 TO 2017


WEATHER ITEM   OBSERVED TIME   RECORD YEAR NORMAL DEPARTURE LAST
                VALUE   (LST)  VALUE       VALUE  FROM      YEAR
                                                  NORMAL
..................................................................
TEMPERATURE (F)
 TODAY
  MAXIMUM         85    443 PM  93    1988  79      6       82
                                      1954
                                      1921
  MINIMUM         55    442 AM  41    1940  58     -3       54
  AVERAGE         70                        69      1       68

PRECIPITATION (IN)
  TODAY            0.00          2.28 1987   0.13  -0.13     0.00
  MONTH TO DATE    2.92                      3.02  -0.10     1.52
  SINCE JUN 1      2.92                      3.02  -0.10     1.52
  SINCE JAN 1     21.25                     16.82   4.43    14.34

SNOWFALL (IN)
  TODAY            0.0           0.0  1995   0.0    0.0      0.0
  MONTH TO DATE    0.0                       0.0    0.0      0.0
  SINCE JUN 1      0.0                       0.0    0.0      0.0
  SINCE JUL 1     55.5                      46.2    9.3     15.5

DEGREE DAYS
 HEATING
  TODAY            0                         1     -1        0
  MONTH TO DATE   41                        49     -8       24
  SINCE JUN 1     41                        49     -8       24
  SINCE JUL 1   5232                      6250  -1018     4966

 COOLING
  TODAY            5                         5      0        3
  MONTH TO DATE  110                        74     36       90
  SINCE JUN 1    110                        74     36       90
  SINCE JAN 1    162                       111     51      162
..................................................................


WIND (MPH)
  HIGHEST WIND SPEED    17   HIGHEST WIND DIRECTION     W (270)
  HIGHEST GUST SPEED    24   HIGHEST GUST DIRECTION    SW (230)
  AVERAGE WIND SPEED     7.5


SKY COVER
  AVERAGE SKY COVER 0.0


WEATHER CONDITIONS
 THE FOLLOWING WEATHER WAS RECORDED TODAY.
  NO SIGNIFICANT WEATHER WAS OBSERVED.


RELATIVE HUMIDITY (PERCENT)
 HIGHEST    93           400 AM
 LOWEST     44           200 PM
 AVERAGE    69

..........................................................


THE AVOCA PA CLIMATE NORMALS FOR TOMORROW
                         NORMAL    RECORD    YEAR
 MAXIMUM TEMPERATURE (F)   80        94      1965
 MINIMUM TEMPERATURE (F)   59        41      1918


SUNRISE AND SUNSET
JUNE 22 2017..........SUNRISE   530 AM EDT   SUNSET   840 PM EDT
JUNE 23 2017..........SUNRISE   530 AM EDT   SUNSET   840 PM EDT


-  INDICATES NEGATIVE NUMBERS.
R  INDICATES RECORD WAS SET OR TIED.
MM INDICATES DATA IS MISSING.
T  INDICATES TRACE AMOUNT.




$$
