000
CDUS41 KBGM 220551
CLIAVP


CLIMATE REPORT
NATIONAL WEATHER SERVICE BINGHAMTON NY
1249 AM EST SUN FEB 22 2015


...................................

...THE AVOCA PA CLIMATE SUMMARY FOR FEBRUARY 21 2015...

CLIMATE NORMAL PERIOD 1981 TO 2010
CLIMATE RECORD PERIOD 1901 TO 2015


WEATHER ITEM   OBSERVED TIME   RECORD YEAR NORMAL DEPARTURE LAST
                VALUE   (LST)  VALUE       VALUE  FROM      YEAR
                                                  NORMAL
..................................................................
TEMPERATURE (F)
 YESTERDAY
  MAXIMUM         24   1159 PM  67    1953  38    -14       52
  MINIMUM          0R   136 AM   0    1972  22    -22       31
                                      1916
  AVERAGE         12                        30    -18       42

PRECIPITATION (IN)
  YESTERDAY        0.20          0.78 1951   0.07   0.13     0.22
  MONTH TO DATE    1.11                      1.54  -0.43     2.77
  SINCE DEC 1      5.76                      6.59  -0.83     8.22
  SINCE JAN 1      2.98                      3.91  -0.93     4.88

SNOWFALL (IN)
  YESTERDAY        2.7           7.7  2011   0.4    2.3      0.0
  MONTH TO DATE   13.4                       7.0    6.4     27.6
  SINCE DEC 1     33.0                      28.6    4.4     51.4
  SINCE JUL 1     41.9                      31.6   10.3     54.1

DEGREE DAYS
 HEATING
  YESTERDAY       53                        35     18       23
  MONTH TO DATE  992                       776    216      864
  SINCE DEC 1   3175                      3054    121     3259
  SINCE JUL 1   4365                      4367     -2     4535

 COOLING
  YESTERDAY        0                         0      0        0
  MONTH TO DATE    0                         0      0        0
  SINCE DEC 1      0                         0      0        0
  SINCE JAN 1      0                         0      0        0
..................................................................


WIND (MPH)
  HIGHEST WIND SPEED    18   HIGHEST WIND DIRECTION    SW (210)
  HIGHEST GUST SPEED    28   HIGHEST GUST DIRECTION    SW (220)
  AVERAGE WIND SPEED     4.9


SKY COVER
  AVERAGE SKY COVER 0.9



RELATIVE HUMIDITY (PERCENT)
 HIGHEST    88           900 PM
 LOWEST     39          1000 AM
 AVERAGE    64

..........................................................


THE AVOCA PA CLIMATE NORMALS FOR TODAY
                         NORMAL    RECORD    YEAR
 MAXIMUM TEMPERATURE (F)   39        62      1997
                                             1974
                                             1930
 MINIMUM TEMPERATURE (F)   22        -1      1963


SUNRISE AND SUNSET
FEBRUARY 22 2015......SUNRISE   648 AM EST   SUNSET   545 PM EST
FEBRUARY 23 2015......SUNRISE   647 AM EST   SUNSET   546 PM EST


-  INDICATES NEGATIVE NUMBERS.
R  INDICATES RECORD WAS SET OR TIED.
MM INDICATES DATA IS MISSING.
T  INDICATES TRACE AMOUNT.




$$
