955
CDUS41 KBGM 190555
CLIAVP


CLIMATE REPORT
NATIONAL WEATHER SERVICE BINGHAMTON NY
154 AM EDT TUE JUL 19 2016


...................................

...THE AVOCA PA CLIMATE SUMMARY FOR JULY 18 2016...

CLIMATE NORMAL PERIOD 1981 TO 2010
CLIMATE RECORD PERIOD 1901 TO 2016


WEATHER ITEM   OBSERVED TIME   RECORD YEAR NORMAL DEPARTURE LAST
                VALUE   (LST)  VALUE       VALUE  FROM      YEAR
                                                  NORMAL
..................................................................
TEMPERATURE (F)
 YESTERDAY
  MAXIMUM         86    503 PM  98    1953  82      4       89
  MINIMUM         65    513 AM  49    1956  61      4       68
                                      1925
  AVERAGE         76                        72      4       79

PRECIPITATION (IN)
  YESTERDAY        0.11          2.36 1904   0.12  -0.01     0.08
  MONTH TO DATE    0.91                      2.12  -1.21     2.01
  SINCE JUN 1      2.50                      6.15  -3.65     8.53
  SINCE JAN 1     15.32                     19.95  -4.63    18.09

SNOWFALL (IN)
  YESTERDAY        0.0           0.0  1995   0.0    0.0      0.0
  MONTH TO DATE    0.0                       0.0    0.0      0.0
  SINCE JUN 1      0.0                       0.0    0.0      0.0
  SINCE JUL 1      0.0                       0.0    0.0      0.0

DEGREE DAYS
 HEATING
  YESTERDAY        0                         0      0        0
  MONTH TO DATE    0                         0      0        0
  SINCE JUN 1     24                        54    -30       24
  SINCE JUL 1      0                         0      0        0

 COOLING
  YESTERDAY       11                         7      4       14
  MONTH TO DATE  184                       121     63      122
  SINCE JUN 1    327                       238     89      277
  SINCE JAN 1    399                       275    124      425
..................................................................


WIND (MPH)
  HIGHEST WIND SPEED    20   HIGHEST WIND DIRECTION     N (340)
  HIGHEST GUST SPEED    24   HIGHEST GUST DIRECTION     N (340)
  AVERAGE WIND SPEED     6.3


SKY COVER
  AVERAGE SKY COVER 0.3



RELATIVE HUMIDITY (PERCENT)
 HIGHEST    84          1100 PM
 LOWEST     54           800 AM
 AVERAGE    69

..........................................................


THE AVOCA PA CLIMATE NORMALS FOR TODAY
                         NORMAL    RECORD    YEAR
 MAXIMUM TEMPERATURE (F)   82        95      1991
                                             1964
 MINIMUM TEMPERATURE (F)   61        50      1925
                                             1924


SUNRISE AND SUNSET
JULY 19 2016..........SUNRISE   546 AM EDT   SUNSET   832 PM EDT
JULY 20 2016..........SUNRISE   547 AM EDT   SUNSET   831 PM EDT


-  INDICATES NEGATIVE NUMBERS.
R  INDICATES RECORD WAS SET OR TIED.
MM INDICATES DATA IS MISSING.
T  INDICATES TRACE AMOUNT.




$$
