000
CDUS41 KBGM 092223
CLIAVP


CLIMATE REPORT
NATIONAL WEATHER SERVICE BINGHAMTON NY
522 PM EST TUE DEC 9 2014


...................................

...THE AVOCA PA CLIMATE SUMMARY FOR DECEMBER 9 2014...
VALID TODAY AS OF 0500 PM LOCAL TIME.

CLIMATE NORMAL PERIOD 1981 TO 2010
CLIMATE RECORD PERIOD 1901 TO 2014


WEATHER ITEM   OBSERVED TIME   RECORD YEAR NORMAL DEPARTURE LAST
                VALUE   (LST)  VALUE       VALUE  FROM      YEAR
                                                  NORMAL
..................................................................
TEMPERATURE (F)
 TODAY
  MAXIMUM         39    310 PM  64    1966  40     -1       36
  MINIMUM         30   1249 AM   3    1902  26      4       26
  AVERAGE         35                        33      2       31

PRECIPITATION (IN)
  TODAY            0.29          1.03 1973   0.10   0.19     0.01
  MONTH TO DATE    1.50                      0.89   0.61     1.22
  SINCE DEC 1      1.50                      0.89   0.61     1.22
  SINCE JAN 1     29.77                     36.47  -6.70    25.45

SNOWFALL (IN)
  TODAY           MM             7.3  2005   0.2   MM        0.0
  MONTH TO DATE    0.6                       1.5   -0.9      1.2
  SINCE DEC 1      0.6                       1.5   -0.9      1.2
  SINCE JUL 1      9.5                       4.5    5.0      3.9

DEGREE DAYS
 HEATING
  TODAY           30                        32     -2       34
  MONTH TO DATE  273                       277     -4      254
  SINCE DEC 1    273                       277     -4      254
  SINCE JUL 1   1463                      1590   -127     1530

 COOLING
  TODAY            0                         0      0        0
  MONTH TO DATE    0                         0      0        0
  SINCE DEC 1      0                         0      0        0
  SINCE JAN 1    686                       580    106      795
..................................................................


WIND (MPH)
  HIGHEST WIND SPEED    15   HIGHEST WIND DIRECTION    NE (40)
  HIGHEST GUST SPEED    22   HIGHEST GUST DIRECTION    NW (330)
  AVERAGE WIND SPEED     5.3


SKY COVER
  AVERAGE SKY COVER 1.0


WEATHER CONDITIONS
 THE FOLLOWING WEATHER WAS RECORDED TODAY.
  LIGHT RAIN
  FREEZING RAIN
  LT FREEZING RAIN
  FOG
  HAZE


RELATIVE HUMIDITY (PERCENT)
 HIGHEST    92           100 PM
 LOWEST     75           400 AM
 AVERAGE    84

..........................................................


THE AVOCA PA CLIMATE NORMALS FOR TOMORROW
                         NORMAL    RECORD    YEAR
 MAXIMUM TEMPERATURE (F)   39        65      1966
 MINIMUM TEMPERATURE (F)   26         4      1958


SUNRISE AND SUNSET
DECEMBER  9 2014......SUNRISE   717 AM EST   SUNSET   433 PM EST
DECEMBER 10 2014......SUNRISE   718 AM EST   SUNSET   434 PM EST


-  INDICATES NEGATIVE NUMBERS.
R  INDICATES RECORD WAS SET OR TIED.
MM INDICATES DATA IS MISSING.
T  INDICATES TRACE AMOUNT.




$$
