000
CDUS41 KBGM 172123
CLIAVP


CLIMATE REPORT
NATIONAL WEATHER SERVICE BINGHAMTON NY
522 PM EDT SUN AUG 17 2014


...................................

...THE AVOCA PA CLIMATE SUMMARY FOR AUGUST 17 2014...
VALID TODAY AS OF 0500 PM LOCAL TIME.

CLIMATE NORMAL PERIOD 1981 TO 2010
CLIMATE RECORD PERIOD 1901 TO 2014


WEATHER ITEM   OBSERVED TIME   RECORD YEAR NORMAL DEPARTURE LAST
                VALUE   (LST)  VALUE       VALUE  FROM      YEAR
                                                  NORMAL
..................................................................
TEMPERATURE (F)
 TODAY
  MAXIMUM         78    338 PM  95    1913  80     -2       81
  MINIMUM         59    140 AM  43    1979  60     -1       53
  AVERAGE         69                        70     -1       67

PRECIPITATION (IN)
  TODAY            0.06          1.55 1994   0.10  -0.04     0.00
  MONTH TO DATE    2.31                      1.93   0.38     0.80
  SINCE JUN 1      6.96                      9.75  -2.79     7.95
  SINCE JAN 1     19.67                     23.55  -3.88    17.72

SNOWFALL (IN)
  TODAY            0.0           0.0  1995   0.0    0.0      0.0
  MONTH TO DATE    0.0                       0.0    0.0      0.0
  SINCE JUN 1      0.0                       0.0    0.0      0.0
  SINCE JUL 1      0.0                       0.0    0.0      0.0

DEGREE DAYS
 HEATING
  TODAY            0                         0      0        0
  MONTH TO DATE    7                         0      7        8
  SINCE JUN 1     20                        62    -42       30
  SINCE JUL 1      9                         8      1        9

 COOLING
  TODAY            4                         5     -1        2
  MONTH TO DATE   84                       100    -16       63
  SINCE JUN 1    478                       423     55      528
  SINCE JAN 1    519                       460     59      592
..................................................................


WIND (MPH)
  HIGHEST WIND SPEED    17   HIGHEST WIND DIRECTION     N (350)
  HIGHEST GUST SPEED    23   HIGHEST GUST DIRECTION    NW (320)
  AVERAGE WIND SPEED     6.5


SKY COVER
  AVERAGE SKY COVER 0.7


WEATHER CONDITIONS
 THE FOLLOWING WEATHER WAS RECORDED TODAY.
  RAIN
  FOG


RELATIVE HUMIDITY (PERCENT)
 HIGHEST    90           600 AM
 LOWEST     40           400 PM
 AVERAGE    65

..........................................................


THE AVOCA PA CLIMATE NORMALS FOR TOMORROW
                         NORMAL    RECORD    YEAR
 MAXIMUM TEMPERATURE (F)   80        93      1995
                                             1913
 MINIMUM TEMPERATURE (F)   60        44      1941


SUNRISE AND SUNSET
AUGUST 17 2014........SUNRISE   614 AM EDT   SUNSET   759 PM EDT
AUGUST 18 2014........SUNRISE   615 AM EDT   SUNSET   758 PM EDT


-  INDICATES NEGATIVE NUMBERS.
R  INDICATES RECORD WAS SET OR TIED.
MM INDICATES DATA IS MISSING.
T  INDICATES TRACE AMOUNT.




$$
