000
CDUS41 KBGM 052222
CLIAVP


CLIMATE REPORT
NATIONAL WEATHER SERVICE BINGHAMTON NY
521 PM EST MON FEB 5 2018


...................................

...THE AVOCA PA CLIMATE SUMMARY FOR FEBRUARY 5 2018...
VALID TODAY AS OF 0500 PM LOCAL TIME.

CLIMATE NORMAL PERIOD 1981 TO 2010
CLIMATE RECORD PERIOD 1901 TO 2018


WEATHER ITEM   OBSERVED TIME   RECORD YEAR NORMAL DEPARTURE LAST
                VALUE   (LST)  VALUE       VALUE  FROM      YEAR
                                                  NORMAL
..................................................................
TEMPERATURE (F)
 TODAY
  MAXIMUM         33    521 AM  59    1991  35     -2       39
  MINIMUM         20   1139 AM -10    1918  19      1       24
  AVERAGE         27                        27      0       32

PRECIPITATION (IN)
  TODAY            T             1.54 1920   0.07  -0.07     0.00
  MONTH TO DATE    0.65                      0.39   0.26     0.04
  SINCE DEC 1      5.01                      5.44  -0.43     5.35
  SINCE JAN 1      3.33                      2.76   0.57     3.29

SNOWFALL (IN)
  TODAY            T             6.8  2014   0.3   -0.3      0.0
  MONTH TO DATE    3.1                       1.8    1.3      0.6
  SINCE DEC 1     20.5                      23.4   -2.9     11.4
  SINCE JUL 1     20.6                      26.4   -5.8     17.1

DEGREE DAYS
 HEATING
  TODAY           38                        38      0       33
  MONTH TO DATE  192                       191      1      182
  SINCE DEC 1   2527                      2469     58     2163
  SINCE JUL 1   3567                      3782   -215     3181

 COOLING
  TODAY            0                         0      0        0
  MONTH TO DATE    0                         0      0        0
  SINCE DEC 1      0                         0      0        0
  SINCE JAN 1      0                         0      0        0
..................................................................


WIND (MPH)
  HIGHEST WIND SPEED    25   HIGHEST WIND DIRECTION    NW (320)
  HIGHEST GUST SPEED    35   HIGHEST GUST DIRECTION    NW (330)
  AVERAGE WIND SPEED     9.8


SKY COVER
  AVERAGE SKY COVER 0.6


WEATHER CONDITIONS
 THE FOLLOWING WEATHER WAS RECORDED TODAY.
  LIGHT SNOW
  FOG
  FOG W/VISIBILITY <= 1/4 MILE
  HAZE


RELATIVE HUMIDITY (PERCENT)
 HIGHEST   100          1200 AM
 LOWEST     40           400 PM
 AVERAGE    70

..........................................................


THE AVOCA PA CLIMATE NORMALS FOR TOMORROW
                         NORMAL    RECORD    YEAR
 MAXIMUM TEMPERATURE (F)   35        57      1938
 MINIMUM TEMPERATURE (F)   19        -9      1906


SUNRISE AND SUNSET
FEBRUARY  5 2018......SUNRISE   710 AM EST   SUNSET   524 PM EST
FEBRUARY  6 2018......SUNRISE   709 AM EST   SUNSET   526 PM EST


-  INDICATES NEGATIVE NUMBERS.
R  INDICATES RECORD WAS SET OR TIED.
MM INDICATES DATA IS MISSING.
T  INDICATES TRACE AMOUNT.




$$
