000
CDUS41 KBGM 200548
CLIAVP


CLIMATE REPORT
NATIONAL WEATHER SERVICE BINGHAMTON NY
146 AM EDT WED APR 20 2016


...................................

...THE AVOCA PA CLIMATE SUMMARY FOR APRIL 19 2016...

CLIMATE NORMAL PERIOD 1981 TO 2010
CLIMATE RECORD PERIOD 1901 TO 2016


WEATHER ITEM   OBSERVED TIME   RECORD YEAR NORMAL DEPARTURE LAST
                VALUE   (LST)  VALUE       VALUE  FROM      YEAR
                                                  NORMAL
..................................................................
TEMPERATURE (F)
 YESTERDAY
  MAXIMUM         63    336 PM  91    1976  61      2       69
  MINIMUM         42   1159 PM  24    1904  40      2       38
  AVERAGE         53                        50      3       54

PRECIPITATION (IN)
  YESTERDAY        0.00          1.44 1998   0.11  -0.11      T
  MONTH TO DATE    2.13                      2.10   0.03     1.28
  SINCE MAR 1      3.91                      4.65  -0.74     3.24
  SINCE JAN 1      9.71                      9.05   0.66     6.24

SNOWFALL (IN)
  YESTERDAY        0.0           9.1  1983   0.2   -0.2      0.0
  MONTH TO DATE    2.2                       2.4   -0.2       T
  SINCE MAR 1      3.5                      11.4   -7.9      9.0
  SINCE JUL 1     15.5                      45.3  -29.8     51.4

DEGREE DAYS
 HEATING
  YESTERDAY       12                        15     -3       11
  MONTH TO DATE  382                       353     29      281
  SINCE MAR 1   1013                      1224   -211     1276
  SINCE JUL 1   4583                      5830  -1247     5973

 COOLING
  YESTERDAY        0                         0      0        0
  MONTH TO DATE    0                         0      0        0
  SINCE MAR 1      0                         0      0        0
  SINCE JAN 1      0                         0      0        0
..................................................................


WIND (MPH)
  HIGHEST WIND SPEED    23   HIGHEST WIND DIRECTION    NW (330)
  HIGHEST GUST SPEED    31   HIGHEST GUST DIRECTION     N (340)
  AVERAGE WIND SPEED    11.1


SKY COVER
  AVERAGE SKY COVER 0.2



RELATIVE HUMIDITY (PERCENT)
 HIGHEST    64           800 AM
 LOWEST     25           600 PM
 AVERAGE    45

..........................................................


THE AVOCA PA CLIMATE NORMALS FOR TODAY
                         NORMAL    RECORD    YEAR
 MAXIMUM TEMPERATURE (F)   61        91      1941
 MINIMUM TEMPERATURE (F)   40        22      1904


SUNRISE AND SUNSET
APRIL 20 2016.........SUNRISE   615 AM EDT   SUNSET   749 PM EDT
APRIL 21 2016.........SUNRISE   614 AM EDT   SUNSET   750 PM EDT


-  INDICATES NEGATIVE NUMBERS.
R  INDICATES RECORD WAS SET OR TIED.
MM INDICATES DATA IS MISSING.
T  INDICATES TRACE AMOUNT.




$$
