000
CDUS41 KBGM 220559
CLIAVP


CLIMATE REPORT
NATIONAL WEATHER SERVICE BINGHAMTON NY
1258 AM EST TUE NOV 22 2016


...................................

...THE AVOCA PA CLIMATE SUMMARY FOR NOVEMBER 21 2016...

CLIMATE NORMAL PERIOD 1981 TO 2010
CLIMATE RECORD PERIOD 1901 TO 2016


WEATHER ITEM   OBSERVED TIME   RECORD YEAR NORMAL DEPARTURE LAST
                VALUE   (LST)  VALUE       VALUE  FROM      YEAR
                                                  NORMAL
..................................................................
TEMPERATURE (F)
 YESTERDAY
  MAXIMUM         36    518 PM  72    1931  47    -11       51
  MINIMUM         30    837 AM  14    1987  32     -2       30
                                      1905
  AVERAGE         33                        40     -7       41

PRECIPITATION (IN)
  YESTERDAY        0.01          1.33 1954   0.11  -0.10     0.00
  MONTH TO DATE    0.87                      2.19  -1.32     1.31
  SINCE SEP 1      6.47                      9.60  -3.13     7.45
  SINCE JAN 1     28.03                     34.63  -6.60    28.60

SNOWFALL (IN)
  YESTERDAY       MM             0.9  1974   0.1   MM        0.0
  MONTH TO DATE    3.2                       1.8    1.4      0.0
  SINCE SEP 1      3.2                       1.9    1.3       T
  SINCE JUL 1      3.2                       1.9    1.3       T

DEGREE DAYS
 HEATING
  YESTERDAY       32                        25      7       24
  MONTH TO DATE  403                       463    -60      276
  SINCE SEP 1    802                      1040   -238      683
  SINCE JUL 1    803                      1066   -263      683

 COOLING
  YESTERDAY        0                         0      0        0
  MONTH TO DATE    0                         0      0        2
  SINCE SEP 1    132                        56     76      153
  SINCE JAN 1    998                       580    418      929
..................................................................


WIND (MPH)
  HIGHEST WIND SPEED    29   HIGHEST WIND DIRECTION     W (290)
  HIGHEST GUST SPEED    39   HIGHEST GUST DIRECTION     W (270)
  AVERAGE WIND SPEED    17.8


SKY COVER
  AVERAGE SKY COVER 0.9



RELATIVE HUMIDITY (PERCENT)
 HIGHEST    72           900 AM
 LOWEST     47           400 PM
 AVERAGE    60

..........................................................


THE AVOCA PA CLIMATE NORMALS FOR TODAY
                         NORMAL    RECORD    YEAR
 MAXIMUM TEMPERATURE (F)   47        72      1931
                                             1913
 MINIMUM TEMPERATURE (F)   32        15      2014
                                             1987
                                             1969


SUNRISE AND SUNSET
NOVEMBER 22 2016......SUNRISE   700 AM EST   SUNSET   438 PM EST
NOVEMBER 23 2016......SUNRISE   701 AM EST   SUNSET   438 PM EST


-  INDICATES NEGATIVE NUMBERS.
R  INDICATES RECORD WAS SET OR TIED.
MM INDICATES DATA IS MISSING.
T  INDICATES TRACE AMOUNT.




$$
