000
CDUS41 KBGM 080303
CLIAVP


CLIMATE REPORT
NATIONAL WEATHER SERVICE BINGHAMTON NY
1103 PM EDT SUN MAY 7 2017


...................................

...THE AVOCA PA CLIMATE SUMMARY FOR MAY 7 2017...
VALID AS OF 1000 PM LOCAL TIME.

CLIMATE NORMAL PERIOD 1981 TO 2010
CLIMATE RECORD PERIOD 1901 TO 2017


WEATHER ITEM   OBSERVED TIME   RECORD YEAR NORMAL DEPARTURE LAST
                VALUE   (LST)  VALUE       VALUE  FROM      YEAR
                                                  NORMAL
..................................................................
TEMPERATURE (F)
 TODAY
  MAXIMUM         MM        MM  90    1930  67     MM       61
  MINIMUM         MM        MM  31    1996  45     MM       48
  AVERAGE         MM                        56     MM       55

PRECIPITATION (IN)
  TODAY            0.25          1.50 1908   0.11   0.14     0.01
  MONTH TO DATE    1.66                      0.76   0.90     1.58
  SINCE MAR 1     10.10                      6.64   3.46     6.05
  SINCE JAN 1     16.33                     11.04   5.29    11.85

SNOWFALL (IN)
  TODAY            0.0           0.0    MM   0.0    0.0      0.0
  MONTH TO DATE    0.0                       0.3   -0.3      0.0
  SINCE MAR 1     30.7                      12.6   18.1      3.5
  SINCE JUL 1     55.5                      46.5    9.0     15.5

DEGREE DAYS
 HEATING
  TODAY           MM                         9     MM       10
  MONTH TO DATE   53                        71    -18       93
  SINCE MAR 1   1277                      1438   -161     1234
  SINCE JUL 1   5032                      6044  -1012     4804

 COOLING
  TODAY           MM                         0     MM        0
  MONTH TO DATE    1                         0      1        0
  SINCE MAR 1     23                         6     17        1
  SINCE JAN 1     23                         6     17        1
..................................................................


WIND (MPH)
  HIGHEST WIND SPEED     9   HIGHEST WIND DIRECTION    SW (230)
  HIGHEST GUST SPEED    MM   HIGHEST GUST DIRECTION    MM
  AVERAGE WIND SPEED     6.9


SKY COVER
  AVERAGE SKY COVER 0.9


WEATHER CONDITIONS
 THE FOLLOWING WEATHER WAS RECORDED TODAY.
  RAIN
  LIGHT RAIN
  FOG


RELATIVE HUMIDITY (PERCENT)
 HIGHEST   100           300 AM
 LOWEST     76           900 AM
 AVERAGE    88

..........................................................


THE AVOCA PA CLIMATE NORMALS FOR TOMORROW
                         NORMAL    RECORD    YEAR
 MAXIMUM TEMPERATURE (F)   68        91      2015
 MINIMUM TEMPERATURE (F)   45        30      1956


SUNRISE AND SUNSET
MAY  7 2017...........SUNRISE   553 AM EDT   SUNSET   807 PM EDT
MAY  8 2017...........SUNRISE   551 AM EDT   SUNSET   808 PM EDT


-  INDICATES NEGATIVE NUMBERS.
R  INDICATES RECORD WAS SET OR TIED.
MM INDICATES DATA IS MISSING.
T  INDICATES TRACE AMOUNT.




$$
