000
CDUS41 KBGM 082119
CLIAVP


CLIMATE REPORT
NATIONAL WEATHER SERVICE BINGHAMTON NY
519 PM EDT SUN MAY 8 2016


...................................

...THE AVOCA PA CLIMATE SUMMARY FOR MAY 8 2016...
VALID TODAY AS OF 0500 PM LOCAL TIME.

CLIMATE NORMAL PERIOD 1981 TO 2010
CLIMATE RECORD PERIOD 1901 TO 2016


WEATHER ITEM   OBSERVED TIME   RECORD YEAR NORMAL DEPARTURE LAST
                VALUE   (LST)  VALUE       VALUE  FROM      YEAR
                                                  NORMAL
..................................................................
TEMPERATURE (F)
 TODAY
  MAXIMUM         62    330 PM  91    2015  68     -6       91
  MINIMUM         52    630 AM  30    1956  45      7       58
  AVERAGE         57                        56      1       75

PRECIPITATION (IN)
  TODAY            T             1.38 1923   0.10  -0.10     0.00
  MONTH TO DATE    1.58                      0.86   0.72     0.14
  SINCE MAR 1      6.05                      6.74  -0.69     4.98
  SINCE JAN 1     11.85                     11.14   0.71     7.98

SNOWFALL (IN)
  TODAY            0.0           0.4  1977   0.0    0.0      0.0
  MONTH TO DATE    0.0                       0.3   -0.3      0.0
  SINCE MAR 1      3.5                      12.6   -9.1      9.0
  SINCE JUL 1     15.5                      46.5  -31.0     51.4

DEGREE DAYS
 HEATING
  TODAY            8                         9     -1        0
  MONTH TO DATE  101                        80     21       23
  SINCE MAR 1   1242                      1447   -205     1470
  SINCE JUL 1   4812                      6053  -1241     6167

 COOLING
  TODAY            0                         1     -1       10
  MONTH TO DATE    0                         1     -1       23
  SINCE MAR 1      1                         7     -6       23
  SINCE JAN 1      1                         7     -6       23
..................................................................


WIND (MPH)
  HIGHEST WIND SPEED    26   HIGHEST WIND DIRECTION     N (340)
  HIGHEST GUST SPEED    37   HIGHEST GUST DIRECTION     N (340)
  AVERAGE WIND SPEED    13.2


SKY COVER
  AVERAGE SKY COVER 0.7


WEATHER CONDITIONS
 THE FOLLOWING WEATHER WAS RECORDED TODAY.
  LIGHT RAIN


RELATIVE HUMIDITY (PERCENT)
 HIGHEST    89           600 AM
 LOWEST     27           300 PM
 AVERAGE    58

..........................................................


THE AVOCA PA CLIMATE NORMALS FOR TOMORROW
                         NORMAL    RECORD    YEAR
 MAXIMUM TEMPERATURE (F)   68        90      1979
 MINIMUM TEMPERATURE (F)   46        31      1966


SUNRISE AND SUNSET
MAY  8 2016...........SUNRISE   551 AM EDT   SUNSET   808 PM EDT
MAY  9 2016...........SUNRISE   550 AM EDT   SUNSET   809 PM EDT


-  INDICATES NEGATIVE NUMBERS.
R  INDICATES RECORD WAS SET OR TIED.
MM INDICATES DATA IS MISSING.
T  INDICATES TRACE AMOUNT.




$$
