000
CDUS41 KBGM 270529
CLIAVP


CLIMATE REPORT
NATIONAL WEATHER SERVICE BINGHAMTON NY
1229 AM EST MON NOV 27 2017


...................................

...THE AVOCA PA CLIMATE SUMMARY FOR NOVEMBER 26 2017...

CLIMATE NORMAL PERIOD 1981 TO 2010
CLIMATE RECORD PERIOD 1901 TO 2017


WEATHER ITEM   OBSERVED TIME   RECORD YEAR NORMAL DEPARTURE LAST
                VALUE   (LST)  VALUE       VALUE  FROM      YEAR
                                                  NORMAL
..................................................................
TEMPERATURE (F)
 YESTERDAY
  MAXIMUM         44    127 AM  68    1979  45     -1       43
  MINIMUM         32    631 PM   6    1938  30      2       37
  AVERAGE         38                        38      0       40

PRECIPITATION (IN)
  YESTERDAY        0.01          0.83 2013   0.10  -0.09     0.08
                                      2007
  MONTH TO DATE    1.04                      2.71  -1.67     1.08
  SINCE SEP 1      5.68                     10.12  -4.44     6.68
  SINCE JAN 1     35.80                     35.15   0.65    28.24

SNOWFALL (IN)
  YESTERDAY        0.0           7.1  2014   0.1   -0.1      0.0
  MONTH TO DATE    0.1                       2.4   -2.3      5.7
  SINCE SEP 1      0.1                       2.5   -2.4      5.7
  SINCE JUL 1      0.1                       2.5   -2.4      5.7

DEGREE DAYS
 HEATING
  YESTERDAY       27                        27      0       25
  MONTH TO DATE  607                       596     11      539
  SINCE SEP 1    928                      1173   -245      938
  SINCE JUL 1    945                      1199   -254      939

 COOLING
  YESTERDAY        0                         0      0        0
  MONTH TO DATE    0                         0      0        0
  SINCE SEP 1    165                        56    109      132
  SINCE JAN 1    804                       580    224      998
..................................................................


WIND (MPH)
  HIGHEST WIND SPEED    22   HIGHEST WIND DIRECTION    NW (330)
  HIGHEST GUST SPEED    29   HIGHEST GUST DIRECTION     N (340)
  AVERAGE WIND SPEED    10.7


SKY COVER
  AVERAGE SKY COVER 0.6



RELATIVE HUMIDITY (PERCENT)
 HIGHEST    82           100 AM
 LOWEST     46           300 PM
 AVERAGE    64

..........................................................


THE AVOCA PA CLIMATE NORMALS FOR TODAY
                         NORMAL    RECORD    YEAR
 MAXIMUM TEMPERATURE (F)   45        64      1988
 MINIMUM TEMPERATURE (F)   30         8      1932


SUNRISE AND SUNSET
NOVEMBER 27 2017......SUNRISE   705 AM EST   SUNSET   436 PM EST
NOVEMBER 28 2017......SUNRISE   706 AM EST   SUNSET   435 PM EST


-  INDICATES NEGATIVE NUMBERS.
R  INDICATES RECORD WAS SET OR TIED.
MM INDICATES DATA IS MISSING.
T  INDICATES TRACE AMOUNT.




$$
