000
CDUS41 KBGM 160318
CLIAVP


CLIMATE REPORT
NATIONAL WEATHER SERVICE BINGHAMTON NY
1018 PM EST THU JAN 15 2015


...................................

...THE AVOCA PA CLIMATE SUMMARY FOR JANUARY 15 2015...
VALID AS OF 1000 PM LOCAL TIME.

CLIMATE NORMAL PERIOD 1981 TO 2010
CLIMATE RECORD PERIOD 1901 TO 2015


WEATHER ITEM   OBSERVED TIME   RECORD YEAR NORMAL DEPARTURE LAST
                VALUE   (LST)  VALUE       VALUE  FROM      YEAR
                                                  NORMAL
..................................................................
TEMPERATURE (F)
 TODAY
  MAXIMUM         31    338 PM  66    1937  33     -2       48
  MINIMUM         19    817 AM -10    1957  18      1       28
  AVERAGE         25                        26     -1       38

PRECIPITATION (IN)
  TODAY            0.00          1.52 1918   0.07  -0.07     0.00
  MONTH TO DATE    0.90                      1.10  -0.20     1.82
  SINCE DEC 1      3.68                      3.78  -0.10     5.16
  SINCE JAN 1      0.90                      1.10  -0.20     1.82

SNOWFALL (IN)
  TODAY            0.0           5.4  1983   0.5   -0.5       T
  MONTH TO DATE    3.5                       7.0   -3.5      6.8
  SINCE DEC 1      7.9                      14.4   -6.5     17.6
  SINCE JUL 1     16.8                      17.4   -0.6     20.3

DEGREE DAYS
 HEATING
  TODAY           40                        39      1       27
  MONTH TO DATE  623                       584     39      592
  SINCE DEC 1   1525                      1649   -124     1630
  SINCE JUL 1   2715                      2962   -247     2906

 COOLING
  TODAY            0                         0      0        0
  MONTH TO DATE    0                         0      0        0
  SINCE DEC 1      0                         0      0        0
  SINCE JAN 1      0                         0      0        0
..................................................................


WIND (MPH)
  HIGHEST WIND SPEED    14   HIGHEST WIND DIRECTION    SW (240)
  HIGHEST GUST SPEED    19   HIGHEST GUST DIRECTION     W (270)
  AVERAGE WIND SPEED     4.7


SKY COVER
  AVERAGE SKY COVER 0.5


WEATHER CONDITIONS
 THE FOLLOWING WEATHER WAS RECORDED TODAY.
  FOG
  HAZE


RELATIVE HUMIDITY (PERCENT)
 HIGHEST    84           200 AM
 LOWEST     47           400 PM
 AVERAGE    66

..........................................................


THE AVOCA PA CLIMATE NORMALS FOR TOMORROW
                         NORMAL    RECORD    YEAR
 MAXIMUM TEMPERATURE (F)   33        62      1995
 MINIMUM TEMPERATURE (F)   18        -4      2004
                                             1994


SUNRISE AND SUNSET
JANUARY 15 2015.......SUNRISE   727 AM EST   SUNSET   458 PM EST
JANUARY 16 2015.......SUNRISE   726 AM EST   SUNSET   459 PM EST


-  INDICATES NEGATIVE NUMBERS.
R  INDICATES RECORD WAS SET OR TIED.
MM INDICATES DATA IS MISSING.
T  INDICATES TRACE AMOUNT.




$$
