000
CDUS41 KBGM 010221
CLIAVP


CLIMATE REPORT
NATIONAL WEATHER SERVICE BINGHAMTON NY
1020 PM EDT SAT SEP 30 2017


...................................

...THE AVOCA PA CLIMATE SUMMARY FOR SEPTEMBER 30 2017...
VALID AS OF 1000 PM LOCAL TIME.

CLIMATE NORMAL PERIOD 1981 TO 2010
CLIMATE RECORD PERIOD 1901 TO 2017


WEATHER ITEM   OBSERVED TIME   RECORD YEAR NORMAL DEPARTURE LAST
                VALUE   (LST)  VALUE       VALUE  FROM      YEAR
                                                  NORMAL
..................................................................
TEMPERATURE (F)
 TODAY
  MAXIMUM         55    219 PM  87    1953  67    -12       58
  MINIMUM         51   1212 AM  32    1991  47      4       50
                                      1951
                                      1932
  AVERAGE         53                        56     -3       54

PRECIPITATION (IN)
  TODAY            T             3.69 2010   0.14  -0.14     0.80
  MONTH TO DATE    1.72                      4.07  -2.35     3.00
  SINCE SEP 1      1.72                      4.07  -2.35     3.00
  SINCE JAN 1     31.84                     29.10   2.74    24.56

SNOWFALL (IN)
  TODAY            0.0           0.0    MM   0.0    0.0      0.0
  MONTH TO DATE    0.0                       0.0    0.0      0.0
  SINCE SEP 1      0.0                       0.0    0.0      0.0
  SINCE JUL 1      0.0                       0.0    0.0      0.0

DEGREE DAYS
 HEATING
  TODAY           12                         9      3       11
  MONTH TO DATE   88                       136    -48       59
  SINCE SEP 1     88                       136    -48       59
  SINCE JUL 1    105                       162    -57       60

 COOLING
  TODAY            0                         0      0        0
  MONTH TO DATE  128                        52     76      127
  SINCE SEP 1    128                        52     76      127
  SINCE JAN 1    767                       576    191      993
..................................................................


WIND (MPH)
  HIGHEST WIND SPEED    23   HIGHEST WIND DIRECTION    NW (320)
  HIGHEST GUST SPEED    29   HIGHEST GUST DIRECTION    NW (330)
  AVERAGE WIND SPEED     9.5


SKY COVER
  AVERAGE SKY COVER 0.9


WEATHER CONDITIONS
 THE FOLLOWING WEATHER WAS RECORDED TODAY.
  LIGHT RAIN
  FOG


RELATIVE HUMIDITY (PERCENT)
 HIGHEST   100           300 AM
 LOWEST     66           300 PM
 AVERAGE    83

..........................................................


THE AVOCA PA CLIMATE NORMALS FOR TOMORROW
                         NORMAL    RECORD    YEAR
 MAXIMUM TEMPERATURE (F)   66        87      1905
 MINIMUM TEMPERATURE (F)   46        30      1993


SUNRISE AND SUNSET
SEPTEMBER 30 2017.....SUNRISE   659 AM EDT   SUNSET   646 PM EDT
OCTOBER  1 2017.......SUNRISE   700 AM EDT   SUNSET   644 PM EDT


-  INDICATES NEGATIVE NUMBERS.
R  INDICATES RECORD WAS SET OR TIED.
MM INDICATES DATA IS MISSING.
T  INDICATES TRACE AMOUNT.




$$
