000
CDUS41 KBGM 262125
CLIAVP


CLIMATE REPORT
NATIONAL WEATHER SERVICE BINGHAMTON NY
525 PM EDT THU MAY 26 2016


...................................

...THE AVOCA PA CLIMATE SUMMARY FOR MAY 26 2016...
VALID TODAY AS OF 0500 PM LOCAL TIME.

CLIMATE NORMAL PERIOD 1981 TO 2010
CLIMATE RECORD PERIOD 1901 TO 2016


WEATHER ITEM   OBSERVED TIME   RECORD YEAR NORMAL DEPARTURE LAST
                VALUE   (LST)  VALUE       VALUE  FROM      YEAR
                                                  NORMAL
..................................................................
TEMPERATURE (F)
 TODAY
  MAXIMUM         88    250 PM  92    2010  72     16       89
                                      1914
  MINIMUM         56    401 AM  39    1972  51      5       65
  AVERAGE         72                        62     10       77

PRECIPITATION (IN)
  TODAY            0.00          0.98 1943   0.11  -0.11     0.04
  MONTH TO DATE    2.33                      2.91  -0.58     0.43
  SINCE MAR 1      6.80                      8.79  -1.99     5.27
  SINCE JAN 1     12.60                     13.19  -0.59     8.27

SNOWFALL (IN)
  TODAY            0.0           0.0    MM   0.0    0.0      0.0
  MONTH TO DATE    0.0                       0.3   -0.3      0.0
  SINCE MAR 1      3.5                      12.6   -9.1      9.0
  SINCE JUL 1     15.5                      46.5  -31.0     51.4

DEGREE DAYS
 HEATING
  TODAY            0                         5     -5        0
  MONTH TO DATE  231                       206     25      100
  SINCE MAR 1   1372                      1573   -201     1547
  SINCE JUL 1   4942                      6179  -1237     6244

 COOLING
  TODAY            7                         2      5       12
  MONTH TO DATE   13                        21     -8      105
  SINCE MAR 1     14                        27    -13      105
  SINCE JAN 1     14                        27    -13      105
..................................................................


WIND (MPH)
  HIGHEST WIND SPEED    15   HIGHEST WIND DIRECTION     W (260)
  HIGHEST GUST SPEED    21   HIGHEST GUST DIRECTION     W (250)
  AVERAGE WIND SPEED     5.1


SKY COVER
  AVERAGE SKY COVER 0.2


WEATHER CONDITIONS
 THE FOLLOWING WEATHER WAS RECORDED TODAY.
  NO SIGNIFICANT WEATHER WAS OBSERVED.


RELATIVE HUMIDITY (PERCENT)
 HIGHEST    80           300 AM
 LOWEST     31           200 PM
 AVERAGE    56

..........................................................


THE AVOCA PA CLIMATE NORMALS FOR TOMORROW
                         NORMAL    RECORD    YEAR
 MAXIMUM TEMPERATURE (F)   73        90      1914
 MINIMUM TEMPERATURE (F)   51        35      1969


SUNRISE AND SUNSET
MAY 26 2016...........SUNRISE   535 AM EDT   SUNSET   826 PM EDT
MAY 27 2016...........SUNRISE   534 AM EDT   SUNSET   826 PM EDT


-  INDICATES NEGATIVE NUMBERS.
R  INDICATES RECORD WAS SET OR TIED.
MM INDICATES DATA IS MISSING.
T  INDICATES TRACE AMOUNT.




$$
