000
CDUS41 KBGM 200539
CLIAVP


CLIMATE REPORT
NATIONAL WEATHER SERVICE BINGHAMTON NY
139 AM EDT SAT SEP 20 2014


...................................

...THE AVOCA PA CLIMATE SUMMARY FOR SEPTEMBER 19 2014...

CLIMATE NORMAL PERIOD 1981 TO 2010
CLIMATE RECORD PERIOD 1901 TO 2014


WEATHER ITEM   OBSERVED TIME   RECORD YEAR NORMAL DEPARTURE LAST
                VALUE   (LST)  VALUE       VALUE  FROM      YEAR
                                                  NORMAL
..................................................................
TEMPERATURE (F)
 YESTERDAY
  MAXIMUM         68    346 PM  90    1983  71     -3       78
  MINIMUM         44    627 AM  34    1959  51     -7       44
  AVERAGE         56                        61     -5       61

PRECIPITATION (IN)
  YESTERDAY        0.00          0.88 1960   0.14  -0.14     0.00
  MONTH TO DATE    0.48                      2.52  -2.04     0.69
  SINCE SEP 1      0.48                      2.52  -2.04     0.69
  SINCE JAN 1     22.04                     27.55  -5.51    19.04

SNOWFALL (IN)
  YESTERDAY        0.0           0.0    MM   0.0    0.0      0.0
  MONTH TO DATE    0.0                       0.0    0.0      0.0
  SINCE SEP 1      0.0                       0.0    0.0      0.0
  SINCE JUL 1      0.0                       0.0    0.0      0.0

DEGREE DAYS
 HEATING
  YESTERDAY        9                         5      4        4
  MONTH TO DATE   69                        57     12       90
  SINCE SEP 1     69                        57     12       90
  SINCE JUL 1     80                        83     -3       99

 COOLING
  YESTERDAY        0                         1     -1        0
  MONTH TO DATE   77                        43     34       69
  SINCE SEP 1     77                        43     34       69
  SINCE JAN 1    663                       567     96      771
..................................................................


WIND (MPH)
  HIGHEST WIND SPEED    13   HIGHEST WIND DIRECTION    SE (140)
  HIGHEST GUST SPEED    24   HIGHEST GUST DIRECTION    SE (140)
  AVERAGE WIND SPEED     4.5


SKY COVER
  AVERAGE SKY COVER 0.3



RELATIVE HUMIDITY (PERCENT)
 HIGHEST    93           400 AM
 LOWEST     45           100 PM
 AVERAGE    69

..........................................................


THE AVOCA PA CLIMATE NORMALS FOR TODAY
                         NORMAL    RECORD    YEAR
 MAXIMUM TEMPERATURE (F)   71        91      1983
 MINIMUM TEMPERATURE (F)   51        33      1993


SUNRISE AND SUNSET
SEPTEMBER 20 2014.....SUNRISE   648 AM EDT   SUNSET   704 PM EDT
SEPTEMBER 21 2014.....SUNRISE   649 AM EDT   SUNSET   702 PM EDT


-  INDICATES NEGATIVE NUMBERS.
R  INDICATES RECORD WAS SET OR TIED.
MM INDICATES DATA IS MISSING.
T  INDICATES TRACE AMOUNT.




$$
