000
CDUS41 KBGM 150347
CLIAVP


CLIMATE REPORT
NATIONAL WEATHER SERVICE BINGHAMTON NY
1047 PM EST SUN JAN 14 2018


...................................

...THE AVOCA PA CLIMATE SUMMARY FOR JANUARY 14 2018...
VALID AS OF 1000 PM LOCAL TIME.

CLIMATE NORMAL PERIOD 1981 TO 2010
CLIMATE RECORD PERIOD 1901 TO 2018


WEATHER ITEM   OBSERVED TIME   RECORD YEAR NORMAL DEPARTURE LAST
                VALUE   (LST)  VALUE       VALUE  FROM      YEAR
                                                  NORMAL
..................................................................
TEMPERATURE (F)
 TODAY
  MAXIMUM         18    316 PM  69    1932  33    -15       30
  MINIMUM          7    844 AM -10    1914  18    -11       21
                                      1912
  AVERAGE         13                        26    -13       26

PRECIPITATION (IN)
  TODAY            0.00          1.38 2005   0.08  -0.08     0.14
  MONTH TO DATE    1.38                      1.03   0.35     1.21
  SINCE DEC 1      3.06                      3.71  -0.65     3.27
  SINCE JAN 1      1.38                      1.03   0.35     1.21

SNOWFALL (IN)
  TODAY            0.0           4.2  1978   0.5   -0.5      1.5
  MONTH TO DATE    3.4                       6.5   -3.1      1.9
  SINCE DEC 1     10.5                      13.9   -3.4      8.8
  SINCE JUL 1     10.6                      16.9   -6.3     14.5

DEGREE DAYS
 HEATING
  TODAY           52                        39     13       39
  MONTH TO DATE  623                       545     78      489
  SINCE DEC 1   1734                      1610    124     1483
  SINCE JUL 1   2774                      2923   -149     2501

 COOLING
  TODAY            0                         0      0        0
  MONTH TO DATE    0                         0      0        0
  SINCE DEC 1      0                         0      0        0
  SINCE JAN 1      0                         0      0        0
..................................................................


WIND (MPH)
  HIGHEST WIND SPEED    15   HIGHEST WIND DIRECTION     N (350)
  HIGHEST GUST SPEED    19   HIGHEST GUST DIRECTION    NW (310)
  AVERAGE WIND SPEED     7.6


SKY COVER
  AVERAGE SKY COVER 0.3


WEATHER CONDITIONS
 THE FOLLOWING WEATHER WAS RECORDED TODAY.
  NO SIGNIFICANT WEATHER WAS OBSERVED.


RELATIVE HUMIDITY (PERCENT)
 HIGHEST    80           800 AM
 LOWEST     49           200 PM
 AVERAGE    65

..........................................................


THE AVOCA PA CLIMATE NORMALS FOR TOMORROW
                         NORMAL    RECORD    YEAR
 MAXIMUM TEMPERATURE (F)   33        66      1937
 MINIMUM TEMPERATURE (F)   18       -10      1957


SUNRISE AND SUNSET
JANUARY 14 2018.......SUNRISE   727 AM EST   SUNSET   457 PM EST
JANUARY 15 2018.......SUNRISE   727 AM EST   SUNSET   459 PM EST


-  INDICATES NEGATIVE NUMBERS.
R  INDICATES RECORD WAS SET OR TIED.
MM INDICATES DATA IS MISSING.
T  INDICATES TRACE AMOUNT.




$$
