000
CDUS41 KBGM 200526
CLIAVP


CLIMATE REPORT
NATIONAL WEATHER SERVICE BINGHAMTON NY
1225 AM EST FRI JAN 20 2017


...................................

...THE AVOCA PA CLIMATE SUMMARY FOR JANUARY 19 2017...

CLIMATE NORMAL PERIOD 1981 TO 2010
CLIMATE RECORD PERIOD 1901 TO 2017


WEATHER ITEM   OBSERVED TIME   RECORD YEAR NORMAL DEPARTURE LAST
                VALUE   (LST)  VALUE       VALUE  FROM      YEAR
                                                  NORMAL
..................................................................
TEMPERATURE (F)
 YESTERDAY
  MAXIMUM         41   1257 PM  62    1996  33      8       26
                                      1929
  MINIMUM         35   1159 PM -15    1904  18     17       10
  AVERAGE         38                        26     12       18

PRECIPITATION (IN)
  YESTERDAY        0.01          2.06 1996   0.08  -0.07      T
  MONTH TO DATE    1.78                      1.41   0.37     1.59
  SINCE DEC 1      3.84                      4.09  -0.25     4.14
  SINCE JAN 1      1.78                      1.41   0.37     1.59

SNOWFALL (IN)
  YESTERDAY        0.0           4.8  1987   0.4   -0.4       T
                                      1961
  MONTH TO DATE    1.9                       8.9   -7.0      2.2
  SINCE DEC 1      8.8                      16.3   -7.5      3.0
  SINCE JUL 1     14.5                      19.3   -4.8      3.0

DEGREE DAYS
 HEATING
  YESTERDAY       27                        39    -12       47
  MONTH TO DATE  650                       740    -90      703
  SINCE DEC 1   1644                      1805   -161     1331
  SINCE JUL 1   2662                      3118   -456     2239

 COOLING
  YESTERDAY        0                         0      0        0
  MONTH TO DATE    0                         0      0        0
  SINCE DEC 1      0                         0      0        0
  SINCE JAN 1      0                         0      0        0
..................................................................


WIND (MPH)
  HIGHEST WIND SPEED    13   HIGHEST WIND DIRECTION    NW (330)
  HIGHEST GUST SPEED    18   HIGHEST GUST DIRECTION     N (340)
  AVERAGE WIND SPEED     3.9


SKY COVER
  AVERAGE SKY COVER 0.9



RELATIVE HUMIDITY (PERCENT)
 HIGHEST   100          1200 AM
 LOWEST     76           900 PM
 AVERAGE    88

..........................................................


THE AVOCA PA CLIMATE NORMALS FOR TODAY
                         NORMAL    RECORD    YEAR
 MAXIMUM TEMPERATURE (F)   33        63      1951
 MINIMUM TEMPERATURE (F)   18       -11      1994


SUNRISE AND SUNSET
JANUARY 20 2017.......SUNRISE   724 AM EST   SUNSET   505 PM EST
JANUARY 21 2017.......SUNRISE   723 AM EST   SUNSET   506 PM EST


-  INDICATES NEGATIVE NUMBERS.
R  INDICATES RECORD WAS SET OR TIED.
MM INDICATES DATA IS MISSING.
T  INDICATES TRACE AMOUNT.




$$
