000
CDUS41 KBGM 282217
CLIAVP


CLIMATE REPORT
NATIONAL WEATHER SERVICE BINGHAMTON NY
516 PM EST SUN DEC 28 2014


...................................

...THE AVOCA PA CLIMATE SUMMARY FOR DECEMBER 28 2014...
VALID TODAY AS OF 0500 PM LOCAL TIME.

CLIMATE NORMAL PERIOD 1981 TO 2010
CLIMATE RECORD PERIOD 1901 TO 2014


WEATHER ITEM   OBSERVED TIME   RECORD YEAR NORMAL DEPARTURE LAST
                VALUE   (LST)  VALUE       VALUE  FROM      YEAR
                                                  NORMAL
..................................................................
TEMPERATURE (F)
 TODAY
  MAXIMUM         50    144 AM  63    2008  34     16       48
  MINIMUM         42    459 PM  -4    1960  20     22       24
  AVERAGE         46                        27     19       36

PRECIPITATION (IN)
  TODAY            0.01          1.27 1942   0.07  -0.06     0.00
  MONTH TO DATE    2.78                      2.46   0.32     2.42
  SINCE DEC 1      2.78                      2.46   0.32     2.42
  SINCE JAN 1     31.05                     38.04  -6.99    26.65

SNOWFALL (IN)
  TODAY            0.0           9.7  1967   0.4   -0.4      0.0
  MONTH TO DATE    4.4                       6.4   -2.0     10.0
  SINCE DEC 1      4.4                       6.4   -2.0     10.0
  SINCE JUL 1     13.3                       9.4    3.9     12.7

DEGREE DAYS
 HEATING
  TODAY           19                        38    -19       29
  MONTH TO DATE  790                       951   -161      933
  SINCE DEC 1    790                       951   -161      933
  SINCE JUL 1   1980                      2264   -284     2209

 COOLING
  TODAY            0                         0      0        0
  MONTH TO DATE    0                         0      0        0
  SINCE DEC 1      0                         0      0        0
  SINCE JAN 1    686                       580    106      795
..................................................................


WIND (MPH)
  HIGHEST WIND SPEED    17   HIGHEST WIND DIRECTION    NW (310)
  HIGHEST GUST SPEED    25   HIGHEST GUST DIRECTION    NW (330)
  AVERAGE WIND SPEED     8.9


SKY COVER
  AVERAGE SKY COVER 0.9


WEATHER CONDITIONS
 THE FOLLOWING WEATHER WAS RECORDED TODAY.
  LIGHT RAIN


RELATIVE HUMIDITY (PERCENT)
 HIGHEST    76           900 AM
 LOWEST     42           200 AM
 AVERAGE    59

..........................................................


THE AVOCA PA CLIMATE NORMALS FOR TOMORROW
                         NORMAL    RECORD    YEAR
 MAXIMUM TEMPERATURE (F)   34        67      1984
 MINIMUM TEMPERATURE (F)   20       -10      1933
                                             1917


SUNRISE AND SUNSET
DECEMBER 28 2014......SUNRISE   728 AM EST   SUNSET   441 PM EST
DECEMBER 29 2014......SUNRISE   728 AM EST   SUNSET   442 PM EST


-  INDICATES NEGATIVE NUMBERS.
R  INDICATES RECORD WAS SET OR TIED.
MM INDICATES DATA IS MISSING.
T  INDICATES TRACE AMOUNT.




$$
