000
CDUS41 KBGM 220531
CLIAVP


CLIMATE REPORT
NATIONAL WEATHER SERVICE BINGHAMTON NY
130 AM EDT FRI JUL 22 2016


...................................

...THE AVOCA PA CLIMATE SUMMARY FOR JULY 21 2016...

CLIMATE NORMAL PERIOD 1981 TO 2010
CLIMATE RECORD PERIOD 1901 TO 2016


WEATHER ITEM   OBSERVED TIME   RECORD YEAR NORMAL DEPARTURE LAST
                VALUE   (LST)  VALUE       VALUE  FROM      YEAR
                                                  NORMAL
..................................................................
TEMPERATURE (F)
 YESTERDAY
  MAXIMUM         91    338 PM  99    1930  82      9       89
  MINIMUM         58    454 AM  47    1965  61     -3       61
  AVERAGE         75                        72      3       75

PRECIPITATION (IN)
  YESTERDAY        0.00          1.59 1927   0.12  -0.12     0.15
  MONTH TO DATE    0.91                      2.49  -1.58     2.17
  SINCE JUN 1      2.50                      6.52  -4.02     8.69
  SINCE JAN 1     15.32                     20.32  -5.00    18.25

SNOWFALL (IN)
  YESTERDAY        0.0           0.0  1995   0.0    0.0      0.0
  MONTH TO DATE    0.0                       0.0    0.0      0.0
  SINCE JUN 1      0.0                       0.0    0.0      0.0
  SINCE JUL 1      0.0                       0.0    0.0      0.0

DEGREE DAYS
 HEATING
  YESTERDAY        0                         0      0        0
  MONTH TO DATE    0                         0      0        0
  SINCE JUN 1     24                        54    -30       24
  SINCE JUL 1      0                         0      0        0

 COOLING
  YESTERDAY       10                         7      3       10
  MONTH TO DATE  207                       142     65      162
  SINCE JUN 1    350                       259     91      317
  SINCE JAN 1    422                       296    126      465
..................................................................


WIND (MPH)
  HIGHEST WIND SPEED    17   HIGHEST WIND DIRECTION     W (250)
  HIGHEST GUST SPEED    26   HIGHEST GUST DIRECTION     W (270)
  AVERAGE WIND SPEED     6.3


SKY COVER
  AVERAGE SKY COVER 0.0



RELATIVE HUMIDITY (PERCENT)
 HIGHEST    86           500 AM
 LOWEST     17           400 PM
 AVERAGE    52

..........................................................


THE AVOCA PA CLIMATE NORMALS FOR TODAY
                         NORMAL    RECORD    YEAR
 MAXIMUM TEMPERATURE (F)   82        98      2011
                                             1955
                                             1926
 MINIMUM TEMPERATURE (F)   61        50      1950


SUNRISE AND SUNSET
JULY 22 2016..........SUNRISE   549 AM EDT   SUNSET   829 PM EDT
JULY 23 2016..........SUNRISE   550 AM EDT   SUNSET   828 PM EDT


-  INDICATES NEGATIVE NUMBERS.
R  INDICATES RECORD WAS SET OR TIED.
MM INDICATES DATA IS MISSING.
T  INDICATES TRACE AMOUNT.




$$
