000
CDUS41 KBGM 150533
CLIAVP


CLIMATE REPORT
NATIONAL WEATHER SERVICE BINGHAMTON NY
131 AM EDT MON SEP 15 2014


...................................

...THE AVOCA PA CLIMATE SUMMARY FOR SEPTEMBER 14 2014...

CLIMATE NORMAL PERIOD 1981 TO 2010
CLIMATE RECORD PERIOD 1901 TO 2014


WEATHER ITEM   OBSERVED TIME   RECORD YEAR NORMAL DEPARTURE LAST
                VALUE   (LST)  VALUE       VALUE  FROM      YEAR
                                                  NORMAL
..................................................................
TEMPERATURE (F)
 YESTERDAY
  MAXIMUM         65    353 PM  92    1952  73     -8       55
  MINIMUM         45   1159 PM  34    1911  53     -8       42
  AVERAGE         55                        63     -8       49

PRECIPITATION (IN)
  YESTERDAY        0.00          1.51 1933   0.14  -0.14      T
  MONTH TO DATE    0.46                      1.81  -1.35     0.61
  SINCE SEP 1      0.46                      1.81  -1.35     0.61
  SINCE JAN 1     22.02                     26.84  -4.82    18.96

SNOWFALL (IN)
  YESTERDAY        0.0           0.0    MM   0.0    0.0      0.0
  MONTH TO DATE    0.0                       0.0    0.0      0.0
  SINCE SEP 1      0.0                       0.0    0.0      0.0
  SINCE JUL 1      0.0                       0.0    0.0      0.0

DEGREE DAYS
 HEATING
  YESTERDAY       10                         4      6       16
  MONTH TO DATE   30                        34     -4       44
  SINCE SEP 1     30                        34     -4       44
  SINCE JUL 1     41                        60    -19       53

 COOLING
  YESTERDAY        0                         2     -2        0
  MONTH TO DATE   77                        37     40       69
  SINCE SEP 1     77                        37     40       69
  SINCE JAN 1    663                       561    102      771
..................................................................


WIND (MPH)
  HIGHEST WIND SPEED    16   HIGHEST WIND DIRECTION    NE (30)
  HIGHEST GUST SPEED    21   HIGHEST GUST DIRECTION    NE (30)
  AVERAGE WIND SPEED     6.6


SKY COVER
  AVERAGE SKY COVER 0.4



RELATIVE HUMIDITY (PERCENT)
 HIGHEST    89          1200 AM
 LOWEST     40           200 PM
 AVERAGE    65

..........................................................


THE AVOCA PA CLIMATE NORMALS FOR TODAY
                         NORMAL    RECORD    YEAR
 MAXIMUM TEMPERATURE (F)   73        92      1915
 MINIMUM TEMPERATURE (F)   53        35      1902


SUNRISE AND SUNSET
SEPTEMBER 15 2014.....SUNRISE   643 AM EDT   SUNSET   712 PM EDT
SEPTEMBER 16 2014.....SUNRISE   644 AM EDT   SUNSET   710 PM EDT


-  INDICATES NEGATIVE NUMBERS.
R  INDICATES RECORD WAS SET OR TIED.
MM INDICATES DATA IS MISSING.
T  INDICATES TRACE AMOUNT.

$$
