000
CDUS41 KBGM 252121
CLIAVP


CLIMATE REPORT
NATIONAL WEATHER SERVICE BINGHAMTON NY
521 PM EDT MON SEP 25 2017


...................................

...THE AVOCA PA CLIMATE SUMMARY FOR SEPTEMBER 25 2017...
VALID TODAY AS OF 0500 PM LOCAL TIME.

CLIMATE NORMAL PERIOD 1981 TO 2010
CLIMATE RECORD PERIOD 1901 TO 2017


WEATHER ITEM   OBSERVED TIME   RECORD YEAR NORMAL DEPARTURE LAST
                VALUE   (LST)  VALUE       VALUE  FROM      YEAR
                                                  NORMAL
..................................................................
TEMPERATURE (F)
 TODAY
  MAXIMUM         92R   336 PM  89    1908  69     23       68
  MINIMUM         64    450 AM  34    1928  49     15       42
  AVERAGE         78                        59     19       55

PRECIPITATION (IN)
  TODAY            0.00          2.53 1902   0.14  -0.14     0.00
  MONTH TO DATE    1.65                      3.36  -1.71     1.92
  SINCE SEP 1      1.65                      3.36  -1.71     1.92
  SINCE JAN 1     31.77                     28.39   3.38    23.48

SNOWFALL (IN)
  TODAY            0.0           0.0    MM   0.0    0.0      0.0
  MONTH TO DATE    0.0                       0.0    0.0      0.0
  SINCE SEP 1      0.0                       0.0    0.0      0.0
  SINCE JUL 1      0.0                       0.0    0.0      0.0

DEGREE DAYS
 HEATING
  TODAY            0                         7     -7       10
  MONTH TO DATE   64                        95    -31       26
  SINCE SEP 1     64                        95    -31       26
  SINCE JUL 1     81                       121    -40       27

 COOLING
  TODAY           13                         1     12        0
  MONTH TO DATE   91                        49     42      127
  SINCE SEP 1     91                        49     42      127
  SINCE JAN 1    730                       573    157      993
..................................................................


WIND (MPH)
  HIGHEST WIND SPEED    10   HIGHEST WIND DIRECTION    NE (60)
  HIGHEST GUST SPEED    14   HIGHEST GUST DIRECTION    NE (50)
  AVERAGE WIND SPEED     3.7


SKY COVER
  AVERAGE SKY COVER 0.0


WEATHER CONDITIONS
 THE FOLLOWING WEATHER WAS RECORDED TODAY.
  FOG


RELATIVE HUMIDITY (PERCENT)
 HIGHEST    93           200 AM
 LOWEST     38           400 PM
 AVERAGE    66

..........................................................


THE AVOCA PA CLIMATE NORMALS FOR TOMORROW
                         NORMAL    RECORD    YEAR
 MAXIMUM TEMPERATURE (F)   68        88      2007
 MINIMUM TEMPERATURE (F)   48        34      1947
                                             1943
                                             1932


SUNRISE AND SUNSET
SEPTEMBER 25 2017.....SUNRISE   654 AM EDT   SUNSET   655 PM EDT
SEPTEMBER 26 2017.....SUNRISE   655 AM EDT   SUNSET   653 PM EDT


-  INDICATES NEGATIVE NUMBERS.
R  INDICATES RECORD WAS SET OR TIED.
MM INDICATES DATA IS MISSING.
T  INDICATES TRACE AMOUNT.




$$
