000
CDUS41 KBGM 050547
CLIAVP


CLIMATE REPORT
NATIONAL WEATHER SERVICE BINGHAMTON NY
1247 AM EST MON DEC 5 2016


...................................

...THE AVOCA PA CLIMATE SUMMARY FOR DECEMBER 4 2016...

CLIMATE NORMAL PERIOD 1981 TO 2010
CLIMATE RECORD PERIOD 1901 TO 2016


WEATHER ITEM   OBSERVED TIME   RECORD YEAR NORMAL DEPARTURE LAST
                VALUE   (LST)  VALUE       VALUE  FROM      YEAR
                                                  NORMAL
..................................................................
TEMPERATURE (F)
 YESTERDAY
  MAXIMUM         42    249 PM  69    1998  41      1       47
  MINIMUM         35    822 AM   4    1926  28      7       34
  AVERAGE         39                        35      4       41

PRECIPITATION (IN)
  YESTERDAY        0.00          2.58 1950   0.10  -0.10     0.00
  MONTH TO DATE    0.22                      0.40  -0.18     0.57
  SINCE DEC 1      0.22                      0.40  -0.18     0.57
  SINCE JAN 1     29.46                     35.98  -6.52    29.20

SNOWFALL (IN)
  YESTERDAY        0.0           1.7  2005   0.2   -0.2      0.0
  MONTH TO DATE    0.0                       0.6   -0.6       T
  SINCE DEC 1      0.0                       0.6   -0.6       T
  SINCE JUL 1      5.7                       3.6    2.1       T

DEGREE DAYS
 HEATING
  YESTERDAY       26                        30     -4       24
  MONTH TO DATE   93                       119    -26       83
  SINCE DEC 1     93                       119    -26       83
  SINCE JUL 1   1111                      1432   -321      991

 COOLING
  YESTERDAY        0                         0      0        0
  MONTH TO DATE    0                         0      0        0
  SINCE DEC 1      0                         0      0        0
  SINCE JAN 1    998                       580    418      929
..................................................................


WIND (MPH)
  HIGHEST WIND SPEED    18   HIGHEST WIND DIRECTION    NW (330)
  HIGHEST GUST SPEED    24   HIGHEST GUST DIRECTION    NW (330)
  AVERAGE WIND SPEED     5.9


SKY COVER
  AVERAGE SKY COVER 0.5



RELATIVE HUMIDITY (PERCENT)
 HIGHEST    75           500 AM
 LOWEST     49          1200 PM
 AVERAGE    62

..........................................................


THE AVOCA PA CLIMATE NORMALS FOR TODAY
                         NORMAL    RECORD    YEAR
 MAXIMUM TEMPERATURE (F)   41        67      2001
 MINIMUM TEMPERATURE (F)   27         4      1926


SUNRISE AND SUNSET
DECEMBER  5 2016......SUNRISE   714 AM EST   SUNSET   434 PM EST
DECEMBER  6 2016......SUNRISE   715 AM EST   SUNSET   434 PM EST


-  INDICATES NEGATIVE NUMBERS.
R  INDICATES RECORD WAS SET OR TIED.
MM INDICATES DATA IS MISSING.
T  INDICATES TRACE AMOUNT.




$$
