000
CDUS41 KBGM 280549
CLIAVP


CLIMATE REPORT
NATIONAL WEATHER SERVICE BINGHAMTON NY
148 AM EDT FRI AUG 28 2015


...................................

...THE AVOCA PA CLIMATE SUMMARY FOR AUGUST 27 2015...

CLIMATE NORMAL PERIOD 1981 TO 2010
CLIMATE RECORD PERIOD 1901 TO 2015


WEATHER ITEM   OBSERVED TIME   RECORD YEAR NORMAL DEPARTURE LAST
                VALUE   (LST)  VALUE       VALUE  FROM      YEAR
                                                  NORMAL
..................................................................
TEMPERATURE (F)
 YESTERDAY
  MAXIMUM         72    540 PM  96    1948  78     -6       88
  MINIMUM         58   1159 PM  44    1910  58      0       60
                                      1904
  AVERAGE         65                        68     -3       74

PRECIPITATION (IN)
  YESTERDAY        0.00          1.85 1987   0.10  -0.10     0.33
  MONTH TO DATE    2.36                      3.00  -0.64     3.80
  SINCE JUN 1     11.21                     10.82   0.39     8.45
  SINCE JAN 1     20.77                     24.62  -3.85    21.16

SNOWFALL (IN)
  YESTERDAY        0.0           0.0  1995   0.0    0.0      0.0
  MONTH TO DATE    0.0                       0.0    0.0      0.0
  SINCE JUN 1      0.0                       0.0    0.0      0.0
  SINCE JUL 1      0.0                       0.0    0.0      0.0

DEGREE DAYS
 HEATING
  YESTERDAY        0                         1     -1        0
  MONTH TO DATE    0                        10    -10        7
  SINCE JUN 1     24                        72    -48       20
  SINCE JUL 1      0                        18    -18        9

 COOLING
  YESTERDAY        0                         4     -4        9
  MONTH TO DATE  194                       147     47      143
  SINCE JUN 1    602                       470    132      537
  SINCE JAN 1    750                       507    243      578
..................................................................


WIND (MPH)
  HIGHEST WIND SPEED    17   HIGHEST WIND DIRECTION    NW (310)
  HIGHEST GUST SPEED    23   HIGHEST GUST DIRECTION    NW (310)
  AVERAGE WIND SPEED     5.7


SKY COVER
  AVERAGE SKY COVER 0.8



RELATIVE HUMIDITY (PERCENT)
 HIGHEST    80          1100 PM
 LOWEST     49           600 PM
 AVERAGE    65

..........................................................


THE AVOCA PA CLIMATE NORMALS FOR TODAY
                         NORMAL    RECORD    YEAR
 MAXIMUM TEMPERATURE (F)   78        95      1948
 MINIMUM TEMPERATURE (F)   58        44      1957


SUNRISE AND SUNSET
AUGUST 28 2015........SUNRISE   625 AM EDT   SUNSET   743 PM EDT
AUGUST 29 2015........SUNRISE   626 AM EDT   SUNSET   741 PM EDT


-  INDICATES NEGATIVE NUMBERS.
R  INDICATES RECORD WAS SET OR TIED.
MM INDICATES DATA IS MISSING.
T  INDICATES TRACE AMOUNT.




$$
