000
CDUS41 KBGM 190532
CLIAVP


CLIMATE REPORT
NATIONAL WEATHER SERVICE BINGHAMTON NY
1232 AM EST THU JAN 19 2017


...................................

...THE AVOCA PA CLIMATE SUMMARY FOR JANUARY 18 2017...

CLIMATE NORMAL PERIOD 1981 TO 2010
CLIMATE RECORD PERIOD 1901 TO 2017


WEATHER ITEM   OBSERVED TIME   RECORD YEAR NORMAL DEPARTURE LAST
                VALUE   (LST)  VALUE       VALUE  FROM      YEAR
                                                  NORMAL
..................................................................
TEMPERATURE (F)
 YESTERDAY
  MAXIMUM         41    306 PM  60    2006  33      8       29
                                      1990
                                      1929
  MINIMUM         35    757 AM  -7    1982  18     17       13
  AVERAGE         38                        26     12       21

PRECIPITATION (IN)
  YESTERDAY        0.06          1.33 2006   0.07  -0.01      T
  MONTH TO DATE    1.77                      1.33   0.44     1.59
  SINCE DEC 1      3.83                      4.01  -0.18     4.14
  SINCE JAN 1      1.77                      1.33   0.44     1.59

SNOWFALL (IN)
  YESTERDAY        0.0           3.4  2014   0.5   -0.5      0.2
  MONTH TO DATE    1.9                       8.5   -6.6      2.2
  SINCE DEC 1      8.8                      15.9   -7.1      3.0
  SINCE JUL 1     14.5                      18.9   -4.4      3.0

DEGREE DAYS
 HEATING
  YESTERDAY       27                        39    -12       44
  MONTH TO DATE  623                       701    -78      656
  SINCE DEC 1   1617                      1766   -149     1284
  SINCE JUL 1   2635                      3079   -444     2192

 COOLING
  YESTERDAY        0                         0      0        0
  MONTH TO DATE    0                         0      0        0
  SINCE DEC 1      0                         0      0        0
  SINCE JAN 1      0                         0      0        0
..................................................................


WIND (MPH)
  HIGHEST WIND SPEED     8   HIGHEST WIND DIRECTION    NW (330)
  HIGHEST GUST SPEED    12   HIGHEST GUST DIRECTION    NW (310)
  AVERAGE WIND SPEED     1.9


SKY COVER
  AVERAGE SKY COVER 1.0



RELATIVE HUMIDITY (PERCENT)
 HIGHEST   100           500 AM
 LOWEST     92          1200 AM
 AVERAGE    96

..........................................................


THE AVOCA PA CLIMATE NORMALS FOR TODAY
                         NORMAL    RECORD    YEAR
 MAXIMUM TEMPERATURE (F)   33        62      1996
                                             1929
 MINIMUM TEMPERATURE (F)   18       -15      1904


SUNRISE AND SUNSET
JANUARY 19 2017.......SUNRISE   724 AM EST   SUNSET   504 PM EST
JANUARY 20 2017.......SUNRISE   724 AM EST   SUNSET   505 PM EST


-  INDICATES NEGATIVE NUMBERS.
R  INDICATES RECORD WAS SET OR TIED.
MM INDICATES DATA IS MISSING.
T  INDICATES TRACE AMOUNT.




$$
