000
CDUS41 KBGM 190718
CLIAVP


CLIMATE REPORT
NATIONAL WEATHER SERVICE BINGHAMTON NY
318 AM EDT WED JUL 19 2017


...................................

...THE AVOCA PA CLIMATE SUMMARY FOR JULY 18 2017...

CLIMATE NORMAL PERIOD 1981 TO 2010
CLIMATE RECORD PERIOD 1901 TO 2017


WEATHER ITEM   OBSERVED TIME   RECORD YEAR NORMAL DEPARTURE LAST
                VALUE   (LST)  VALUE       VALUE  FROM      YEAR
                                                  NORMAL
..................................................................
TEMPERATURE (F)
 YESTERDAY
  MAXIMUM         89    356 PM  98    1953  82      7       86
  MINIMUM         64    412 AM  49    1956  61      3       65
                                      1925
  AVERAGE         77                        72      5       76

PRECIPITATION (IN)
  YESTERDAY        0.00          2.36 1904   0.12  -0.12     0.11
  MONTH TO DATE    3.18                      2.12   1.06     0.91
  SINCE JUN 1      7.06                      6.15   0.91     2.50
  SINCE JAN 1     25.39                     19.95   5.44    15.32

SNOWFALL (IN)
  YESTERDAY        0.0           0.0  1995   0.0    0.0      0.0
  MONTH TO DATE    0.0                       0.0    0.0      0.0
  SINCE JUN 1      0.0                       0.0    0.0      0.0
  SINCE JUL 1      0.0                       0.0    0.0      0.0

DEGREE DAYS
 HEATING
  YESTERDAY        0                         0      0        0
  MONTH TO DATE    0                         0      0        0
  SINCE JUN 1     43                        54    -11       24
  SINCE JUL 1      0                         0      0        0

 COOLING
  YESTERDAY       12                         7      5       11
  MONTH TO DATE  157                       121     36      183
  SINCE JUN 1    314                       238     76      326
  SINCE JAN 1    366                       275     91      398
..................................................................


WIND (MPH)
  HIGHEST WIND SPEED    13   HIGHEST WIND DIRECTION     W (260)
  HIGHEST GUST SPEED    17   HIGHEST GUST DIRECTION     W (260)
  AVERAGE WIND SPEED     4.2


SKY COVER
  AVERAGE SKY COVER 0.4



RELATIVE HUMIDITY (PERCENT)
 HIGHEST   100           200 AM
 LOWEST     50           400 PM
 AVERAGE    75

..........................................................


THE AVOCA PA CLIMATE NORMALS FOR TODAY
                         NORMAL    RECORD    YEAR
 MAXIMUM TEMPERATURE (F)   82        95      1991
                                             1964
 MINIMUM TEMPERATURE (F)   61        50      1925
                                             1924


SUNRISE AND SUNSET
JULY 19 2017..........SUNRISE   546 AM EDT   SUNSET   832 PM EDT
JULY 20 2017..........SUNRISE   547 AM EDT   SUNSET   831 PM EDT


-  INDICATES NEGATIVE NUMBERS.
R  INDICATES RECORD WAS SET OR TIED.
MM INDICATES DATA IS MISSING.
T  INDICATES TRACE AMOUNT.




$$
