000
CDUS41 KBGM 240219
CLIAVP


CLIMATE REPORT
NATIONAL WEATHER SERVICE BINGHAMTON NY
1019 PM EDT SAT SEP 23 2017


...................................

...THE AVOCA PA CLIMATE SUMMARY FOR SEPTEMBER 23 2017...
VALID AS OF 1000 PM LOCAL TIME.

CLIMATE NORMAL PERIOD 1981 TO 2010
CLIMATE RECORD PERIOD 1901 TO 2017


WEATHER ITEM   OBSERVED TIME   RECORD YEAR NORMAL DEPARTURE LAST
                VALUE   (LST)  VALUE       VALUE  FROM      YEAR
                                                  NORMAL
..................................................................
TEMPERATURE (F)
 TODAY
  MAXIMUM         87    403 PM  91    1914  70     17       85
                                      1908
  MINIMUM         52    621 AM  33    1904  49      3       57
  AVERAGE         70                        59     11       71

PRECIPITATION (IN)
  TODAY            0.00          2.10 1923   0.14  -0.14     0.11
  MONTH TO DATE    1.65                      3.09  -1.44     1.92
  SINCE SEP 1      1.65                      3.09  -1.44     1.92
  SINCE JAN 1     31.77                     28.12   3.65    23.48

SNOWFALL (IN)
  TODAY            0.0           0.0    MM   0.0    0.0      0.0
  MONTH TO DATE    0.0                       0.0    0.0      0.0
  SINCE SEP 1      0.0                       0.0    0.0      0.0
  SINCE JUL 1      0.0                       0.0    0.0      0.0

DEGREE DAYS
 HEATING
  TODAY            0                         6     -6        0
  MONTH TO DATE   64                        81    -17        8
  SINCE SEP 1     64                        81    -17        8
  SINCE JUL 1     81                       107    -26        9

 COOLING
  TODAY            5                         1      4        6
  MONTH TO DATE   78                        47     31      127
  SINCE SEP 1     78                        47     31      127
  SINCE JAN 1    717                       571    146      993
..................................................................


WIND (MPH)
  HIGHEST WIND SPEED    12   HIGHEST WIND DIRECTION     N (10)
  HIGHEST GUST SPEED    16   HIGHEST GUST DIRECTION     N (350)
  AVERAGE WIND SPEED     4.0


SKY COVER
  AVERAGE SKY COVER 0.0


WEATHER CONDITIONS
 THE FOLLOWING WEATHER WAS RECORDED TODAY.
  FOG


RELATIVE HUMIDITY (PERCENT)
 HIGHEST    93           400 AM
 LOWEST     34           400 PM
 AVERAGE    64

..........................................................


THE AVOCA PA CLIMATE NORMALS FOR TOMORROW
                         NORMAL    RECORD    YEAR
 MAXIMUM TEMPERATURE (F)   69        90      2010
 MINIMUM TEMPERATURE (F)   49        30      1974


SUNRISE AND SUNSET
SEPTEMBER 23 2017.....SUNRISE   652 AM EDT   SUNSET   658 PM EDT
SEPTEMBER 24 2017.....SUNRISE   653 AM EDT   SUNSET   656 PM EDT


-  INDICATES NEGATIVE NUMBERS.
R  INDICATES RECORD WAS SET OR TIED.
MM INDICATES DATA IS MISSING.
T  INDICATES TRACE AMOUNT.




$$
