000
CDUS41 KBGM 200527
CLIAVP


CLIMATE REPORT
NATIONAL WEATHER SERVICE BINGHAMTON NY
126 AM EDT THU JUL 20 2017


...................................

...THE AVOCA PA CLIMATE SUMMARY FOR JULY 19 2017...

CLIMATE NORMAL PERIOD 1981 TO 2010
CLIMATE RECORD PERIOD 1901 TO 2017


WEATHER ITEM   OBSERVED TIME   RECORD YEAR NORMAL DEPARTURE LAST
                VALUE   (LST)  VALUE       VALUE  FROM      YEAR
                                                  NORMAL
..................................................................
TEMPERATURE (F)
 YESTERDAY
  MAXIMUM         90    410 PM  95    1991  82      8       83
                                      1964
  MINIMUM         68    527 AM  50    1925  61      7       62
                                      1924
  AVERAGE         79                        72      7       73

PRECIPITATION (IN)
  YESTERDAY        0.00          1.81 1945   0.13  -0.13     0.00
  MONTH TO DATE    3.18                      2.25   0.93     0.91
  SINCE JUN 1      7.06                      6.28   0.78     2.50
  SINCE JAN 1     25.39                     20.08   5.31    15.32

SNOWFALL (IN)
  YESTERDAY        0.0           0.0  1995   0.0    0.0      0.0
  MONTH TO DATE    0.0                       0.0    0.0      0.0
  SINCE JUN 1      0.0                       0.0    0.0      0.0
  SINCE JUL 1      0.0                       0.0    0.0      0.0

DEGREE DAYS
 HEATING
  YESTERDAY        0                         0      0        0
  MONTH TO DATE    0                         0      0        0
  SINCE JUN 1     43                        54    -11       24
  SINCE JUL 1      0                         0      0        0

 COOLING
  YESTERDAY       14                         7      7        8
  MONTH TO DATE  171                       128     43      191
  SINCE JUN 1    328                       245     83      334
  SINCE JAN 1    380                       282     98      406
..................................................................


WIND (MPH)
  HIGHEST WIND SPEED    16   HIGHEST WIND DIRECTION    SW (230)
  HIGHEST GUST SPEED    22   HIGHEST GUST DIRECTION    SW (220)
  AVERAGE WIND SPEED     3.3


SKY COVER
  AVERAGE SKY COVER 0.1



RELATIVE HUMIDITY (PERCENT)
 HIGHEST    97           300 AM
 LOWEST     47           400 PM
 AVERAGE    72

..........................................................


THE AVOCA PA CLIMATE NORMALS FOR TODAY
                         NORMAL    RECORD    YEAR
 MAXIMUM TEMPERATURE (F)   82        96      1991
 MINIMUM TEMPERATURE (F)   61        46      1965
                                             1929
                                             1912


SUNRISE AND SUNSET
JULY 20 2017..........SUNRISE   547 AM EDT   SUNSET   831 PM EDT
JULY 21 2017..........SUNRISE   548 AM EDT   SUNSET   830 PM EDT


-  INDICATES NEGATIVE NUMBERS.
R  INDICATES RECORD WAS SET OR TIED.
MM INDICATES DATA IS MISSING.
T  INDICATES TRACE AMOUNT.




$$
