000
CDUS41 KBGM 252139
CLIAVP


CLIMATE REPORT
NATIONAL WEATHER SERVICE BINGHAMTON NY
539 PM EDT THU MAY 25 2017


...................................

...THE AVOCA PA CLIMATE SUMMARY FOR MAY 25 2017...
VALID TODAY AS OF 0500 PM LOCAL TIME.

CLIMATE NORMAL PERIOD 1981 TO 2010
CLIMATE RECORD PERIOD 1901 TO 2017


WEATHER ITEM   OBSERVED TIME   RECORD YEAR NORMAL DEPARTURE LAST
                VALUE   (LST)  VALUE       VALUE  FROM      YEAR
                                                  NORMAL
..................................................................
TEMPERATURE (F)
 TODAY
  MAXIMUM         66    206 PM  91    1904  72     -6       87
  MINIMUM         56    951 AM  30    1956  50      6       49
  AVERAGE         61                        61      0       68

PRECIPITATION (IN)
  TODAY            0.22          2.18 1952   0.12   0.10     0.00
  MONTH TO DATE    2.84                      2.80   0.04     2.33
  SINCE MAR 1     11.28                      8.68   2.60     6.80
  SINCE JAN 1     17.51                     13.08   4.43    12.60

SNOWFALL (IN)
  TODAY            0.0           0.0    MM   0.0    0.0      0.0
  MONTH TO DATE    0.0                       0.3   -0.3      0.0
  SINCE MAR 1     30.7                      12.6   18.1      3.5
  SINCE JUL 1     55.5                      46.5    9.0     15.5

DEGREE DAYS
 HEATING
  TODAY            4                         5     -1        0
  MONTH TO DATE  202                       201      1      231
  SINCE MAR 1   1426                      1568   -142     1372
  SINCE JUL 1   5181                      6174   -993     4942

 COOLING
  TODAY            0                         2     -2        3
  MONTH TO DATE   26                        19      7        6
  SINCE MAR 1     48                        25     23        7
  SINCE JAN 1     48                        25     23        7
..................................................................


WIND (MPH)
  HIGHEST WIND SPEED    18   HIGHEST WIND DIRECTION     E (110)
  HIGHEST GUST SPEED    31   HIGHEST GUST DIRECTION    SE (120)
  AVERAGE WIND SPEED     7.6


SKY COVER
  AVERAGE SKY COVER 1.0


WEATHER CONDITIONS
 THE FOLLOWING WEATHER WAS RECORDED TODAY.
  HEAVY RAIN
  RAIN
  LIGHT RAIN
  FOG


RELATIVE HUMIDITY (PERCENT)
 HIGHEST    87          1100 AM
 LOWEST     69          1200 AM
 AVERAGE    78

..........................................................


THE AVOCA PA CLIMATE NORMALS FOR TOMORROW
                         NORMAL    RECORD    YEAR
 MAXIMUM TEMPERATURE (F)   72        92      2010
                                             1914
 MINIMUM TEMPERATURE (F)   51        39      1972


SUNRISE AND SUNSET
MAY 25 2017...........SUNRISE   536 AM EDT   SUNSET   824 PM EDT
MAY 26 2017...........SUNRISE   535 AM EDT   SUNSET   825 PM EDT


-  INDICATES NEGATIVE NUMBERS.
R  INDICATES RECORD WAS SET OR TIED.
MM INDICATES DATA IS MISSING.
T  INDICATES TRACE AMOUNT.




$$
