676
CDUS41 KBGM 030548
CLIAVP


CLIMATE REPORT
NATIONAL WEATHER SERVICE BINGHAMTON NY
147 AM EDT TUE MAY 3 2016


...................................

...THE AVOCA PA CLIMATE SUMMARY FOR MAY 2 2016...

CLIMATE NORMAL PERIOD 1981 TO 2010
CLIMATE RECORD PERIOD 1901 TO 2016


WEATHER ITEM   OBSERVED TIME   RECORD YEAR NORMAL DEPARTURE LAST
                VALUE   (LST)  VALUE       VALUE  FROM      YEAR
                                                  NORMAL
..................................................................
TEMPERATURE (F)
 YESTERDAY
  MAXIMUM         62    352 PM  87    2001  66     -4       76
  MINIMUM         47    737 AM  27    1903  44      3       41
  AVERAGE         55                        55      0       59

PRECIPITATION (IN)
  YESTERDAY        0.10          1.20 1985   0.11  -0.01     0.00
  MONTH TO DATE    0.43                      0.21   0.22      T
  SINCE MAR 1      4.90                      6.09  -1.19     4.84
  SINCE JAN 1     10.70                     10.49   0.21     7.84

SNOWFALL (IN)
  YESTERDAY        0.0           T    1963   0.0    0.0      0.0
  MONTH TO DATE    0.0                       0.1   -0.1      0.0
  SINCE MAR 1      3.5                      12.4   -8.9      9.0
  SINCE JUL 1     15.5                      46.3  -30.8     51.4

DEGREE DAYS
 HEATING
  YESTERDAY       10                        11     -1        6
  MONTH TO DATE   28                        22      6       16
  SINCE MAR 1   1169                      1389   -220     1463
  SINCE JUL 1   4739                      5995  -1256     6160

 COOLING
  YESTERDAY        0                         0      0        0
  MONTH TO DATE    0                         0      0        0
  SINCE MAR 1      1                         6     -5        0
  SINCE JAN 1      1                         6     -5        0
..................................................................


WIND (MPH)
  HIGHEST WIND SPEED    14   HIGHEST WIND DIRECTION     N (340)
  HIGHEST GUST SPEED    17   HIGHEST GUST DIRECTION    NW (330)
  AVERAGE WIND SPEED     4.9


SKY COVER
  AVERAGE SKY COVER 0.9



RELATIVE HUMIDITY (PERCENT)
 HIGHEST    89          1100 AM
 LOWEST     64           500 PM
 AVERAGE    77

..........................................................


THE AVOCA PA CLIMATE NORMALS FOR TODAY
                         NORMAL    RECORD    YEAR
 MAXIMUM TEMPERATURE (F)   66        88      2001
 MINIMUM TEMPERATURE (F)   44        28      1957


SUNRISE AND SUNSET
MAY  3 2016...........SUNRISE   557 AM EDT   SUNSET   803 PM EDT
MAY  4 2016...........SUNRISE   556 AM EDT   SUNSET   804 PM EDT


-  INDICATES NEGATIVE NUMBERS.
R  INDICATES RECORD WAS SET OR TIED.
MM INDICATES DATA IS MISSING.
T  INDICATES TRACE AMOUNT.




$$
