000
CDUS41 KBGM 250220
CLIAVP


CLIMATE REPORT
NATIONAL WEATHER SERVICE BINGHAMTON NY
1020 PM EDT SAT SEP 24 2016


...................................

...THE AVOCA PA CLIMATE SUMMARY FOR SEPTEMBER 24 2016...
VALID AS OF 1000 PM LOCAL TIME.

CLIMATE NORMAL PERIOD 1981 TO 2010
CLIMATE RECORD PERIOD 1901 TO 2016


WEATHER ITEM   OBSERVED TIME   RECORD YEAR NORMAL DEPARTURE LAST
                VALUE   (LST)  VALUE       VALUE  FROM      YEAR
                                                  NORMAL
..................................................................
TEMPERATURE (F)
 TODAY
  MAXIMUM         69    342 PM  90    2010  69      0       82
  MINIMUM         51    859 PM  30    1974  49      2       49
  AVERAGE         60                        59      1       66

PRECIPITATION (IN)
  TODAY            0.00          1.72 2001   0.13  -0.13     0.00
  MONTH TO DATE    1.92                      3.22  -1.30     0.67
  SINCE SEP 1      1.92                      3.22  -1.30     0.67
  SINCE JAN 1     23.48                     28.25  -4.77    21.82

SNOWFALL (IN)
  TODAY            0.0           0.0    MM   0.0    0.0      0.0
  MONTH TO DATE    0.0                       0.0    0.0      0.0
  SINCE SEP 1      0.0                       0.0    0.0      0.0
  SINCE JUL 1      0.0                       0.0    0.0      0.0

DEGREE DAYS
 HEATING
  TODAY            5                         7     -2        0
  MONTH TO DATE   13                        88    -75       20
  SINCE SEP 1     13                        88    -75       20
  SINCE JUL 1     14                       114   -100       20

 COOLING
  TODAY            0                         1     -1        1
  MONTH TO DATE  127                        48     79      143
  SINCE SEP 1    127                        48     79      143
  SINCE JAN 1    993                       572    421      919
..................................................................


WIND (MPH)
  HIGHEST WIND SPEED    17   HIGHEST WIND DIRECTION     N (10)
  HIGHEST GUST SPEED    23   HIGHEST GUST DIRECTION    NW (330)
  AVERAGE WIND SPEED     8.3


SKY COVER
  AVERAGE SKY COVER 0.5


WEATHER CONDITIONS
 THE FOLLOWING WEATHER WAS RECORDED TODAY.
  NO SIGNIFICANT WEATHER WAS OBSERVED.


RELATIVE HUMIDITY (PERCENT)
 HIGHEST    90           100 AM
 LOWEST     39           400 PM
 AVERAGE    65

..........................................................


THE AVOCA PA CLIMATE NORMALS FOR TOMORROW
                         NORMAL    RECORD    YEAR
 MAXIMUM TEMPERATURE (F)   69        89      1908
 MINIMUM TEMPERATURE (F)   49        34      1928


SUNRISE AND SUNSET
SEPTEMBER 24 2016.....SUNRISE   653 AM EDT   SUNSET   656 PM EDT
SEPTEMBER 25 2016.....SUNRISE   654 AM EDT   SUNSET   654 PM EDT


-  INDICATES NEGATIVE NUMBERS.
R  INDICATES RECORD WAS SET OR TIED.
MM INDICATES DATA IS MISSING.
T  INDICATES TRACE AMOUNT.




$$
