000
CDUS41 KBGM 262124
CLIAVP


CLIMATE REPORT
NATIONAL WEATHER SERVICE BINGHAMTON NY
524 PM EDT TUE JUL 26 2016


...................................

...THE AVOCA PA CLIMATE SUMMARY FOR JULY 26 2016...
VALID TODAY AS OF 0500 PM LOCAL TIME.

CLIMATE NORMAL PERIOD 1981 TO 2010
CLIMATE RECORD PERIOD 1901 TO 2016


WEATHER ITEM   OBSERVED TIME   RECORD YEAR NORMAL DEPARTURE LAST
                VALUE   (LST)  VALUE       VALUE  FROM      YEAR
                                                  NORMAL
..................................................................
TEMPERATURE (F)
 TODAY
  MAXIMUM         90    359 PM  94    2005  82      8       91
                                      1949
                                      1940
  MINIMUM         68    426 AM  47    1976  61      7       67
                                      1920
  AVERAGE         79                        72      7       79

PRECIPITATION (IN)
  TODAY            T             1.48 1985   0.13  -0.13    MM
  MONTH TO DATE    1.42                      3.14  -1.72     2.17
  SINCE JUN 1      3.01                      7.17  -4.16     8.69
  SINCE JAN 1     15.83                     20.97  -5.14    18.25

SNOWFALL (IN)
  TODAY            0.0           0.0  1995   0.0    0.0      0.0
  MONTH TO DATE    0.0                       0.0    0.0      0.0
  SINCE JUN 1      0.0                       0.0    0.0      0.0
  SINCE JUL 1      0.0                       0.0    0.0      0.0

DEGREE DAYS
 HEATING
  TODAY            0                         0      0        0
  MONTH TO DATE    0                         0      0        0
  SINCE JUN 1     24                        54    -30       24
  SINCE JUL 1      0                         0      0        0

 COOLING
  TODAY           14                         7      7       14
  MONTH TO DATE  287                       177    110      193
  SINCE JUN 1    430                       294    136      348
  SINCE JAN 1    502                       331    171      496
..................................................................


WIND (MPH)
  HIGHEST WIND SPEED    17   HIGHEST WIND DIRECTION    NW (320)
  HIGHEST GUST SPEED    22   HIGHEST GUST DIRECTION     N (340)
  AVERAGE WIND SPEED     6.9


SKY COVER
  AVERAGE SKY COVER 0.4


WEATHER CONDITIONS
 THE FOLLOWING WEATHER WAS RECORDED TODAY.
  FOG
  HAZE


RELATIVE HUMIDITY (PERCENT)
 HIGHEST    97           400 AM
 LOWEST     34           400 PM
 AVERAGE    66

..........................................................


THE AVOCA PA CLIMATE NORMALS FOR TOMORROW
                         NORMAL    RECORD    YEAR
 MAXIMUM TEMPERATURE (F)   82        94      1964
                                             1955
                                             1941
 MINIMUM TEMPERATURE (F)   61        47      1977
                                             1920


SUNRISE AND SUNSET
JULY 26 2016..........SUNRISE   553 AM EDT   SUNSET   826 PM EDT
JULY 27 2016..........SUNRISE   554 AM EDT   SUNSET   825 PM EDT


-  INDICATES NEGATIVE NUMBERS.
R  INDICATES RECORD WAS SET OR TIED.
MM INDICATES DATA IS MISSING.
T  INDICATES TRACE AMOUNT.




$$
