000
CDUS41 KBGM 230219
CLIAVP


CLIMATE REPORT
NATIONAL WEATHER SERVICE BINGHAMTON NY
1018 PM EDT MON AUG 22 2016


...................................

...THE AVOCA PA CLIMATE SUMMARY FOR AUGUST 22 2016...
VALID AS OF 1000 PM LOCAL TIME.

CLIMATE NORMAL PERIOD 1981 TO 2010
CLIMATE RECORD PERIOD 1901 TO 2016


WEATHER ITEM   OBSERVED TIME   RECORD YEAR NORMAL DEPARTURE LAST
                VALUE   (LST)  VALUE       VALUE  FROM      YEAR
                                                  NORMAL
..................................................................
TEMPERATURE (F)
 TODAY
  MAXIMUM         73    429 PM  98    1916  79     -6       79
  MINIMUM         59    859 PM  42    1982  59      0       54
  AVERAGE         66                        69     -3       67

PRECIPITATION (IN)
  TODAY            0.00          2.80 1937   0.11  -0.11     0.00
  MONTH TO DATE    3.07                      2.48   0.59     2.26
  SINCE JUN 1      8.74                     10.30  -1.56    11.11
  SINCE JAN 1     21.56                     24.10  -2.54    20.67

SNOWFALL (IN)
  TODAY            0.0           T    1955   0.0    0.0      0.0
  MONTH TO DATE    0.0                       0.0    0.0      0.0
  SINCE JUN 1      0.0                       0.0    0.0      0.0
  SINCE JUL 1      0.0                       0.0    0.0      0.0

DEGREE DAYS
 HEATING
  TODAY            0                         1     -1        0
  MONTH TO DATE    0                         5     -5        0
  SINCE JUN 1     24                        67    -43       24
  SINCE JUL 1      0                        13    -13        0

 COOLING
  TODAY            1                         5     -4        2
  MONTH TO DATE  233                       125    108      179
  SINCE JUN 1    726                       448    278      587
  SINCE JAN 1    798                       485    313      735
..................................................................


WIND (MPH)
  HIGHEST WIND SPEED    20   HIGHEST WIND DIRECTION     N (350)
  HIGHEST GUST SPEED    25   HIGHEST GUST DIRECTION     N (350)
  AVERAGE WIND SPEED     7.8


SKY COVER
  AVERAGE SKY COVER 0.4


WEATHER CONDITIONS
 THE FOLLOWING WEATHER WAS RECORDED TODAY.
  FOG
  FOG W/VISIBILITY <= 1/4 MILE


RELATIVE HUMIDITY (PERCENT)
 HIGHEST   100           200 AM
 LOWEST     41           300 PM
 AVERAGE    71

..........................................................


THE AVOCA PA CLIMATE NORMALS FOR TOMORROW
                         NORMAL    RECORD    YEAR
 MAXIMUM TEMPERATURE (F)   79        95      1936
 MINIMUM TEMPERATURE (F)   59        44      1973


SUNRISE AND SUNSET
AUGUST 22 2016........SUNRISE   620 AM EDT   SUNSET   751 PM EDT
AUGUST 23 2016........SUNRISE   621 AM EDT   SUNSET   749 PM EDT


-  INDICATES NEGATIVE NUMBERS.
R  INDICATES RECORD WAS SET OR TIED.
MM INDICATES DATA IS MISSING.
T  INDICATES TRACE AMOUNT.




$$
