000
CDUS41 KBGM 250616
CLIAVP


CLIMATE REPORT
NATIONAL WEATHER SERVICE BINGHAMTON NY
115 AM EST SUN JAN 25 2015


...................................

...THE AVOCA PA CLIMATE SUMMARY FOR JANUARY 24 2015...

CLIMATE NORMAL PERIOD 1981 TO 2010
CLIMATE RECORD PERIOD 1901 TO 2015


WEATHER ITEM   OBSERVED TIME   RECORD YEAR NORMAL DEPARTURE LAST
                VALUE   (LST)  VALUE       VALUE  FROM      YEAR
                                                  NORMAL
..................................................................
TEMPERATURE (F)
 YESTERDAY
  MAXIMUM         35    450 PM  62    1967  33      2       15
  MINIMUM         29    413 AM  -8    2011  18     11        1
  AVERAGE         32                        26      6        8

PRECIPITATION (IN)
  YESTERDAY        0.53          1.11 1979   0.08   0.45      T
  MONTH TO DATE    1.53                      1.81  -0.28     2.07
  SINCE DEC 1      4.31                      4.49  -0.18     5.41
  SINCE JAN 1      1.53                      1.81  -0.28     2.07

SNOWFALL (IN)
  YESTERDAY        5.5 R         2.5  1971   0.5    5.0       T
                                      1988
  MONTH TO DATE    9.7                      11.2   -1.5     12.3
  SINCE DEC 1     14.1                      18.6   -4.5     23.1
  SINCE JUL 1     23.0                      21.6    1.4     25.8

DEGREE DAYS
 HEATING
  YESTERDAY       33                        39     -6       57
  MONTH TO DATE  967                       935     32     1014
  SINCE DEC 1   1869                      2000   -131     2052
  SINCE JUL 1   3059                      3313   -254     3328

 COOLING
  YESTERDAY        0                         0      0        0
  MONTH TO DATE    0                         0      0        0
  SINCE DEC 1      0                         0      0        0
  SINCE JAN 1      0                         0      0        0
..................................................................


WIND (MPH)
  HIGHEST WIND SPEED    15   HIGHEST WIND DIRECTION     W (260)
  HIGHEST GUST SPEED    23   HIGHEST GUST DIRECTION     W (260)
  AVERAGE WIND SPEED     4.9


SKY COVER
  AVERAGE SKY COVER 0.8



RELATIVE HUMIDITY (PERCENT)
 HIGHEST    92           100 AM
 LOWEST     64           800 PM
 AVERAGE    78

..........................................................


THE AVOCA PA CLIMATE NORMALS FOR TODAY
                         NORMAL    RECORD    YEAR
 MAXIMUM TEMPERATURE (F)   33        67      1967
 MINIMUM TEMPERATURE (F)   18        -5      1961
                                             1945


SUNRISE AND SUNSET
JANUARY 25 2015.......SUNRISE   721 AM EST   SUNSET   510 PM EST
JANUARY 26 2015.......SUNRISE   720 AM EST   SUNSET   511 PM EST


-  INDICATES NEGATIVE NUMBERS.
R  INDICATES RECORD WAS SET OR TIED.
MM INDICATES DATA IS MISSING.
T  INDICATES TRACE AMOUNT.




$$
