000
CDUS41 KBGM 280536
CLIAVP


CLIMATE REPORT
NATIONAL WEATHER SERVICE BINGHAMTON NY
134 AM EDT SAT MAR 28 2015


...................................

...THE AVOCA PA CLIMATE SUMMARY FOR MARCH 27 2015...

CLIMATE NORMAL PERIOD 1981 TO 2010
CLIMATE RECORD PERIOD 1901 TO 2015


WEATHER ITEM   OBSERVED TIME   RECORD YEAR NORMAL DEPARTURE LAST
                VALUE   (LST)  VALUE       VALUE  FROM      YEAR
                                                  NORMAL
..................................................................
TEMPERATURE (F)
 YESTERDAY
  MAXIMUM         42    213 PM  80    1921  51     -9       42
  MINIMUM         31   1159 PM  11    2014  31      0       11
  AVERAGE         37                        41     -4       27

PRECIPITATION (IN)
  YESTERDAY        T             1.39 1913   0.09  -0.09      T
  MONTH TO DATE    1.66                      2.17  -0.51     0.36
  SINCE MAR 1      1.66                      2.17  -0.51     0.36
  SINCE JAN 1      4.66                      6.57  -1.91     5.24

SNOWFALL (IN)
  YESTERDAY        0.0           1.7  1959   0.2   -0.2      0.0
  MONTH TO DATE    6.4                       8.4   -2.0      0.2
  SINCE MAR 1      6.4                       8.4   -2.0      0.2
  SINCE JUL 1     48.5                      42.3    6.2     56.0

DEGREE DAYS
 HEATING
  YESTERDAY       28                        24      4       38
  MONTH TO DATE  869                       779     90      949
  SINCE MAR 1    869                       779     90      949
  SINCE JUL 1   5566                      5385    181     5772

 COOLING
  YESTERDAY        0                         0      0        0
  MONTH TO DATE    0                         0      0        0
  SINCE MAR 1      0                         0      0        0
  SINCE JAN 1      0                         0      0        0
..................................................................


WIND (MPH)
  HIGHEST WIND SPEED    16   HIGHEST WIND DIRECTION     N (340)
  HIGHEST GUST SPEED    22   HIGHEST GUST DIRECTION     N (350)
  AVERAGE WIND SPEED     9.4


SKY COVER
  AVERAGE SKY COVER 0.9



RELATIVE HUMIDITY (PERCENT)
 HIGHEST    82           100 AM
 LOWEST     46           400 PM
 AVERAGE    64

..........................................................


THE AVOCA PA CLIMATE NORMALS FOR TODAY
                         NORMAL    RECORD    YEAR
 MAXIMUM TEMPERATURE (F)   51        83      1945
 MINIMUM TEMPERATURE (F)   32         9      1923


SUNRISE AND SUNSET
MARCH 28 2015.........SUNRISE   653 AM EDT   SUNSET   724 PM EDT
MARCH 29 2015.........SUNRISE   652 AM EDT   SUNSET   725 PM EDT


-  INDICATES NEGATIVE NUMBERS.
R  INDICATES RECORD WAS SET OR TIED.
MM INDICATES DATA IS MISSING.
T  INDICATES TRACE AMOUNT.

$$
