000
CDUS41 KBGM 252119
CLIAVP


CLIMATE REPORT
NATIONAL WEATHER SERVICE BINGHAMTON NY
519 PM EDT FRI JUL 25 2014


...................................

...THE AVOCA PA CLIMATE SUMMARY FOR JULY 25 2014...
VALID TODAY AS OF 0500 PM LOCAL TIME.

CLIMATE NORMAL PERIOD 1981 TO 2010
CLIMATE RECORD PERIOD 1901 TO 2014


WEATHER ITEM   OBSERVED TIME   RECORD YEAR NORMAL DEPARTURE LAST
                VALUE   (LST)  VALUE       VALUE  FROM      YEAR
                                                  NORMAL
..................................................................
TEMPERATURE (F)
 TODAY
  MAXIMUM         82    356 PM  96    1941  82      0       77
  MINIMUM         51    548 AM  48    1903  61    -10       50
  AVERAGE         67                        72     -5       64

PRECIPITATION (IN)
  TODAY            0.00          1.96 1914   0.13  -0.13     0.00
  MONTH TO DATE    2.26                      3.01  -0.75     1.19
  SINCE JUN 1      4.42                      7.04  -2.62     6.60
  SINCE JAN 1     17.13                     20.84  -3.71    16.37

SNOWFALL (IN)
  TODAY            0.0           0.0  1995   0.0    0.0      0.0
  MONTH TO DATE    0.0                       0.0    0.0      0.0
  SINCE JUN 1      0.0                       0.0    0.0      0.0
  SINCE JUL 1      0.0                       0.0    0.0      0.0

DEGREE DAYS
 HEATING
  TODAY            0                         0      0        1
  MONTH TO DATE    0                         0      0        1
  SINCE JUN 1     11                        54    -43       22
  SINCE JUL 1      0                         0      0        1

 COOLING
  TODAY            2                         7     -5        0
  MONTH TO DATE  206                       170     36      305
  SINCE JUN 1    365                       287     78      441
  SINCE JAN 1    406                       324     82      505
..................................................................


WIND (MPH)
  HIGHEST WIND SPEED     9   HIGHEST WIND DIRECTION     W (260)
  HIGHEST GUST SPEED    18   HIGHEST GUST DIRECTION     N (360)
  AVERAGE WIND SPEED     2.2


SKY COVER
  AVERAGE SKY COVER 0.0


WEATHER CONDITIONS
 THE FOLLOWING WEATHER WAS RECORDED TODAY.
  NO SIGNIFICANT WEATHER WAS OBSERVED.


RELATIVE HUMIDITY (PERCENT)
 HIGHEST    89           200 AM
 LOWEST     30           200 PM
 AVERAGE    60

..........................................................


THE AVOCA PA CLIMATE NORMALS FOR TOMORROW
                         NORMAL    RECORD    YEAR
 MAXIMUM TEMPERATURE (F)   82        94      2005
                                             1949
                                             1940
 MINIMUM TEMPERATURE (F)   61        47      1976
                                             1920


SUNRISE AND SUNSET
JULY 25 2014..........SUNRISE   551 AM EDT   SUNSET   827 PM EDT
JULY 26 2014..........SUNRISE   552 AM EDT   SUNSET   826 PM EDT


-  INDICATES NEGATIVE NUMBERS.
R  INDICATES RECORD WAS SET OR TIED.
MM INDICATES DATA IS MISSING.
T  INDICATES TRACE AMOUNT.




$$
