000
CDUS41 KBGM 280605
CLIAVP


CLIMATE REPORT
NATIONAL WEATHER SERVICE BINGHAMTON NY
103 AM EST SUN DEC 28 2014


...................................

...THE AVOCA PA CLIMATE SUMMARY FOR DECEMBER 27 2014...

CLIMATE NORMAL PERIOD 1981 TO 2010
CLIMATE RECORD PERIOD 1901 TO 2014


WEATHER ITEM   OBSERVED TIME   RECORD YEAR NORMAL DEPARTURE LAST
                VALUE   (LST)  VALUE       VALUE  FROM      YEAR
                                                  NORMAL
..................................................................
TEMPERATURE (F)
 YESTERDAY
  MAXIMUM         52    334 PM  57    1949  34     18       33
                                      1936
  MINIMUM         30    752 AM  -3    1914  21      9       21
  AVERAGE         41                        28     13       27

PRECIPITATION (IN)
  YESTERDAY        0.00          1.38 1964   0.07  -0.07     0.00
  MONTH TO DATE    2.77                      2.39   0.38     2.42
  SINCE DEC 1      2.77                      2.39   0.38     2.42
  SINCE JAN 1     31.04                     37.97  -6.93    26.65

SNOWFALL (IN)
  YESTERDAY        0.0           6.5  1984   0.3   -0.3      0.0
  MONTH TO DATE    4.4                       6.0   -1.6     10.0
  SINCE DEC 1      4.4                       6.0   -1.6     10.0
  SINCE JUL 1     13.3                       9.0    4.3     12.7

DEGREE DAYS
 HEATING
  YESTERDAY       24                        38    -14       38
  MONTH TO DATE  771                       913   -142      904
  SINCE DEC 1    771                       913   -142      904
  SINCE JUL 1   1961                      2226   -265     2180

 COOLING
  YESTERDAY        0                         0      0        0
  MONTH TO DATE    0                         0      0        0
  SINCE DEC 1      0                         0      0        0
  SINCE JAN 1    686                       580    106      795
..................................................................


WIND (MPH)
  HIGHEST WIND SPEED    14   HIGHEST WIND DIRECTION     S (200)
  HIGHEST GUST SPEED    19   HIGHEST GUST DIRECTION     S (190)
  AVERAGE WIND SPEED     5.1


SKY COVER
  AVERAGE SKY COVER 0.1



RELATIVE HUMIDITY (PERCENT)
 HIGHEST    92           700 AM
 LOWEST     46           100 PM
 AVERAGE    69

..........................................................


THE AVOCA PA CLIMATE NORMALS FOR TODAY
                         NORMAL    RECORD    YEAR
 MAXIMUM TEMPERATURE (F)   34        63      2008
 MINIMUM TEMPERATURE (F)   20        -4      1960


SUNRISE AND SUNSET
DECEMBER 28 2014......SUNRISE   728 AM EST   SUNSET   441 PM EST
DECEMBER 29 2014......SUNRISE   728 AM EST   SUNSET   442 PM EST


-  INDICATES NEGATIVE NUMBERS.
R  INDICATES RECORD WAS SET OR TIED.
MM INDICATES DATA IS MISSING.
T  INDICATES TRACE AMOUNT.

$$
