000
CDUS41 KBGM 030616
CLIAVP


CLIMATE REPORT
NATIONAL WEATHER SERVICE BINGHAMTON NY
215 AM EDT MON AUG 3 2015


...................................

...THE AVOCA PA CLIMATE SUMMARY FOR AUGUST 2 2015...

CLIMATE NORMAL PERIOD 1981 TO 2010
CLIMATE RECORD PERIOD 1901 TO 2015


WEATHER ITEM   OBSERVED TIME   RECORD YEAR NORMAL DEPARTURE LAST
                VALUE   (LST)  VALUE       VALUE  FROM      YEAR
                                                  NORMAL
..................................................................
TEMPERATURE (F)
 YESTERDAY
  MAXIMUM         86    213 PM  96    2002  82      4       79
  MINIMUM         58    512 AM  47    1947  61     -3       65
  AVERAGE         72                        71      1       72

PRECIPITATION (IN)
  YESTERDAY        0.00          1.01 1952   0.12  -0.12     0.05
  MONTH TO DATE    0.03                      0.25  -0.22     0.30
  SINCE JUN 1      8.88                      8.07   0.81     4.95
  SINCE JAN 1     18.44                     21.87  -3.43    17.66

SNOWFALL (IN)
  YESTERDAY        0.0           0.0  1995   0.0    0.0      0.0
  MONTH TO DATE    0.0                       0.0    0.0      0.0
  SINCE JUN 1      0.0                       0.0    0.0      0.0
  SINCE JUL 1      0.0                       0.0    0.0      0.0

DEGREE DAYS
 HEATING
  YESTERDAY        0                         0      0        0
  MONTH TO DATE    0                         0      0        0
  SINCE JUN 1     24                        62    -38       13
  SINCE JUL 1      0                         8     -8        2

 COOLING
  YESTERDAY        7                         6      1        7
  MONTH TO DATE   15                        12      3       15
  SINCE JUN 1    423                       335     88      409
  SINCE JAN 1    571                       372    199      450
..................................................................


WIND (MPH)
  HIGHEST WIND SPEED    16   HIGHEST WIND DIRECTION     W (250)
  HIGHEST GUST SPEED    21   HIGHEST GUST DIRECTION    SW (230)
  AVERAGE WIND SPEED     6.3


SKY COVER
  AVERAGE SKY COVER 0.1



RELATIVE HUMIDITY (PERCENT)
 HIGHEST    93           400 AM
 LOWEST     34           200 PM
 AVERAGE    64

..........................................................


THE AVOCA PA CLIMATE NORMALS FOR TODAY
                         NORMAL    RECORD    YEAR
 MAXIMUM TEMPERATURE (F)   81        97      1930
 MINIMUM TEMPERATURE (F)   61        45      1927


SUNRISE AND SUNSET
AUGUST  3 2015........SUNRISE   600 AM EDT   SUNSET   818 PM EDT
AUGUST  4 2015........SUNRISE   601 AM EDT   SUNSET   817 PM EDT


-  INDICATES NEGATIVE NUMBERS.
R  INDICATES RECORD WAS SET OR TIED.
MM INDICATES DATA IS MISSING.
T  INDICATES TRACE AMOUNT.




$$
