000
CDUS41 KBGM 220537
CLIAVP


CLIMATE REPORT
NATIONAL WEATHER SERVICE BINGHAMTON NY
137 AM EDT MON SEP 22 2014


...................................

...THE AVOCA PA CLIMATE SUMMARY FOR SEPTEMBER 21 2014...

CLIMATE NORMAL PERIOD 1981 TO 2010
CLIMATE RECORD PERIOD 1901 TO 2014


WEATHER ITEM   OBSERVED TIME   RECORD YEAR NORMAL DEPARTURE LAST
                VALUE   (LST)  VALUE       VALUE  FROM      YEAR
                                                  NORMAL
..................................................................
TEMPERATURE (F)
 YESTERDAY
  MAXIMUM         83    216 PM  92    1931  70     13       72
  MINIMUM         56    617 AM  32    1956  50      6       58
  AVERAGE         70                        60     10       65

PRECIPITATION (IN)
  YESTERDAY        0.20          3.10 1913   0.14   0.06     0.88
  MONTH TO DATE    0.68                      2.81  -2.13     1.57
  SINCE SEP 1      0.68                      2.81  -2.13     1.57
  SINCE JAN 1     22.24                     27.84  -5.60    19.92

SNOWFALL (IN)
  YESTERDAY        0.0           0.0    MM   0.0    0.0      0.0
  MONTH TO DATE    0.0                       0.0    0.0      0.0
  SINCE SEP 1      0.0                       0.0    0.0      0.0
  SINCE JUL 1      0.0                       0.0    0.0      0.0

DEGREE DAYS
 HEATING
  YESTERDAY        0                         6     -6        0
  MONTH TO DATE   69                        69      0       90
  SINCE SEP 1     69                        69      0       90
  SINCE JUL 1     80                        95    -15       99

 COOLING
  YESTERDAY        5                         1      4        0
  MONTH TO DATE   83                        45     38       69
  SINCE SEP 1     83                        45     38       69
  SINCE JAN 1    669                       569    100      771
..................................................................


WIND (MPH)
  HIGHEST WIND SPEED    22   HIGHEST WIND DIRECTION    NW (310)
  HIGHEST GUST SPEED    29   HIGHEST GUST DIRECTION    NW (300)
  AVERAGE WIND SPEED     4.7


SKY COVER
  AVERAGE SKY COVER 0.3



RELATIVE HUMIDITY (PERCENT)
 HIGHEST    93           300 AM
 LOWEST     40           200 PM
 AVERAGE    67

..........................................................


THE AVOCA PA CLIMATE NORMALS FOR TODAY
                         NORMAL    RECORD    YEAR
 MAXIMUM TEMPERATURE (F)   70        94      1931
 MINIMUM TEMPERATURE (F)   50        31      1904


SUNRISE AND SUNSET
SEPTEMBER 22 2014.....SUNRISE   650 AM EDT   SUNSET   700 PM EDT
SEPTEMBER 23 2014.....SUNRISE   651 AM EDT   SUNSET   658 PM EDT


-  INDICATES NEGATIVE NUMBERS.
R  INDICATES RECORD WAS SET OR TIED.
MM INDICATES DATA IS MISSING.
T  INDICATES TRACE AMOUNT.




$$
