000
CDUS41 KBGM 190721
CLIAVP


CLIMATE REPORT
NATIONAL WEATHER SERVICE BINGHAMTON NY
220 AM EST FRI JAN 19 2018


...................................

...THE AVOCA PA CLIMATE SUMMARY FOR JANUARY 18 2018...

CLIMATE NORMAL PERIOD 1981 TO 2010
CLIMATE RECORD PERIOD 1901 TO 2018


WEATHER ITEM   OBSERVED TIME   RECORD YEAR NORMAL DEPARTURE LAST
                VALUE   (LST)  VALUE       VALUE  FROM      YEAR
                                                  NORMAL
..................................................................
TEMPERATURE (F)
 YESTERDAY
  MAXIMUM         25    344 PM  60    2006  33     -8       41
                                      1990
                                      1929
  MINIMUM          5    716 AM  -7    1982  18    -13       35
  AVERAGE         15                        26    -11       38

PRECIPITATION (IN)
  YESTERDAY        0.00          1.33 2006   0.07  -0.07     0.06
  MONTH TO DATE    1.81                      1.33   0.48     1.77
  SINCE DEC 1      3.49                      4.01  -0.52     3.83
  SINCE JAN 1      1.81                      1.33   0.48     1.77

SNOWFALL (IN)
  YESTERDAY        0.0           3.4  2014   0.5   -0.5      0.0
  MONTH TO DATE   10.4                       8.5    1.9      1.9
  SINCE DEC 1     17.5                      15.9    1.6      8.8
  SINCE JUL 1     17.6                      18.9   -1.3     14.5

DEGREE DAYS
 HEATING
  YESTERDAY       50                        39     11       27
  MONTH TO DATE  806                       701    105      623
  SINCE DEC 1   1917                      1766    151     1617
  SINCE JUL 1   2957                      3079   -122     2635

 COOLING
  YESTERDAY        0                         0      0        0
  MONTH TO DATE    0                         0      0        0
  SINCE DEC 1      0                         0      0        0
  SINCE JAN 1      0                         0      0        0
..................................................................


WIND (MPH)
  HIGHEST WIND SPEED    15   HIGHEST WIND DIRECTION    NW (330)
  HIGHEST GUST SPEED    19   HIGHEST GUST DIRECTION     N (340)
  AVERAGE WIND SPEED     5.9


SKY COVER
  AVERAGE SKY COVER 0.0



RELATIVE HUMIDITY (PERCENT)
 HIGHEST    96           700 AM
 LOWEST     50           300 PM
 AVERAGE    73

..........................................................


THE AVOCA PA CLIMATE NORMALS FOR TODAY
                         NORMAL    RECORD    YEAR
 MAXIMUM TEMPERATURE (F)   33        62      1996
                                             1929
 MINIMUM TEMPERATURE (F)   18       -15      1904


SUNRISE AND SUNSET
JANUARY 19 2018.......SUNRISE   724 AM EST   SUNSET   503 PM EST
JANUARY 20 2018.......SUNRISE   724 AM EST   SUNSET   504 PM EST


-  INDICATES NEGATIVE NUMBERS.
R  INDICATES RECORD WAS SET OR TIED.
MM INDICATES DATA IS MISSING.
T  INDICATES TRACE AMOUNT.

$$
