000
CDUS41 KBGM 140616
CLIAVP


CLIMATE REPORT
NATIONAL WEATHER SERVICE BINGHAMTON NY
116 AM EST SUN FEB 14 2016


...................................

...THE AVOCA PA CLIMATE SUMMARY FOR FEBRUARY 13 2016...

CLIMATE NORMAL PERIOD 1981 TO 2010
CLIMATE RECORD PERIOD 1901 TO 2016


WEATHER ITEM   OBSERVED TIME   RECORD YEAR NORMAL DEPARTURE LAST
                VALUE   (LST)  VALUE       VALUE  FROM      YEAR
                                                  NORMAL
..................................................................
TEMPERATURE (F)
 YESTERDAY
  MAXIMUM         18    205 AM  59    1937  36    -18       15
  MINIMUM          1   1159 PM  -6    1914  20    -19        1
  AVERAGE         10                        28    -18        8

PRECIPITATION (IN)
  YESTERDAY        T             1.29 1971   0.07  -0.07      T
  MONTH TO DATE    0.78                      0.99  -0.21     0.81
  SINCE DEC 1      5.12                      6.04  -0.92     5.46
  SINCE JAN 1      2.57                      3.36  -0.79     2.68

SNOWFALL (IN)
  YESTERDAY       MM             8.3  2014   0.3   MM         T
  MONTH TO DATE    4.6                       4.4    0.2      8.4
  SINCE DEC 1      9.9                      26.0  -16.1     28.3
  SINCE JUL 1      9.9                      29.0  -19.1     37.2

DEGREE DAYS
 HEATING
  YESTERDAY       55                        37     18       57
  MONTH TO DATE  443                       490    -47      550
  SINCE DEC 1   2206                      2768   -562     2733
  SINCE JUL 1   3114                      4081   -967     3923

 COOLING
  YESTERDAY        0                         0      0        0
  MONTH TO DATE    0                         0      0        0
  SINCE DEC 1      0                         0      0        0
  SINCE JAN 1      0                         0      0        0
..................................................................


WIND (MPH)
  HIGHEST WIND SPEED    30   HIGHEST WIND DIRECTION    NW (330)
  HIGHEST GUST SPEED    38   HIGHEST GUST DIRECTION    NW (330)
  AVERAGE WIND SPEED    14.0


SKY COVER
  AVERAGE SKY COVER 0.7



RELATIVE HUMIDITY (PERCENT)
 HIGHEST    80           200 AM
 LOWEST     45          1200 PM
 AVERAGE    63

..........................................................


THE AVOCA PA CLIMATE NORMALS FOR TODAY
                         NORMAL    RECORD    YEAR
 MAXIMUM TEMPERATURE (F)   37        62      1946
 MINIMUM TEMPERATURE (F)   21        -6      1979


SUNRISE AND SUNSET
FEBRUARY 14 2016......SUNRISE   700 AM EST   SUNSET   535 PM EST
FEBRUARY 15 2016......SUNRISE   658 AM EST   SUNSET   536 PM EST


-  INDICATES NEGATIVE NUMBERS.
R  INDICATES RECORD WAS SET OR TIED.
MM INDICATES DATA IS MISSING.
T  INDICATES TRACE AMOUNT.




$$

HEDNE
