000
CDUS41 KBGM 312116
CLIAVP


CLIMATE REPORT
NATIONAL WEATHER SERVICE BINGHAMTON NY
516 PM EDT WED AUG 31 2016


...................................

...THE AVOCA PA CLIMATE SUMMARY FOR AUGUST 31 2016...
VALID TODAY AS OF 0500 PM LOCAL TIME.

CLIMATE NORMAL PERIOD 1981 TO 2010
CLIMATE RECORD PERIOD 1901 TO 2016


WEATHER ITEM   OBSERVED TIME   RECORD YEAR NORMAL DEPARTURE LAST
                VALUE   (LST)  VALUE       VALUE  FROM      YEAR
                                                  NORMAL
..................................................................
TEMPERATURE (F)
 TODAY
  MAXIMUM         83    250 PM  95    1953  78      5       85
                                      1932
  MINIMUM         62    514 AM  41    1934  57      5       66
  AVERAGE         73                        67      6       76

PRECIPITATION (IN)
  TODAY            T             2.63 1940   0.10  -0.10     0.38
  MONTH TO DATE    3.07                      3.41  -0.34     2.74
  SINCE JUN 1      8.74                     11.23  -2.49    11.59
  SINCE JAN 1     21.56                     25.03  -3.47    21.15

SNOWFALL (IN)
  TODAY            0.0           0.0  1995   0.0    0.0      0.0
  MONTH TO DATE    0.0                       0.0    0.0      0.0
  SINCE JUN 1      0.0                       0.0    0.0      0.0
  SINCE JUL 1      0.0                       0.0    0.0      0.0

DEGREE DAYS
 HEATING
  TODAY            0                         1     -1        0
  MONTH TO DATE    1                        14    -13        0
  SINCE JUN 1     25                        80    -55       24
  SINCE JUL 1      1                        26    -25        0

 COOLING
  TODAY            8                         4      4       11
  MONTH TO DATE  301                       164    137      220
  SINCE JUN 1    794                       487    307      628
  SINCE JAN 1    866                       524    342      776
..................................................................


WIND (MPH)
  HIGHEST WIND SPEED    10   HIGHEST WIND DIRECTION     W (280)
  HIGHEST GUST SPEED    13   HIGHEST GUST DIRECTION     W (280)
  AVERAGE WIND SPEED     2.8


SKY COVER
  AVERAGE SKY COVER 0.1


WEATHER CONDITIONS
 THE FOLLOWING WEATHER WAS RECORDED TODAY.
  NO SIGNIFICANT WEATHER WAS OBSERVED.


RELATIVE HUMIDITY (PERCENT)
 HIGHEST    90           400 AM
 LOWEST     62          1200 PM
 AVERAGE    76

..........................................................


THE AVOCA PA CLIMATE NORMALS FOR TOMORROW
                         NORMAL    RECORD    YEAR
 MAXIMUM TEMPERATURE (F)   77        97      1932
 MINIMUM TEMPERATURE (F)   57        41      1926


SUNRISE AND SUNSET
AUGUST 31 2016........SUNRISE   629 AM EDT   SUNSET   737 PM EDT
SEPTEMBER  1 2016.....SUNRISE   630 AM EDT   SUNSET   735 PM EDT


-  INDICATES NEGATIVE NUMBERS.
R  INDICATES RECORD WAS SET OR TIED.
MM INDICATES DATA IS MISSING.
T  INDICATES TRACE AMOUNT.

$$
