000
CDUS41 KBGM 120536
CLIAVP


CLIMATE REPORT
NATIONAL WEATHER SERVICE BINGHAMTON NY
1236 AM EST FRI FEB 12 2016


...................................

...THE AVOCA PA CLIMATE SUMMARY FOR FEBRUARY 11 2016...

CLIMATE NORMAL PERIOD 1981 TO 2010
CLIMATE RECORD PERIOD 1901 TO 2016


WEATHER ITEM   OBSERVED TIME   RECORD YEAR NORMAL DEPARTURE LAST
                VALUE   (LST)  VALUE       VALUE  FROM      YEAR
                                                  NORMAL
..................................................................
TEMPERATURE (F)
 YESTERDAY
  MAXIMUM         21   1234 AM  65    2009  36    -15       34
  MINIMUM         12   1159 PM -10    1979  20     -8       17
                                      1962
  AVERAGE         17                        28    -11       26

PRECIPITATION (IN)
  YESTERDAY        T             2.86 1981   0.07  -0.07      T
  MONTH TO DATE    0.78                      0.84  -0.06     0.77
  SINCE DEC 1      5.12                      5.89  -0.77     5.42
  SINCE JAN 1      2.57                      3.21  -0.64     2.64

SNOWFALL (IN)
  YESTERDAY        T             5.5  1983   0.4   -0.4       T
  MONTH TO DATE    4.5                       3.8    0.7      7.0
  SINCE DEC 1      9.8                      25.4  -15.6     26.9
  SINCE JUL 1      9.8                      28.4  -18.6     35.8

DEGREE DAYS
 HEATING
  YESTERDAY       48                        37     11       39
  MONTH TO DATE  337                       416    -79      448
  SINCE DEC 1   2100                      2694   -594     2631
  SINCE JUL 1   3008                      4007   -999     3821

 COOLING
  YESTERDAY        0                         0      0        0
  MONTH TO DATE    0                         0      0        0
  SINCE DEC 1      0                         0      0        0
  SINCE JAN 1      0                         0      0        0
..................................................................


WIND (MPH)
  HIGHEST WIND SPEED    26   HIGHEST WIND DIRECTION     W (290)
  HIGHEST GUST SPEED    37   HIGHEST GUST DIRECTION     W (290)
  AVERAGE WIND SPEED    14.1


SKY COVER
  AVERAGE SKY COVER 0.6



RELATIVE HUMIDITY (PERCENT)
 HIGHEST    73          1200 AM
 LOWEST     43           200 PM
 AVERAGE    58

..........................................................


THE AVOCA PA CLIMATE NORMALS FOR TODAY
                         NORMAL    RECORD    YEAR
 MAXIMUM TEMPERATURE (F)   36        62      1999
                                             1918
 MINIMUM TEMPERATURE (F)   20       -12      1979


SUNRISE AND SUNSET
FEBRUARY 12 2016......SUNRISE   702 AM EST   SUNSET   533 PM EST
FEBRUARY 13 2016......SUNRISE   701 AM EST   SUNSET   534 PM EST


-  INDICATES NEGATIVE NUMBERS.
R  INDICATES RECORD WAS SET OR TIED.
MM INDICATES DATA IS MISSING.
T  INDICATES TRACE AMOUNT.




$$
