000
CDUS41 KBGM 312118
CLIAVP


CLIMATE REPORT
NATIONAL WEATHER SERVICE BINGHAMTON NY
516 PM EDT TUE MAR 31 2015


...................................

...THE AVOCA PA CLIMATE SUMMARY FOR MARCH 31 2015...
VALID TODAY AS OF 0500 PM LOCAL TIME.

CLIMATE NORMAL PERIOD 1981 TO 2010
CLIMATE RECORD PERIOD 1901 TO 2015


WEATHER ITEM   OBSERVED TIME   RECORD YEAR NORMAL DEPARTURE LAST
                VALUE   (LST)  VALUE       VALUE  FROM      YEAR
                                                  NORMAL
..................................................................
TEMPERATURE (F)
 TODAY
  MAXIMUM         40   1043 AM  85    1998  52    -12       49
  MINIMUM         31    611 AM  12    1923  33     -2       31
  AVERAGE         36                        42     -6       40

PRECIPITATION (IN)
  TODAY            0.25          0.99 1962   0.09   0.16     0.04
  MONTH TO DATE    1.91                      2.55  -0.64     2.07
  SINCE MAR 1      1.91                      2.55  -0.64     2.07
  SINCE JAN 1      4.91                      6.95  -2.04     6.95

SNOWFALL (IN)
  TODAY           MM             9.8  1997   0.1   MM        0.7
  MONTH TO DATE    6.4                       9.0   -2.6      2.4
  SINCE MAR 1      6.4                       9.0   -2.6      2.4
  SINCE JUL 1     48.5                      42.9    5.6     58.2

DEGREE DAYS
 HEATING
  TODAY           29                        23      6       25
  MONTH TO DATE  994                       872    122     1043
  SINCE MAR 1    994                       871    123     1043
  SINCE JUL 1   5691                      5477    214     5866

 COOLING
  TODAY            0                         0      0        0
  MONTH TO DATE    0                         0      0        0
  SINCE MAR 1      0                         0      0        0
  SINCE JAN 1      0                         0      0        0
..................................................................


WIND (MPH)
  HIGHEST WIND SPEED    14   HIGHEST WIND DIRECTION     W (260)
  HIGHEST GUST SPEED    19   HIGHEST GUST DIRECTION     W (260)
  AVERAGE WIND SPEED     6.3


SKY COVER
  AVERAGE SKY COVER 0.6


WEATHER CONDITIONS
 THE FOLLOWING WEATHER WAS RECORDED TODAY.
  HEAVY SNOW
  SNOW
  LIGHT SNOW
  FOG
  FOG W/VISIBILITY <= 1/4 MILE


RELATIVE HUMIDITY (PERCENT)
 HIGHEST    89           100 PM
 LOWEST     48          1000 AM
 AVERAGE    69

..........................................................


THE AVOCA PA CLIMATE NORMALS FOR TOMORROW
                         NORMAL    RECORD    YEAR
 MAXIMUM TEMPERATURE (F)   53        79      1917
 MINIMUM TEMPERATURE (F)   33         8      1923


SUNRISE AND SUNSET
MARCH 31 2015.........SUNRISE   648 AM EDT   SUNSET   727 PM EDT
APRIL  1 2015.........SUNRISE   647 AM EDT   SUNSET   728 PM EDT


-  INDICATES NEGATIVE NUMBERS.
R  INDICATES RECORD WAS SET OR TIED.
MM INDICATES DATA IS MISSING.
T  INDICATES TRACE AMOUNT.




$$
