139
CDUS41 KBGM 270228
CLIAVP


CLIMATE REPORT
NATIONAL WEATHER SERVICE BINGHAMTON NY
1028 PM EDT SUN JUN 26 2016


...................................

...THE AVOCA PA CLIMATE SUMMARY FOR JUNE 26 2016...
VALID AS OF 1000 PM LOCAL TIME.

CLIMATE NORMAL PERIOD 1981 TO 2010
CLIMATE RECORD PERIOD 1901 TO 2016


WEATHER ITEM   OBSERVED TIME   RECORD YEAR NORMAL DEPARTURE LAST
                VALUE   (LST)  VALUE       VALUE  FROM      YEAR
                                                  NORMAL
..................................................................
TEMPERATURE (F)
 TODAY
  MAXIMUM         87    159 PM  98    1952  80      7       82
  MINIMUM         61    428 AM  43    1979  59      2       60
  AVERAGE         74                        70      4       71

PRECIPITATION (IN)
  TODAY            0.00          1.45 2006   0.13  -0.13     0.00
  MONTH TO DATE    1.52                      3.53  -2.01     4.52
  SINCE JUN 1      1.52                      3.53  -2.01     4.52
  SINCE JAN 1     14.34                     17.33  -2.99    14.08

SNOWFALL (IN)
  TODAY            0.0           0.0  1995   0.0    0.0      0.0
  MONTH TO DATE    0.0                       0.0    0.0      0.0
  SINCE JUN 1      0.0                       0.0    0.0      0.0
  SINCE JUL 1     15.5                      46.2  -30.7     51.4

DEGREE DAYS
 HEATING
  TODAY            0                         1     -1        0
  MONTH TO DATE   24                        53    -29       21
  SINCE JUN 1     24                        53    -29       21
  SINCE JUL 1   4966                      6254  -1288     6265

 COOLING
  TODAY            9                         5      4        6
  MONTH TO DATE  117                        94     23      146
  SINCE JUN 1    117                        94     23      146
  SINCE JAN 1    189                       131     58      294
..................................................................


WIND (MPH)
  HIGHEST WIND SPEED    16   HIGHEST WIND DIRECTION    SW (230)
  HIGHEST GUST SPEED    23   HIGHEST GUST DIRECTION    SW (220)
  AVERAGE WIND SPEED     6.5


SKY COVER
  AVERAGE SKY COVER 0.1


WEATHER CONDITIONS
 THE FOLLOWING WEATHER WAS RECORDED TODAY.
  NO SIGNIFICANT WEATHER WAS OBSERVED.


RELATIVE HUMIDITY (PERCENT)
 HIGHEST    78          1200 AM
 LOWEST     34           200 PM
 AVERAGE    56

..........................................................


THE AVOCA PA CLIMATE NORMALS FOR TOMORROW
                         NORMAL    RECORD    YEAR
 MAXIMUM TEMPERATURE (F)   80        94      1966
                                             1921
 MINIMUM TEMPERATURE (F)   59        46      2004


SUNRISE AND SUNSET
JUNE 26 2016..........SUNRISE   531 AM EDT   SUNSET   840 PM EDT
JUNE 27 2016..........SUNRISE   532 AM EDT   SUNSET   840 PM EDT


-  INDICATES NEGATIVE NUMBERS.
R  INDICATES RECORD WAS SET OR TIED.
MM INDICATES DATA IS MISSING.
T  INDICATES TRACE AMOUNT.




$$
