000
CDUS41 KBGM 050634
CLIAVP


CLIMATE REPORT
NATIONAL WEATHER SERVICE BINGHAMTON NY
233 AM EDT SUN JUL 5 2015


...................................

...THE AVOCA PA CLIMATE SUMMARY FOR JULY 4 2015...

CLIMATE NORMAL PERIOD 1981 TO 2010
CLIMATE RECORD PERIOD 1901 TO 2015


WEATHER ITEM   OBSERVED TIME   RECORD YEAR NORMAL DEPARTURE LAST
                VALUE   (LST)  VALUE       VALUE  FROM      YEAR
                                                  NORMAL
..................................................................
TEMPERATURE (F)
 YESTERDAY
  MAXIMUM         69   1248 PM  99    1911  82    -13       73
  MINIMUM         61   1138 PM  46    1986  60      1       60
  AVERAGE         65                        71     -6       67

PRECIPITATION (IN)
  YESTERDAY        0.83          1.88 1925   0.11   0.72     0.07
  MONTH TO DATE    0.93                      0.44   0.49     0.59
  SINCE JUN 1      7.45                      4.47   2.98     2.75
  SINCE JAN 1     17.01                     18.27  -1.26    15.46

SNOWFALL (IN)
  YESTERDAY        0.0           0.0  1995   0.0    0.0      0.0
  MONTH TO DATE    0.0                       0.0    0.0      0.0
  SINCE JUN 1      0.0                       0.0    0.0      0.0
  SINCE JUL 1      0.0                       0.0    0.0      0.0

DEGREE DAYS
 HEATING
  YESTERDAY        0                         0      0        0
  MONTH TO DATE    0                         0      0        0
  SINCE JUN 1     24                        54    -30       11
  SINCE JUL 1      0                         0      0        0

 COOLING
  YESTERDAY        0                         6     -6        2
  MONTH TO DATE   12                        24    -12       46
  SINCE JUN 1    167                       141     26      205
  SINCE JAN 1    315                       178    137      246
..................................................................


WIND (MPH)
  HIGHEST WIND SPEED     9   HIGHEST WIND DIRECTION     W (250)
  HIGHEST GUST SPEED    13   HIGHEST GUST DIRECTION    SW (230)
  AVERAGE WIND SPEED     3.1


SKY COVER
  AVERAGE SKY COVER 0.9



RELATIVE HUMIDITY (PERCENT)
 HIGHEST   100           800 AM
 LOWEST     73          1200 AM
 AVERAGE    87

..........................................................


THE AVOCA PA CLIMATE NORMALS FOR TODAY
                         NORMAL    RECORD    YEAR
 MAXIMUM TEMPERATURE (F)   82        98      1919
 MINIMUM TEMPERATURE (F)   61        45      1979


SUNRISE AND SUNSET
JULY  5 2015..........SUNRISE   535 AM EDT   SUNSET   839 PM EDT
JULY  6 2015..........SUNRISE   536 AM EDT   SUNSET   839 PM EDT


-  INDICATES NEGATIVE NUMBERS.
R  INDICATES RECORD WAS SET OR TIED.
MM INDICATES DATA IS MISSING.
T  INDICATES TRACE AMOUNT.

$$
