000
CDUS41 KBGM 040608
CLIAVP


CLIMATE REPORT
NATIONAL WEATHER SERVICE BINGHAMTON NY
208 AM EDT TUE AUG 4 2015


...................................

...THE AVOCA PA CLIMATE SUMMARY FOR AUGUST 3 2015...

CLIMATE NORMAL PERIOD 1981 TO 2010
CLIMATE RECORD PERIOD 1901 TO 2015


WEATHER ITEM   OBSERVED TIME   RECORD YEAR NORMAL DEPARTURE LAST
                VALUE   (LST)  VALUE       VALUE  FROM      YEAR
                                                  NORMAL
..................................................................
TEMPERATURE (F)
 YESTERDAY
  MAXIMUM         88    233 PM  97    1930  81      7       78
  MINIMUM         64    519 AM  45    1927  61      3       65
  AVERAGE         76                        71      5       72

PRECIPITATION (IN)
  YESTERDAY        0.14          1.34 1971   0.12   0.02     0.00
  MONTH TO DATE    0.17                      0.37  -0.20     0.30
  SINCE JUN 1      9.02                      8.19   0.83     4.95
  SINCE JAN 1     18.58                     21.99  -3.41    17.66

SNOWFALL (IN)
  YESTERDAY        0.0           0.0  1995   0.0    0.0      0.0
  MONTH TO DATE    0.0                       0.0    0.0      0.0
  SINCE JUN 1      0.0                       0.0    0.0      0.0
  SINCE JUL 1      0.0                       0.0    0.0      0.0

DEGREE DAYS
 HEATING
  YESTERDAY        0                         0      0        0
  MONTH TO DATE    0                         0      0        0
  SINCE JUN 1     24                        62    -38       13
  SINCE JUL 1      0                         8     -8        2

 COOLING
  YESTERDAY       11                         6      5        7
  MONTH TO DATE   26                        18      8       22
  SINCE JUN 1    434                       341     93      416
  SINCE JAN 1    582                       378    204      457
..................................................................


WIND (MPH)
  HIGHEST WIND SPEED    18   HIGHEST WIND DIRECTION     W (260)
  HIGHEST GUST SPEED    25   HIGHEST GUST DIRECTION     W (250)
  AVERAGE WIND SPEED     6.9


SKY COVER
  AVERAGE SKY COVER 0.2



RELATIVE HUMIDITY (PERCENT)
 HIGHEST    84          1100 PM
 LOWEST     39           100 PM
 AVERAGE    62

..........................................................


THE AVOCA PA CLIMATE NORMALS FOR TODAY
                         NORMAL    RECORD    YEAR
 MAXIMUM TEMPERATURE (F)   81        98      1930
 MINIMUM TEMPERATURE (F)   61        49      1956


SUNRISE AND SUNSET
AUGUST  4 2015........SUNRISE   601 AM EDT   SUNSET   817 PM EDT
AUGUST  5 2015........SUNRISE   602 AM EDT   SUNSET   815 PM EDT


-  INDICATES NEGATIVE NUMBERS.
R  INDICATES RECORD WAS SET OR TIED.
MM INDICATES DATA IS MISSING.
T  INDICATES TRACE AMOUNT.




$$
