013
CDUS41 KBGM 170525
CLIAVP


CLIMATE REPORT
NATIONAL WEATHER SERVICE BINGHAMTON NY
1224 AM EST SUN DEC 17 2017


...................................

...THE AVOCA PA CLIMATE SUMMARY FOR DECEMBER 16 2017...

CLIMATE NORMAL PERIOD 1981 TO 2010
CLIMATE RECORD PERIOD 1901 TO 2017


WEATHER ITEM   OBSERVED TIME   RECORD YEAR NORMAL DEPARTURE LAST
                VALUE   (LST)  VALUE       VALUE  FROM      YEAR
                                                  NORMAL
..................................................................
TEMPERATURE (F)
 YESTERDAY
  MAXIMUM         32    506 PM  57    1971  37     -5       21
  MINIMUM         15   1216 AM   1    1917  24     -9        8
  AVERAGE         24                        30     -6       15

PRECIPITATION (IN)
  YESTERDAY        0.01          1.46 1902   0.08  -0.07     0.00
  MONTH TO DATE    0.75                      1.50  -0.75     0.97
  SINCE DEC 1      0.75                      1.50  -0.75     0.97
  SINCE JAN 1     36.58                     37.08  -0.50    30.21

SNOWFALL (IN)
  YESTERDAY        0.2           3.0  1980   0.2    0.0      0.0
  MONTH TO DATE    5.1                       2.9    2.2      4.3
  SINCE DEC 1      5.1                       2.9    2.2      4.3
  SINCE JUL 1      5.2                       5.9   -0.7     10.0

DEGREE DAYS
 HEATING
  YESTERDAY       41                        35      6       50
  MONTH TO DATE  538                       513     25      515
  SINCE DEC 1    538                       513     25      515
  SINCE JUL 1   1578                      1826   -248     1533

 COOLING
  YESTERDAY        0                         0      0        0
  MONTH TO DATE    0                         0      0        0
  SINCE DEC 1      0                         0      0        0
  SINCE JAN 1    804                       580    224      998
..................................................................


WIND (MPH)
  HIGHEST WIND SPEED    15   HIGHEST WIND DIRECTION    SW (230)
  HIGHEST GUST SPEED    20   HIGHEST GUST DIRECTION    SW (220)
  AVERAGE WIND SPEED     6.4


SKY COVER
  AVERAGE SKY COVER 0.8



RELATIVE HUMIDITY (PERCENT)
 HIGHEST    92          1200 AM
 LOWEST     63           100 PM
 AVERAGE    78

..........................................................


THE AVOCA PA CLIMATE NORMALS FOR TODAY
                         NORMAL    RECORD    YEAR
 MAXIMUM TEMPERATURE (F)   37        61      2000
 MINIMUM TEMPERATURE (F)   23        -4      1919


SUNRISE AND SUNSET
DECEMBER 17 2017......SUNRISE   723 AM EST   SUNSET   435 PM EST
DECEMBER 18 2017......SUNRISE   724 AM EST   SUNSET   436 PM EST


-  INDICATES NEGATIVE NUMBERS.
R  INDICATES RECORD WAS SET OR TIED.
MM INDICATES DATA IS MISSING.
T  INDICATES TRACE AMOUNT.

$$
