000
CDUS41 KBGM 310549
CLIAVP


CLIMATE REPORT
NATIONAL WEATHER SERVICE BINGHAMTON NY
149 AM EDT FRI OCT 31 2014


...................................

...THE AVOCA PA CLIMATE SUMMARY FOR OCTOBER 30 2014...

CLIMATE NORMAL PERIOD 1981 TO 2010
CLIMATE RECORD PERIOD 1901 TO 2014


WEATHER ITEM   OBSERVED TIME   RECORD YEAR NORMAL DEPARTURE LAST
                VALUE   (LST)  VALUE       VALUE  FROM      YEAR
                                                  NORMAL
..................................................................
TEMPERATURE (F)
 YESTERDAY
  MAXIMUM         50    305 PM  78    1946  56     -6       62
  MINIMUM         37   1159 PM  25    1969  37      0       39
                                      1967
  AVERAGE         44                        47     -3       51

PRECIPITATION (IN)
  YESTERDAY        0.00          2.12 1917   0.09  -0.09     0.00
  MONTH TO DATE    4.22                      3.24   0.98     1.29
  SINCE SEP 1      4.91                      7.31  -2.40     2.86
  SINCE JAN 1     26.47                     32.34  -5.87    21.21

SNOWFALL (IN)
  YESTERDAY        0.0           0.6  2002   0.0    0.0      0.0
  MONTH TO DATE    0.0                       0.1   -0.1       T
  SINCE SEP 1      0.0                       0.1   -0.1       T
  SINCE JUL 1      0.0                       0.1   -0.1       T

DEGREE DAYS
 HEATING
  YESTERDAY       21                        18      3       14
  MONTH TO DATE  287                       421   -134      310
  SINCE SEP 1    389                       557   -168      463
  SINCE JUL 1    400                       583   -183      472

 COOLING
  YESTERDAY        0                         0      0        0
  MONTH TO DATE   11                         0     11       24
  SINCE SEP 1    100                        52     48       93
  SINCE JAN 1    686                       576    110      795
..................................................................


WIND (MPH)
  HIGHEST WIND SPEED    18   HIGHEST WIND DIRECTION    NW (320)
  HIGHEST GUST SPEED    23   HIGHEST GUST DIRECTION    NW (320)
  AVERAGE WIND SPEED     5.3


SKY COVER
  AVERAGE SKY COVER 0.7



RELATIVE HUMIDITY (PERCENT)
 HIGHEST    92           100 AM
 LOWEST     50           600 PM
 AVERAGE    71

..........................................................


THE AVOCA PA CLIMATE NORMALS FOR TODAY
                         NORMAL    RECORD    YEAR
 MAXIMUM TEMPERATURE (F)   56        75      1950
 MINIMUM TEMPERATURE (F)   37        22      1988
                                             1925


SUNRISE AND SUNSET
OCTOBER 31 2014.......SUNRISE   733 AM EDT   SUNSET   559 PM EDT
NOVEMBER  1 2014......SUNRISE   734 AM EDT   SUNSET   558 PM EDT


-  INDICATES NEGATIVE NUMBERS.
R  INDICATES RECORD WAS SET OR TIED.
MM INDICATES DATA IS MISSING.
T  INDICATES TRACE AMOUNT.




$$
