000
CDUS41 KBGM 230527
CLIAVP


CLIMATE REPORT
NATIONAL WEATHER SERVICE BINGHAMTON NY
127 AM EDT WED AUG 23 2017


...................................

...THE AVOCA PA CLIMATE SUMMARY FOR AUGUST 22 2017...

CLIMATE NORMAL PERIOD 1981 TO 2010
CLIMATE RECORD PERIOD 1901 TO 2017


WEATHER ITEM   OBSERVED TIME   RECORD YEAR NORMAL DEPARTURE LAST
                VALUE   (LST)  VALUE       VALUE  FROM      YEAR
                                                  NORMAL
..................................................................
TEMPERATURE (F)
 YESTERDAY
  MAXIMUM         89    135 PM  98    1916  79     10       73
  MINIMUM         67    619 AM  42    1982  59      8       54
  AVERAGE         78                        69      9       64

PRECIPITATION (IN)
  YESTERDAY        0.48          2.80 1937   0.11   0.37     0.00
  MONTH TO DATE    2.09                      2.48  -0.39     3.07
  SINCE JUN 1     11.78                     10.30   1.48     8.74
  SINCE JAN 1     30.11                     24.10   6.01    21.56

SNOWFALL (IN)
  YESTERDAY        0.0           T    1955   0.0    0.0      0.0
  MONTH TO DATE    0.0                       0.0    0.0      0.0
  SINCE JUN 1      0.0                       0.0    0.0      0.0
  SINCE JUL 1      0.0                       0.0    0.0      0.0

DEGREE DAYS
 HEATING
  YESTERDAY        0                         1     -1        1
  MONTH TO DATE    2                         5     -3        1
  SINCE JUN 1     45                        67    -22       25
  SINCE JUL 1      2                        13    -11        1

 COOLING
  YESTERDAY       13                         5      8        0
  MONTH TO DATE  155                       125     30      232
  SINCE JUN 1    582                       448    134      725
  SINCE JAN 1    634                       485    149      797
..................................................................


WIND (MPH)
  HIGHEST WIND SPEED    24   HIGHEST WIND DIRECTION    SW (240)
  HIGHEST GUST SPEED    32   HIGHEST GUST DIRECTION     W (250)
  AVERAGE WIND SPEED     6.2


SKY COVER
  AVERAGE SKY COVER 0.3



RELATIVE HUMIDITY (PERCENT)
 HIGHEST   100           100 AM
 LOWEST     50           100 PM
 AVERAGE    75

..........................................................


THE AVOCA PA CLIMATE NORMALS FOR TODAY
                         NORMAL    RECORD    YEAR
 MAXIMUM TEMPERATURE (F)   79        95      1936
 MINIMUM TEMPERATURE (F)   59        44      1973


SUNRISE AND SUNSET
AUGUST 23 2017........SUNRISE   620 AM EDT   SUNSET   750 PM EDT
AUGUST 24 2017........SUNRISE   621 AM EDT   SUNSET   748 PM EDT


-  INDICATES NEGATIVE NUMBERS.
R  INDICATES RECORD WAS SET OR TIED.
MM INDICATES DATA IS MISSING.
T  INDICATES TRACE AMOUNT.




$$
