000
CDUS41 KBGM 200601
CLIAVP


CLIMATE REPORT
NATIONAL WEATHER SERVICE BINGHAMTON NY
159 AM EDT FRI OCT 20 2017


...................................

...THE AVOCA PA CLIMATE SUMMARY FOR OCTOBER 19 2017...

CLIMATE NORMAL PERIOD 1981 TO 2010
CLIMATE RECORD PERIOD 1901 TO 2017


WEATHER ITEM   OBSERVED TIME   RECORD YEAR NORMAL DEPARTURE LAST
                VALUE   (LST)  VALUE       VALUE  FROM      YEAR
                                                  NORMAL
..................................................................
TEMPERATURE (F)
 YESTERDAY
  MAXIMUM         72    255 PM  81    1963  60     12       76
  MINIMUM         42    650 AM  22    1974  40      2       55
  AVERAGE         57                        50      7       66

PRECIPITATION (IN)
  YESTERDAY        0.00          3.09 1996   0.10  -0.10      T
  MONTH TO DATE    1.49                      2.14  -0.65     0.76
  SINCE SEP 1      3.21                      6.21  -3.00     3.76
  SINCE JAN 1     33.33                     31.24   2.09    25.32

SNOWFALL (IN)
  YESTERDAY        0.0           0.2  1972   0.0    0.0      0.0
  MONTH TO DATE    0.0                       0.0    0.0      0.0
  SINCE SEP 1      0.0                       0.0    0.0      0.0
  SINCE JUL 1      0.0                       0.0    0.0      0.0

DEGREE DAYS
 HEATING
  YESTERDAY        8                        15     -7        0
  MONTH TO DATE  102                       234   -132      139
  SINCE SEP 1    194                       370   -176      198
  SINCE JUL 1    211                       396   -185      199

 COOLING
  YESTERDAY        0                         0      0        1
  MONTH TO DATE   37                         0     37        5
  SINCE SEP 1    165                        52    113      132
  SINCE JAN 1    804                       576    228      998
..................................................................


WIND (MPH)
  HIGHEST WIND SPEED    20   HIGHEST WIND DIRECTION     W (250)
  HIGHEST GUST SPEED    24   HIGHEST GUST DIRECTION    SW (240)
  AVERAGE WIND SPEED     6.3


SKY COVER
  AVERAGE SKY COVER 0.0



RELATIVE HUMIDITY (PERCENT)
 HIGHEST    96           600 AM
 LOWEST     35           200 PM
 AVERAGE    66

..........................................................


THE AVOCA PA CLIMATE NORMALS FOR TODAY
                         NORMAL    RECORD    YEAR
 MAXIMUM TEMPERATURE (F)   59        79      1963
 MINIMUM TEMPERATURE (F)   40        19      1972


SUNRISE AND SUNSET
OCTOBER 20 2017.......SUNRISE   721 AM EDT   SUNSET   614 PM EDT
OCTOBER 21 2017.......SUNRISE   722 AM EDT   SUNSET   613 PM EDT


-  INDICATES NEGATIVE NUMBERS.
R  INDICATES RECORD WAS SET OR TIED.
MM INDICATES DATA IS MISSING.
T  INDICATES TRACE AMOUNT.

$$
